-- Data for Name: client_competitors; Type: TABLE DATA; Schema: public; Owner: pma
--

COPY public.client_competitors (id, client_id, competitor_id, created_at, updated_at) FROM stdin;
\.


--
-- Data for Name: client_subdivisions; Type: TABLE DATA; Schema: public; Owner: pma
--

COPY public.client_subdivisions (id, client_id, location, value, created_at, updated_at, deleted_at) FROM stdin;
1	134	12	sanitary	2024-07-23 13:19:47.895715	2024-07-23 13:19:47.895715	\N
3	154	22	electric	2024-07-24 10:24:03.980533	2024-07-24 10:24:03.980533	\N
6	154	24	sanitary	2024-07-24 10:34:29.348976	2024-07-24 10:34:29.348976	\N
7	154	24	electric	2024-07-24 10:34:29.352891	2024-07-24 10:34:29.352891	\N
8	174	27	tiles	2024-07-25 10:33:33.527614	2024-07-25 10:33:33.527614	\N
10	154	47	customer_service	2024-07-25 13:55:51.65921	2024-07-25 13:55:51.65921	\N
11	154	47	electric	2024-07-25 13:55:51.661114	2024-07-25 13:55:51.661114	\N
12	218	62	wood	2024-07-26 08:54:41.417431	2024-07-26 08:54:41.417431	\N
20	224	65	vehicle_insurance	2024-07-26 10:32:26.470917	2024-07-26 10:32:26.470917	\N
21	224	66	vehicle_insurance	2024-07-26 10:34:29.334987	2024-07-26 10:34:29.334987	\N
22	224	67	vehicle_insurance	2024-07-26 10:35:33.514078	2024-07-26 10:35:33.514078	\N
23	223	72	vehicle_insurance	2024-07-26 16:28:07.555606	2024-07-26 16:28:07.555606	\N
24	223	72	building_material	2024-07-26 16:28:07.560967	2024-07-26 16:28:07.560967	\N
25	256	73	customer_service	2024-07-29 09:57:16.607957	2024-07-29 09:57:16.607957	\N
26	269	88	customer_service	2024-07-29 16:03:32.287481	2024-07-29 16:03:32.287481	\N
27	269	88	computer_software	2024-07-29 16:03:32.296291	2024-07-29 16:03:32.296291	\N
29	277	91	customer_service	2024-08-01 09:03:19.356943	2024-08-01 09:03:19.356943	\N
31	273	89	building_material	2024-08-01 19:27:10.108887	2024-08-01 19:27:10.108887	\N
36	283	101	wood	2024-08-01 23:41:55.777203	2024-08-01 23:41:55.777203	\N
37	283	101	tiles	2024-08-01 23:41:55.783833	2024-08-01 23:41:55.783833	\N
38	283	100	wood	2024-08-01 23:42:04.524404	2024-08-01 23:42:04.524404	\N
39	283	100	tiles	2024-08-01 23:42:04.530442	2024-08-01 23:42:04.530442	\N
41	314	138	electric	2024-08-19 10:09:21.026139	2024-08-19 10:09:21.026139	\N
42	314	138	computer_software	2024-08-19 10:09:21.028165	2024-08-19 10:09:21.028165	\N
\.


--
-- Data for Name: communication_action_users; Type: TABLE DATA; Schema: public; Owner: pma
--

COPY public.communication_action_users (id, user_id, action_id) FROM stdin;
\.


--
-- Data for Name: communication_actions; Type: TABLE DATA; Schema: public; Owner: pma
--

COPY public.communication_actions (id, name, code) FROM stdin;
\.


--
-- Data for Name: communication_chanel_users; Type: TABLE DATA; Schema: public; Owner: pma
--

COPY public.communication_chanel_users (id, user_id, communication_id, connection) FROM stdin;
2	200	2	+87654324567
3	200	1	sfgsfgdsfh@gmail.com
6	210	2	13652214700
7	210	1	ssdfsd00@yandex.ru
8	219	2	+11234534543
9	239	2	+14556345345
10	239	1	534534534@yandex.ru
12	243	2	+16543678322
13	243	1	adfadfa@gmail.com
14	240	2	13236595600
15	263	2	3272141664
16	263	1	upd29072465@worker.ru
17	275	2	+213321321321321
18	275	1	kissgeza@algeria.al
19	305	2	+33123123123
20	305	1	Franciakapcsolat@emil.hu
21	270	2	15368685555
\.




--
-- Data for Name: countries; Type: TABLE DATA; Schema: public; Owner: pma
--

COPY public.countries (id, "order", code, name_en, name_ru, name_uk) FROM stdin;
1	0	AF	Afghanistan	Афганистан	Афганістан
2	0	AX	Aland Islands	Аландские острова	Аландські острови
3	0	AL	Albania	Албания	Албанія
4	0	DZ	Algeria	Алжир	Алжир
5	0	AS	American Samoa	Американское Самоа	Американське Самоа
6	0	AD	Andorra	Андорра	Андорра
7	0	AO	Angola	Ангола	Ангола
8	0	AI	Anguilla	Ангилья	Ангілья
9	0	AQ	Antarctica	Антарктида	Антарктида
10	0	AG	Antigua and Barbuda	Антигуа и Барбуда	Антигуа і Барбуда
11	0	AR	Argentina	Аргентина	Аргентина
12	0	AM	Armenia	Армения	Вірменія
13	0	AW	Aruba	Аруба	Аруба
14	0	AU	Australia	Австралия	Австралія
15	0	AT	Austria	Австрия	Австрія
16	0	AZ	Azerbaijan	Азербайджан	Азербайджан
17	0	BS	Bahamas	Багамские острова	Багамські острови
18	0	BH	Bahrain	Бахрейн	Бахрейн
19	0	BD	Bangladesh	Бангладеш	Бангладеш
20	0	BB	Barbados	Барбадос	Барбадос
21	0	BY	Belarus	Беларусь	Білорусь
22	0	BE	Belgium	Бельгия	Бельгія
23	0	BZ	Belize	Белиз	Беліз
24	0	BJ	Benin	Бенин	Бенін
25	0	BM	Bermuda	Бермудские острова	Бермудські Острови
26	0	BT	Bhutan	Бутан	Бутан
27	0	BO	Bolivia, Plurinational State of	Боливия	Болівія
28	0	BA	Bosnia and Herzegovina	Босния и Герцеговина	Боснія та Герцеговина
29	0	BW	Botswana	Ботсвана	Ботсвана
30	0	BV	Bouvet Island	Остров Буве	Острів Буве
31	0	BR	Brazil	Бразилия	Бразилія
32	0	IO	British Indian Ocean Territory	Британская Территория В Индийском Океане	Британська територія в Індійському океані
33	0	BN	Brunei Darussalam	Бруней	Бруней
34	0	BG	Bulgaria	Болгария	Болгарія
35	0	BF	Burkina Faso	Буркина-Фасо	Буркіна Фасо
36	0	BI	Burundi	Бурунди	Бурунді
37	0	KH	Cambodia	Камбоджа	Камбоджа
38	0	CM	Cameroon	Камерун	Камерун
39	1	CA	Canada	Канада	Канада
40	0	CV	Cape Verde	Кабо Верде	Кабо-Верде
41	0	KY	Cayman Islands	Каймановы острова	Кайманові острови
42	0	CF	Central African Republic	Центральноафриканская Республика	Центральноафриканська Республіка
43	0	TD	Chad	Чад	Чад
44	0	CL	Chile	Чили	Чилі
45	0	CN	China	Китай	Китай
46	0	CX	Christmas Island	Остров Рождества	Острів Різдва
47	0	CC	Cocos (Keeling) Islands	Кокосовые Острова	Кокосові острови (Кілінг)
48	0	CO	Colombia	Колумбия	Колумбія
49	0	KM	Comoros	Коморские острова	Коморські острови
50	0	CG	Congo	Конго	Республіка Конго
51	0	CD	Congo, the Democratic Republic of the	Конго, Демократическая республика	Демократична Республіка Конго
52	0	CK	Cook Islands	Острова Кука	Острови Кука
53	0	CR	Costa Rica	Коста-Рика	Коста-Ріка
54	0	CI	Cote dIvoire	Кот-дИвуар	Кот-дІвуар
55	0	HR	Croatia	Хорватия	Хорватія
56	0	CU	Cuba	Куба	Куба
57	0	CY	Cyprus	Кипр	Кіпр
58	0	CZ	Czech Republic	Чехия	Чехія
59	0	DK	Denmark	Дания	Данія
60	0	DJ	Djibouti	Джибути	Джибуті
61	0	DM	Dominica	Доминика	Домініка
62	0	DO	Dominican Republic	Доминиканская республика	Домініканська республіка
63	0	EC	Ecuador	Эквадор	Еквадор
64	0	EG	Egypt	Египет	Єгипет
65	0	SV	El Salvador	Сальвадор	Сальвадор
66	0	GQ	Equatorial Guinea	Экваториальная Гвинея	Екваторіальна Гвинея
67	0	ER	Eritrea	Эритрея	Еритрея
68	0	EE	Estonia	Эстония	Естонія
69	0	ET	Ethiopia	Эфиопия	Ефіопія
70	0	FK	Falkland Islands (Malvinas)	Фолклендские Острова (Мальвинские)	Фолклендські (Мальвінські) острови
71	0	FO	Faroe Islands	Фарерские Острова	Фарерські острови
72	0	FJ	Fiji	Фиджи	Фіджі
73	0	FI	Finland	Финляндия	Фінляндія
74	1	FR	France	Франция	Франція
75	0	GF	French Guiana	Французская Гвиана	Французька Гвiана
76	0	PF	French Polynesia	Французская Полинезия	Французька Полінезія
77	0	TF	French Southern Territories	Французские Южные Территории	Французькі Південні і Антарктичні території
78	0	GA	Gabon	Габон	Габон
79	0	GM	Gambia	Гамбия	Гамбія
80	0	GE	Georgia	Грузия	Грузія
81	1	DE	Germany	Германия	Німеччина
82	0	GH	Ghana	Гана	Гана
83	0	GI	Gibraltar	Гибралтар	Гібралтар
84	0	GR	Greece	Греция	Греція
85	0	GL	Greenland	Гренландия	Гренландія
86	0	GD	Grenada	Гренада	Гренада
87	0	GP	Guadeloupe	Гваделупа	Гваделупа
88	0	GU	Guam	Гуам 	Гуам
89	0	GT	Guatemala	Гватемала	Гватемала
90	0	GG	Guernsey	Гернси	Гернсі
91	0	GN	Guinea	Гвинея	Гвінея
92	0	GW	Guinea-Bissau	Гвинея-Бисау	Гвінея-Бісау
93	0	GY	Guyana	Гайана	Гайана
94	0	HT	Haiti	Гаити	Гаїті
95	0	HM	Heard Island and McDonald Islands	Остров Херд и острова Макдональд	Острів Херд і острови Макдональд
96	0	VA	Holy See (Vatican City State)	Ватикан	Ватикан
97	0	HN	Honduras	Гондурас	Гондурас
98	0	HK	Hong Kong	Гонконг	Гонконг
99	0	HU	Hungary	Венгрия	Угорщина
100	0	IS	Iceland	Исландия	Ісландія
101	0	IN	India	Индия	Індія
102	0	ID	Indonesia	Индонезия	Індонезія
103	0	IR	Iran, Islamic Republic of	Иран	Іран
104	0	IQ	Iraq	Ирак	Ірак
105	0	IE	Ireland	Ирландия	Ірландія
106	0	IM	Isle of Man	Остров Мэн	Острів Мен
107	0	IL	Israel	Израиль	Ізраїль
108	1	IT	Italy	Италия	Італія
109	0	JM	Jamaica	Ямайка	Ямайка
110	1	JP	Japan	Япония	Японія
111	0	JE	Jersey	Джерси	Джерсі
112	0	JO	Jordan	Иордания	Йорданія
113	0	KZ	Kazakhstan	Казахстан	Казахстан
114	0	KE	Kenya	Кения	Кенія
115	0	KI	Kiribati	Кирибати	Кірібаті
116	0	KP	Korea, Democratic Peoples Republic of	Корейская Народно-Демократическая Республика	Північна Корея (Корейська Народно-Демократична Республіка)
117	0	KR	South Korea	Южная Корея	Південна Корея (Республіка Корея)
118	0	KW	Kuwait	Кувейт	Кувейт
119	0	KG	Kyrgyzstan	Киргизстан	Киргизстан
120	0	LA	Lao Peoples Democratic Republic	Лаос	Лаос
121	0	LV	Latvia	Латвия	Латвія
122	0	LB	Lebanon	Ливан	Ліван
123	0	LS	Lesotho	Лесото	Лесото
124	0	LR	Liberia	Либерия	Ліберія
125	0	LY	Libyan Arab Jamahiriya	Ливия	Лівія
126	0	LI	Liechtenstein	Лихтенштейн	Ліхтенштейн
127	0	LT	Lithuania	Литва	Литва
128	0	LU	Luxembourg	Люксембург	Люксембург
129	0	MO	Macao	Аомынь (Макао)	Макао
130	0	MK	Macedonia, the former Yugoslav Republic of	Македония	Македонія
131	0	MG	Madagascar	Мадагаскар	Мадагаскар
132	0	MW	Malawi	Малави	Малаві
133	0	MY	Malaysia	Малайзия	Малайзія
134	0	MV	Maldives	Мальдивы	Мальдіви
135	0	ML	Mali	Мали	Малі
136	0	MT	Malta	Мальта	Мальта
137	0	MH	Marshall Islands	Маршалловы Острова	Маршаллові острови
138	0	MQ	Martinique	Мартиника	Мартініка
139	0	MR	Mauritania	Мавритания	Мавританія
140	0	MU	Mauritius	Маврикий	Маврикій
141	0	YT	Mayotte	Майотта	Майотта
142	0	MX	Mexico	Мексика	Мексика
143	0	FM	Micronesia, Federated States of	Микронезия, Федеративные Штаты	Федеративні Штати Мікронезії
144	0	MD	Moldova, Republic of	Молдова	Молдова
145	0	MC	Monaco	Монако	Монако
146	0	MN	Mongolia	Монголия	Монголія
147	0	ME	Montenegro	Черногория	Чорногорія
148	0	MS	Montserrat	Монсеррат	Монтсеррат
149	0	MA	Morocco	Марокко	Марокко
150	0	MZ	Mozambique	Мозамбик	Мозамбік
151	0	MM	Myanmar	Мьянма	Мянма (Бірма)
152	0	NA	Namibia	Намибия	Намібія
153	0	NR	Nauru	Науру	Науру
154	0	NP	Nepal	Непал	Непал
155	0	NL	Netherlands	Нидерланды	Нідерланди (Голландія)
156	0	AN	Netherlands Antilles	Нидерландские Антильские острова	Нідерландські Антильські острови
157	0	NC	New Caledonia	Новая Каледония	Нова Каледонія
158	0	NZ	New Zealand	Новая Зеландия	Нова Зеландія
159	0	NI	Nicaragua	Никарагуа	Нікарагуа
160	0	NE	Niger	Нигер	Нігер
161	0	NG	Nigeria	Нигерия	Нігерія
162	0	NU	Niue	Ниуэ	Ніуе
163	0	NF	Norfolk Island	Остров Норфолк	Острів Норфолк
164	0	MP	Northern Mariana Islands	Северные Марианские Острова	Північні Маріанські острови
165	0	NO	Norway	Норвегия	Норвегія
166	0	OM	Oman	Оман	Оман
167	0	PK	Pakistan	Пакистан	Пакистан
168	0	PW	Palau	Палау	Палау
169	0	PS	Palestinian Territory, Occupied	Палестинской Территории, Оккупированные	Палестинська держава
170	0	PA	Panama	Панама	Панама
171	0	PG	Papua New Guinea	Папуа-Новая Гвинея	Папуа Нова Гвінея
172	0	PY	Paraguay	Парагвай	Парагвай
173	0	PE	Peru	Перу	Перу
174	0	PH	Philippines	Филиппины	Філіппіни
175	0	PN	Pitcairn	Питкэрн	Острови Піткерн
176	0	PL	Poland	Польша	Польща
177	0	PT	Portugal	Португалия	Португалія
178	0	PR	Puerto Rico	Пуэрто-Рико	Пуерто-Рико
179	0	QA	Qatar	Катар	Катар
180	0	RE	Reunion	Реюньон	Реюньон
181	0	RO	Romania	Румыния	Румунія
182	1	RU	Russian Federation	Россия	Російська Федерація
183	0	RW	Rwanda	Руанда	Руанда
184	0	BL	Saint Barthelemy	Сен-Бартельми	Сен-Бартельмі
185	0	SH	Saint Helena	Святая Елена, Остров вознесения, Тристан-да-Кунья	Острови Святої Єлени, Вознесіння і Тристан-да-Кунья
186	0	KN	Saint Kitts and Nevis	Сент-Китс и Невис	Сент-Кіттс і Невіс
187	0	LC	Saint Lucia	Сент-Люсия	Сент-Люсія
188	0	MF	Saint Martin (French part)	Сен-Мартен	Сен-Мартен (Франція)
189	0	PM	Saint Pierre and Miquelon	Сен-Пьер и Микелон	Сен-Пєр і Мікелон
190	0	VC	Saint Vincent and the Grenadines	Сент-Винсент и Гренадины	Сент-Вінсент і Гренадіни
191	0	WS	Samoa	Самоа	Самоа
192	0	SM	San Marino	Сан-Марино	Сан-Марино
193	0	ST	Sao Tome and Principe	Сан-Томе и Принсипи	Сан-Томе і Прінсіпі
194	0	SA	Saudi Arabia	Саудовская Аравия	Саудівська Аравія
195	0	SN	Senegal	Сенегал	Сенегал
196	0	RS	Serbia	Сербия	Сербія
197	0	SC	Seychelles	Сейшельские острова	Сейшельські острови
198	0	SL	Sierra Leone	Сьерра-Леоне	Сьєрра-Леоне
199	0	SG	Singapore	Сингапур	Сінгапур
200	0	SK	Slovakia	Словакия	Словаччина
201	0	SI	Slovenia	Словения	Словенія
202	0	SB	Solomon Islands	Соломоновы острова	Соломоновi Острови
203	0	SO	Somalia	Сомали	Сомалі
204	0	ZA	South Africa	Южно-Африканская Республика	Південно-Африканська Республіка
205	0	GS	South Georgia and South Sandwich Islands	Южная Георгия и южные Сандвичевы острова	Південна Джорджія та Південні Сандвічеві острови
206	0	ES	Spain	Испания	Іспанія
207	0	LK	Sri Lanka	Шри-Ланка	Шрі-Ланка
208	0	SD	Sudan	Судан	Судан
209	0	SR	Suriname	Суринам	Сурінам
210	0	SJ	Svalbard and Jan Mayen	Шпицберген и Ян-Майен	Свальбард і Ян-Маєн
211	0	SZ	Swaziland	Свазиленд	Свазіленд
212	0	SE	Sweden	Швеция	Швеція
213	0	CH	Switzerland	Швейцария	Швейцарія
214	0	SY	Syrian Arab Republic	Сирия	Сирія
215	0	TW	Taiwan, Province of China	Тайвань, провинция Китая	Тайвань (Республіка Китай)
216	0	TJ	Tajikistan	Таджикистан	Таджикистан
217	0	TZ	Tanzania, United Republic of	Танзания	Танзанія
218	0	TH	Thailand	Таиланд	Таїланд
219	0	TL	Timor-Leste	Восточный Тимор	Східний Тимор
220	0	TG	Togo	Того	Того
221	0	TK	Tokelau	Токелау	Токелау
222	0	TO	Tonga	Тонга	Тонга
223	0	TT	Trinidad and Tobago	Тринидад и Тобаго	Тринідад і Тобаго
224	0	TN	Tunisia	Тунис	Туніс
225	0	TR	Turkey	Турция	Туреччина
226	0	TM	Turkmenistan	Туркменистан	Туркменістан
227	0	TC	Turks and Caicos Islands	Архипелаг Тёркс и Кайкас	Острови Теркс і Кайкос
228	0	TV	Tuvalu	Тувалу	Тувалу
229	0	UG	Uganda	Уганда	Уганда
230	1	UA	Ukraine	Украина	Україна
231	0	AE	United Arab Emirates	Объединенные Арабские Эмираты	Обєднані Арабські Емірати
232	1	GB	United Kingdom	Великобритания	Великобританія
233	1	US	United States	США	США
234	0	UM	United States Minor Outlying Islands	Соединенные Штаты Америки Внешние Малые Острова	Зовнішні малі острови США
235	0	UY	Uruguay	Уругвай	Уругвай
236	0	UZ	Uzbekistan	Узбекистан	Узбекистан
237	0	VU	Vanuatu	Вануату	Вануату
238	0	VE	Venezuela, Bolivarian Republic of	Венесуэла	Венесуела
239	0	VN	Viet Nam	Вьетнам	Вєтнам
240	0	VG	Virgin Islands, British	Британские Виргинские острова	Британські Віргінські острови
241	0	VI	Virgin Islands, U.S.	Виргинские острова	Віргінські Острови США
242	0	WF	Wallis and Futuna	Уоллис и Футуна	Уолліс і Футуна
243	0	EH	Western Sahara	Западная Сахара	Західна Сахара
244	0	YE	Yemen	Йемен	Ємен
245	0	ZM	Zambia	Замбия	Замбія
246	0	ZW	Zimbabwe	Зимбабве	Зімбабве
\.


--
-- Data for Name: file_manager; Type: TABLE DATA; Schema: public; Owner: pma
--

COPY public.file_manager (id, name, file, type, size, metadata, created_at, provider, who_created) FROM stdin;
1	4768aa1c2e2bf59b17a9607a77e81a6a.jpg	\N	image/jpeg	22594	{"path": "/1/4768aa1c2e2bf59b17a9607a77e81a6a.jpg"}	2024-07-19 18:06:12.564029	local	1
2	Nissan-car-facts-cover-061020211030.jpg	\N	image/jpeg	254150	{"path": "/1/Nissan-car-facts-cover-061020211030.jpg"}	2024-07-19 18:06:16.218122	local	1
3	4768aa1c2e2bf59b17a9607a77e81a6a.jpg	\N	image/jpeg	22594	{"path": "/1/4768aa1c2e2bf59b17a9607a77e81a6a.jpg"}	2024-07-19 18:11:06.06628	local	1
4	4768aa1c2e2bf59b17a9607a77e81a6a.jpg	\N	image/jpeg	22594	{"path": "/1/4768aa1c2e2bf59b17a9607a77e81a6a.jpg"}	2024-07-19 18:11:08.575107	local	1
5	programs.xlsx	\N	application/vnd.openxmlformats-officedocument.spreadsheetml.sheet	38323	{"path": "/1/programs.xlsx"}	2024-07-19 18:15:18.218206	local	1
6	photo_2024-06-15_14-25-09.jpg	\N	image/jpeg	148641	{"path": "/24/photo_2024-06-15_14-25-09.jpg"}	2024-07-22 11:35:20.492506	local	24
7	pngtree-landscape-jpg-wallpapers-free-download-picture-image_2668463.jpg	\N	image/jpeg	1026081	{"path": "/24/pngtree-landscape-jpg-wallpapers-free-download-picture-image_2668463.jpg"}	2024-07-22 11:38:50.196744	local	24
8	ÃÂÃÂ_ÃÂÃÂµÃÂÃÂµÃÂºÃÂÃÂµÃÂÃÂÃÂ¾ÃÂº_ÃÂ¸ÃÂÃÂ½ÃÂ_2024.xlsx	\N	application/vnd.openxmlformats-officedocument.spreadsheetml.sheet	19081	{"path": "/2/ÃÂÃÂ_ÃÂÃÂµÃÂÃÂµÃÂºÃÂÃÂµÃÂÃÂÃÂ¾ÃÂº_ÃÂ¸ÃÂÃÂ½ÃÂ_2024.xlsx"}	2024-07-22 14:55:36.306226	local	2
9	el_vetka_sneg_137167_1600x1200.jpg	\N	image/jpeg	1190635	{"path": "/2/el_vetka_sneg_137167_1600x1200.jpg"}	2024-07-22 17:20:30.395451	local	2
10	81270979-38b6-4687-a51a-c924e86d8516.png	\N	image/png	67646	{"path": "/2/81270979-38b6-4687-a51a-c924e86d8516.png"}	2024-07-22 17:20:33.014718	local	2
11	81270979-38b6-4687-a51a-c924e86d8516.png	\N	image/png	67646	{"path": "/2/81270979-38b6-4687-a51a-c924e86d8516.png"}	2024-07-23 11:56:13.495387	local	2
12	81270979-38b6-4687-a51a-c924e86d8516.png	\N	image/png	67646	{"path": "/2/81270979-38b6-4687-a51a-c924e86d8516.png"}	2024-07-23 11:56:19.237772	local	2
13	1612579005_139-p-khvoinii-fon-226.jpg	\N	image/jpeg	1089266	{"path": "/2/1612579005_139-p-khvoinii-fon-226.jpg"}	2024-07-23 11:56:19.245191	local	2
14	IMG_8160.jpg	\N	image/jpeg	62170	{"path": "/2/IMG_8160.jpg"}	2024-07-23 11:57:03.166405	local	2
15	1715254286335.jpeg	\N	image/jpeg	331586	{"path": "/2/1715254286335.jpeg"}	2024-07-23 11:57:05.92047	local	2
16	1715254286335.jpeg	\N	image/jpeg	331586	{"path": "/2/1715254286335.jpeg"}	2024-07-23 11:57:43.95016	local	2
17	IMG_8161.jpg	\N	image/jpeg	71394	{"path": "/2/IMG_8161.jpg"}	2024-07-23 11:57:47.357792	local	2
18	templom vagott logo.jpg	\N	image/jpeg	71580	{"path": "/23/templom vagott logo.jpg"}	2024-07-23 20:12:52.665432	local	23
19	RobloxScreenShot20230531_194742517.png	\N	image/png	1149169	{"path": "/23/RobloxScreenShot20230531_194742517.png"}	2024-07-23 20:13:18.516137	local	23
20	RobloxScreenShot20230531_194742517.png	\N	image/png	1149169	{"path": "/23/RobloxScreenShot20230531_194742517.png"}	2024-07-23 20:25:52.4864	local	23
21	templom vagott logo.jpg	\N	image/jpeg	71580	{"path": "/23/templom vagott logo.jpg"}	2024-07-23 20:25:59.261819	local	23
22	MSP Program test.docx	\N	application/vnd.openxmlformats-officedocument.wordprocessingml.document	16281	{"path": "/23/MSP Program test.docx"}	2024-07-24 14:04:12.84367	local	23
23	programs upload sample.xlsx	\N	application/vnd.openxmlformats-officedocument.spreadsheetml.sheet	50053	{"path": "/23/programs upload sample.xlsx"}	2024-07-24 14:31:37.866736	local	23
24	StarStable 2022-03-05 15-02-36.png	\N	image/png	1248279	{"path": "/23/StarStable 2022-03-05 15-02-36.png"}	2024-07-24 15:37:45.078442	local	23
25	StarStable 2022-03-06 14-26-13.png	\N	image/png	921675	{"path": "/23/StarStable 2022-03-06 14-26-13.png"}	2024-07-24 15:37:55.117081	local	23
26	StarStable 2022-03-06 14-24-04.png	\N	image/png	1208221	{"path": "/23/StarStable 2022-03-06 14-24-04.png"}	2024-07-24 15:41:54.063715	local	23
27	StarStable 2022-03-06 14-26-13.png	\N	image/png	921675	{"path": "/23/StarStable 2022-03-06 14-26-13.png"}	2024-07-24 15:41:59.355413	local	23
28	IMG_8162.jpg	\N	image/jpeg	104236	{"path": "/2/IMG_8162.jpg"}	2024-07-24 15:54:54.18927	local	2
29	IMG_8160.jpg	\N	image/jpeg	62170	{"path": "/2/IMG_8160.jpg"}	2024-07-24 15:56:15.168435	local	2
30	22.png	\N	image/png	161970	{"path": "/1/22.png"}	2024-07-24 16:21:39.449614	local	1
31	bg.jpg	\N	image/jpeg	19521	{"path": "/1/bg.jpg"}	2024-07-24 16:21:41.116965	local	1
32	IMG_8161.jpg	\N	image/jpeg	71394	{"path": "/2/IMG_8161.jpg"}	2024-07-24 16:40:29.138237	local	2
33	IMG_8159.jpg	\N	image/jpeg	64621	{"path": "/2/IMG_8159.jpg"}	2024-07-24 16:40:31.817043	local	2
34	Nissan-car-facts-cover-061020211030.jpg	\N	image/jpeg	254150	{"path": "/1/Nissan-car-facts-cover-061020211030.jpg"}	2024-07-24 16:42:17.985299	local	1
35	4768aa1c2e2bf59b17a9607a77e81a6a.jpg	\N	image/jpeg	22594	{"path": "/1/4768aa1c2e2bf59b17a9607a77e81a6a.jpg"}	2024-07-24 16:42:19.289778	local	1
36	Nissan-car-facts-cover-061020211030.jpg	\N	image/jpeg	254150	{"path": "/1/Nissan-car-facts-cover-061020211030.jpg"}	2024-07-25 09:10:18.701756	local	1
37	Nissan-car-facts-cover-061020211030.jpg	\N	image/jpeg	254150	{"path": "/1/Nissan-car-facts-cover-061020211030.jpg"}	2024-07-25 09:10:22.081992	local	1
38	image (2).png	\N	image/png	1982778	{"path": "/169/image (2).png"}	2024-07-25 09:42:11.887444	local	169
39	IMG_8163.jpg	\N	image/jpeg	105390	{"path": "/2/IMG_8163.jpg"}	2024-07-25 09:55:32.022257	local	2
40	1715254286335.jpeg	\N	image/jpeg	331586	{"path": "/2/1715254286335.jpeg"}	2024-07-25 09:55:34.922658	local	2
41	IMG_8276.jpg	\N	image/jpeg	58216	{"path": "/2/IMG_8276.jpg"}	2024-07-25 09:55:38.679708	local	2
42	IMG_8161.jpg	\N	image/jpeg	71394	{"path": "/2/IMG_8161.jpg"}	2024-07-25 10:11:41.233101	local	2
43	IMG_8163.jpg	\N	image/jpeg	105390	{"path": "/2/IMG_8163.jpg"}	2024-07-25 10:11:43.626598	local	2
44	image (1).png	\N	image/png	1982778	{"path": "/169/image (1).png"}	2024-07-25 10:31:34.941806	local	169
45	image (2).png	\N	image/png	1982778	{"path": "/169/image (2).png"}	2024-07-25 10:31:38.001024	local	169
46	IMG_8161.jpg	\N	image/jpeg	71394	{"path": "/2/IMG_8161.jpg"}	2024-07-25 11:14:22.025192	local	2
47	IMG_8159.jpg	\N	image/jpeg	64621	{"path": "/2/IMG_8159.jpg"}	2024-07-25 11:14:24.61685	local	2
48	IMG_8161.jpg	\N	image/jpeg	71394	{"path": "/2/IMG_8161.jpg"}	2024-07-25 11:14:51.639671	local	2
49	IMG_8276.jpg	\N	image/jpeg	58216	{"path": "/2/IMG_8276.jpg"}	2024-07-25 11:18:31.819329	local	2
50	IMG_8161.jpg	\N	image/jpeg	71394	{"path": "/2/IMG_8161.jpg"}	2024-07-25 11:19:20.525413	local	2
51	IMG_8161.jpg	\N	image/jpeg	71394	{"path": "/2/IMG_8161.jpg"}	2024-07-25 11:20:28.088889	local	2
52	IMG_8159.jpg	\N	image/jpeg	64621	{"path": "/2/IMG_8159.jpg"}	2024-07-25 11:20:29.798241	local	2
53	22.png	\N	image/png	161970	{"path": "/1/22.png"}	2024-07-25 11:28:16.616671	local	1
54	22.png	\N	image/png	161970	{"path": "/1/22.png"}	2024-07-25 11:28:19.609406	local	1
55	IMG_8276.jpg	\N	image/jpeg	58216	{"path": "/2/IMG_8276.jpg"}	2024-07-25 12:01:56.072889	local	2
56	ÃÂ¡ÃÂ½ÃÂ¸ÃÂ¼ÃÂ¾ÃÂº ÃÂÃÂºÃÂÃÂ°ÃÂ½ÃÂ° ÃÂ¾ÃÂ 2024-07-25 10-00-00.png	\N	image/png	65281	{"path": "/1/ÃÂ¡ÃÂ½ÃÂ¸ÃÂ¼ÃÂ¾ÃÂº ÃÂÃÂºÃÂÃÂ°ÃÂ½ÃÂ° ÃÂ¾ÃÂ 2024-07-25 10-00-00.png"}	2024-07-25 12:01:57.069476	local	1
57	Nissan-car-facts-cover-061020211030.jpg	\N	image/jpeg	254150	{"path": "/1/Nissan-car-facts-cover-061020211030.jpg"}	2024-07-25 12:02:03.155204	local	1
58	bg.jpg	\N	image/jpeg	19521	{"path": "/1/bg.jpg"}	2024-07-25 12:02:09.180623	local	1
59	bg.jpg	\N	image/jpeg	19521	{"path": "/1/bg.jpg"}	2024-07-25 14:03:06.301084	local	1
60	pg-thumb.png	\N	image/png	12228	{"path": "/1/pg-thumb.png"}	2024-07-25 14:03:09.620381	local	1
61	bg.jpg	\N	image/jpeg	19521	{"path": "/1/bg.jpg"}	2024-07-25 16:05:17.655578	local	1
62	bg.jpg	\N	image/jpeg	19521	{"path": "/1/bg.jpg"}	2024-07-25 16:05:21.593825	local	1
63	Add_Competitors_pop_up (1).png	\N	image/png	79394	{"path": "/169/Add_Competitors_pop_up (1).png"}	2024-07-25 17:40:09.570548	local	169
64	Add_Competitors_pop_up (1).png	\N	image/png	79394	{"path": "/169/Add_Competitors_pop_up (1).png"}	2024-07-25 17:40:12.723713	local	169
65	81270979-38b6-4687-a51a-c924e86d8516.png	\N	image/png	67646	{"path": "/2/81270979-38b6-4687-a51a-c924e86d8516.png"}	2024-07-25 18:30:32.604701	local	2
66	20546769.jpg	\N	image/jpeg	363499	{"path": "/2/20546769.jpg"}	2024-07-25 18:30:35.051752	local	2
67	20546769.jpg	\N	image/jpeg	363499	{"path": "/2/20546769.jpg"}	2024-07-25 18:44:46.979771	local	2
68	81270979-38b6-4687-a51a-c924e86d8516.png	\N	image/png	67646	{"path": "/2/81270979-38b6-4687-a51a-c924e86d8516.png"}	2024-07-25 18:44:48.848292	local	2
69	20546769.jpg	\N	image/jpeg	363499	{"path": "/2/20546769.jpg"}	2024-07-25 18:46:06.679734	local	2
70	81270979-38b6-4687-a51a-c924e86d8516.png	\N	image/png	67646	{"path": "/2/81270979-38b6-4687-a51a-c924e86d8516.png"}	2024-07-25 18:46:08.969946	local	2
71	20546769.jpg	\N	image/jpeg	363499	{"path": "/2/20546769.jpg"}	2024-07-25 18:48:31.892576	local	2
72	81270979-38b6-4687-a51a-c924e86d8516.png	\N	image/png	67646	{"path": "/2/81270979-38b6-4687-a51a-c924e86d8516.png"}	2024-07-25 18:48:34.230546	local	2
73	20546769.jpg	\N	image/jpeg	363499	{"path": "/2/20546769.jpg"}	2024-07-25 18:59:41.717314	local	2
74	81270979-38b6-4687-a51a-c924e86d8516.png	\N	image/png	67646	{"path": "/2/81270979-38b6-4687-a51a-c924e86d8516.png"}	2024-07-25 18:59:44.036815	local	2
75	968265.png	\N	image/png	4521003	{"path": "/2/968265.png"}	2024-07-25 19:48:58.712634	local	2
76	bg.jpg	\N	image/jpeg	19521	{"path": "/1/bg.jpg"}	2024-07-25 22:56:57.724237	local	1
77	pg-thumb.png	\N	image/png	12228	{"path": "/1/pg-thumb.png"}	2024-07-25 22:57:02.274063	local	1
78	image.png	\N	image/png	43191	{"path": "/169/image.png"}	2024-07-26 08:39:04.069844	local	169
79	image.png	\N	image/png	43191	{"path": "/169/image.png"}	2024-07-26 08:39:06.021326	local	169
80	1625502212_24-phonoteka-org-p-monstera-na-rabochii-stol-krasivo-oboi-25.jpg	\N	image/jpeg	388284	{"path": "/2/1625502212_24-phonoteka-org-p-monstera-na-rabochii-stol-krasivo-oboi-25.jpg"}	2024-07-26 08:42:39.506042	local	2
81	81270979-38b6-4687-a51a-c924e86d8516.png	\N	image/png	67646	{"path": "/2/81270979-38b6-4687-a51a-c924e86d8516.png"}	2024-07-26 08:42:42.860711	local	2
82	1625502212_24-phonoteka-org-p-monstera-na-rabochii-stol-krasivo-oboi-25.jpg	\N	image/jpeg	388284	{"path": "/2/1625502212_24-phonoteka-org-p-monstera-na-rabochii-stol-krasivo-oboi-25.jpg"}	2024-07-26 08:45:40.547592	local	2
83	81270979-38b6-4687-a51a-c924e86d8516.png	\N	image/png	67646	{"path": "/2/81270979-38b6-4687-a51a-c924e86d8516.png"}	2024-07-26 08:45:43.132407	local	2
84	20546769.jpg	\N	image/jpeg	363499	{"path": "/2/20546769.jpg"}	2024-07-26 08:50:45.683419	local	2
85	81270979-38b6-4687-a51a-c924e86d8516.png	\N	image/png	67646	{"path": "/2/81270979-38b6-4687-a51a-c924e86d8516.png"}	2024-07-26 08:50:48.660389	local	2
86	829604.jpg	\N	image/jpeg	1026962	{"path": "/2/829604.jpg"}	2024-07-26 08:51:40.163459	local	2
87	81270979-38b6-4687-a51a-c924e86d8516.png	\N	image/png	67646	{"path": "/2/81270979-38b6-4687-a51a-c924e86d8516.png"}	2024-07-26 08:51:42.066529	local	2
88	IMG_8161.jpg	\N	image/jpeg	71394	{"path": "/2/IMG_8161.jpg"}	2024-07-26 09:04:10.836911	local	2
89	image.png	\N	image/png	43191	{"path": "/169/image.png"}	2024-07-26 09:33:57.760194	local	169
90	image.png	\N	image/png	43191	{"path": "/169/image.png"}	2024-07-26 09:33:59.521109	local	169
91	image.png	\N	image/png	43191	{"path": "/169/image.png"}	2024-07-26 09:34:42.860479	local	169
92	image.png	\N	image/png	43191	{"path": "/169/image.png"}	2024-07-26 09:34:44.372179	local	169
93	image.png	\N	image/png	43191	{"path": "/169/image.png"}	2024-07-26 09:36:02.525132	local	169
94	image.png	\N	image/png	43191	{"path": "/169/image.png"}	2024-07-26 09:36:04.375544	local	169
95	image.png	\N	image/png	43191	{"path": "/169/image.png"}	2024-07-26 09:36:35.719398	local	169
96	image.png	\N	image/png	43191	{"path": "/169/image.png"}	2024-07-26 09:36:37.244238	local	169
97	image.png	\N	image/png	43191	{"path": "/169/image.png"}	2024-07-26 09:37:26.295914	local	169
98	image.png	\N	image/png	43191	{"path": "/169/image.png"}	2024-07-26 09:37:28.003937	local	169
99	image.png	\N	image/png	43191	{"path": "/169/image.png"}	2024-07-26 09:38:05.296259	local	169
100	image.png	\N	image/png	43191	{"path": "/169/image.png"}	2024-07-26 09:38:06.92407	local	169
101	pngtree-landscape-jpg-wallpapers-free-download-picture-image_2668463.jpg	\N	image/jpeg	1026081	{"path": "/24/pngtree-landscape-jpg-wallpapers-free-download-picture-image_2668463.jpg"}	2024-07-26 10:07:40.623466	local	24
102	pngtree-landscape-jpg-wallpapers-free-download-picture-image_2668463.jpg	\N	image/jpeg	1026081	{"path": "/24/pngtree-landscape-jpg-wallpapers-free-download-picture-image_2668463.jpg"}	2024-07-26 10:07:42.018153	local	24
103	1712778476561.xlsx	\N	application/vnd.openxmlformats-officedocument.spreadsheetml.sheet	6928	{"path": "/169/1712778476561.xlsx"}	2024-07-26 10:45:11.304295	local	169
104	nissan.jpg	\N	image/jpeg	19406	{"path": "/22/nissan.jpg"}	2024-07-26 12:03:51.034546	local	22
105	nissan.jpg	\N	image/jpeg	19406	{"path": "/22/nissan.jpg"}	2024-07-26 12:06:03.601738	local	22
106	nissan.jpg	\N	image/jpeg	19406	{"path": "/22/nissan.jpg"}	2024-07-26 12:06:07.470132	local	22
107	image.png	\N	image/png	43191	{"path": "/169/image.png"}	2024-07-26 12:59:38.436038	local	169
108	image.png	\N	image/png	43191	{"path": "/169/image.png"}	2024-07-26 12:59:41.669739	local	169
109	IMG_8159.jpg	\N	image/jpeg	64621	{"path": "/2/IMG_8159.jpg"}	2024-07-26 13:10:25.037945	local	2
110	IMG_8161.jpg	\N	image/jpeg	71394	{"path": "/2/IMG_8161.jpg"}	2024-07-26 13:10:27.385515	local	2
111	image.png	\N	image/png	43191	{"path": "/169/image.png"}	2024-07-26 13:10:39.960105	local	169
112	image.png	\N	image/png	43191	{"path": "/169/image.png"}	2024-07-26 13:10:42.208973	local	169
113	image.png	\N	image/png	43191	{"path": "/169/image.png"}	2024-07-26 13:10:57.273446	local	169
114	image.png	\N	image/png	43191	{"path": "/169/image.png"}	2024-07-26 13:10:59.078499	local	169
115	1625502212_24-phonoteka-org-p-monstera-na-rabochii-stol-krasivo-oboi-25.jpg	\N	image/jpeg	388284	{"path": "/2/1625502212_24-phonoteka-org-p-monstera-na-rabochii-stol-krasivo-oboi-25.jpg"}	2024-07-26 13:11:37.279395	local	2
116	81270979-38b6-4687-a51a-c924e86d8516.png	\N	image/png	67646	{"path": "/2/81270979-38b6-4687-a51a-c924e86d8516.png"}	2024-07-26 13:11:39.928244	local	2
117	image.png	\N	image/png	43191	{"path": "/169/image.png"}	2024-07-26 13:17:25.212397	local	169
118	image.png	\N	image/png	43191	{"path": "/169/image.png"}	2024-07-26 13:17:27.57224	local	169
119	image.png	\N	image/png	43191	{"path": "/238/image.png"}	2024-07-26 13:27:34.231812	local	238
120	image.png	\N	image/png	43191	{"path": "/238/image.png"}	2024-07-26 13:27:36.31488	local	238
121	image.png	\N	image/png	43191	{"path": "/238/image.png"}	2024-07-26 13:32:37.218222	local	238
122	image.png	\N	image/png	43191	{"path": "/238/image.png"}	2024-07-26 13:32:39.434733	local	238
123	998105.png	\N	image/png	3713847	{"path": "/2/998105.png"}	2024-07-26 14:44:23.014848	local	2
124	6tumblr_c11c0e8cbd419071588afc4fa678987e_80c676eb_1280.jpg	\N	image/jpeg	103704	{"path": "/2/6tumblr_c11c0e8cbd419071588afc4fa678987e_80c676eb_1280.jpg"}	2024-07-26 15:05:59.221662	local	2
125	1715254286335.jpeg	\N	image/jpeg	331586	{"path": "/2/1715254286335.jpeg"}	2024-07-26 15:43:12.772233	local	2
126	IMG_8276.jpg	\N	image/jpeg	58216	{"path": "/2/IMG_8276.jpg"}	2024-07-26 15:43:13.749784	local	2
127	X-Trail-Sunset-Orange-801x375.jpg	\N	image/jpeg	97157	{"path": "/22/X-Trail-Sunset-Orange-801x375.jpg"}	2024-07-29 09:23:34.982452	local	22
128	nissan.jpg	\N	image/jpeg	19406	{"path": "/22/nissan.jpg"}	2024-07-29 09:23:37.701287	local	22
129	X-Trail-Sunset-Orange-801x375.jpg	\N	image/jpeg	97157	{"path": "/22/X-Trail-Sunset-Orange-801x375.jpg"}	2024-07-29 09:37:31.946303	local	22
130	nissan.jpg	\N	image/jpeg	19406	{"path": "/22/nissan.jpg"}	2024-07-29 09:37:33.771497	local	22
131	clients_export (18).xlsx	\N	application/vnd.openxmlformats-officedocument.spreadsheetml.sheet	6913	{"path": "/2/clients_export (18).xlsx"}	2024-07-29 10:16:06.295237	local	2
132	msp_import.xlsx	\N	application/vnd.openxmlformats-officedocument.spreadsheetml.sheet	8993	{"path": "/2/msp_import.xlsx"}	2024-07-29 10:23:44.90611	local	2
133	81270979-38b6-4687-a51a-c924e86d8516.png	\N	image/png	67646	{"path": "/264/81270979-38b6-4687-a51a-c924e86d8516.png"}	2024-07-29 11:34:06.176761	local	264
134	20546769.jpg	\N	image/jpeg	363499	{"path": "/264/20546769.jpg"}	2024-07-29 11:34:08.665059	local	264
135	81270979-38b6-4687-a51a-c924e86d8516.png	\N	image/png	67646	{"path": "/2/81270979-38b6-4687-a51a-c924e86d8516.png"}	2024-07-29 11:34:55.712443	local	2
136	20546769.jpg	\N	image/jpeg	363499	{"path": "/2/20546769.jpg"}	2024-07-29 11:34:57.750288	local	2
137	998105.png	\N	image/png	3713847	{"path": "/264/998105.png"}	2024-07-29 12:03:17.550015	local	264
138	clients.xlsx	\N	application/vnd.openxmlformats-officedocument.spreadsheetml.sheet	15101	{"path": "/22/clients.xlsx"}	2024-07-29 12:05:29.711348	local	22
139	X-Trail-Sunset-Orange-801x375.jpg	\N	image/jpeg	97157	{"path": "/22/X-Trail-Sunset-Orange-801x375.jpg"}	2024-07-29 12:11:19.276246	local	22
140	nissan.jpg	\N	image/jpeg	19406	{"path": "/22/nissan.jpg"}	2024-07-29 12:11:42.650388	local	22
141	clients.xlsx	\N	application/vnd.openxmlformats-officedocument.spreadsheetml.sheet	15101	{"path": "/22/clients.xlsx"}	2024-07-29 13:59:31.907019	local	22
142	4tumblr_52e9f3af52de7f9abeff44cbfd1012a3_7ab1871b_500.jpg	\N	image/jpeg	96432	{"path": "/2/4tumblr_52e9f3af52de7f9abeff44cbfd1012a3_7ab1871b_500.jpg"}	2024-07-29 13:59:32.708477	local	2
143	pngtree-landscape-jpg-wallpapers-free-download-picture-image_2668463.jpg	\N	image/jpeg	1026081	{"path": "/24/pngtree-landscape-jpg-wallpapers-free-download-picture-image_2668463.jpg"}	2024-07-29 14:01:31.096179	local	24
144	pngtree-landscape-jpg-wallpapers-free-download-picture-image_2668463.jpg	\N	image/jpeg	1026081	{"path": "/24/pngtree-landscape-jpg-wallpapers-free-download-picture-image_2668463.jpg"}	2024-07-29 14:01:32.458027	local	24
145	1127149-illustration-anime-anime-girls-Saya-no-Uta-wing-mangaka.jpg	\N	image/jpeg	220196	{"path": "/2/1127149-illustration-anime-anime-girls-Saya-no-Uta-wing-mangaka.jpg"}	2024-07-29 14:45:41.028618	local	2
146	X-Trail-Sunset-Orange-801x375.jpg	\N	image/jpeg	97157	{"path": "/22/X-Trail-Sunset-Orange-801x375.jpg"}	2024-07-29 16:34:18.329989	local	22
147	nissan.jpg	\N	image/jpeg	19406	{"path": "/22/nissan.jpg"}	2024-07-29 16:34:20.315799	local	22
148	programs_export.xlsx	\N	application/vnd.openxmlformats-officedocument.spreadsheetml.sheet	6971	{"path": "/2/programs_export.xlsx"}	2024-07-29 20:40:01.06394	local	2
149	clients_export (34).xlsx	\N	application/vnd.openxmlformats-officedocument.spreadsheetml.sheet	6900	{"path": "/2/clients_export (34).xlsx"}	2024-07-30 09:46:46.983124	local	2
150	clients_export (34).xlsx	\N	application/vnd.openxmlformats-officedocument.spreadsheetml.sheet	6900	{"path": "/2/clients_export (34).xlsx"}	2024-07-30 09:51:57.415831	local	2
151	msp_export.xlsx	\N	application/vnd.openxmlformats-officedocument.spreadsheetml.sheet	6746	{"path": "/2/msp_export.xlsx"}	2024-07-30 10:12:55.562218	local	2
152	X-Trail-Sunset-Orange-801x375.jpg	\N	image/jpeg	97157	{"path": "/22/X-Trail-Sunset-Orange-801x375.jpg"}	2024-07-31 11:58:34.152218	local	22
153	nissan.jpg	\N	image/jpeg	19406	{"path": "/22/nissan.jpg"}	2024-07-31 11:58:36.43448	local	22
154	IMG_8276.jpg	\N	image/jpeg	58216	{"path": "/2/IMG_8276.jpg"}	2024-07-31 16:20:33.07214	local	2
155	IMG_8276.jpg	\N	image/jpeg	58216	{"path": "/2/IMG_8276.jpg"}	2024-07-31 16:20:35.727739	local	2
156	X-Trail-Sunset-Orange-801x375.jpg	\N	image/jpeg	97157	{"path": "/22/X-Trail-Sunset-Orange-801x375.jpg"}	2024-08-01 08:53:51.103648	local	22
157	nissan.jpg	\N	image/jpeg	19406	{"path": "/22/nissan.jpg"}	2024-08-01 08:53:53.686975	local	22
158	IMG_8276.jpg	\N	image/jpeg	58216	{"path": "/2/IMG_8276.jpg"}	2024-08-01 09:31:45.26064	local	2
159	1715254286335.jpeg	\N	image/jpeg	331586	{"path": "/2/1715254286335.jpeg"}	2024-08-01 09:31:49.013433	local	2
160	programs (4).xlsx	\N	application/vnd.openxmlformats-officedocument.spreadsheetml.sheet	38323	{"path": "/2/programs (4).xlsx"}	2024-08-01 10:05:52.919829	local	2
161	clients_export (1).xlsx	\N	application/vnd.openxmlformats-officedocument.spreadsheetml.sheet	12017	{"path": "/2/clients_export (1).xlsx"}	2024-08-01 10:06:26.494629	local	2
162	clients_export (1).xlsx	\N	application/vnd.openxmlformats-officedocument.spreadsheetml.sheet	12017	{"path": "/2/clients_export (1).xlsx"}	2024-08-01 10:07:01.325362	local	2
163	clients_export (2).xlsx	\N	application/vnd.openxmlformats-officedocument.spreadsheetml.sheet	12016	{"path": "/2/clients_export (2).xlsx"}	2024-08-01 10:07:59.079683	local	2
164	clients_export (2).xlsx	\N	application/vnd.openxmlformats-officedocument.spreadsheetml.sheet	12016	{"path": "/2/clients_export (2).xlsx"}	2024-08-01 10:08:30.535997	local	2
165	programs.xlsx	\N	application/vnd.openxmlformats-officedocument.spreadsheetml.sheet	51831	{"path": "/2/programs.xlsx"}	2024-08-01 10:21:51.783342	local	2
166	gradient-shadow-top-bottom.png	\N	image/png	113	{"path": "/23/gradient-shadow-top-bottom.png"}	2024-08-01 19:15:46.807942	local	23
167	709px-H&M-Logo.svg.png	\N	image/png	38063	{"path": "/23/709px-H&M-Logo.svg.png"}	2024-08-01 19:16:11.368671	local	23
168	mÃÂ©hecske.jpg	\N	image/jpeg	7855	{"path": "/23/mÃÂ©hecske.jpg"}	2024-08-01 19:16:52.271594	local	23
169	SkÃÂ³cia.jpg	\N	image/jpeg	83651	{"path": "/23/SkÃÂ³cia.jpg"}	2024-08-01 19:32:43.407987	local	23
170	sarki roka.jpg	\N	image/jpeg	53131	{"path": "/23/sarki roka.jpg"}	2024-08-01 19:32:53.667242	local	23
171	sarki roka.jpg	\N	image/jpeg	53131	{"path": "/23/sarki roka.jpg"}	2024-08-01 19:33:03.693436	local	23
172	paprika.jpg	\N	image/jpeg	260166	{"path": "/23/paprika.jpg"}	2024-08-01 19:33:08.715227	local	23
173	sarki roka.jpg	\N	image/jpeg	53131	{"path": "/23/sarki roka.jpg"}	2024-08-01 19:33:15.041103	local	23
174	Image1.jpg	\N	image/jpeg	3230	{"path": "/23/Image1.jpg"}	2024-08-01 22:34:41.019101	local	23
175	szeles.jpg	\N	image/jpeg	3230	{"path": "/23/szeles.jpg"}	2024-08-01 22:34:47.004343	local	23
176	workers(1).xlsx	\N	application/vnd.openxmlformats-officedocument.spreadsheetml.sheet	8861	{"path": "/23/workers(1).xlsx"}	2024-08-02 01:05:40.839349	local	23
177	IMG_8276.jpg	\N	image/jpeg	58216	{"path": "/2/IMG_8276.jpg"}	2024-08-13 15:37:50.158335	local	2
178	IMG_8163.jpg	\N	image/jpeg	105390	{"path": "/2/IMG_8163.jpg"}	2024-08-13 15:37:52.354015	local	2
179	IMG_8161.jpg	\N	image/jpeg	71394	{"path": "/2/IMG_8161.jpg"}	2024-08-13 15:39:24.86469	local	2
180	IMG_8163.jpg	\N	image/jpeg	105390	{"path": "/2/IMG_8163.jpg"}	2024-08-13 15:39:26.466399	local	2
181	image (5).png	\N	image/png	366644	{"path": "/2/image (5).png"}	2024-08-14 16:47:36.860219	local	2
182	image (6).png	\N	image/png	420026	{"path": "/2/image (6).png"}	2024-08-14 16:47:38.259972	local	2
183	image (4).png	\N	image/png	429347	{"path": "/2/image (4).png"}	2024-08-14 16:48:19.395538	local	2
184	image (5).png	\N	image/png	366644	{"path": "/2/image (5).png"}	2024-08-14 16:48:21.270531	local	2
185	msp_export.xlsx	\N	application/vnd.openxmlformats-officedocument.spreadsheetml.sheet	6846	{"path": "/4/msp_export.xlsx"}	2024-08-16 15:11:49.305663	local	4
186	X-Trail-Sunset-Orange-801x375.jpg	\N	image/jpeg	97157	{"path": "/22/X-Trail-Sunset-Orange-801x375.jpg"}	2024-08-19 13:25:35.621938	local	22
187	X-Trail-Sunset-Orange-801x375.jpg	\N	image/jpeg	97157	{"path": "/22/X-Trail-Sunset-Orange-801x375.jpg"}	2024-08-19 13:25:49.408371	local	22
\.


--
-- Data for Name: file_manager_access; Type: TABLE DATA; Schema: public; Owner: pma
--

COPY public.file_manager_access (group_id, role_id, user_id, identifier, type, view, delete, id) FROM stdin;
0	0	1	1	file	t	t	1
0	0	1	2	file	t	t	2
0	0	1	3	file	t	t	3
0	0	1	4	file	t	t	4
0	0	1	5	file	t	t	5
0	0	24	6	file	t	t	6
0	0	24	7	file	t	t	7
0	0	2	8	file	t	t	8
0	0	2	9	file	t	t	9
0	0	2	10	file	t	t	10
0	0	2	11	file	t	t	11
0	0	2	12	file	t	t	12
0	0	2	13	file	t	t	13
0	0	2	14	file	t	t	14
0	0	2	15	file	t	t	15
0	0	2	16	file	t	t	16
0	0	2	17	file	t	t	17
0	0	23	18	file	t	t	18
0	0	23	19	file	t	t	19
0	0	23	20	file	t	t	20
0	0	23	21	file	t	t	21
0	0	23	22	file	t	t	22
0	0	23	23	file	t	t	23
0	0	23	24	file	t	t	24
0	0	23	25	file	t	t	25
0	0	23	26	file	t	t	26
0	0	23	27	file	t	t	27
0	0	2	28	file	t	t	28
0	0	2	29	file	t	t	29
0	0	1	30	file	t	t	30
0	0	1	31	file	t	t	31
0	0	2	32	file	t	t	32
0	0	2	33	file	t	t	33
0	0	1	34	file	t	t	34
0	0	1	35	file	t	t	35
0	0	1	36	file	t	t	36
0	0	1	37	file	t	t	37
0	0	169	38	file	t	t	38
0	0	2	39	file	t	t	39
0	0	2	40	file	t	t	40
0	0	2	41	file	t	t	41
0	0	2	42	file	t	t	42
0	0	2	43	file	t	t	43
0	0	169	44	file	t	t	44
0	0	169	45	file	t	t	45
0	0	2	46	file	t	t	46
0	0	2	47	file	t	t	47
0	0	2	48	file	t	t	48
0	0	2	49	file	t	t	49
0	0	2	50	file	t	t	50
0	0	2	51	file	t	t	51
0	0	2	52	file	t	t	52
0	0	1	53	file	t	t	53
0	0	1	54	file	t	t	54
0	0	2	55	file	t	t	55
0	0	1	56	file	t	t	56
0	0	1	57	file	t	t	57
0	0	1	58	file	t	t	58
0	0	1	59	file	t	t	59
0	0	1	60	file	t	t	60
0	0	1	61	file	t	t	61
0	0	1	62	file	t	t	62
0	0	169	63	file	t	t	63
0	0	169	64	file	t	t	64
0	0	2	65	file	t	t	65
0	0	2	66	file	t	t	66
0	0	2	67	file	t	t	67
0	0	2	68	file	t	t	68
0	0	2	69	file	t	t	69
0	0	2	70	file	t	t	70
0	0	2	71	file	t	t	71
0	0	2	72	file	t	t	72
0	0	2	73	file	t	t	73
0	0	2	74	file	t	t	74
0	0	2	75	file	t	t	75
0	0	1	76	file	t	t	76
0	0	1	77	file	t	t	77
0	0	169	78	file	t	t	78
0	0	169	79	file	t	t	79
0	0	2	80	file	t	t	80
0	0	2	81	file	t	t	81
0	0	2	82	file	t	t	82
0	0	2	83	file	t	t	83
0	0	2	84	file	t	t	84
0	0	2	85	file	t	t	85
0	0	2	86	file	t	t	86
0	0	2	87	file	t	t	87
0	0	2	88	file	t	t	88
0	0	169	89	file	t	t	89
0	0	169	90	file	t	t	90
0	0	169	91	file	t	t	91
0	0	169	92	file	t	t	92
0	0	169	93	file	t	t	93
0	0	169	94	file	t	t	94
0	0	169	95	file	t	t	95
0	0	169	96	file	t	t	96
0	0	169	97	file	t	t	97
0	0	169	98	file	t	t	98
0	0	169	99	file	t	t	99
0	0	169	100	file	t	t	100
0	0	24	101	file	t	t	101
0	0	24	102	file	t	t	102
0	0	169	103	file	t	t	103
0	0	22	104	file	t	t	104
0	0	22	105	file	t	t	105
0	0	22	106	file	t	t	106
0	0	169	107	file	t	t	107
0	0	169	108	file	t	t	108
0	0	2	109	file	t	t	109
0	0	2	110	file	t	t	110
0	0	169	111	file	t	t	111
0	0	169	112	file	t	t	112
0	0	169	113	file	t	t	113
0	0	169	114	file	t	t	114
0	0	2	115	file	t	t	115
0	0	2	116	file	t	t	116
0	0	169	117	file	t	t	117
0	0	169	118	file	t	t	118
0	0	238	119	file	t	t	119
0	0	238	120	file	t	t	120
0	0	238	121	file	t	t	121
0	0	238	122	file	t	t	122
0	0	2	123	file	t	t	123
0	0	2	124	file	t	t	124
0	0	2	125	file	t	t	125
0	0	2	126	file	t	t	126
0	0	22	127	file	t	t	127
0	0	22	128	file	t	t	128
0	0	22	129	file	t	t	129
0	0	22	130	file	t	t	130
0	0	2	131	file	t	t	131
0	0	2	132	file	t	t	132
0	0	264	133	file	t	t	133
0	0	264	134	file	t	t	134
0	0	2	135	file	t	t	135
0	0	2	136	file	t	t	136
0	0	264	137	file	t	t	137
0	0	22	138	file	t	t	138
0	0	22	139	file	t	t	139
0	0	22	140	file	t	t	140
0	0	22	141	file	t	t	141
0	0	2	142	file	t	t	142
0	0	24	143	file	t	t	143
0	0	24	144	file	t	t	144
0	0	2	145	file	t	t	145
0	0	22	146	file	t	t	146
0	0	22	147	file	t	t	147
0	0	2	148	file	t	t	148
0	0	2	149	file	t	t	149
0	0	2	150	file	t	t	150
0	0	2	151	file	t	t	151
0	0	22	152	file	t	t	152
0	0	22	153	file	t	t	153
0	0	2	154	file	t	t	154
0	0	2	155	file	t	t	155
0	0	22	156	file	t	t	156
0	0	22	157	file	t	t	157
0	0	2	158	file	t	t	158
0	0	2	159	file	t	t	159
0	0	2	160	file	t	t	160
0	0	2	161	file	t	t	161
0	0	2	162	file	t	t	162
0	0	2	163	file	t	t	163
0	0	2	164	file	t	t	164
0	0	2	165	file	t	t	165
0	0	23	166	file	t	t	166
0	0	23	167	file	t	t	167
0	0	23	168	file	t	t	168
0	0	23	169	file	t	t	169
0	0	23	170	file	t	t	170
0	0	23	171	file	t	t	171
0	0	23	172	file	t	t	172
0	0	23	173	file	t	t	173
0	0	23	174	file	t	t	174
0	0	23	175	file	t	t	175
0	0	23	176	file	t	t	176
0	0	2	177	file	t	t	177
0	0	2	178	file	t	t	178
0	0	2	179	file	t	t	179
0	0	2	180	file	t	t	180
0	0	2	181	file	t	t	181
0	0	2	182	file	t	t	182
0	0	2	183	file	t	t	183
0	0	2	184	file	t	t	184
0	0	4	185	file	t	t	185
0	0	22	186	file	t	t	186
0	0	22	187	file	t	t	187
\.


--
-- Data for Name: file_manager_folder_links; Type: TABLE DATA; Schema: public; Owner: pma
--

COPY public.file_manager_folder_links (folder_id, file_id, id, "folderId", "fileId") FROM stdin;
\.


--
-- Data for Name: file_manager_folders; Type: TABLE DATA; Schema: public; Owner: pma
--

COPY public.file_manager_folders (id, name, parent_folder, who_created, "parentsId") FROM stdin;
\.


--
-- Data for Name: file_manager_provider; Type: TABLE DATA; Schema: public; Owner: pma
--

COPY public.file_manager_provider (id, name, config) FROM stdin;
1	Local	{"provider":"local","dir":"/var/www/html/uploads"}
\.


--
-- Data for Name: file_manager_public_link; Type: TABLE DATA; Schema: public; Owner: pma
--

COPY public.file_manager_public_link (id, file_id, provider_id, who_created, hash) FROM stdin;
\.


--
-- Data for Name: file_manager_user_provider; Type: TABLE DATA; Schema: public; Owner: pma
--

COPY public.file_manager_user_provider (id, user_id, provider_id) FROM stdin;
\.


--
-- Data for Name: group_user_link; Type: TABLE DATA; Schema: public; Owner: pma
--

COPY public.group_user_link (id, group_id, user_id) FROM stdin;
2	1	15
3	2	16
4	2	17
5	2	19
7	1	124
8	1	125
9	1	130
17	4	136
18	4	137
19	4	138
20	4	139
21	4	140
25	4	141
27	4	147
28	4	148
29	1	156
33	1	163
37	4	168
38	5	1
39	1	228
43	5	279
45	5	22
46	4	326
49	5	327
50	1	328
51	1	330
53	1	333
57	7	338
58	1	339
59	7	336
\.




--
-- Data for Name: imports; Type: TABLE DATA; Schema: public; Owner: pma
--

COPY public.imports (id, service, point, data, who_created, status, count_chunk, errors) FROM stdin;
\.


--
-- Data for Name: location_execution; Type: TABLE DATA; Schema: public; Owner: pma
--

COPY public.location_execution (id, who_created, price_visit, courses, data_start, data_end, date_created, date_updated, role, "group", users, status, questionnaire_id, draft, project_name, description, instructions, payment_method, date_visit_start, date_visit_end, deadline, date_show_trends, deleted_at, delete_at, program_type_id, bank, expense_bank, expense_course, incentive_bank, incentive_course, reimbursement_bank, reimbursement_course, language, special_bank, special_course, special_description, expense_price, incentive_price, reimbursement_price, special_price, client_id) FROM stdin;
2	23	20	eur	2024-07-25 02:00:00	2024-10-20 02:00:00	2024-07-24 14:08:55.726	2024-07-24 14:29:57.285	[]	[]	[]	2	\N	0	Newesttestclient 3 project	This is the description called name in create new\n	https://proxy.happeas.space/file/read/local/23/MSP Program test.docx	Cash	2024-07-24	2024-10-22	2024-10-24	2024-10-31	2024-08-16 15:11:03.514246	\N	7	bank_2	bank_4	huf	bank_3	rub	bank_1	usd	de	bank_1	uah		4	5	0	10	154
5	2	50	usd	2024-07-26 02:00:00	2024-07-27 02:00:00	2024-07-26 14:45:39.096	2024-07-26 14:45:47.583	[]	[]	[]	1	\N	0	Daria	2200000	https://proxy.happeas.space/file/read/local/2/998105.png	2000	2024-07-28	2024-07-29	2024-07-30	2024-07-31	2024-08-16 15:11:03.511917	\N	13	bank_1	bank_1	usd	bank_1	usd	bank_1	usd	en	bank_1	usd	50	50	50	50	50	207
3	23	20	eur	2024-07-25 02:00:00	2024-10-20 02:00:00	2024-07-24 14:30:40.905	2024-07-24 14:32:51.688	[]	[]	[]	1	\N	0	NEwesttestclient 3 duplicate project	This is the description of newesttstclient 3 duplicate project called name in create new \n	https://proxy.happeas.space/file/read/local/23/programs upload sample.xlsx	Cash	2024-07-24	2024-10-22	2024-10-24	2024-10-31	2024-07-24 14:33:24.557555	\N	7	bank_2	bank_4	huf	bank_3	rub	bank_1	usd	en	bank_1	uah		4	5	0	10	154
1	123	50	usd	2024-07-31 02:00:00	2024-09-26 02:00:00	2024-07-19 18:15:55.436	2024-07-23 10:48:12.746	[]	[]	[]	2	\N	0	Project name	Project name	https://proxy.happeas.space/file/read/local/1/programs.xlsx	CARD	2024-07-30	2024-10-30	2024-11-28	2024-11-30	2024-08-16 15:11:03.516317	\N	1	bank_1	bank_1	usd	bank_1	usd	bank_1	usd	en	bank_1	usd	343	43	43	54	64	3
9	264	50	usd	2024-07-30 02:00:00	2024-07-30 02:00:00	2024-07-29 12:03:36.21	2024-07-29 12:03:36.208	[]	[]	[]	1	\N	0	Daria	2000	https://proxy.happeas.space/file/read/local/264/998105.png	2000	2024-07-31	2024-08-01	2024-08-02	2024-08-03	2024-08-16 15:11:03.505273	\N	14	bank_1	bank_1	usd	bank_1	usd	bank_1	usd	en	bank_1	usd		0	0	0	0	176
10	22	50	usd	2024-07-29 02:00:00	2024-07-29 02:00:00	2024-07-29 12:05:46.092	2024-07-29 13:49:20.38	[]	[]	[]	1	\N	0	290724	23	https://proxy.happeas.space/file/read/local/22/clients.xlsx	23	2024-07-29	2024-07-29	2024-07-29	2024-07-29	2024-08-16 15:11:03.502056	\N	20	bank_1	bank_1	usd	bank_1	usd	bank_1	usd	en	bank_1	usd		0	0	0	0	256
12	2	50	usd	2024-07-31 02:00:00	2024-08-01 02:00:00	2024-07-30 09:48:10.244	2024-07-30 09:48:10.243	[]	[]	[]	1	\N	0	bugfix	adfadf	https://proxy.happeas.space/file/read/local/2/clients_export (34).xlsx	CARD	2024-08-22	2024-08-23	2024-08-30	2024-08-31	2024-07-30 09:51:40.996703	\N	14	bank_1	bank_1	usd	bank_1	usd	bank_1	usd	de	bank_1	usd	asd	0	0	0	0	176
13	2	50	usd	2024-07-31 02:00:00	2024-07-31 02:00:00	2024-07-30 09:52:28.217	2024-07-30 09:52:28.217	[]	[]	[]	1	\N	0	asdasdf	dadsfc	https://proxy.happeas.space/file/read/local/2/clients_export (34).xlsx	CARD	2024-08-01	2024-08-01	2024-08-01	2024-08-01	2024-08-16 15:11:03.497359	\N	14	bank_1	bank_1	usd	bank_1	usd	bank_1	usd	de	bank_1	usd	xfxfbfdv	0	0	0	0	176
23	2	50	usd	2024-08-01 02:00:00	2024-08-01 02:00:00	2024-08-01 10:22:03.167	2024-08-01 10:22:03.166	[]	[]	[]	1	\N	0	Test 333	Upload client	https://proxy.happeas.space/file/read/local/2/programs.xlsx	2000	2024-08-01	2024-08-01	2024-08-01	2024-08-01	2024-08-16 15:11:03.472282	\N	87	bank_1	bank_1	usd	bank_1	usd	bank_1	usd		bank_1	usd		0	0	0	0	9
21	2	50	usd	2024-08-02 02:00:00	2024-08-02 02:00:00	2024-08-01 10:08:13.345	2024-08-01 10:08:13.344	[]	[]	[]	1	\N	0	Daria	321	https://proxy.happeas.space/file/read/local/2/clients_export (2).xlsx	2000	2024-08-02	2024-08-02	2024-08-02	2024-08-02	2024-08-16 15:11:03.477019	\N	24	bank_1	bank_1	usd	bank_1	usd	bank_1	usd		bank_1	usd		0	0	0	0	276
25	2	50	usd	2024-08-01 02:00:00	2024-08-01 02:00:00	2024-08-01 10:51:26.458	2024-08-01 10:51:26.458	[]	[]	[]	1	\N	0	Test 333	Upload client	https://proxy.happeas.space/file/read/local/2/programs.xlsx	2000	2024-08-01	2024-08-01	2024-08-01	2024-08-01	2024-08-16 15:11:03.467061	\N	87	bank_1	bank_1	usd	bank_1	usd	bank_1	usd		bank_1	usd		0	0	0	0	9
24	2	50	usd	2024-08-01 02:00:00	2024-08-01 02:00:00	2024-08-01 10:51:11.543	2024-08-01 10:51:33.724	[]	[]	[]	1	\N	0	Test 333	Upload client	https://proxy.happeas.space/file/read/local/2/programs.xlsx	2000	2024-08-01	2024-08-01	2024-08-01	2024-08-01	2024-08-16 15:11:03.469735	\N	87	bank_1	bank_1	usd	bank_1	usd	bank_1	usd		bank_1	usd		0	0	0	0	9
22	2	50	usd	2024-08-02 02:00:00	2024-08-02 02:00:00	2024-08-01 10:08:42.689	2024-08-01 10:51:40.051	[]	[]	[]	1	\N	0	Test 333	3225	https://proxy.happeas.space/file/read/local/2/clients_export (2).xlsx	2000	2024-08-02	2024-08-02	2024-08-02	2024-08-02	2024-08-16 15:11:03.474629	\N	24	bank_1	bank_1	usd	bank_1	usd	bank_1	usd		bank_1	usd		0	0	0	0	276
20	2	50	usd	2024-08-02 02:00:00	2024-08-02 02:00:00	2024-08-01 10:07:13.716	2024-08-01 10:07:13.716	[]	[]	[]	1	\N	0	Test 333	250	https://proxy.happeas.space/file/read/local/2/clients_export (1).xlsx	2000	2024-08-02	2024-08-02	2024-08-02	2024-08-02	2024-08-16 15:11:03.479453	\N	14	bank_1	bank_1	usd	bank_1	usd	bank_1	usd		bank_1	usd		0	0	0	0	176
18	2	50	usd	2024-08-02 02:00:00	2024-08-02 02:00:00	2024-08-01 10:06:08.386	2024-08-01 10:06:08.385	[]	[]	[]	1	\N	0	Test 333	2000	https://proxy.happeas.space/file/read/local/2/programs (4).xlsx	2000	2024-08-02	2024-08-02	2024-08-02	2024-08-02	2024-08-16 15:11:03.48479	\N	14	bank_1	bank_1	usd	bank_1	usd	bank_1	usd		bank_1	usd		0	0	0	0	176
17	22	50	usd	2024-07-31 02:00:00	2024-07-31 02:00:00	2024-08-01 09:30:12.182	2024-08-01 09:30:12.182	[]	[]	[]	1	\N	0	any	dadsfc	https://proxy.happeas.space/file/read/local/2/clients_export (34).xlsx	CARD	2024-08-01	2024-08-01	2024-08-01	2024-08-01	2024-08-16 15:11:03.487376	\N	14	bank_1	bank_1	usd	bank_1	usd	bank_1	usd	de	bank_1	usd	xfxfbfdv	0	0	0	0	176
16	22	50	usd	2024-07-31 02:00:00	2024-07-31 02:00:00	2024-08-01 09:28:17.015	2024-08-01 09:28:17.015	[]	[]	[]	1	\N	0	0108241	dadsfc	https://proxy.happeas.space/file/read/local/2/clients_export (34).xlsx	CARD	2024-08-01	2024-08-01	2024-08-01	2024-08-01	2024-08-16 15:11:03.489779	\N	14	bank_1	bank_1	usd	bank_1	usd	bank_1	usd	de	bank_1	usd	xfxfbfdv	0	0	0	0	176
15	22	50	usd	2024-07-31 02:00:00	2024-07-31 02:00:00	2024-08-01 09:26:45.039	2024-08-01 09:26:45.039	[]	[]	[]	1	\N	0	010824	dadsfc	https://proxy.happeas.space/file/read/local/2/clients_export (34).xlsx	CARD	2024-08-01	2024-08-01	2024-08-01	2024-08-01	2024-08-16 15:11:03.492271	\N	14	bank_1	bank_1	usd	bank_1	usd	bank_1	usd	de	bank_1	usd	xfxfbfdv	0	0	0	0	176
14	2	50	usd	2024-07-31 02:00:00	2024-07-31 02:00:00	2024-07-30 10:13:27.4	2024-07-30 10:13:44.637	[]	[]	[]	1	\N	0	fwqef	dfgdvdf	https://proxy.happeas.space/file/read/local/2/msp_export.xlsx	CARD	2024-08-01	2024-08-02	2024-08-08	2024-08-23	2024-08-16 15:11:03.494846	\N	14	bank_1	bank_1	usd	bank_1	usd	bank_1	usd	de	bank_1	usd	asdasd	0	0	0	0	176
11	2	50	usd	2024-07-30 02:00:00	2024-07-30 02:00:00	2024-07-29 14:46:10.299	2024-07-29 15:11:50.084	[]	[]	[]	1	\N	0	Daria	2000	https://proxy.happeas.space/file/read/local/2/1127149-illustration-anime-anime-girls-Saya-no-Uta-wing-mangaka.jpg	2000	2024-07-30	2024-07-30	2024-07-30	2024-07-30	2024-08-16 15:11:03.499938	\N	14	bank_1	bank_1	usd	bank_1	usd	bank_1	usd		bank_1	usd		0	0	0	0	176
7	2	50	usd	2024-07-30 02:00:00	2024-07-31 02:00:00	2024-07-29 10:16:28.92	2024-07-29 10:16:28.92	[]	[]	[]	1	\N	0	asd	dddd	https://proxy.happeas.space/file/read/local/2/clients_export (18).xlsx	CARD	2024-08-01	2024-08-02	2024-08-03	2024-08-04	2024-08-16 15:11:03.507496	\N	0	bank_1	bank_1	usd	bank_1	usd	bank_1	usd	de	bank_1	usd		0	0	0	0	259
6	2	50	usd	2024-07-27 02:00:00	2024-07-30 02:00:00	2024-07-26 15:06:15.052	2024-07-26 15:10:59.92	[]	[]	[]	1	\N	0	Daria	2000	https://proxy.happeas.space/file/read/local/2/6tumblr_c11c0e8cbd419071588afc4fa678987e_80c676eb_1280.jpg	2000	2024-07-28	2024-07-30	2024-07-30	2024-07-31	2024-08-16 15:11:03.509493	\N	18	bank_1	bank_1	usd	bank_1	usd	bank_1	usd		bank_1	usd		0	0	0	0	224
8	2	50	usd	2024-07-30 02:00:00	2024-07-31 02:00:00	2024-07-29 10:24:13.331	2024-07-29 10:24:13.331	[]	[]	[]	2	\N	0	fsdfs	fvcsdv	https://proxy.happeas.space/file/read/local/2/msp_import.xlsx	CARD	2024-08-01	2024-08-02	2024-08-03	2024-08-14	2024-08-16 15:11:16.633588	\N	10	bank_1	bank_1	usd	bank_1	usd	bank_1	usd	de	bank_1	usd	asda	5	3	2	2	170
46	23	200	usd	2024-08-04 02:00:00	2024-08-13 02:00:00	2024-08-02 01:13:24.559	2024-08-02 01:21:51.796	[]	[]	[]	2	\N	0	july project from august	This is the description of july project 1	https://proxy.happeas.space/file/read/local/23/workers(1).xlsx	200	2024-08-14	2024-08-02	2024-08-02	2024-08-15	2024-08-16 15:11:03.406286	\N	88	bank_1	bank_2	huf	bank_4	uah	bank_3	rub	de	bank_3	eur	Special expense descritpion	103	102	104	101	283
45	23	100	usd	2024-08-04 02:00:00	2024-08-13 02:00:00	2024-08-02 01:10:34.469	2024-08-02 01:12:16.974	[]	[]	[]	2	\N	0	august project 1	This is the description of august project 1	https://proxy.happeas.space/file/read/local/23/workers(1).xlsx	500	2024-08-14	2024-08-02	2024-08-02	2024-08-15	2024-08-16 15:11:03.410365	\N	89	bank_1	bank_2	huf	bank_4	uah	bank_3	rub	de	bank_3	eur	Special expense descritpion	103	102	104	101	282
44	2	50	usd	2024-08-01 02:00:00	2024-08-01 02:00:00	2024-08-01 10:57:00.568	2024-08-01 10:57:00.568	[]	[]	[]	2	\N	0	Test 333	Upload client	https://proxy.happeas.space/file/read/local/2/programs.xlsx	2000	2024-08-01	2024-08-01	2024-08-01	2024-08-01	2024-08-16 15:11:03.413558	\N	87	bank_1	bank_1	usd	bank_1	usd	bank_1	usd		bank_1	usd		0	0	0	0	9
43	2	50	usd	2024-08-01 02:00:00	2024-08-01 02:00:00	2024-08-01 10:56:49.691	2024-08-01 10:56:49.691	[]	[]	[]	2	\N	0	Test 333	Upload client	https://proxy.happeas.space/file/read/local/2/programs.xlsx	2000	2024-08-01	2024-08-01	2024-08-01	2024-08-01	2024-08-16 15:11:03.416661	\N	87	bank_1	bank_1	usd	bank_1	usd	bank_1	usd		bank_1	usd		0	0	0	0	9
42	2	50	usd	2024-08-01 02:00:00	2024-08-01 02:00:00	2024-08-01 10:56:35.877	2024-08-01 10:56:35.877	[]	[]	[]	2	\N	0	Test 333	Upload client	https://proxy.happeas.space/file/read/local/2/programs.xlsx	2000	2024-08-01	2024-08-01	2024-08-01	2024-08-01	2024-08-16 15:11:03.419726	\N	87	bank_1	bank_1	usd	bank_1	usd	bank_1	usd		bank_1	usd		0	0	0	0	9
41	2	50	usd	2024-08-01 02:00:00	2024-08-01 02:00:00	2024-08-01 10:56:21.71	2024-08-01 10:56:21.71	[]	[]	[]	2	\N	0	Test 333	Upload client	https://proxy.happeas.space/file/read/local/2/programs.xlsx	2000	2024-08-01	2024-08-01	2024-08-01	2024-08-01	2024-08-16 15:11:03.422602	\N	87	bank_1	bank_1	usd	bank_1	usd	bank_1	usd		bank_1	usd		0	0	0	0	9
40	2	50	usd	2024-08-01 02:00:00	2024-08-01 02:00:00	2024-08-01 10:56:09.583	2024-08-01 10:56:09.583	[]	[]	[]	1	\N	0	Test 333	Upload client	https://proxy.happeas.space/file/read/local/2/programs.xlsx	2000	2024-08-01	2024-08-01	2024-08-01	2024-08-01	2024-08-16 15:11:03.424901	\N	87	bank_1	bank_1	usd	bank_1	usd	bank_1	usd		bank_1	usd		0	0	0	0	9
39	2	50	usd	2024-08-01 02:00:00	2024-08-01 02:00:00	2024-08-01 10:56:00.835	2024-08-01 10:56:00.835	[]	[]	[]	1	\N	0	Test 333	Upload client	https://proxy.happeas.space/file/read/local/2/programs.xlsx	2000	2024-08-01	2024-08-01	2024-08-01	2024-08-01	2024-08-16 15:11:03.427587	\N	87	bank_1	bank_1	usd	bank_1	usd	bank_1	usd		bank_1	usd		0	0	0	0	9
38	2	50	usd	2024-08-01 02:00:00	2024-08-01 02:00:00	2024-08-01 10:55:48.924	2024-08-01 10:55:48.924	[]	[]	[]	1	\N	0	Test 333	Upload client	https://proxy.happeas.space/file/read/local/2/programs.xlsx	2000	2024-08-01	2024-08-01	2024-08-01	2024-08-01	2024-08-16 15:11:03.430152	\N	87	bank_1	bank_1	usd	bank_1	usd	bank_1	usd		bank_1	usd		0	0	0	0	9
37	2	50	usd	2024-08-01 02:00:00	2024-08-01 02:00:00	2024-08-01 10:55:35.867	2024-08-01 10:55:35.867	[]	[]	[]	1	\N	0	Test 333	Upload client	https://proxy.happeas.space/file/read/local/2/programs.xlsx	2000	2024-08-01	2024-08-01	2024-08-01	2024-08-01	2024-08-16 15:11:03.43261	\N	87	bank_1	bank_1	usd	bank_1	usd	bank_1	usd		bank_1	usd		0	0	0	0	9
36	2	50	usd	2024-08-01 02:00:00	2024-08-01 02:00:00	2024-08-01 10:55:26.95	2024-08-01 10:55:26.949	[]	[]	[]	1	\N	0	Test 333	Upload client	https://proxy.happeas.space/file/read/local/2/programs.xlsx	2000	2024-08-01	2024-08-01	2024-08-01	2024-08-01	2024-08-16 15:11:03.435134	\N	87	bank_1	bank_1	usd	bank_1	usd	bank_1	usd		bank_1	usd		0	0	0	0	9
35	2	50	usd	2024-08-01 02:00:00	2024-08-01 02:00:00	2024-08-01 10:55:13.584	2024-08-01 10:55:13.584	[]	[]	[]	1	\N	0	Test 333	Upload client	https://proxy.happeas.space/file/read/local/2/programs.xlsx	2000	2024-08-01	2024-08-01	2024-08-01	2024-08-01	2024-08-16 15:11:03.437546	\N	87	bank_1	bank_1	usd	bank_1	usd	bank_1	usd		bank_1	usd		0	0	0	0	9
34	2	50	usd	2024-08-01 02:00:00	2024-08-01 02:00:00	2024-08-01 10:54:49.959	2024-08-01 10:54:49.959	[]	[]	[]	1	\N	0	Test 333	Upload client	https://proxy.happeas.space/file/read/local/2/programs.xlsx	2000	2024-08-01	2024-08-01	2024-08-01	2024-08-01	2024-08-16 15:11:03.440039	\N	87	bank_1	bank_1	usd	bank_1	usd	bank_1	usd		bank_1	usd		0	0	0	0	9
33	2	50	usd	2024-08-01 02:00:00	2024-08-01 02:00:00	2024-08-01 10:54:31.532	2024-08-01 10:54:31.532	[]	[]	[]	1	\N	0	Test 333	Upload client	https://proxy.happeas.space/file/read/local/2/programs.xlsx	2000	2024-08-01	2024-08-01	2024-08-01	2024-08-01	2024-08-16 15:11:03.442469	\N	87	bank_1	bank_1	usd	bank_1	usd	bank_1	usd		bank_1	usd		0	0	0	0	9
32	2	50	usd	2024-08-01 02:00:00	2024-08-01 02:00:00	2024-08-01 10:53:17.895	2024-08-01 10:53:17.895	[]	[]	[]	1	\N	0	Test 333	Upload client	https://proxy.happeas.space/file/read/local/2/programs.xlsx	2000	2024-08-01	2024-08-01	2024-08-01	2024-08-01	2024-08-16 15:11:03.445373	\N	87	bank_1	bank_1	usd	bank_1	usd	bank_1	usd		bank_1	usd		0	0	0	0	9
31	2	50	usd	2024-08-01 02:00:00	2024-08-01 02:00:00	2024-08-01 10:53:06.734	2024-08-01 10:53:06.734	[]	[]	[]	1	\N	0	Test 333	Upload client	https://proxy.happeas.space/file/read/local/2/programs.xlsx	2000	2024-08-01	2024-08-01	2024-08-01	2024-08-01	2024-08-16 15:11:03.448024	\N	87	bank_1	bank_1	usd	bank_1	usd	bank_1	usd		bank_1	usd		0	0	0	0	9
30	2	50	usd	2024-08-01 02:00:00	2024-08-01 02:00:00	2024-08-01 10:52:57.965	2024-08-01 10:52:57.964	[]	[]	[]	1	\N	0	Test 333	Upload client	https://proxy.happeas.space/file/read/local/2/programs.xlsx	2000	2024-08-01	2024-08-01	2024-08-01	2024-08-01	2024-08-16 15:11:03.450528	\N	87	bank_1	bank_1	usd	bank_1	usd	bank_1	usd		bank_1	usd		0	0	0	0	9
29	2	50	usd	2024-08-01 02:00:00	2024-08-01 02:00:00	2024-08-01 10:52:47.906	2024-08-01 10:52:47.906	[]	[]	[]	1	\N	0	Test 333	Upload client	https://proxy.happeas.space/file/read/local/2/programs.xlsx	2000	2024-08-01	2024-08-01	2024-08-01	2024-08-01	2024-08-16 15:11:03.453	\N	87	bank_1	bank_1	usd	bank_1	usd	bank_1	usd		bank_1	usd		0	0	0	0	9
28	2	50	usd	2024-08-01 02:00:00	2024-08-01 02:00:00	2024-08-01 10:52:37.445	2024-08-01 10:52:37.445	[]	[]	[]	1	\N	0	Test 333	Upload client	https://proxy.happeas.space/file/read/local/2/programs.xlsx	2000	2024-08-01	2024-08-01	2024-08-01	2024-08-01	2024-08-16 15:11:03.455702	\N	87	bank_1	bank_1	usd	bank_1	usd	bank_1	usd		bank_1	usd		0	0	0	0	9
27	2	50	usd	2024-08-01 02:00:00	2024-08-01 02:00:00	2024-08-01 10:52:25.774	2024-08-01 10:52:25.774	[]	[]	[]	1	\N	0	Test 333	Upload client	https://proxy.happeas.space/file/read/local/2/programs.xlsx	2000	2024-08-01	2024-08-01	2024-08-01	2024-08-01	2024-08-16 15:11:03.458374	\N	87	bank_1	bank_1	usd	bank_1	usd	bank_1	usd		bank_1	usd		0	0	0	0	9
26	2	50	usd	2024-08-01 02:00:00	2024-08-01 02:00:00	2024-08-01 10:52:07.124	2024-08-01 10:52:07.124	[]	[]	[]	1	\N	0	Test 333	Upload client	https://proxy.happeas.space/file/read/local/2/programs.xlsx	2000	2024-08-01	2024-08-01	2024-08-01	2024-08-01	2024-08-16 15:11:03.461152	\N	87	bank_1	bank_1	usd	bank_1	usd	bank_1	usd		bank_1	usd		0	0	0	0	9
19	2	50	usd	2024-08-02 02:00:00	2024-08-09 02:00:00	2024-08-01 10:06:40.822	2024-08-01 10:06:40.822	[]	[]	[]	1	\N	0	Daria	20000	https://proxy.happeas.space/file/read/local/2/clients_export (1).xlsx	2000	2024-08-10	2024-08-10	2024-08-10	2024-08-10	2024-08-16 15:11:03.481853	\N	14	bank_1	bank_1	usd	bank_1	usd	bank_1	usd		bank_1	usd		0	0	0	0	176
4	2	50	usd	2024-07-26 02:00:00	2024-07-27 02:00:00	2024-07-25 19:49:17.977	2024-07-25 19:51:23.544	[]	[]	[]	2	\N	0	Daria0	2	https://proxy.happeas.space/file/read/local/2/968265.png	2	2024-07-28	2024-07-29	2024-07-30	2024-08-01	2024-08-16 15:11:16.638784	\N	12	bank_1	bank_1	usd	bank_1	usd	bank_1	usd	en	bank_1	usd	50	50	50	50	50	207
47	4	50	usd	2024-08-30 02:00:00	2024-10-31 01:00:00	2024-08-16 15:12:36.537	2024-08-16 15:12:36.537	[]	[]	[]	1	\N	0	test project	qweqw	https://proxy.happeas.space/file/read/local/4/msp_export.xlsx	CARD	2025-04-30	2024-10-31	2025-05-31	2024-11-13	\N	\N	10	bank_1	bank_1	usd	bank_1	usd	bank_1	usd	en	bank_1	usd		0	0	0	20	170
\.


--
-- Data for Name: location_execution_access; Type: TABLE DATA; Schema: public; Owner: pma
--

COPY public.location_execution_access (id, execution_id, user_id) FROM stdin;
1	1	14
2	1	15
3	1	16
4	1	17
5	1	19
7	1	21
8	1	55
9	1	57
10	1	58
11	1	59
13	1	100
16	1	124
17	1	125
21	1	133
27	1	131
31	1	136
32	1	137
33	1	138
36	1	141
38	1	147
39	1	148
40	1	156
43	1	162
44	1	161
45	1	159
52	1	143
53	1	168
54	1	227
55	1	228
56	4	228
57	2	228
58	1	163
59	46	324
60	2	325
61	1	325
64	1	326
65	2	326
68	45	327
69	40	328
70	46	328
71	45	328
76	46	330
77	44	330
\.


--
-- Data for Name: location_execution_bonus_links; Type: TABLE DATA; Schema: public; Owner: pma
--

COPY public.location_execution_bonus_links (id, execution_id, bonus_id) FROM stdin;
\.


--
-- Data for Name: location_execution_instructions; Type: TABLE DATA; Schema: public; Owner: pma
--

COPY public.location_execution_instructions (id, execution_id, instruction_link, deleted_at) FROM stdin;
\.


--
-- Data for Name: location_execution_location_link; Type: TABLE DATA; Schema: public; Owner: pma
--

COPY public.location_execution_location_link (id, location_execution_id, location_id, count_visit, reserved) FROM stdin;
23	47	49	0	0
24	47	48	0	0
25	47	26	0	0
\.


--
-- Data for Name: location_execution_questionnaire_link; Type: TABLE DATA; Schema: public; Owner: pma
--

COPY public.location_execution_questionnaire_link (id, location_execution_id, questionnaire_id) FROM stdin;
\.


--
-- Data for Name: location_execution_user_group_link; Type: TABLE DATA; Schema: public; Owner: pma
--

COPY public.location_execution_user_group_link (id, location_execution_id, group_id, user_id) FROM stdin;
\.


--
-- Data for Name: location_group_links; Type: TABLE DATA; Schema: public; Owner: pma
--

COPY public.location_group_links (id, location_id, location_group_id, group_id) FROM stdin;
217	24	\N	14
218	24	\N	4
219	24	\N	13
165	46	\N	9
166	46	\N	4
434	48	\N	45
435	48	\N	22
437	49	\N	45
438	49	\N	22
439	26	\N	45
440	26	\N	22
248	45	\N	8
249	45	\N	5
250	45	\N	4
194	47	\N	5
195	47	\N	4
196	47	\N	6
206	44	\N	9
207	44	\N	4
208	22	\N	9
209	22	\N	4
500	103	\N	75
501	103	\N	76
502	103	\N	77
506	103	\N	70
540	95	\N	74
541	95	\N	72
542	95	\N	73
543	95	\N	70
544	99	\N	81
545	99	\N	80
546	99	\N	79
547	99	\N	78
548	97	\N	74
549	97	\N	73
550	97	\N	72
551	97	\N	70
552	98	\N	74
553	98	\N	70
554	98	\N	73
555	98	\N	72
556	96	\N	74
557	96	\N	73
558	96	\N	72
559	96	\N	70
560	101	\N	74
561	101	\N	72
562	101	\N	73
563	101	\N	70
564	100	\N	74
565	100	\N	73
566	100	\N	70
567	100	\N	72
568	105	\N	74
569	105	\N	73
570	105	\N	72
571	105	\N	70
572	104	\N	73
573	104	\N	74
574	104	\N	72
575	104	\N	70
\.


--
-- Data for Name: location_group_parent_link; Type: TABLE DATA; Schema: public; Owner: pma
--

COPY public.location_group_parent_link (id, group_id, parent_id) FROM stdin;
1	2	1
2	3	1
3	3	2
4	5	4
5	6	4
6	6	5
9	8	4
10	8	5
11	9	4
12	10	4
13	10	9
14	11	4
15	11	9
16	12	4
17	12	9
18	13	4
19	14	4
20	14	13
21	16	15
22	17	15
23	17	16
24	18	16
25	18	15
26	18	17
28	21	19
29	21	20
35	27	26
36	28	26
37	28	27
38	30	29
39	31	29
40	32	29
41	32	31
42	34	33
43	35	33
44	35	34
45	36	34
46	36	33
47	36	35
48	37	35
49	37	34
50	37	33
51	37	36
65	45	22
68	47	19
71	65	49
72	67	66
73	68	66
74	68	67
75	69	67
76	69	66
77	69	68
78	71	70
79	72	70
80	73	70
81	73	72
82	74	72
83	74	70
84	74	73
85	75	70
86	76	70
87	76	75
88	77	75
89	77	70
90	77	76
91	79	78
92	80	78
93	80	79
94	81	79
95	81	78
96	81	80
97	82	78
98	82	79
99	83	79
100	83	78
101	83	82
\.


--
-- Data for Name: location_group_user_link; Type: TABLE DATA; Schema: public; Owner: pma
--

COPY public.location_group_user_link (id, client_id, group_id, created_at) FROM stdin;
1	154	1	2024-07-24 10:52:17.652006
2	154	2	2024-07-24 10:52:17.686715
3	154	3	2024-07-24 10:52:17.724165
4	154	4	2024-07-24 10:52:17.742363
5	154	5	2024-07-24 10:52:17.749971
6	154	6	2024-07-24 10:52:17.764275
8	154	8	2024-07-24 10:52:17.814607
9	154	9	2024-07-24 10:52:17.827135
10	154	10	2024-07-24 10:52:17.840363
11	154	11	2024-07-24 10:52:17.856698
12	154	12	2024-07-24 10:52:17.871981
13	154	13	2024-07-24 10:52:17.917822
14	154	14	2024-07-24 10:52:17.933978
15	127	15	2024-07-25 10:43:05.414696
16	127	16	2024-07-25 10:43:05.424179
17	127	17	2024-07-25 10:43:05.468452
18	127	18	2024-07-25 10:43:05.479304
19	170	19	2024-07-25 12:28:59.150617
21	170	21	2024-07-25 12:28:59.177232
22	170	22	2024-07-25 12:29:21.330939
26	176	26	2024-07-25 13:13:34.857304
27	176	27	2024-07-25 13:13:34.868058
28	176	28	2024-07-25 13:13:34.882368
29	176	29	2024-07-25 13:13:41.964846
30	176	30	2024-07-25 13:13:41.996815
31	176	31	2024-07-25 13:13:42.01061
32	176	32	2024-07-25 13:13:42.019775
33	3	33	2024-07-25 14:42:41.132221
34	3	34	2024-07-25 14:42:41.146402
35	3	35	2024-07-25 14:42:41.163183
36	3	36	2024-07-25 14:42:41.176863
37	3	37	2024-07-25 14:42:41.192199
47	170	47	2024-07-25 19:36:37.813035
49	259	49	2024-07-29 10:41:45.878978
50	259	50	2024-07-30 16:16:41.853376
51	259	51	2024-07-30 16:16:41.870578
52	259	52	2024-07-30 16:16:41.882102
53	259	53	2024-07-30 16:16:41.890697
54	259	54	2024-07-30 16:16:41.910609
55	259	55	2024-07-30 16:16:41.959202
56	259	56	2024-07-30 16:16:42.019404
57	259	57	2024-07-30 16:16:42.032
58	259	58	2024-07-30 16:16:42.040324
59	259	59	2024-07-30 16:16:42.083383
60	259	60	2024-07-30 16:16:42.120187
61	259	61	2024-07-30 16:16:42.148356
62	259	62	2024-07-30 16:16:42.166468
63	259	63	2024-07-30 16:16:42.174472
64	259	64	2024-07-30 16:16:42.183374
65	259	65	2024-07-30 16:16:42.201096
66	273	66	2024-07-31 16:01:58.879912
67	273	67	2024-07-31 16:01:58.889511
68	273	68	2024-07-31 16:01:58.906848
69	273	69	2024-07-31 16:01:58.948552
70	283	70	2024-08-01 23:50:51.382202
71	283	71	2024-08-01 23:50:51.420026
72	283	72	2024-08-01 23:50:51.470276
73	283	73	2024-08-01 23:50:51.503839
74	283	74	2024-08-01 23:50:51.542099
75	283	75	2024-08-01 23:50:51.582584
76	283	76	2024-08-01 23:50:51.603463
77	283	77	2024-08-01 23:50:51.686245
78	283	78	2024-08-01 23:50:51.77582
79	283	79	2024-08-01 23:50:51.815247
80	283	80	2024-08-01 23:50:51.899582
81	283	81	2024-08-01 23:50:51.929617
82	283	82	2024-08-01 23:50:51.970108
83	283	83	2024-08-01 23:50:52.007242
\.


--
-- Data for Name: location_groups; Type: TABLE DATA; Schema: public; Owner: pma
--

COPY public.location_groups (id, name, status, who_create, parent_id, created_at, updated_at, client_id, type, deleted_at, uuid) FROM stdin;
1	Czechia	t	23	0	2024-07-24 10:52:17.621341+02	2024-07-24 10:52:17.621341+02	154	4	\N	9c2a83bd-9a26-44ed-bbcd-87351a7c7a7f
2	Praha region	t	23	1	2024-07-24 10:52:17.661309+02	2024-07-24 10:52:17.661309+02	154	5	\N	75a64389-0907-4d17-98c2-00f3baf284c3
3	Praha	t	23	2	2024-07-24 10:52:17.718116+02	2024-07-24 10:52:17.718116+02	154	6	\N	15f129d0-753a-4dc4-be13-98eb91c4d40a
4	Hungary	t	23	0	2024-07-24 10:52:17.737992+02	2024-07-24 10:52:17.737992+02	154	4	\N	0fbc38de-e50c-4dd8-b60a-541d86243379
5	Baranya	t	23	4	2024-07-24 10:52:17.745386+02	2024-07-24 10:52:17.745386+02	154	5	\N	d7aefa91-bf6a-4b9f-8bef-a4234477add3
6	Siklós	t	23	5	2024-07-24 10:52:17.758957+02	2024-07-24 10:52:17.758957+02	154	6	\N	f9c46f0b-a299-4e12-93b8-799ff3be559f
30	DEALER	t	24	29	2024-07-25 13:13:41.967905+02	2024-07-25 13:13:41.967905+02	176	2	\N	6910d6ef-0ed3-41dc-8b71-c596e6e85b81
8	Pécs	t	23	5	2024-07-24 10:52:17.810855+02	2024-07-24 10:52:17.810855+02	154	6	\N	5990e0a5-af98-4bc6-a2ca-b3f5befb99f2
9	Csongrád	t	23	4	2024-07-24 10:52:17.823425+02	2024-07-24 10:52:17.823425+02	154	5	\N	9bb1e6ea-59e3-4867-ac59-e7784e3cda05
10	Hódmezővásárhely	t	23	9	2024-07-24 10:52:17.835789+02	2024-07-24 10:52:17.835789+02	154	6	\N	e9a26edb-33d7-4bf9-9fe0-11243b27efce
11	Szeged	t	23	9	2024-07-24 10:52:17.850294+02	2024-07-24 10:52:17.850294+02	154	6	\N	fad5c42c-1c31-45f5-841a-cce46447740b
12	Makó	t	23	9	2024-07-24 10:52:17.868526+02	2024-07-24 10:52:17.868526+02	154	6	\N	a8c48601-a82d-4ce4-8337-993f8b65e5ff
13	Pest	t	23	4	2024-07-24 10:52:17.911247+02	2024-07-24 10:52:17.911247+02	154	5	\N	ed0b81e1-4efe-4ade-824b-cf794f5d301a
14	Szentendre	t	23	13	2024-07-24 10:52:17.927358+02	2024-07-24 10:52:17.927358+02	154	6	\N	e83087de-1d60-4921-bc18-1ff9ff01da91
15	AREA	t	2	0	2024-07-25 10:43:05.401392+02	2024-07-25 10:43:05.401392+02	127	1	\N	2828de27-9bcd-44c5-ae17-caab39571d95
16	STATE	t	2	15	2024-07-25 10:43:05.419799+02	2024-07-25 10:43:05.419799+02	127	3	\N	23af6b74-bc6a-4f2b-bdad-65578ac1b980
17	CITY	t	2	16	2024-07-25 10:43:05.446609+02	2024-07-25 10:43:05.446609+02	127	6	\N	659bf0b3-ad2b-4b7f-bb69-ed956a067422
18	DISTRICT	t	2	17	2024-07-25 10:43:05.476172+02	2024-07-25 10:43:05.476172+02	127	7	\N	ecf6e6c2-4cc7-4cf5-b584-9d4f0348d1fc
19	AREA	t	24	0	2024-07-25 12:28:59.134393+02	2024-07-25 12:28:59.134393+02	170	1	\N	e9c13a07-3854-4951-be4b-cbe1cae5b07d
57	AREA	t	22	0	2024-07-30 16:16:42.024838+02	2024-07-30 16:16:42.024838+02	259	1	\N	fc134346-00cd-4695-97f2-65849dc7b262
21	COUNTRY	t	24	20	2024-07-25 12:28:59.173985+02	2024-07-25 12:28:59.173985+02	170	4	\N	62ec41fa-3a11-4086-abe4-77256f66ede3
22	AREA1	t	24	0	2024-07-25 12:29:21.319843+02	2024-07-25 12:29:21.319843+02	170	1	\N	50add62a-0875-44ac-8b40-ce52b00b2ea8
31	DEALER	t	24	29	2024-07-25 13:13:42.006188+02	2024-07-25 13:13:42.006188+02	176	2	\N	5348bef2-d782-4010-b870-4c3b2cb2def6
26	AREA	t	24	0	2024-07-25 13:13:34.845128+02	2024-07-25 13:13:34.845128+02	176	1	\N	7fa9f677-2767-492c-84e4-69dfa7be701b
27	DEALER	t	24	26	2024-07-25 13:13:34.86459+02	2024-07-25 13:13:34.86459+02	176	2	\N	24b87a43-85ae-4057-ae1b-6dcaa6bde019
28	STATE	t	24	27	2024-07-25 13:13:34.877573+02	2024-07-25 13:13:34.877573+02	176	3	\N	3d84c553-64f4-4c1d-aa58-1c978cadea90
29	AREA	t	24	0	2024-07-25 13:13:41.959854+02	2024-07-25 13:13:41.959854+02	176	1	\N	cb86dc45-0f69-40b7-bead-678dca1deafa
32	STATE	t	24	31	2024-07-25 13:13:42.016364+02	2024-07-25 13:13:42.016364+02	176	3	\N	9a73d4d3-6048-4417-92b1-40972503472b
33	AREA	t	2	0	2024-07-25 14:42:41.121122+02	2024-07-25 14:42:41.121122+02	3	1	\N	79919caa-5b97-4a54-97b8-f17405028f28
34	DEALER	t	2	33	2024-07-25 14:42:41.138277+02	2024-07-25 14:42:41.138277+02	3	2	\N	ecc5eb53-660c-447b-9394-97c1a0fc4722
35	STATE	t	2	34	2024-07-25 14:42:41.158917+02	2024-07-25 14:42:41.158917+02	3	3	\N	c65e73c1-bfd1-42fd-a691-9e89914451eb
36	COUNTRY	t	2	35	2024-07-25 14:42:41.173407+02	2024-07-25 14:42:41.173407+02	3	4	\N	1a34ad94-837e-4e86-8584-3cb083e6916f
37	REGION	t	2	36	2024-07-25 14:42:41.187333+02	2024-07-25 14:42:41.187333+02	3	5	\N	48710857-fd3c-4478-b5b6-79c775bca3a2
47	DEALER	t	24	19	2024-07-25 19:36:37.798211+02	2024-07-25 19:36:37.798211+02	170	2	\N	f6697252-914d-4df2-8c0d-2c36b1fb8372
58	AREA	t	22	0	2024-07-30 16:16:42.034102+02	2024-07-30 16:16:42.034102+02	259	1	\N	672db519-bfc0-43a1-b8be-168b6c898e2b
49	AREA	t	22	0	2024-07-29 10:41:45.85279+02	2024-07-29 10:41:45.85279+02	259	1	\N	fbfd0b99-9e8b-4d79-9b2f-2ca500592f33
45	DEALER2	t	24	22	2024-07-25 17:54:36.052219+02	2024-07-25 17:54:36.052219+02	170	2	\N	832fca31-4844-4c26-a091-26383cee9aac
50	AREA	t	22	0	2024-07-30 16:16:41.810962+02	2024-07-30 16:16:41.810962+02	259	1	\N	61d4e0c9-1c6e-401d-a375-ad47cbd410bb
51	AREA	t	22	0	2024-07-30 16:16:41.85834+02	2024-07-30 16:16:41.85834+02	259	1	\N	f4776562-31aa-4cc0-b3ae-f47a6bb74f5b
52	AREA	t	22	0	2024-07-30 16:16:41.873972+02	2024-07-30 16:16:41.873972+02	259	1	\N	0fbe5e7f-4f01-4f4e-8de9-345100c713ec
53	AREA	t	22	0	2024-07-30 16:16:41.885303+02	2024-07-30 16:16:41.885303+02	259	1	\N	c09a3b2f-2647-4d6d-ad04-95008eedbdfc
54	AREA	t	22	0	2024-07-30 16:16:41.892642+02	2024-07-30 16:16:41.892642+02	259	1	\N	b472d469-94db-486d-a8c0-3fa3dd43ad78
55	AREA	t	22	0	2024-07-30 16:16:41.923713+02	2024-07-30 16:16:41.923713+02	259	1	\N	63a7b73d-cf0a-42d7-a136-1b4eb4f6f3b5
56	AREA	t	22	0	2024-07-30 16:16:41.976865+02	2024-07-30 16:16:41.976865+02	259	1	\N	6d3232c0-1631-4f17-8384-0441d6480fcd
59	AREA	t	22	0	2024-07-30 16:16:42.052974+02	2024-07-30 16:16:42.052974+02	259	1	\N	933f173a-1022-4ef4-aee1-524ea1faee1c
60	AREA	t	22	0	2024-07-30 16:16:42.08756+02	2024-07-30 16:16:42.08756+02	259	1	\N	f8cc5df7-e835-4b9f-9ebe-f950971cf07f
61	AREA	t	22	0	2024-07-30 16:16:42.137763+02	2024-07-30 16:16:42.137763+02	259	1	\N	23083146-b22b-420b-bfca-fac03cbf29a2
62	AREA	t	22	0	2024-07-30 16:16:42.157646+02	2024-07-30 16:16:42.157646+02	259	1	\N	ad8e4faa-8dc9-4289-8ee6-9ae9ee5aeaec
63	AREA	t	22	0	2024-07-30 16:16:42.169302+02	2024-07-30 16:16:42.169302+02	259	1	\N	5ce5f841-c80a-4e09-bf32-158124025b00
64	AREA	t	22	0	2024-07-30 16:16:42.177006+02	2024-07-30 16:16:42.177006+02	259	1	\N	09cf9cc0-5f92-4511-a288-3bf69d935e66
65	DEALER	t	22	49	2024-07-30 16:16:42.191091+02	2024-07-30 16:16:42.191091+02	259	2	\N	63e1f735-af59-4e66-8784-d4759753d31e
66	AREA	t	23	0	2024-07-31 16:01:58.85665+02	2024-07-31 16:01:58.85665+02	273	1	\N	e3016d84-ccc0-43bc-b4dc-08d0dbd80c62
67	STATE	t	23	66	2024-07-31 16:01:58.885379+02	2024-07-31 16:01:58.885379+02	273	3	\N	56d0b6c1-6f43-436c-8f25-be20e83d0d96
68	COUNTRY	t	23	67	2024-07-31 16:01:58.899262+02	2024-07-31 16:01:58.899262+02	273	4	\N	14562798-5ece-4ed2-a52a-50c62ea9b312
69	REGION	t	23	68	2024-07-31 16:01:58.922769+02	2024-07-31 16:01:58.922769+02	273	5	\N	c0bf06fc-7071-44db-b3fe-ec985b1f4e08
70	EE	t	23	0	2024-08-01 23:50:51.346025+02	2024-08-01 23:50:51.346025+02	283	1	\N	65d54738-1d25-4961-8e81-ffa11a19f663
71	Poland	t	23	70	2024-08-01 23:50:51.412765+02	2024-08-01 23:50:51.412765+02	283	4	\N	447cd11c-f8c3-40bf-bc43-7e9619632bf9
72	Czechia	t	23	70	2024-08-01 23:50:51.462455+02	2024-08-01 23:50:51.462455+02	283	4	\N	5f38b4ee-ed85-4e79-86f3-10ed1cb47f1e
73	Central	t	23	72	2024-08-01 23:50:51.495892+02	2024-08-01 23:50:51.495892+02	283	5	\N	a4c68a8b-f5e2-47fe-a17b-b88307396fdc
74	Warsaw	t	23	73	2024-08-01 23:50:51.532117+02	2024-08-01 23:50:51.532117+02	283	6	\N	aa06d1de-2c62-402d-b7ab-ae0ef328570c
75	Hungary	t	23	70	2024-08-01 23:50:51.568268+02	2024-08-01 23:50:51.568268+02	283	4	\N	1aeab3b2-6dab-4552-9a59-2ba81c086972
76	Central	t	23	75	2024-08-01 23:50:51.594627+02	2024-08-01 23:50:51.594627+02	283	5	\N	2d97bace-02c5-46e6-a709-9a0ec4138216
77	Szeged	t	23	76	2024-08-01 23:50:51.645906+02	2024-08-01 23:50:51.645906+02	283	6	\N	2799b9e8-44c5-47af-93f1-63b8c2efd356
78	WE	t	23	0	2024-08-01 23:50:51.76503+02	2024-08-01 23:50:51.76503+02	283	1	\N	dc38f98d-e138-4d39-8c32-e2b52af271df
79	COUNTRY	t	23	78	2024-08-01 23:50:51.797526+02	2024-08-01 23:50:51.797526+02	283	4	\N	dcb3a07e-1187-4e2b-969b-4e8cc5ec489e
80	REGION	t	23	79	2024-08-01 23:50:51.889809+02	2024-08-01 23:50:51.889809+02	283	5	\N	5356c877-3328-44f5-8e10-11766afa65a4
81	CITY	t	23	80	2024-08-01 23:50:51.920605+02	2024-08-01 23:50:51.920605+02	283	6	\N	5745e882-3d27-43dd-b095-7d12bcf41db4
82	REGION	t	23	79	2024-08-01 23:50:51.964933+02	2024-08-01 23:50:51.964933+02	283	5	\N	31bd8926-64d5-47f5-9bd9-8067579fec97
83	CITY	t	23	82	2024-08-01 23:50:51.999946+02	2024-08-01 23:50:51.999946+02	283	6	\N	0bcc5a19-9ef7-4aae-822d-bd3c88a3298d
\.


--
-- Data for Name: location_questionnaire; Type: TABLE DATA; Schema: public; Owner: pma
--

COPY public.location_questionnaire (location_id, questionnaire_id) FROM stdin;
\.


--
-- Data for Name: location_status; Type: TABLE DATA; Schema: public; Owner: pma
--

COPY public.location_status (id, name) FROM stdin;
\.


--
-- Data for Name: location_user; Type: TABLE DATA; Schema: public; Owner: pma
--

COPY public.location_user (id, location_id, user_id, user_role) FROM stdin;
\.


--
-- Data for Name: locations; Type: TABLE DATA; Schema: public; Owner: pma
--

COPY public.locations (id, address, status, longitude, latitude, country, region, city, country_id, region_id, city_id, who_create, created_at, updated_at, address2, comment, photo_url, responsible_user, client_id, name, type, deleted_at, working, delete_at, program_type, params, show_on_map) FROM stdin;
2	Bavorská 2662/1	t	14.32802	50.05565	Czech Republic	Hlavni mesto Praha	Prague	CZ	CZ-52	10331	2	2024-07-23 12:05:05.129893+02	2024-07-23 12:05:05.129893+02	\N			\N	23	Bavorská 2662/1	2	\N	[]	\N	0	[]	\N
3	U Letišt? 1074/2	t	13.34326	49.72823	Czech Republic	Plzensky kraj	Plzen	CZ	CZ-87	9952	2	2024-07-23 12:05:05.737166+02	2024-07-23 12:05:05.737166+02	\N			\N	23	U Letišt? 1074/2	2	\N	[]	\N	0	[]	\N
4	Pavlovická 274/4	t	17.27741	49.60128	Czech Republic	Olomoucky kraj	Olomouc	CZ	CZ-84	10326	2	2024-07-23 12:05:06.335404+02	2024-07-23 12:05:06.335404+02	\N			\N	23	Pavlovická 274/4	2	\N	[]	\N	0	[]	\N
5	?s. exilu 544	t	14.41604	50.03493	Czech Republic	Hlavni mesto Praha	Prague	CZ	CZ-52	10331	2	2024-07-23 12:05:06.937161+02	2024-07-23 12:05:06.937161+02	\N			\N	23	?s. exilu 544	2	\N	[]	\N	0	[]	\N
6	Janská 28	t	17.91099	49.93235	Czech Republic	Moravskoslezsky kraj	Opava	CZ	CZ-85	9988	2	2024-07-23 12:05:07.562606+02	2024-07-23 12:05:07.562606+02	\N			\N	23	Janská 28	2	\N	[]	\N	0	[]	\N
7	Borská 2892/59	t	13.35518	49.73575	Czech Republic	Plzensky kraj	Plzen	CZ	CZ-87	9952	2	2024-07-23 12:05:08.166676+02	2024-07-23 12:05:08.166676+02	\N			\N	23	Borská 2892/59	2	\N	[]	\N	0	[]	\N
8	Liberecká 12	t	14.49138	50.13216	Czech Republic	Hlavni mesto Praha	Prague	CZ	CZ-52	10331	2	2024-07-23 12:05:08.770152+02	2024-07-23 12:05:08.770152+02	\N			\N	23	Liberecká 12	2	\N	[]	\N	0	[]	\N
9	Krmelínská 762/12	t	18.26926	49.77831	Czech Republic	Moravskoslezsky kraj	Ostrava	CZ	CZ-85	9955	2	2024-07-23 12:05:09.409994+02	2024-07-23 12:05:09.409994+02	\N			\N	23	Krmelínská 762/12	2	\N	[]	\N	0	[]	\N
10	Víde?ská 373/114	t	16.59978	49.16251	Czech Republic	Jihomoravsky kraj	Brno	CZ	CZ-78	10330	2	2024-07-23 12:05:10.009108+02	2024-07-23 12:05:10.009108+02	\N			\N	23	Víde?ská 373/114	2	\N	[]	\N	0	[]	\N
11	Londýnská 558	t	15.03533	50.77691	Czech Republic	Liberecky kraj	Liberec	CZ	CZ-83	9953	2	2024-07-23 12:05:10.640974+02	2024-07-23 12:05:10.640974+02	\N			\N	23	Londýnská 558	2	\N	[]	\N	0	[]	\N
1	Erosi manjgaladze	f	15.32802	20.05565	Georgia	Dushetis Raioni	Tbilisi	GE	GE-19	24860	2	2024-07-23 12:03:52.826563+02	2024-07-23 12:03:52.826563+02	\N			\N	0	Bavorská 2662/1	2	\N	[]	\N	0	[]	\N
12	12312312	t	19.9001376	42.0443192	Albania	Shkoder	Pukë	AL	AL-49	55	1	2024-07-23 13:19:47.868794+02	2024-07-23 13:19:47.868794+02	231123	\N	\N	\N	134	123123	1	\N	[]	\N	0	[{"label":"zip_code","value":"2122"},{"label":"email","value":"famss0229@gmail.com"}]	Albania, Pukë
50	00000	t	68.7489741	36.1746897	Afghanistan	Baghlan	Baglan	AF	AF-03	34	2	2024-07-25 19:12:29.788689+02	2024-07-25 19:12:29.788689+02	00000	\N	\N	\N	207	00000	2	\N	[]	\N	0	[{"label":"zip_code","value":""},{"label":"email","value":""}]	Afghanistan, Baglan, 00000
22	Londýnská 550	t	15.0368177	50.7763959	Czech Republic	Liberecky kraj	Liberec	CZ	CZ-83	9953	23	2024-07-23 13:23:26.73485+02	2024-07-23 13:23:26.73485+02	utca			\N	154	Londýnská 558	1	\N	[]	\N	0	[{"label":"zip_code","value":"32000"},{"label":"email","value":""}]	Czech Republic, Liberec, Londýnská 550
61	Londýnská 558	t	15.03533	50.77691	Czech Republic	Liberecky kraj	Liberec	CZ	CZ-83	9953	24	2024-07-25 19:29:21.107164+02	2024-07-25 19:29:21.107164+02	\N			\N	0	Londýnská 558	2	\N	[]	\N	0	[]	\N
14	U Letišt? 1074/2	t	13.34326	49.72823	Czech Republic	Plzensky kraj	Plzen	CZ	CZ-87	9952	24	2024-07-23 13:23:21.876381+02	2024-07-23 13:23:21.876381+02	\N			\N	0	U Letišt? 1074/2	2	\N	[]	\N	0	[]	\N
15	Pavlovická 274/4	t	17.27741	49.60128	Czech Republic	Olomoucky kraj	Olomouc	CZ	CZ-84	10326	24	2024-07-23 13:23:22.500388+02	2024-07-23 13:23:22.500388+02	\N			\N	0	Pavlovická 274/4	1	\N	[]	\N	0	[]	\N
16	?s. exilu 544	t	14.41604	50.03493	Czech Republic	Hlavni mesto Praha	Prague	CZ	CZ-52	10331	24	2024-07-23 13:23:23.097045+02	2024-07-23 13:23:23.097045+02	\N			\N	0	?s. exilu 544	2	\N	[]	\N	0	[]	\N
23	Londýnská 558	t	15.03533	50.77691	Czech Republic	Liberecky kraj	Liberec	CZ	CZ-83	9953	23	2024-07-24 10:25:21.373112+02	2024-07-24 10:25:21.373112+02	\N			\N	0	Londýnská 558	2	2024-07-24 10:40:13.915084	[]	\N	0	[]	\N
17	Janská 28	t	17.91099	49.93235	Czech Republic	Moravskoslezsky kraj	Opava	CZ	CZ-85	9988	24	2024-07-23 13:23:23.696244+02	2024-07-23 13:23:23.696244+02	\N			\N	0	Janská 28	1	\N	[]	\N	0	[]	\N
18	Borská 2892/59	t	13.35518	49.73575	Czech Republic	Plzensky kraj	Plzen	CZ	CZ-87	9952	24	2024-07-23 13:23:24.306979+02	2024-07-23 13:23:24.306979+02	\N			\N	0	Borská 2892/59	2	\N	[]	\N	0	[]	\N
19	Liberecká 12	t	14.49138	50.13216	Czech Republic	Hlavni mesto Praha	Prague	CZ	CZ-52	10331	24	2024-07-23 13:23:24.912436+02	2024-07-23 13:23:24.912436+02	\N			\N	0	Liberecká 12	1	\N	[]	\N	0	[]	\N
20	Krmelínská 762/12	t	18.26926	49.77831	Czech Republic	Moravskoslezsky kraj	Ostrava	CZ	CZ-85	9955	24	2024-07-23 13:23:25.526405+02	2024-07-23 13:23:25.526405+02	\N			\N	0	Krmelínská 762/12	2	\N	[]	\N	0	[]	\N
21	Víde?ská 373/114	t	16.59978	49.16251	Czech Republic	Jihomoravsky kraj	Brno	CZ	CZ-78	10330	24	2024-07-23 13:23:26.125184+02	2024-07-23 13:23:26.125184+02	\N			\N	0	Víde?ská 373/114	1	\N	[]	\N	0	[]	\N
67	adfa	t	19.9001376	42.0443192	Albania	Shkoder	Pukë	AL	AL-49	55	169	2024-07-26 10:35:33.497121+02	2024-07-26 10:35:33.497121+02	asd	\N	\N	\N	224	123456677889	2	\N	[]	\N	0	[{"label":"zip_code","value":"2345"},{"label":"email","value":"wgw@gmail.com"}]	Albania, Pukë
25	adcas	t	67.25	34.75	Afghanistan	Bamian	Bamyan	AF	AF-05	38	169	2024-07-25 10:03:31.193947+02	2024-07-25 10:03:31.193947+02	asdasd	\N	\N	\N	155	Test	1	\N	[]	\N	0	[{"label":"zip_code","value":"3333"},{"label":"email","value":"sdvsdv@gmail.com"}]	Afghanistan, Bamyan
26	222	t	19.8184435	41.3281482	Albania	Tirane	Tirana	AL	AL-50	53	2	2024-07-25 10:13:18.653689+02	2024-07-25 10:13:18.653689+02	2222	\N	\N	\N	170	Daria	1	\N	[]	\N	0	[{"label":"zip_code","value":"2222"},{"label":"email","value":""}]	Albania, Tirana, 222
27	123123	t	19.8184435	41.3281482	Albania	Tirane	Tirana	AL	AL-50	53	1	2024-07-25 10:33:33.514514+02	2024-07-25 10:33:33.514514+02	21123	\N	\N	\N	174	32112312	1	\N	[]	\N	0	[{"label":"zip_code","value":"1232"},{"label":"email","value":"1212@a3233sd.er"}]	Albania, Tirana
31	Hengermalom u. 19-21 	t	47.461225	19.051922	Hungary	Budapest	Budapest	HU	HU-05	25919	23	2024-07-25 11:45:02.922117+02	2024-07-25 11:45:02.922117+02	text			\N	24	Újbuda XXL	1	2024-07-25 11:47:02.326264	[]	\N	0	[{"label":"email","value":"email@gmail.hu"},{"label":"zip_code","value":"1117 "}]	\N
28	Mártírok útja 281. 	t	47.426852	19.146149	Hungary	Budapest	Budapest	HU	HU-05	25919	23	2024-07-25 11:45:01.07502+02	2024-07-25 11:45:01.07502+02	text			\N	24	Megapark	2	2024-07-25 11:47:02.335869	[]	\N	0	[{"label":"email","value":"email@gmail.hu"},{"label":"zip_code","value":"1204 "}]	\N
30	Szabó József utca 6. 	t	47.50447	19.093174	Hungary	Budapest	Budapest	HU	HU-05	25919	23	2024-07-25 11:45:02.304884+02	2024-07-25 11:45:02.304884+02	text			\N	24	Récsei	2	2024-07-25 11:47:02.336666	[]	\N	0	[{"label":"email","value":"email@gmail.hu"},{"label":"zip_code","value":"1146 "}]	\N
29	Bécsi u. 136. 	t	47.542006	18.96365	Hungary	Budapest	Budapest	HU	HU-05	25919	23	2024-07-25 11:45:01.686898+02	2024-07-25 11:45:01.686898+02	text			\N	24	Óbuda	1	2024-07-25 11:47:02.337512	[]	\N	0	[{"label":"email","value":"email@gmail.hu"},{"label":"zip_code","value":"1036 "}]	\N
63	adasd	t	20.0850706	41.5072297	Albania	Diber	Klos	AL	AL-41	56	169	2024-07-26 10:05:55.572598+02	2024-07-26 10:05:55.572598+02	adasdf	\N	\N	\N	215	sfgsdf1232	2	\N	[]	\N	0	[{"label":"zip_code","value":"1234"},{"label":"email","value":"sdfgsfg@gmail.com"}]	Albania, Klos
24	Bükkös part 16	t	19.074782970469855	47.66546065	Hungary	Pest	Szentendre	HU	HU-16	25801	23	2024-07-24 10:32:17.835392+02	2024-07-24 10:32:17.835392+02	\N	\N	\N	\N	154	Szentendre 1	1	\N	[]	\N	0	[{"label":"zip_code","value":"5643"},{"label":"email","value":"mailto@gamail.hu"}]	Hungary, Szentendre, Bükkös part 16
32	Mártírok útja 281. 	t	47.426852	19.146149	Hungary	Budapest	Budapest	HU	HU-05	25919	23	2024-07-25 11:47:20.776966+02	2024-07-25 11:47:20.776966+02	text			\N	154	Megapark	2	2024-07-25 11:48:42.073905	[]	\N	0	[{"label":"email","value":"email@gmail.hu"},{"label":"zip_code","value":"1204 "}]	\N
33	Bécsi u. 136. 	t	47.542006	18.96365	Hungary	Budapest	Budapest	HU	HU-05	25919	23	2024-07-25 11:47:21.375813+02	2024-07-25 11:47:21.375813+02	text			\N	154	Óbuda	1	2024-07-25 11:48:42.074636	[]	\N	0	[{"label":"email","value":"email@gmail.hu"},{"label":"zip_code","value":"1036 "}]	\N
34	Szabó József utca 6. 	t	47.50447	19.093174	Hungary	Budapest	Budapest	HU	HU-05	25919	23	2024-07-25 11:47:21.96735+02	2024-07-25 11:47:21.96735+02	text			\N	154	Récsei	2	2024-07-25 11:48:42.075372	[]	\N	0	[{"label":"email","value":"email@gmail.hu"},{"label":"zip_code","value":"1146 "}]	\N
35	Hengermalom u. 19-21 	t	47.461225	19.051922	Hungary	Budapest	Budapest	HU	HU-05	25919	23	2024-07-25 11:47:22.576096+02	2024-07-25 11:47:22.576096+02	text			\N	154	Újbuda XXL	1	2024-07-25 11:48:42.076442	[]	\N	0	[{"label":"email","value":"email@gmail.hu"},{"label":"zip_code","value":"1117 "}]	\N
36	Mártírok útja 281. 	t	19.146149	47.426852	Hungary	Budapest	Budapest	HU	HU-05	25919	23	2024-07-25 11:49:56.877399+02	2024-07-25 11:49:56.877399+02	text			\N	154	Megapark	2	2024-07-25 11:53:32.776192	[]	\N	0	[{"label":"email","value":"email@gmail.hu"},{"label":"zip_code","value":"1204 "}]	\N
39	Hengermalom u. 19-21 	t	19.051922	47.461225	Hungary	Budapest	Budapest	HU	HU-05	25919	23	2024-07-25 11:49:58.679178+02	2024-07-25 11:49:58.679178+02	text			\N	154	Újbuda XXL	1	2024-07-25 11:53:32.777007	[]	\N	0	[{"label":"email","value":"email@gmail.hu"},{"label":"zip_code","value":"1117 "}]	\N
37	Bécsi u. 136. 	t	18.96365	47.542006	Hungary	Budapest	Budapest	HU	HU-05	25919	23	2024-07-25 11:49:57.477451+02	2024-07-25 11:49:57.477451+02	text			\N	154	Óbuda	1	2024-07-25 11:53:32.777846	[]	\N	0	[{"label":"email","value":"email@gmail.hu"},{"label":"zip_code","value":"1036 "}]	\N
38	Szabó József utca 6. 	t	19.093174	47.50447	Hungary	Budapest	Budapest	HU	HU-05	25919	23	2024-07-25 11:49:58.083403+02	2024-07-25 11:49:58.083403+02	text			\N	154	Récsei	2	2024-07-25 11:53:32.780082	[]	\N	0	[{"label":"email","value":"email@gmail.hu"},{"label":"zip_code","value":"1146 "}]	\N
43	Hengermalom u. 19-21 	t	19.051922	47.461225	Hungary	Budapest	Budapest	HU	HU-05	25919	23	2024-07-25 11:53:50.439282+02	2024-07-25 11:53:50.439282+02	text	comment 5		\N	154	Újbuda XXL	1	2024-07-25 11:59:35.377204	[]	\N	0	[{"label":"email","value":"email4@gmail.hu"},{"label":"zip_code","value":"1117 "}]	\N
41	Bécsi u. 136. 	t	18.96365	47.542006	Hungary	Budapest	Budapest	HU	HU-05	25919	23	2024-07-25 11:53:49.243047+02	2024-07-25 11:53:49.243047+02	text			\N	154	Óbuda	1	2024-07-25 11:59:35.395264	[]	\N	0	[{"label":"email","value":"email2@gmail.hu"},{"label":"zip_code","value":"1036 "}]	\N
40	Mártírok útja 281. 	t	19.146149	47.426852	Hungary	Budapest	Budapest	HU	HU-05	25919	23	2024-07-25 11:53:48.64872+02	2024-07-25 11:53:48.64872+02	text	comment 2		\N	154	Megapark	2	2024-07-25 11:59:35.396057	[]	\N	0	[{"label":"email","value":"email1@gmail.hu"},{"label":"zip_code","value":"1204 "}]	\N
42	Szabó József utca 6. 	t	19.093174	47.50447	Hungary	Budapest	Budapest	HU	HU-05	25919	23	2024-07-25 11:53:49.841527+02	2024-07-25 11:53:49.841527+02	text	comment 4		\N	154	Récsei	2	2024-07-25 11:59:35.396914	[]	\N	0	[{"label":"email","value":"email3@gmail.hu"},{"label":"zip_code","value":"1146 "}]	\N
45	Bécsi u. 136. 	t	18.96365	47.542006	Hungary	Budapest	Budapest	HU	HU-05	25919	23	2024-07-25 12:00:06.928067+02	2024-07-25 12:00:06.928067+02	text			\N	154	Óbuda	1	2024-07-25 19:01:59.148156	[]	\N	0	[{"label":"email","value":"email2@gmail.hu"},{"label":"zip_code","value":"1036 "}]	\N
47	Hengermalom u. 19-21 	t	19.051922	47.461225	Hungary	Budapest	Budapest	HU	HU-05	25919	1	2024-07-25 12:00:08.123942+02	2024-07-25 12:00:08.123942+02	text	comment 5		\N	154	Újbuda XXL	1	2024-07-25 19:01:59.149393	[]	\N	0	[{"label":"zip_code","value":"1117 "},{"label":"email","value":"email4@gmail.hu"}]	\N
46	Szabó József utca 6. 	t	19.093174	47.50447	Hungary	Budapest	Budapest	HU	HU-05	25919	23	2024-07-25 12:00:07.53701+02	2024-07-25 12:00:07.53701+02	text	comment 4		\N	154	Récsei	2	2024-07-25 19:01:59.149963	[]	\N	0	[{"label":"email","value":"email3@gmail.hu"},{"label":"zip_code","value":"1146 "}]	\N
44	Mártírok útja 281. 	t	19.146149	47.426852	Hungary	Budapest	Budapest	HU	HU-05	25919	23	2024-07-25 12:00:06.294093+02	2024-07-25 12:00:06.294093+02	text	comment 2		\N	154	Megapark	2	2024-07-25 19:01:59.150786	[]	\N	0	[{"label":"email","value":"email1@gmail.hu"},{"label":"zip_code","value":"1204 "}]	\N
51	Thanatos 2662/1	t	53	64	Czech Republic	Hlavni mesto Praha	Prague	CZ	CZ-52	10331	2	2024-07-25 19:21:23.66988+02	2024-07-25 19:21:23.66988+02	\N			\N	176	Eros 1	1	\N	[]	\N	0	[]	\N
52	Thanatos  1074/2	t	54	65	Czech Republic	Plzensky kraj	Plzen	CZ	CZ-87	9952	2	2024-07-25 19:21:24.264772+02	2024-07-25 19:21:24.264772+02	\N			\N	176	Eros 2	2	\N	[]	\N	0	[]	\N
53	Thanatos 274/4	t	55	66	Czech Republic	Olomoucky kraj	Olomouc	CZ	CZ-84	10326	2	2024-07-25 19:21:24.857804+02	2024-07-25 19:21:24.857804+02	\N			\N	176	Eros 3	1	\N	[]	\N	0	[]	\N
54	Thanatos 544	t	56	67	Czech Republic	Hlavni mesto Praha	Prague	CZ	CZ-52	10331	2	2024-07-25 19:21:25.453667+02	2024-07-25 19:21:25.453667+02	\N			\N	176	Eros 4	2	\N	[]	\N	0	[]	\N
55	Thanatos 28	t	57	68	Czech Republic	Moravskoslezsky kraj	Opava	CZ	CZ-85	9988	2	2024-07-25 19:21:26.051587+02	2024-07-25 19:21:26.051587+02	\N			\N	176	Eros 5	1	\N	[]	\N	0	[]	\N
56	Thanatos 2892/59	t	58	69	Czech Republic	Plzensky kraj	Plzen	CZ	CZ-87	9952	2	2024-07-25 19:21:26.634599+02	2024-07-25 19:21:26.634599+02	\N			\N	176	Eros 6	2	\N	[]	\N	0	[]	\N
57	Thanatos 12	t	59	70	Czech Republic	Hlavni mesto Praha	Prague	CZ	CZ-52	10331	2	2024-07-25 19:21:27.24047+02	2024-07-25 19:21:27.24047+02	\N			\N	176	Eros 7	1	\N	[]	\N	0	[]	\N
58	Thanatos 762/12	t	60	71	Czech Republic	Moravskoslezsky kraj	Ostrava	CZ	CZ-85	9955	2	2024-07-25 19:21:27.844065+02	2024-07-25 19:21:27.844065+02	\N			\N	176	Eros 8	2	\N	[]	\N	0	[]	\N
59	Thanatos 373/114	t	61	72	Czech Republic	Jihomoravsky kraj	Brno	CZ	CZ-78	10330	2	2024-07-25 19:21:28.475251+02	2024-07-25 19:21:28.475251+02	\N			\N	176	Eros 9	1	\N	[]	\N	0	[]	\N
66	sadcfad	t	19.5121437	42.0681371	Albania	Shkoder	Shkoder	AL	AL-49	54	169	2024-07-26 10:34:29.322989+02	2024-07-26 10:34:29.322989+02	asdf	\N	\N	\N	224	cvswdfw	1	\N	[]	\N	0	[{"label":"zip_code","value":"3333"},{"label":"email","value":"wdf@gmail.com"}]	Albania, Shkoder
62	222	t	19.8184435	41.3281482	Albania	Tirane	Tirana	AL	AL-50	53	2	2024-07-26 08:54:41.387912+02	2024-07-26 08:54:41.387912+02	\N	\N	\N	\N	218	Daria	1	\N	[]	\N	0	[{"label":"zip_code","value":""},{"label":"email","value":""}]	Albania, Tirana, 222
65	asdas	t	20.0850706	41.5072297	Albania	Diber	Klos	AL	AL-41	56	169	2024-07-26 10:31:57.209402+02	2024-07-26 10:31:57.209402+02	asdas	\N	\N	\N	224	asdas121212	1	\N	[]	\N	0	[{"label":"zip_code","value":"1234"},{"label":"email","value":"adscvasdv@gmail.com"}]	Albania, Klos
60	Thanatos 556	t	62	73	Czech Republic	Jihocesky kraj	Bechyne	CZ	CZ-79	9946	23	2024-07-25 19:21:29.081706+02	2024-07-25 19:21:29.081706+02	\N			\N	176	Eros 10	2	\N	[]	\N	0	[{"label":"zip_code","value":"6547"},{"label":"email","value":""}]	\N
48	Affg 123	t	68.7489741	36.1746897	Afghanistan	Baghlan	Baglan	AF	AF-03	34	24	2024-07-25 14:04:54.609796+02	2024-07-25 14:04:54.609796+02	asfga 234	\N	\N	\N	170	Test123	2	\N	[]	\N	0	[{"label":"zip_code","value":"123456"},{"label":"email","value":""}]	Afghanistan, Baglan
49	asd	f	71.130031	34.868317	Afghanistan	Baghlan	Baglan	AF	AF-03	34	24	2024-07-25 17:41:44.652809+02	2024-07-25 17:41:44.652809+02	asd	\N	\N	\N	170	Test59	1	\N	[]	\N	0	[{"label":"zip_code","value":"122344"},{"label":"email","value":""}]	Afghanistan, asd
13	Bavorská 2662/1	t	14.32802	50.05565	Czech Republic	Hlavni mesto Praha	Prague	CZ	CZ-52	10331	24	2024-07-23 13:23:21.270765+02	2024-07-23 13:23:21.270765+02	\N		http://valid.url/photo.jpg	\N	0	Bavorská 2662/1	1	\N	[]	\N	0	[{"label":"email","value":"test1@testmail.com"}]	\N
69	Bavorsk55 ыв	t	14.32802	50.05565	Czech Republic	Hlavni mesto Praha	Prague	CZ	CZ-52	10331	2	2024-07-26 16:22:56.980668+02	2024-07-26 16:22:56.980668+02	\N		http://valid.url/photo.jpg	\N	800	Bavorská 2555 ыва	1	2024-07-26 16:23:14.962233	[]	\N	0	[{"label":"email","value":"test1@testmail.com"}]	\N
71	222	t	68.7489741	36.1746897	Afghanistan	Baghlan	Baglan	AF	AF-03	34	2	2024-07-26 16:25:02.892737+02	2024-07-26 16:25:02.892737+02	2222	\N	\N	\N	241	Darya	1	2024-07-26 16:28:32.617793	[]	\N	0	[{"label":"zip_code","value":""},{"label":"email","value":""}]	Afghanistan, Baglan, 222
72	dasds	t	19.9001376	42.0443192	Albania	Shkoder	Pukë	AL	AL-49	55	169	2024-07-26 16:28:07.544601+02	2024-07-26 16:28:07.544601+02	dadsfas	\N	\N	\N	223	sddd	1	2024-07-26 16:28:32.619361	[]	\N	0	[{"label":"zip_code","value":"1234"},{"label":"email","value":"dsfca@gmail.com"}]	Albania, Pukë
70	Bavorsk55 ыв	t	14.32802	50.05565	Czech Republic	Hlavni mesto Praha	Prague	CZ	CZ-52	10331	2	2024-07-26 16:23:54.550917+02	2024-07-26 16:23:54.550917+02	\N		http://valid.url/photo.jpg	\N	800	Bavorská 2555 ыва	1	2024-07-26 16:28:32.620135	[]	\N	0	[{"label":"email","value":"test1@testmail.com"}]	\N
73	Any	t	3.4318744	50.9347653	Belgium	West-Vlaanderen	Oeselgem	BE	BE-09	4675	22	2024-07-29 09:57:16.542246+02	2024-07-29 09:57:16.542246+02	New	\N	\N	\N	256	New1	1	2024-07-29 10:34:58.652266	[]	\N	0	[{"label":"zip_code","value":"2345"},{"label":"email","value":"any@new.be.com"}]	Belgium, Oeselgem
74	Bavorská 2662/1	t	14.3	50	Czech Republic	Hlavni mesto Praha	Prague	CZ	CZ-52	10331	22	2024-07-29 10:34:38.139088+02	2024-07-29 10:34:38.139088+02	\N		http://valid.url/photo.jpg	\N	3	Er	1	2024-07-29 10:41:13.191942	[]	\N	0	[{"label":"email","value":"test1@testmail.com"}]	\N
89	boulevard de tripoli	t	-0.6357328	35.702916	Algeria	Oran	Oran	DZ	DZ-09	14786	264	2024-07-31 16:07:56.310387+02	2024-07-31 16:07:56.310387+02	\N	\N	\N	\N	273	testlocation 1	1	\N	[]	\N	0	[{"label":"zip_code","value":"456456"},{"label":"email","value":""}]	Algeria, Oran, boulevard de tripoli
88	eddds	t	66.999194	32.209783	Albania	Shkoder	Pukë	AL	AL-49	55	2	2024-07-29 16:03:32.227541+02	2024-07-29 16:03:32.227541+02	ddf	\N	\N	\N	269	Test	1	\N	[]	\N	0	[{"label":"zip_code","value":"1111"},{"label":"email","value":"adfcadf@gmail.com"}]	Afghanistan, Qalat
77	Bavorská 2662/1	t	14.32802	50.05565	Czech Republic	Hlavni mesto Praha	Prague	CZ	CZ-52	10331	264	2024-07-29 12:22:19.410715+02	2024-07-29 12:22:19.410715+02	\N		http://valid.url/photo.jpg	\N	2	Bavorská 2662/1	1	2024-08-01 19:30:12.57145	[]	\N	0	[{"label":"email","value":"test1@testmail.com"}]	\N
82	Borská 2892/59	t	13.35518	49.73575	Czech Republic	Plzensky kraj	Plzen	CZ	CZ-87	9952	264	2024-07-29 12:22:22.645621+02	2024-07-29 12:22:22.645621+02	\N			\N	2	Borská 2892/59	2	2024-08-01 19:30:12.578224	[]	\N	0	[]	\N
84	Krmelínská 762/12	t	18.26926	49.77831	Czech Republic	Moravskoslezsky kraj	Ostrava	CZ	CZ-85	9955	264	2024-07-29 12:22:23.999456+02	2024-07-29 12:22:23.999456+02	\N			\N	2	Krmelínská 762/12	2	2024-08-01 19:30:12.579636	[]	\N	0	[]	\N
80	?s. exilu 544	t	14.41604	50.03493	Czech Republic	Hlavni mesto Praha	Prague	CZ	CZ-52	10331	264	2024-07-29 12:22:21.39294+02	2024-07-29 12:22:21.39294+02	\N			\N	2	?s. exilu 544	2	2024-08-01 19:30:12.583488	[]	\N	0	[]	\N
85	Víde?ská 373/114	t	16.59978	49.16251	Czech Republic	Jihomoravsky kraj	Brno	CZ	CZ-78	10330	264	2024-07-29 12:22:24.674865+02	2024-07-29 12:22:24.674865+02	\N			\N	2	Víde?ská 373/114	1	2024-08-01 19:30:12.584347	[]	\N	0	[]	\N
78	U Letišt? 1074/2	t	13.34326	49.72823	Czech Republic	Plzensky kraj	Plzen	CZ	CZ-87	9952	264	2024-07-29 12:22:20.104473+02	2024-07-29 12:22:20.104473+02	\N			\N	2	U Letišt? 1074/2	2	2024-08-01 19:30:12.585114	[]	\N	0	[]	\N
81	Janská 28	t	17.91099	49.93235	Czech Republic	Moravskoslezsky kraj	Opava	CZ	CZ-85	9988	264	2024-07-29 12:22:22.026529+02	2024-07-29 12:22:22.026529+02	\N			\N	2	Janská 28	1	2024-08-01 19:30:12.585904	[]	\N	0	[]	\N
79	Pavlovická 274/4	t	17.27741	49.60128	Czech Republic	Olomoucky kraj	Olomouc	CZ	CZ-84	10326	264	2024-07-29 12:22:20.756456+02	2024-07-29 12:22:20.756456+02	\N			\N	2	Pavlovická 274/4	1	2024-08-01 19:30:12.586668	[]	\N	0	[]	\N
86	Londýnská 558	t	15.03533	50.77691	Czech Republic	Liberecky kraj	Liberec	CZ	CZ-83	9953	264	2024-07-29 12:22:25.35425+02	2024-07-29 12:22:25.35425+02	\N			\N	2	Londýnská 558	2	2024-08-01 19:30:12.588984	[]	\N	0	[]	\N
83	Liberecká 12	t	14.49138	50.13216	Czech Republic	Hlavni mesto Praha	Prague	CZ	CZ-52	10331	264	2024-07-29 12:22:23.31711+02	2024-07-29 12:22:23.31711+02	\N			\N	2	Liberecká 12	1	2024-08-01 19:30:12.589962	[]	\N	0	[]	\N
64	adfas	t	20.0850706	41.5072297	Albania	Diber	Klos	AL	AL-41	56	169	2024-07-26 10:08:51.233851+02	2024-07-26 10:08:51.233851+02	asdas	\N	\N	\N	223	Updated33333	2	2024-08-01 19:30:24.42556	[]	\N	0	[{"label":"zip_code","value":"2345"},{"label":"email","value":"acdfadf@gmail.com"}]	Albania, Klos
94	Pavlovická 2	t	17.27741	49.60128	Czech Republic	Olomoucky kraj	Olomouc	CZ	CZ-84	10326	23	2024-08-01 20:12:03.50734+02	2024-08-01 20:12:03.50734+02	\N			\N	2	Pavlovická 2	1	\N	[]	\N	0	[]	\N
95	?s. exilu 544	t	14.41604	50.03493	Czech Republic	Hlavni mesto Praha	Prague	CZ	CZ-52	10331	23	2024-08-01 20:12:04.100702+02	2024-08-01 20:12:04.100702+02	\N			\N	283	?s. exilu	2	\N	[]	\N	0	[]	\N
93	U Letišt? 1	t	13.34326	49.72823	Czech Republic	Plzensky kraj	Plzen	CZ	CZ-87	9952	23	2024-08-01 20:12:02.909277+02	2024-08-01 20:12:02.909277+02	\N			\N	2	U Letišt? 1	2	\N	[]	\N	0	[]	\N
92	Bavorská 2	t	14.32802	50.05565	Czech Republic	Hlavni mesto Praha	Prague	CZ	CZ-52	10331	23	2024-08-01 20:12:02.284932+02	2024-08-01 20:12:02.284932+02	\N		http://valid.url/photo.jpg	\N	2	Bavorská 2	1	\N	[]	\N	0	[{"label":"email","value":"test1@testmail.com"}]	\N
91	Any	t	13.4103451	47.8323648	Austria	Oberosterreich	Innerschwand	AT	AT-04	838	22	2024-08-01 09:03:19.329979+02	2024-08-01 09:03:19.329979+02	\N	\N	\N	\N	277	Any	1	\N	[]	\N	0	[{"label":"zip_code","value":"2345"},{"label":"email","value":"any@at.com"}]	Austria, Innerschwand
90	place des martyres	t	5.156976	36.6689239	Algeria	Bejaia	Tichy	DZ	DZ-18	14821	264	2024-07-31 16:11:29.153015+02	2024-07-31 16:11:29.153015+02	\N	\N	\N	\N	273	testlocation 2 	1	\N	[]	\N	0	[{"label":"zip_code","value":"456456"},{"label":"email","value":""}]	Algeria, Tichy, place des martyres
87	222	t	68.7489741	36.1746897	Afghanistan	Baghlan	Baglan	AF	AF-03	34	2	2024-07-29 13:04:48.658593+02	2024-07-29 13:04:48.658593+02	2222	\N	\N	\N	269	Darya	1	\N	[]	\N	0	[{"label":"zip_code","value":""},{"label":"email","value":""}]	Afghanistan, Baglan, 222
76	Pavlovická 274/4	t	17.2	49.6	Czech Republic	Olomoucky kraj	Olomouc	CZ	CZ-84	10326	22	2024-07-29 10:34:39.456309+02	2024-07-29 10:34:39.456309+02	\N			\N	3	Yr	1	\N	[]	\N	0	[]	\N
75	U Letišt? 1074/2	t	13.3	49.7	Czech Republic	Plzensky kraj	Plzen	CZ	CZ-87	9952	22	2024-07-29 10:34:38.824345+02	2024-07-29 10:34:38.824345+02	\N			\N	3	Tr	2	\N	[]	\N	0	[]	\N
68	Bavorsk	t	14.32802	50.05565	Czech Republic	Hlavni mesto Praha	Prague	CZ	CZ-52	10331	2	2024-07-26 16:20:36.267653+02	2024-07-26 16:20:36.267653+02	\N		http://valid.url/photo.jpg	\N	335	Bavorská 2	1	\N	[]	\N	0	[{"label":"email","value":"test1@testmail.com"}]	\N
97	Borská 2892/59	t	13.35518	49.73575	Czech Republic	Plzensky kraj	Plzen	CZ	CZ-87	9952	23	2024-08-01 20:12:05.291401+02	2024-08-01 20:12:05.291401+02	\N			\N	283	Borská	2	\N	[]	\N	0	[]	\N
103	Bécsi u. 136. 	t	18.96365	47.542006	Hungary	Budapest	Budapest	HU	HU-05	25919	23	2024-08-01 23:43:54.209706+02	2024-08-01 23:43:54.209706+02	text			\N	283	Óbuda	1	\N	[]	\N	0	[{"label":"zip_code","value":"1036 "},{"label":"email","value":"email2@gmail.hu"}]	\N
102	Mártírok útja 281. 	t	19.146149	47.426852	Hungary	Budapest	Budapest	HU	HU-05	25919	23	2024-08-01 23:43:53.541228+02	2024-08-01 23:43:53.541228+02	text	comment 2		\N	154	Megapark	2	\N	[]	\N	0	[{"label":"zip_code","value":"1204 "},{"label":"email","value":"email1@gmail.hu"}]	\N
101	Londýnská 33	t	15.038879	50.7746417	Czech Republic	Liberecky kraj	Liberec	CZ	CZ-83	9953	23	2024-08-01 20:12:07.769678+02	2024-08-01 20:12:07.769678+02	\N			\N	283	Londýnská 3	2	\N	[]	\N	0	[{"label":"zip_code","value":"2000"},{"label":"email","value":""}]	Czech Republic, Liberec, Londýnská 33
99	Krmelínská 11	t	18.2492024	49.7546943	Czech Republic	Moravskoslezsky kraj	Ostrava	CZ	CZ-85	9955	23	2024-08-01 20:12:06.522904+02	2024-08-01 20:12:06.522904+02	\N			\N	283	Krmelínská 1	2	\N	[]	\N	0	[{"label":"zip_code","value":""},{"label":"email","value":""}]	Czech Republic, Ostrava, Krmelínská 11
105	Hengermalom u. 19-21 	t	19.051922	47.461225	Hungary	Budapest	Budapest	HU	HU-05	25919	23	2024-08-01 23:43:55.500382+02	2024-08-01 23:43:55.500382+02	text	comment 5		\N	283	Újbuda XXL	1	\N	[]	\N	0	[{"label":"zip_code","value":"1117 "},{"label":"email","value":"email4@gmail.hu"}]	\N
104	Szabó József utca 6. 	t	19.093174	47.50447	Hungary	Budapest	Budapest	HU	HU-05	25919	23	2024-08-01 23:43:54.873684+02	2024-08-01 23:43:54.873684+02	text	comment 4		\N	283	Récsei	2	\N	[]	\N	0	[{"label":"zip_code","value":"1146 "},{"label":"email","value":"email3@gmail.hu"}]	\N
98	Liberecká 12	t	14.49138	50.13216	Czech Republic	Hlavni mesto Praha	Prague	CZ	CZ-52	10331	23	2024-08-01 20:12:05.906883+02	2024-08-01 20:12:05.906883+02	\N			\N	283	Liberecká	1	\N	[]	\N	0	[]	\N
124	Krmelínská 762/12	t	18.26926	49.77831	Czech Republic	Moravskoslezsky kraj	Ostrava	CZ	CZ-85	9955	23	2024-08-02 12:09:42.990293+02	2024-08-02 12:09:42.990293+02	\N			\N	314	Krmelínská 762/12	2	2024-08-02 12:11:20.187397	[]	\N	0	[]	\N
126	Londýnská 558	t	15.03533	50.77691	Czech Republic	Liberecky kraj	Liberec	CZ	CZ-83	9953	23	2024-08-02 12:09:44.215373+02	2024-08-02 12:09:44.215373+02	\N			\N	314	Londýnská 558	2	2024-08-02 12:11:20.167942	[]	\N	0	[{"label":"zip_code","value":"10010"},{"label":"email","value":""}]	\N
116	Pavlovická 274/4	t	17.27741	49.60128	Czech Republic	Olomoucky kraj	Olomouc	CZ	CZ-84	10326	23	2024-08-02 12:09:39.9881+02	2024-08-02 12:09:39.9881+02	\N			\N	314	Pavlovická 274/4	1	2024-08-02 12:11:20.171511	[]	\N	0	[]	\N
115	Király u 3	t	18.229146	46.076318	Hungary	Veszprem	Pécsely	HU	HU-23	25739	23	2024-08-02 12:09:39.953904+02	2024-08-02 12:09:39.953904+02	address 2	comment 3		\N	314	July location 3	1	2024-08-02 12:11:20.17349	[]	\N	0	[{"label":"email","value":"Pécs@gmail.hu"}]	\N
119	Janská 28	t	17.91099	49.93235	Czech Republic	Moravskoslezsky kraj	Opava	CZ	CZ-85	9988	23	2024-08-02 12:09:41.196249+02	2024-08-02 12:09:41.196249+02	\N			\N	314	Janská 28	1	2024-08-02 12:11:20.191499	[]	\N	0	[]	\N
123	Liberecká 12	t	14.49138	50.13216	Czech Republic	Hlavni mesto Praha	Prague	CZ	CZ-52	10331	23	2024-08-02 12:09:42.383203+02	2024-08-02 12:09:42.383203+02	\N			\N	314	Liberecká 12	1	2024-08-02 12:11:20.191654	[]	\N	0	[]	\N
122	Kossuth u 8	t	16.84604	46.842389	Hungary	Zala	Zalaegerszeg	HU	HU-24	25888	23	2024-08-02 12:09:42.376607+02	2024-08-02 12:09:42.376607+02	address 2	comment 7		\N	314	July location 7	2	2024-08-02 12:11:20.192088	[]	\N	0	[{"label":"email","value":"Zalaegerszeg@gmail.hu"}]	\N
125	Víde?ská 373/114	t	16.59978	49.16251	Czech Republic	Jihomoravsky kraj	Brno	CZ	CZ-78	10330	23	2024-08-02 12:09:43.587006+02	2024-08-02 12:09:43.587006+02	\N			\N	314	Víde?ská 373/114	1	2024-08-02 12:11:20.192202	[]	\N	0	[]	\N
112	Bavorská 2	t	14.32802	50.05565	Czech Republic	Hlavni mesto Praha	Prague	CZ	CZ-52	10331	23	2024-08-02 12:09:38.751794+02	2024-08-02 12:09:38.751794+02	\N		http://valid.url/photo.jpg	\N	314	Bavorská 2	1	2024-08-02 12:11:20.193294	[]	\N	0	[{"label":"email","value":"test1@testmail.com"}]	\N
117	Kossuth u 5	t	21.634318	47.530407	Hungary	Debrecen	Debrecen	HU	HU-07	25917	23	2024-08-02 12:09:40.56701+02	2024-08-02 12:09:40.56701+02	address 2	comment 4		\N	314	July location 4	1	2024-08-02 12:11:20.197198	[]	\N	0	[{"label":"email","value":"Debrecen@gmail.hu"}]	\N
114	U Letišt? 1074/2	t	13.34326	49.72823	Czech Republic	Plzensky kraj	Plzen	CZ	CZ-87	9952	23	2024-08-02 12:09:39.350802+02	2024-08-02 12:09:39.350802+02	\N			\N	314	U Letišt? 1074/2	2	2024-08-02 12:11:20.197957	[]	\N	0	[]	\N
106	Bavorská 2662/1	t	14.32802	50.05565	Czech Republic	Hlavni mesto Praha	Prague	CZ	CZ-52	10331	23	2024-08-02 00:34:20.87588+02	2024-08-02 00:34:20.87588+02	\N		http://valid.url/photo.jpg	\N	283	Bavorská	1	\N	[]	\N	0	[{"label":"email","value":"test1@testmail.com"}]	\N
107	U Letišt? 1074/2	t	13.34326	49.72823	Czech Republic	Plzensky kraj	Plzen	CZ	CZ-87	9952	23	2024-08-02 00:34:21.475063+02	2024-08-02 00:34:21.475063+02	\N			\N	283	U Letišt? 	2	\N	[]	\N	0	[]	\N
108	Pavlovická 274/4	t	17.27741	49.60128	Czech Republic	Olomoucky kraj	Olomouc	CZ	CZ-84	10326	23	2024-08-02 00:34:22.072785+02	2024-08-02 00:34:22.072785+02	\N			\N	283	Pavlovická	1	\N	[]	\N	0	[]	\N
96	Janská 28	t	17.91099	49.93235	Czech Republic	Moravskoslezsky kraj	Opava	CZ	CZ-85	9988	23	2024-08-01 20:12:04.692483+02	2024-08-01 20:12:04.692483+02	\N			\N	283	Janská	1	\N	[]	\N	0	[]	\N
109	Krmelínská 762/12	t	18.26926	49.77831	Czech Republic	Moravskoslezsky kraj	Ostrava	CZ	CZ-85	9955	23	2024-08-02 00:34:25.144564+02	2024-08-02 00:34:25.144564+02	\N			\N	283	Krmelínská	2	\N	[]	\N	0	[]	\N
100	Víde?ská 373/114	t	16.59978	49.16251	Czech Republic	Jihomoravsky kraj	Brno	CZ	CZ-78	10330	23	2024-08-01 20:12:07.148652+02	2024-08-01 20:12:07.148652+02	\N			\N	283	Víde?ská	1	\N	[]	\N	0	[]	\N
110	Londýnská 558	t	15.03533	50.77691	Czech Republic	Liberecky kraj	Liberec	CZ	CZ-83	9953	23	2024-08-02 00:34:26.343096+02	2024-08-02 00:34:26.343096+02	\N			\N	283	Londýnská	2	\N	[]	\N	0	[]	\N
118	?s. exilu 544	t	14.41604	50.03493	Czech Republic	Hlavni mesto Praha	Prague	CZ	CZ-52	10331	23	2024-08-02 12:09:40.593742+02	2024-08-02 12:09:40.593742+02	\N			\N	314	?s. exilu 544	2	2024-08-02 12:11:20.192573	[]	\N	0	[]	\N
113	Mars tér 4	t	20.140849	46.257932	Hungary	Szeged	Szeged	HU	HU-19	25916	23	2024-08-02 12:09:39.346331+02	2024-08-02 12:09:39.346331+02	address 2	comment 2		\N	314	July location 2	1	2024-08-02 12:11:20.194468	[]	\N	0	[{"label":"email","value":"Szeged@gmail.hu"}]	\N
111	Hold u 29	t	19.052132	47.507292	Hungary	Budapest	Budapest	HU	HU-05	25919	23	2024-08-02 12:09:38.746085+02	2024-08-02 12:09:38.746085+02	address 2	comment 1		\N	314	July location 1	1	2024-08-02 12:11:20.195526	[]	\N	0	[{"label":"email","value":"Budapest@gmail.hu"}]	\N
120	Kossuth u 7	t	18.679832	45.996062	Hungary	Baranya	Mohács	HU	HU-02	25907	23	2024-08-02 12:09:41.762018+02	2024-08-02 12:09:41.762018+02	address 2	comment 6		\N	314	July location 6	2	2024-08-02 12:11:20.194995	[]	\N	0	[{"label":"email","value":"Mohács@gmail.hu"}]	\N
121	Borská 2892/59	t	13.35518	49.73575	Czech Republic	Plzensky kraj	Plzen	CZ	CZ-87	9952	23	2024-08-02 12:09:41.790243+02	2024-08-02 12:09:41.790243+02	\N			\N	314	Borská 2892/59	2	2024-08-02 12:11:20.195834	[]	\N	0	[]	\N
127	Bavorská 22222222	t	14.32855	50.05566	Czech Republic	Hlavni mesto Praha	Prague	CZ	CZ-52	10331	22	2024-08-02 13:55:16.943547+02	2024-08-02 13:55:16.943547+02	\N		http://valid.url/photo.jpg	\N	283	Bavorská111111	1	\N	[]	\N	0	[{"label":"email","value":"tes77t1@testmail.com"},{"label":"zip_code","value":"32000"}]	\N
128	Bavorská 22444222222	t	14.32955	50.05566	Czech Republic	Hlavni mesto Praha	Prague	CZ	CZ-52	10331	22	2024-08-02 13:58:00.010325+02	2024-08-02 13:58:00.010325+02	\N		http://valid.url/photo.jpg	\N	283	Bavorská114441111	1	\N	[]	\N	0	[{"label":"email","value":"tes77t1@testmail.com"},{"label":"zip_code","value":"32011"}]	\N
129	Bavorská 2662/1	t	14.32802	50.05565	Czech Republic	Hlavni mesto Praha	Prague	CZ	CZ-52	10331	23	2024-08-02 14:15:32.259669+02	2024-08-02 14:15:32.259669+02	address 2 	comment	http://valid.url/photo.jpg	\N	314	Bavorská	1	\N	[]	\N	0	[{"label":"email","value":"test1@testmail.com"},{"label":"zip_code","value":"10010"}]	\N
130	U Letišt? 1074/2	t	13.34326	49.72823	Czech Republic	Plzensky kraj	Plzen	CZ	CZ-87	9952	23	2024-08-02 14:15:32.863868+02	2024-08-02 14:15:32.863868+02	address 3	comment		\N	314	U Letišt? 	2	\N	[]	\N	0	[{"label":"zip_code","value":"10011"}]	\N
131	Pavlovická 274/4	t	17.27741	49.60128	Czech Republic	Olomoucky kraj	Olomouc	CZ	CZ-84	10326	23	2024-08-02 14:15:33.490158+02	2024-08-02 14:15:33.490158+02	address 4	comment		\N	314	Pavlovická	1	\N	[]	\N	0	[{"label":"zip_code","value":"10012"}]	\N
132	?s. exilu 544	t	14.41604	50.03493	Czech Republic	Hlavni mesto Praha	Prague	CZ	CZ-52	10331	23	2024-08-02 14:15:34.091756+02	2024-08-02 14:15:34.091756+02	address 5	comment		\N	314	?s. exilu	2	\N	[]	\N	0	[{"label":"zip_code","value":"10013"}]	\N
133	Janská 28	t	17.91099	49.93235	Czech Republic	Moravskoslezsky kraj	Opava	CZ	CZ-85	9988	23	2024-08-02 14:15:34.68947+02	2024-08-02 14:15:34.68947+02	address 6	comment		\N	314	Janská	1	\N	[]	\N	0	[{"label":"zip_code","value":"10014"}]	\N
134	Borská 2892/59	t	13.35518	49.73575	Czech Republic	Plzensky kraj	Plzen	CZ	CZ-87	9952	23	2024-08-02 14:15:35.288236+02	2024-08-02 14:15:35.288236+02	address 7	comment		\N	314	Borská	2	\N	[]	\N	0	[{"label":"zip_code","value":"10015"}]	\N
135	Liberecká 12	t	14.49138	50.13216	Czech Republic	Hlavni mesto Praha	Prague	CZ	CZ-52	10331	23	2024-08-02 14:15:35.895592+02	2024-08-02 14:15:35.895592+02	address 8	comment		\N	314	Liberecká	1	\N	[]	\N	0	[{"label":"zip_code","value":"10016"}]	\N
136	Krmelínská 762/12	t	18.26926	49.77831	Czech Republic	Moravskoslezsky kraj	Ostrava	CZ	CZ-85	9955	23	2024-08-02 14:15:36.491921+02	2024-08-02 14:15:36.491921+02	address 9	comment		\N	314	Krmelínská	2	\N	[]	\N	0	[{"label":"zip_code","value":"10017"}]	\N
137	Víde?ská 373/114	t	16.59978	49.16251	Czech Republic	Jihomoravsky kraj	Brno	CZ	CZ-78	10330	23	2024-08-02 14:15:37.092927+02	2024-08-02 14:15:37.092927+02	address 10	comment		\N	314	Víde?ská	1	\N	[]	\N	0	[{"label":"zip_code","value":"10018"}]	\N
138	Londýnská 558	t	15.03533	50.77691	Czech Republic	Liberecky kraj	Liberec	CZ	CZ-83	9953	22	2024-08-02 14:15:37.709684+02	2024-08-02 14:15:37.709684+02	address 11	comment		\N	314	Londýnská	2	\N	[]	\N	0	[{"label":"zip_code","value":"10019"},{"label":"email","value":""}]	\N
\.


--
-- Data for Name: migrations; Type: TABLE DATA; Schema: public; Owner: pma
--

COPY public.migrations (id, "timestamp", name) FROM stdin;
1	1707765209267	CreateUserTable1707765209267
2	1707767284730	CreateUserNote1707767284730
3	1707768291732	CreateUserRoleGroup1707768291732
4	1708333142341	UserGroupLink1708333142341
5	1708333366962	UserRoleLink1708333366962
6	1708361731509	UserRoleActions1708361731509
7	1708412702608	UserRestartPassword1708412702608
8	1708458134906	UserHandbook1708458134906
9	1708505560431	UserHandbookValue1708505560431
10	1709147660053	UserHandbookFilling1709147660053
11	1709196522219	UserAddNameLastName1709196522219
12	1709197946948	RoleAddColumnDef1709197946948
13	1709544285850	FileManager1709544285850
14	1709723552167	FileManagerAddColumn1709723552167
15	1709799546172	FileManagerUserProvider1709799546172
16	1709808254736	FileManagerAddID1709808254736
17	1709808682596	FileManagerAlertGroupID1709808682596
18	1709902066502	Notifications1709902066502
19	1710411081257	NotificationTemplateColumn1710411081257
20	1710937332430	RouteBase1710937332430
21	1711531086528	UserColumnGeo1711531086528
22	1711624698043	UpdateColumnLcations1711624698043
23	1711625274762	RouteGroup1711625274762
24	1711702575595	AddColumnLocation1711702575595
25	1711710316691	UserSetting1711710316691
26	1712060263253	ExecutionLocation1712060263253
27	1712908001251	AddColumnUser12041712908001251
28	1713197227323	AddColumnUserClients1713197227323
29	1713368882164	TableImport1713368882164
30	1713424412619	TableImportColumn1713424412619
31	1713862265396	IntegrationTable1713862265396
32	1714382851141	Questionnaires1714382851141
33	1714993067583	AddAnswerColumn1714993067583
34	1714994627791	AddAnswerColumnV21714994627791
35	1714995760147	AddAnswerColumnV31714995760147
36	1714997283877	AddAnswerColumnV41714997283877
37	1715092238445	AddIndexSection1715092238445
38	1715702532150	AddStatus1715702532150
39	1715702951371	AddStatusV21715702951371
40	1715704644474	AddScoreAnswer1715704644474
41	1715793314753	TableAddExecutions1715793314753
42	1715845868438	TableAddExecutionV11715845868438
43	1715869674259	TableAddExecutionV21715869674259
44	1715871575921	TableAddExecutionV31715871575921
45	1715874655508	TableAddExecutionV41715874655508
46	1715934189174	UpdateTypeCounty1715934189174
47	1716193370521	AddColumnAnswerV41716193370521
48	1716288608792	AddColumnReserved1716288608792
49	1716719052863	HandbookAddColumn1716719052863
50	1716972407220	AddColumnEx1716972407220
51	1717591953289	CreateProgramType1717591953289
52	1717744224172	AddColumnLocationExecution1717744224172
53	1718017716507	CreateAppealTable1718017716507
54	1718103321379	LocationGroupUserLink1718103321379
55	1718180101050	AppealAddColumn1718180101050
56	1718192373726	AddColumnProgramType1718192373726
57	1718197711536	CreateAppealRepliesTable1718197711536
58	1718201102804	AppealRepliesAddColumn1718201102804
59	1718274695080	FixSynsAuth1718274695080
60	1718276892761	FixHandbookFilling1718276892761
61	1718280045823	FixLocation1718280045823
62	1718340596121	AddColumnAppealQuestions1718340596121
63	1718355702766	FixRouteManager1718355702766
64	1718609179960	AddLocationGroupColumn1718609179960
65	1718616989516	FixLocationGroup1718616989516
66	1718628465563	FixReserved1718628465563
67	1718688296952	CreateCompetitorRelation1718688296952
68	1718696964559	BonusSystem1718696964559
69	1718785259970	BonusLinks1718785259970
70	1718808938455	FixLocationStore1718808938455
71	1718809215258	FixLocationStoreV21718809215258
72	1718858757982	AlterUserStatusColumn1718858757982
73	1718870688238	AddProgramColumn1718870688238
74	1718959699118	FixCreateGroups1718959699118
75	1718975461520	FixCreateWorkers1718975461520
76	1719232125924	AddColumnDeleteAt1719232125924
77	1719302300633	ColumnRole1719302300633
78	1719309748694	AddColumnLocations1719309748694
79	1719568066891	QuestionnairesAddColumn1719568066891
80	1719579726394	AddColEx1719579726394
81	1719819849662	CreateCommentsTable1719819849662
82	1719821615787	AddClientLevel1719821615787
83	1720085878592	FixLocations1720085878592
84	1720101352993	FixUserClient1720101352993
85	1720167113845	AddColumnProject1720167113845
86	1720259933500	ExecutionInstractions1720259933500
87	1720431351307	AddColumnLocationGroupSoftDelete1720431351307
88	1720431851008	AddColumnLocationShowOnMap1720431851008
89	1720436067328	CreateTableClientSubdivisions1720436067328
90	1720514450779	AddColumnExloc1720514450779
91	1720519936559	FixWorkersNull1720519936559
92	1720534714231	AddColumnWorker1720534714231
93	1720600626106	FixTemplate1720600626106
94	1720604149268	FixLocation1720604149268
95	1720854824175	AddLinksGroups1720854824175
96	1721031052279	AddColumnUid1721031052279
97	1721196992329	AddAccessContent1721196992329
98	1721197844278	RenameColumn1721197844278
99	1721204404127	AddAccessContentProgramAndClient1721204404127
100	1721236502825	ChangeStatus1721236502825
101	1721489362189	AddClietNull1721489362189
102	1721811110518	CreateSchedulingShops1721811110518
103	1721974535646	AddColumnSchedulerIdSchedulingShops1721974535646
104	1723625505302	AddMisColumn1723625505302
105	1723626147971	AddMisColumn1723626147971
106	1723632338272	AddMisColumn1723632338272
\.


--
-- Data for Name: mystery_shopper_visit; Type: TABLE DATA; Schema: public; Owner: pma
--

COPY public.mystery_shopper_visit (id, questionnaire_answer_links_id, location_execution_id, location_id, visit_date, status, payment_status, visit_price, payment_price, discount_price, total_price, user_id, comment, visit_date_time, visit_start, visit_start_time, bank, expense_price, expense_bank, expense_course, incentive_price, incentive_bank, incentive_course, reimbursement_price, reimbursement_bank, reimbursement_course, special_price, special_bank, special_course, special_description, shop_id) FROM stdin;
\.


--
-- Data for Name: program_type; Type: TABLE DATA; Schema: public; Owner: pma
--

COPY public.program_type (id, client_id, program_type, language, rotation, max_shop_repetition, gap_between_shops, description, is_notifications, is_bonus_system, client_incentive, incentive, status, deleted_at, bonus_id, delete_at) FROM stdin;
24	276	1	en	321	321	321	321	f	f	f	f	\N	\N	0	\N
25	9	1	en	1	10	1	Prog upload 10	t	t	t	t	1	\N	0	\N
4	9	0	fr	34	789	66	Test update2	t	t	t	t	1	\N	0	\N
1	3	1	en	1	1	1	Name program	t	f	f	f	1	\N	0	\N
2	9	1	en	134	155	1666	Any	t	t	t	t	1	\N	0	\N
26	9	1	en	1	10	1	Prog upload	t	t	t	t	1	\N	0	\N
27	9	1	en	1	10	1	Prog upload 20	t	t	t	t	1	\N	0	\N
28	9	1	en	1	10	1	Prog upload 11	t	t	t	t	1	\N	0	\N
29	9	1	en	1	10	1	Prog upload 1	t	t	t	t	1	\N	0	\N
30	9	1	en	1	10	1	Prog upload 12	t	t	t	t	1	\N	0	\N
31	9	1	en	1	10	1	Prog upload 2	t	t	t	t	1	\N	0	\N
32	9	1	en	1	10	1	Prog upload 3	t	t	t	t	1	\N	0	\N
33	9	1	en	1	10	1	Prog upload 13	t	t	t	t	1	\N	0	\N
34	9	1	en	1	10	1	Prog upload 4	t	t	t	t	1	\N	0	\N
35	9	1	en	1	10	1	Prog upload 14	t	t	t	t	1	\N	0	\N
5	25	1	en	321	321	321	321	f	f	f	f	1	\N	0	\N
36	9	1	en	1	10	1	Prog upload 15	t	t	t	t	1	\N	0	\N
37	9	1	en	1	10	1	Prog upload 5	t	t	t	t	1	\N	0	\N
38	9	1	en	1	10	1	Prog upload 6	t	t	t	t	1	\N	0	\N
39	9	1	en	1	10	1	Prog upload 16	t	t	t	t	1	\N	0	\N
40	9	1	en	1	10	1	Prog upload 7	t	t	t	t	1	\N	0	\N
6	25	2	en	123	123	12	Prog	f	f	f	t	3	\N	0	\N
41	9	1	en	1	10	1	Prog upload 17	t	t	t	t	1	\N	0	\N
42	9	1	en	1	10	1	Prog upload 18	t	t	t	t	1	\N	0	\N
43	9	1	en	1	10	1	Prog upload 8	t	t	t	t	1	\N	0	\N
44	9	1	en	1	10	1	Prog upload 19	t	t	t	t	1	\N	0	\N
8	154	0	ru	2	2	2	Test test	t	t	t	t	1	2024-07-24 13:45:19.212128	0	\N
9	154	1	de	3	3	3	Description	t	t	f	t	1	\N	0	\N
11	207	1	en	321	321	321	321	t	t	t	t	3	\N	0	\N
45	9	1	en	1	10	1	Prog upload 9	t	t	t	t	1	\N	0	\N
46	9	1	en	1	10	1	Prog upload	t	t	t	t	1	\N	0	\N
47	9	1	en	1	10	1	Prog upload 20	t	t	t	t	1	\N	0	\N
48	9	1	en	1	10	1	Prog upload 10	t	t	t	t	1	\N	0	\N
49	9	1	en	1	10	1	Prog upload 1	t	t	t	t	1	\N	0	\N
3	207	1	en	12	13	14	dd	f	f	f	f	1	\N	0	\N
50	9	1	en	1	10	1	Prog upload 11	t	t	t	t	1	\N	0	\N
51	9	1	en	1	10	1	Prog upload 2	t	t	t	t	1	\N	0	\N
52	9	1	en	1	10	1	Prog upload 12	t	t	t	t	1	\N	0	\N
53	9	1	en	1	10	1	Prog upload 3	t	t	t	t	1	\N	0	\N
7	154	2	en	6	5	4	This is the description 2	f	t	f	t	1	\N	0	\N
10	170	1	en	2	2	2	Test29	f	f	f	f	1	\N	0	\N
12	207	1	en	321	321	321	321	f	f	f	f	1	\N	0	\N
13	207	2	en	22	23	23	jkj	f	f	f	f	1	\N	0	\N
54	9	1	en	1	10	1	Prog upload 13	t	t	t	t	1	\N	0	\N
15	206	1	en	1	2	3	4	t	t	f	f	3	\N	0	\N
55	9	1	en	1	10	1	Prog upload 4	t	t	t	t	1	\N	0	\N
56	9	1	en	1	10	1	Prog upload 14	t	t	t	t	1	\N	0	\N
57	9	1	en	1	10	1	Prog upload 5	t	t	t	t	1	\N	0	\N
18	224	1	en	321	321	321	321	f	f	f	f	\N	\N	0	\N
14	176	0	ru	1	10	1	Test update	t	t	t	t	1	\N	0	\N
58	9	1	en	1	10	1	Prog upload 15	t	t	t	t	1	\N	0	\N
59	9	1	en	1	10	1	Prog upload 16	t	t	t	t	1	\N	0	\N
16	224	1	en	321	321	321	321	t	t	t	t	1	\N	0	\N
90	282	1	en	1	10	1	Test update	t	t	t	t	1	\N	0	\N
17	237	1	en	321	321	321	321	f	f	f	f	1	\N	0	\N
20	256	1	en	12	12	12	any	t	t	t	t	\N	\N	0	\N
60	9	1	en	1	10	1	Prog upload 6	t	t	t	t	1	\N	0	\N
21	3	0	ru	1111	11111	7777	ttttttttt	t	t	t	t	1	\N	0	\N
22	271	1	ru	1	10	1	Test update 895	t	t	t	t	1	\N	0	\N
61	9	1	en	1	10	1	Prog upload 17	t	t	t	t	1	\N	0	\N
19	224	1	en	321	321	321	321	t	t	t	t	1	\N	0	\N
62	9	1	en	1	10	1	Prog upload 7	t	t	t	t	1	\N	0	\N
63	9	1	en	1	10	1	Prog upload 18	t	t	t	t	1	\N	0	\N
64	9	1	en	1	10	1	Prog upload 8	t	t	t	t	1	\N	0	\N
65	9	1	en	1	10	1	Prog upload 19	t	t	t	t	1	\N	0	\N
66	9	1	en	1	10	1	Prog upload 9	t	t	t	t	1	\N	0	\N
67	9	1	en	1	10	1	Prog upload	t	t	t	t	1	\N	0	\N
68	9	1	en	1	10	1	Prog upload 20	t	t	t	t	1	\N	0	\N
69	9	1	en	1	10	1	Prog upload 10	t	t	t	t	1	\N	0	\N
70	9	1	en	1	10	1	Prog upload 11	t	t	t	t	1	\N	0	\N
71	9	1	en	1	10	1	Prog upload 1	t	t	t	t	1	\N	0	\N
72	9	1	en	1	10	1	Prog upload 12	t	t	t	t	1	\N	0	\N
73	9	1	en	1	10	1	Prog upload 2	t	t	t	t	1	\N	0	\N
74	9	1	en	1	10	1	Prog upload 13	t	t	t	t	1	\N	0	\N
75	9	1	en	1	10	1	Prog upload 3	t	t	t	t	1	\N	0	\N
76	9	1	en	1	10	1	Prog upload 4	t	t	t	t	1	\N	0	\N
77	9	1	en	1	10	1	Prog upload 14	t	t	t	t	1	\N	0	\N
78	9	1	en	1	10	1	Prog upload 15	t	t	t	t	1	\N	0	\N
79	9	1	en	1	10	1	Prog upload 5	t	t	t	t	1	\N	0	\N
80	9	1	en	1	10	1	Prog upload 6	t	t	t	t	1	\N	0	\N
81	9	1	en	1	10	1	Prog upload 16	t	t	t	t	1	\N	0	\N
82	9	1	en	1	10	1	Prog upload 7	t	t	t	t	1	\N	0	\N
83	9	1	en	1	10	1	Prog upload 17	t	t	t	t	1	\N	0	\N
84	9	1	en	1	10	1	Prog upload 8	t	t	t	t	1	\N	0	\N
85	9	1	en	1	10	1	Prog upload 18	t	t	t	t	1	\N	0	\N
86	9	1	en	1	10	1	Prog upload 9	t	t	t	t	1	\N	0	\N
23	150	1	de	3	4	5	Description	t	t	t	t	1	\N	0	\N
87	9	1	en	1	10	1	Prog upload 19	t	t	t	t	1	\N	0	\N
88	283	1	de	12	12	12	This is the July description	f	t	f	t	1	\N	0	\N
89	282	2	fr	2	3	2	This is the description filed of the August client1s program	f	t	f	t	1	\N	0	\N
92	282	2	fr	1	2	3	august program 2 description	f	t	f	t	\N	\N	0	\N
91	282	1	en	1	10	1	August program upload	t	t	t	t	1	\N	0	\N
93	315	2	en	6	9	2	Oct  Client program description	t	t	f	t	\N	\N	0	\N
\.


--
-- Data for Name: program_type_access; Type: TABLE DATA; Schema: public; Owner: pma
--

COPY public.program_type_access (id, program_id, user_id) FROM stdin;
1	1	14
2	1	15
3	1	16
4	1	17
5	1	19
7	1	21
8	1	55
9	1	57
10	1	58
11	1	59
13	3	100
14	1	100
21	3	124
22	1	124
23	3	125
24	1	125
27	3	133
28	1	133
45	1	131
46	3	135
47	1	135
54	3	136
55	1	136
56	3	137
57	1	137
58	1	138
63	3	141
64	1	141
68	1	147
69	3	148
70	1	148
75	3	143
76	1	143
77	2	143
78	3	168
79	1	168
80	10	226
81	1	227
82	88	324
83	3	325
84	2	325
85	1	325
89	3	326
90	2	326
91	21	326
92	1	326
99	92	327
101	90	327
100	89	327
\.


--
-- Data for Name: questionnaire_answer_links; Type: TABLE DATA; Schema: public; Owner: pma
--

COPY public.questionnaire_answer_links (id, questionnaire_id, date, "time", created_at, updated_at, custom_name, location_id, location_name, country, region, city, city_id, time_end, who_created, status, score, score_percent, country_id, region_id, draft, shopper_id, deleted_at) FROM stdin;
\.


--
-- Data for Name: questionnaire_answer_statistics; Type: TABLE DATA; Schema: public; Owner: pma
--

COPY public.questionnaire_answer_statistics (id, questionnaire_id, identification, type, score, param_json, created_at, updated_at, deleted_at) FROM stdin;
\.


--
-- Data for Name: questionnaire_answers; Type: TABLE DATA; Schema: public; Owner: pma
--

COPY public.questionnaire_answers (id, questionnaire_answer_link, questionnaire_id, questionnaire_question_id, answer, created_at, updated_at, link_id, score, total_score, no_answer, status, service, deleted_at) FROM stdin;
\.


--
-- Data for Name: questionnaire_questions; Type: TABLE DATA; Schema: public; Owner: pma
--

COPY public.questionnaire_questions (id, questionnaire_id, questionnaire_section_id, question, created_at, updated_at, deleted_at) FROM stdin;
\.


--
-- Data for Name: questionnaire_sections; Type: TABLE DATA; Schema: public; Owner: pma
--

COPY public.questionnaire_sections (id, questionnaire_id, name, created_at, updated_at, deleted_at) FROM stdin;
\.


--
-- Data for Name: questionnaires; Type: TABLE DATA; Schema: public; Owner: pma
--

COPY public.questionnaires (id, name, type, client_id, user_id, identification, created_at, updated_at, deleted_at, delete_at) FROM stdin;
\.


--
-- Data for Name: regions; Type: TABLE DATA; Schema: public; Owner: pma
--

COPY public.regions (id, country, region, region_en, region_ru, region_uk) FROM stdin;
1	AD	AD-02	Canillo	Canillo	Canillo
2	AD	AD-03	Encamp	Encamp	Encamp
3	AD	AD-04	La Massana	La Massana	La Massana
4	AD	AD-05	Ordino	Ordino	Ordino
5	AD	AD-06	Sant Julia de Loria	Sant Julia de Loria	Sant Julia de Loria
6	AD	AD-07	Andorra la Vella	Andorra la Vella	Andorra la Vella
7	AD	AD-08	Escaldes-Engordany	Escaldes-Engordany	Escaldes-Engordany
8	AE	AE-01	Abu Dhabi	Abu Dhabi	Abu Dhabi
9	AE	AE-02	Ajman	Ajman	Ajman
10	AE	AE-03	Dubai	Dubai	Dubai
11	AE	AE-04	Fujairah	Fujairah	Fujairah
12	AE	AE-05	Ras Al Khaimah	Ras Al Khaimah	Ras Al Khaimah
13	AE	AE-06	Sharjah	Sharjah	Sharjah
14	AE	AE-07	Umm Al Quwain	Umm Al Quwain	Umm Al Quwain
15	AF	AF-01	Badakhshan	Badakhshan	Badakhshan
16	AF	AF-02	Badghis	Badghis	Badghis
17	AF	AF-03	Baghlan	Baghlan	Baghlan
18	AF	AF-05	Bamian	Bamian	Bamian
19	AF	AF-06	Farah	Farah	Farah
20	AF	AF-07	Faryab	Faryab	Faryab
21	AF	AF-08	Ghazni	Ghazni	Ghazni
22	AF	AF-09	Ghowr	Ghowr	Ghowr
23	AF	AF-10	Helmand	Helmand	Helmand
24	AF	AF-11	Herat	Herat	Herat
25	AF	AF-13	Kabol	Kabol	Kabol
26	AF	AF-14	Kapisa	Kapisa	Kapisa
27	AF	AF-17	Lowgar	Lowgar	Lowgar
28	AF	AF-18	Nangarhar	Nangarhar	Nangarhar
29	AF	AF-19	Nimruz	Nimruz	Nimruz
30	AF	AF-23	Kandahar	Kandahar	Kandahar
31	AF	AF-24	Kondoz	Kondoz	Kondoz
32	AF	AF-26	Takhar	Takhar	Takhar
33	AF	AF-27	Vardak	Vardak	Vardak
34	AF	AF-28	Zabol	Zabol	Zabol
35	AF	AF-29	Paktika	Paktika	Paktika
36	AF	AF-30	Balkh	Balkh	Balkh
37	AF	AF-31	Jowzjan	Jowzjan	Jowzjan
38	AF	AF-32	Samangan	Samangan	Samangan
39	AF	AF-33	Sar-e Pol	Sar-e Pol	Sar-e Pol
40	AF	AF-34	Konar	Konar	Konar
41	AF	AF-35	Laghman	Laghman	Laghman
42	AF	AF-36	Paktia	Paktia	Paktia
43	AF	AF-37	Khowst	Khowst	Khowst
44	AF	AF-38	Nurestan	Nurestan	Nurestan
45	AF	AF-39	Oruzgan	Oruzgan	Oruzgan
46	AF	AF-40	Parvan	Parvan	Parvan
47	AF	AF-41	Daykondi	Daykondi	Daykondi
48	AF	AF-42	Panjshir	Panjshir	Panjshir
49	AG	AG-01	Barbuda	Barbuda	Barbuda
50	AG	AG-03	Saint George	Saint George	Saint George
51	AG	AG-04	Saint John	Saint John	Saint John
52	AG	AG-05	Saint Mary	Saint Mary	Saint Mary
53	AG	AG-06	Saint Paul	Saint Paul	Saint Paul
54	AG	AG-07	Saint Peter	Saint Peter	Saint Peter
55	AG	AG-08	Saint Philip	Saint Philip	Saint Philip
56	AG	AG-09	Redonda	Redonda	Redonda
57	AL	AL-40	Berat	Berat	Berat
58	AL	AL-41	Diber	Diber	Diber
59	AL	AL-42	Durres	Durres	Durres
60	AL	AL-43	Elbasan	Elbasan	Elbasan
61	AL	AL-44	Fier	Fier	Fier
62	AL	AL-45	Gjirokaster	Gjirokaster	Gjirokaster
63	AL	AL-46	Korce	Korce	Korce
64	AL	AL-47	Kukes	Kukes	Kukes
65	AL	AL-48	Lezhe	Lezhe	Lezhe
66	AL	AL-49	Shkoder	Shkoder	Shkoder
67	AL	AL-50	Tirane	Tirane	Tirane
68	AL	AL-51	Vlore	Vlore	Vlore
69	AM	AM-01	Aragatsotn	Aragatsotn	Aragatsotn
70	AM	AM-02	Ararat	Ararat	Ararat
71	AM	AM-03	Armavir	Armavir	Armavir
72	AM	AM-04	Geghark 	Geghark 	Geghark 
73	AM	AM-05	Kotayk	Kotayk	Kotayk
74	AM	AM-06	Lorri	Lorri	Lorri
75	AM	AM-07	Shirak	Shirak	Shirak
76	AM	AM-08	Syunik	Syunik	Syunik
77	AM	AM-09	Tavush	Tavush	Tavush
78	AM	AM-10	Vayots Dzor	Vayots Dzor	Vayots Dzor
79	AM	AM-11	Yerevan	Yerevan	Yerevan
80	AO	AO-01	Benguela	Benguela	Benguela
81	AO	AO-02	Bie	Bie	Bie
82	AO	AO-03	Cabinda	Cabinda	Cabinda
83	AO	AO-04	Cuando Cubango	Cuando Cubango	Cuando Cubango
84	AO	AO-05	Cuanza Norte	Cuanza Norte	Cuanza Norte
85	AO	AO-06	Cuanza Sul	Cuanza Sul	Cuanza Sul
86	AO	AO-07	Cunene	Cunene	Cunene
87	AO	AO-08	Huambo	Huambo	Huambo
88	AO	AO-09	Huila	Huila	Huila
89	AO	AO-12	Malanje	Malanje	Malanje
90	AO	AO-13	Namibe	Namibe	Namibe
91	AO	AO-14	Moxico	Moxico	Moxico
92	AO	AO-15	Uige	Uige	Uige
93	AO	AO-16	Zaire	Zaire	Zaire
94	AO	AO-17	Lunda Norte	Lunda Norte	Lunda Norte
95	AO	AO-18	Lunda Sul	Lunda Sul	Lunda Sul
96	AO	AO-19	Bengo	Bengo	Bengo
97	AO	AO-20	Luanda	Luanda	Luanda
98	AR	AR-01	Buenos Aires	Buenos Aires	Buenos Aires
99	AR	AR-02	Catamarca	Catamarca	Catamarca
100	AR	AR-03	Chaco	Chaco	Chaco
101	AR	AR-04	Chubut	Chubut	Chubut
102	AR	AR-05	Cordoba	Cordoba	Cordoba
103	AR	AR-06	Corrientes	Corrientes	Corrientes
104	AR	AR-07	Distrito Federal	Distrito Federal	Distrito Federal
105	AR	AR-08	Entre Rios	Entre Rios	Entre Rios
106	AR	AR-09	Formosa	Formosa	Formosa
107	AR	AR-10	Jujuy	Jujuy	Jujuy
108	AR	AR-11	La Pampa	La Pampa	La Pampa
109	AR	AR-12	La Rioja	La Rioja	La Rioja
110	AR	AR-13	Mendoza	Mendoza	Mendoza
111	AR	AR-14	Misiones	Misiones	Misiones
112	AR	AR-15	Neuquen	Neuquen	Neuquen
113	AR	AR-16	Rio Negro	Rio Negro	Rio Negro
114	AR	AR-17	Salta	Salta	Salta
115	AR	AR-18	San Juan	San Juan	San Juan
116	AR	AR-19	San Luis	San Luis	San Luis
117	AR	AR-20	Santa Cruz	Santa Cruz	Santa Cruz
118	AR	AR-21	Santa Fe	Santa Fe	Santa Fe
119	AR	AR-22	Santiago del Estero	Santiago del Estero	Santiago del Estero
120	AR	AR-23	Tierra del Fuego	Tierra del Fuego	Tierra del Fuego
121	AR	AR-24	Tucuman	Tucuman	Tucuman
122	AT	AT-01	Burgenland	Burgenland	Burgenland
123	AT	AT-02	Karnten	Karnten	Karnten
124	AT	AT-03	Niederosterreich	Niederosterreich	Niederosterreich
125	AT	AT-04	Oberosterreich	Oberosterreich	Oberosterreich
126	AT	AT-05	Salzburg	Salzburg	Salzburg
127	AT	AT-06	Steiermark	Steiermark	Steiermark
128	AT	AT-07	Tirol	Tirol	Tirol
129	AT	AT-08	Vorarlberg	Vorarlberg	Vorarlberg
130	AT	AT-09	Wien	Wien	Wien
131	AU	AU-01	Australian Capital Territory	Australian Capital Territory	Australian Capital Territory
132	AU	AU-02	New South Wales	New South Wales	New South Wales
133	AU	AU-03	Northern Territory	Northern Territory	Northern Territory
134	AU	AU-04	Queensland	Queensland	Queensland
135	AU	AU-05	South Australia	South Australia	South Australia
136	AU	AU-06	Tasmania	Tasmania	Tasmania
137	AU	AU-07	Victoria	Victoria	Victoria
138	AU	AU-08	Western Australia	Western Australia	Western Australia
139	AZ	AZ-01	Abseron	Abseron	Abseron
140	AZ	AZ-02	Agcabadi	Agcabadi	Agcabadi
141	AZ	AZ-03	Agdam	Agdam	Agdam
142	AZ	AZ-04	Agdas	Agdas	Agdas
143	AZ	AZ-05	Agstafa	Agstafa	Agstafa
144	AZ	AZ-06	Agsu	Agsu	Agsu
145	AZ	AZ-07	Ali Bayramli	Ali Bayramli	Ali Bayramli
146	AZ	AZ-08	Astara	Astara	Astara
147	AZ	AZ-09	Baki	Baki	Baki
148	AZ	AZ-10	Balakan	Balakan	Balakan
149	AZ	AZ-11	Barda	Barda	Barda
150	AZ	AZ-12	Beylaqan	Beylaqan	Beylaqan
151	AZ	AZ-13	Bilasuvar	Bilasuvar	Bilasuvar
152	AZ	AZ-14	Cabrayil	Cabrayil	Cabrayil
153	AZ	AZ-15	Calilabad	Calilabad	Calilabad
154	AZ	AZ-16	Daskasan	Daskasan	Daskasan
155	AZ	AZ-17	Davaci	Davaci	Davaci
156	AZ	AZ-18	Fuzuli	Fuzuli	Fuzuli
157	AZ	AZ-19	Gadabay	Gadabay	Gadabay
158	AZ	AZ-20	Ganca	Ganca	Ganca
159	AZ	AZ-21	Goranboy	Goranboy	Goranboy
160	AZ	AZ-22	Goycay	Goycay	Goycay
161	AZ	AZ-23	Haciqabul	Haciqabul	Haciqabul
162	AZ	AZ-24	Imisli	Imisli	Imisli
163	AZ	AZ-25	Ismayilli	Ismayilli	Ismayilli
164	AZ	AZ-26	Kalbacar	Kalbacar	Kalbacar
165	AZ	AZ-27	Kurdamir	Kurdamir	Kurdamir
166	AZ	AZ-28	Lacin	Lacin	Lacin
167	AZ	AZ-29	Lankaran	Lankaran	Lankaran
168	AZ	AZ-30	Lankaran	Lankaran	Lankaran
169	AZ	AZ-31	Lerik	Lerik	Lerik
170	AZ	AZ-32	Masalli	Masalli	Masalli
171	AZ	AZ-33	Mingacevir	Mingacevir	Mingacevir
172	AZ	AZ-34	Naftalan	Naftalan	Naftalan
173	AZ	AZ-35	Naxcivan	Naxcivan	Naxcivan
174	AZ	AZ-36	Neftcala	Neftcala	Neftcala
175	AZ	AZ-37	Oguz	Oguz	Oguz
176	AZ	AZ-38	Qabala	Qabala	Qabala
177	AZ	AZ-39	Qax	Qax	Qax
178	AZ	AZ-40	Qazax	Qazax	Qazax
179	AZ	AZ-41	Qobustan	Qobustan	Qobustan
180	AZ	AZ-42	Quba	Quba	Quba
181	AZ	AZ-43	Qubadli	Qubadli	Qubadli
182	AZ	AZ-44	Qusar	Qusar	Qusar
183	AZ	AZ-45	Saatli	Saatli	Saatli
184	AZ	AZ-46	Sabirabad	Sabirabad	Sabirabad
185	AZ	AZ-47	Saki	Saki	Saki
186	AZ	AZ-48	Saki	Saki	Saki
187	AZ	AZ-49	Salyan	Salyan	Salyan
188	AZ	AZ-50	Samaxi	Samaxi	Samaxi
189	AZ	AZ-51	Samkir	Samkir	Samkir
190	AZ	AZ-52	Samux	Samux	Samux
191	AZ	AZ-53	Siyazan	Siyazan	Siyazan
192	AZ	AZ-54	Sumqayit	Sumqayit	Sumqayit
193	AZ	AZ-55	Susa	Susa	Susa
194	AZ	AZ-56	Susa	Susa	Susa
195	AZ	AZ-57	Tartar	Tartar	Tartar
196	AZ	AZ-58	Tovuz	Tovuz	Tovuz
197	AZ	AZ-59	Ucar	Ucar	Ucar
198	AZ	AZ-60	Xacmaz	Xacmaz	Xacmaz
199	AZ	AZ-61	Xankandi	Xankandi	Xankandi
200	AZ	AZ-62	Xanlar	Xanlar	Xanlar
201	AZ	AZ-63	Xizi	Xizi	Xizi
202	AZ	AZ-64	Xocali	Xocali	Xocali
203	AZ	AZ-65	Xocavand	Xocavand	Xocavand
204	AZ	AZ-66	Yardimli	Yardimli	Yardimli
205	AZ	AZ-67	Yevlax	Yevlax	Yevlax
206	AZ	AZ-68	Yevlax	Yevlax	Yevlax
207	AZ	AZ-69	Zangilan	Zangilan	Zangilan
208	AZ	AZ-70	Zaqatala	Zaqatala	Zaqatala
209	AZ	AZ-71	Zardab	Zardab	Zardab
210	BA	BA-01	Federation of Bosnia and Herzegovina	Federation of Bosnia and Herzegovina	Federation of Bosnia and Herzegovina
211	BA	BA-03	Brcko District	Brcko District	Brcko District
212	BA	BA-02	Republika Srpska	Republika Srpska	Republika Srpska
213	BB	BB-01	Christ Church	Christ Church	Christ Church
214	BB	BB-02	Saint Andrew	Saint Andrew	Saint Andrew
215	BB	BB-03	Saint George	Saint George	Saint George
216	BB	BB-04	Saint James	Saint James	Saint James
217	BB	BB-05	Saint John	Saint John	Saint John
218	BB	BB-06	Saint Joseph	Saint Joseph	Saint Joseph
219	BB	BB-07	Saint Lucy	Saint Lucy	Saint Lucy
220	BB	BB-08	Saint Michael	Saint Michael	Saint Michael
221	BB	BB-09	Saint Peter	Saint Peter	Saint Peter
222	BB	BB-10	Saint Philip	Saint Philip	Saint Philip
223	BB	BB-11	Saint Thomas	Saint Thomas	Saint Thomas
224	BD	BD-81	Dhaka	Dhaka	Dhaka
225	BD	BD-82	Khulna	Khulna	Khulna
226	BD	BD-83	Rajshahi	Rajshahi	Rajshahi
227	BD	BD-84	Chittagong	Chittagong	Chittagong
228	BD	BD-85	Barisal	Barisal	Barisal
229	BD	BD-86	Sylhet	Sylhet	Sylhet
230	BD	BD-87	Rangpur	Rangpur	Rangpur
231	BE	BE-01	Antwerpen	Antwerpen	Antwerpen
232	BE	BE-03	Hainaut	Hainaut	Hainaut
233	BE	BE-04	Liege	Liege	Liege
234	BE	BE-05	Limburg	Limburg	Limburg
235	BE	BE-06	Luxembourg	Luxembourg	Luxembourg
236	BE	BE-07	Namur	Namur	Namur
237	BE	BE-08	Oost-Vlaanderen	Oost-Vlaanderen	Oost-Vlaanderen
238	BE	BE-09	West-Vlaanderen	West-Vlaanderen	West-Vlaanderen
239	BE	BE-10	Brabant Wallon	Brabant Wallon	Brabant Wallon
240	BE	BE-11	Brussels Hoofdstedelijk Gewest	Brussels Hoofdstedelijk Gewest	Brussels Hoofdstedelijk Gewest
241	BE	BE-12	Vlaams-Brabant	Vlaams-Brabant	Vlaams-Brabant
242	BE	BE-13	Flanders	Flanders	Flanders
243	BE	BE-14	Wallonia	Wallonia	Wallonia
244	BF	BF-15	Bam	Bam	Bam
245	BF	BF-19	Boulkiemde	Boulkiemde	Boulkiemde
246	BF	BF-20	Ganzourgou	Ganzourgou	Ganzourgou
247	BF	BF-21	Gnagna	Gnagna	Gnagna
248	BF	BF-28	Kouritenga	Kouritenga	Kouritenga
249	BF	BF-33	Oudalan	Oudalan	Oudalan
250	BF	BF-34	Passore	Passore	Passore
251	BF	BF-36	Sanguie	Sanguie	Sanguie
252	BF	BF-40	Soum	Soum	Soum
253	BF	BF-42	Tapoa	Tapoa	Tapoa
254	BF	BF-44	Zoundweogo	Zoundweogo	Zoundweogo
255	BF	BF-45	Bale	Bale	Bale
256	BF	BF-46	Banwa	Banwa	Banwa
257	BF	BF-47	Bazega	Bazega	Bazega
258	BF	BF-48	Bougouriba	Bougouriba	Bougouriba
259	BF	BF-49	Boulgou	Boulgou	Boulgou
260	BF	BF-50	Gourma	Gourma	Gourma
261	BF	BF-51	Houet	Houet	Houet
262	BF	BF-52	Ioba	Ioba	Ioba
263	BF	BF-53	Kadiogo	Kadiogo	Kadiogo
264	BF	BF-54	Kenedougou	Kenedougou	Kenedougou
265	BF	BF-55	Komoe	Komoe	Komoe
266	BF	BF-56	Komondjari	Komondjari	Komondjari
267	BF	BF-57	Kompienga	Kompienga	Kompienga
268	BF	BF-58	Kossi	Kossi	Kossi
269	BF	BF-59	Koulpelogo	Koulpelogo	Koulpelogo
270	BF	BF-60	Kourweogo	Kourweogo	Kourweogo
271	BF	BF-61	Leraba	Leraba	Leraba
272	BF	BF-62	Loroum	Loroum	Loroum
273	BF	BF-63	Mouhoun	Mouhoun	Mouhoun
274	BF	BF-64	Namentenga	Namentenga	Namentenga
275	BF	BF-65	Naouri	Naouri	Naouri
276	BF	BF-66	Nayala	Nayala	Nayala
277	BF	BF-67	Noumbiel	Noumbiel	Noumbiel
278	BF	BF-68	Oubritenga	Oubritenga	Oubritenga
279	BF	BF-69	Poni	Poni	Poni
280	BF	BF-70	Sanmatenga	Sanmatenga	Sanmatenga
281	BF	BF-71	Seno	Seno	Seno
282	BF	BF-72	Sissili	Sissili	Sissili
283	BF	BF-73	Sourou	Sourou	Sourou
284	BF	BF-74	Tuy	Tuy	Tuy
285	BF	BF-75	Yagha	Yagha	Yagha
286	BF	BF-76	Yatenga	Yatenga	Yatenga
287	BF	BF-77	Ziro	Ziro	Ziro
288	BF	BF-78	Zondoma	Zondoma	Zondoma
289	BG	BG-33	Mikhaylovgrad	Mikhaylovgrad	Mikhaylovgrad
290	BG	BG-38	Blagoevgrad	Blagoevgrad	Blagoevgrad
291	BG	BG-39	Burgas	Burgas	Burgas
292	BG	BG-40	Dobrich	Dobrich	Dobrich
293	BG	BG-41	Gabrovo	Gabrovo	Gabrovo
294	BG	BG-42	Grad Sofiya	Grad Sofiya	Grad Sofiya
295	BG	BG-43	Khaskovo	Khaskovo	Khaskovo
296	BG	BG-44	Kurdzhali	Kurdzhali	Kurdzhali
297	BG	BG-45	Kyustendil	Kyustendil	Kyustendil
298	BG	BG-46	Lovech	Lovech	Lovech
299	BG	BG-47	Montana	Montana	Montana
300	BG	BG-48	Pazardzhik	Pazardzhik	Pazardzhik
301	BG	BG-49	Pernik	Pernik	Pernik
302	BG	BG-50	Pleven	Pleven	Pleven
303	BG	BG-51	Plovdiv	Plovdiv	Plovdiv
304	BG	BG-52	Razgrad	Razgrad	Razgrad
305	BG	BG-53	Ruse	Ruse	Ruse
306	BG	BG-54	Shumen	Shumen	Shumen
307	BG	BG-55	Silistra	Silistra	Silistra
308	BG	BG-56	Sliven	Sliven	Sliven
309	BG	BG-57	Smolyan	Smolyan	Smolyan
310	BG	BG-58	Sofiya	Sofiya	Sofiya
311	BG	BG-59	Stara Zagora	Stara Zagora	Stara Zagora
312	BG	BG-60	Turgovishte	Turgovishte	Turgovishte
313	BG	BG-61	Varna	Varna	Varna
314	BG	BG-62	Veliko Turnovo	Veliko Turnovo	Veliko Turnovo
315	BG	BG-63	Vidin	Vidin	Vidin
316	BG	BG-64	Vratsa	Vratsa	Vratsa
317	BG	BG-65	Yambol	Yambol	Yambol
318	BH	BH-01	Al Hadd	Al Hadd	Al Hadd
319	BH	BH-02	Al Manamah	Al Manamah	Al Manamah
320	BH	BH-05	Jidd Hafs	Jidd Hafs	Jidd Hafs
321	BH	BH-06	Sitrah	Sitrah	Sitrah
322	BH	BH-08	Al Mintaqah al Gharbiyah	Al Mintaqah al Gharbiyah	Al Mintaqah al Gharbiyah
323	BH	BH-09	Mintaqat Juzur Hawar	Mintaqat Juzur Hawar	Mintaqat Juzur Hawar
324	BH	BH-10	Al Mintaqah ash Shamaliyah	Al Mintaqah ash Shamaliyah	Al Mintaqah ash Shamaliyah
325	BH	BH-11	Al Mintaqah al Wusta	Al Mintaqah al Wusta	Al Mintaqah al Wusta
326	BH	BH-12	Madinat	Madinat	Madinat
327	BH	BH-13	Ar Rifa	Ar Rifa	Ar Rifa
328	BH	BH-14	Madinat Hamad	Madinat Hamad	Madinat Hamad
329	BH	BH-15	Al Muharraq	Al Muharraq	Al Muharraq
330	BH	BH-16	Al Asimah	Al Asimah	Al Asimah
331	BH	BH-17	Al Janubiyah	Al Janubiyah	Al Janubiyah
332	BH	BH-18	Ash Shamaliyah	Ash Shamaliyah	Ash Shamaliyah
333	BH	BH-19	Al Wusta	Al Wusta	Al Wusta
334	BI	BI-02	Bujumbura	Bujumbura	Bujumbura
335	BI	BI-09	Bubanza	Bubanza	Bubanza
336	BI	BI-10	Bururi	Bururi	Bururi
337	BI	BI-11	Cankuzo	Cankuzo	Cankuzo
338	BI	BI-12	Cibitoke	Cibitoke	Cibitoke
339	BI	BI-13	Gitega	Gitega	Gitega
340	BI	BI-14	Karuzi	Karuzi	Karuzi
341	BI	BI-15	Kayanza	Kayanza	Kayanza
342	BI	BI-16	Kirundo	Kirundo	Kirundo
343	BI	BI-17	Makamba	Makamba	Makamba
344	BI	BI-18	Muyinga	Muyinga	Muyinga
345	BI	BI-19	Ngozi	Ngozi	Ngozi
346	BI	BI-20	Rutana	Rutana	Rutana
347	BI	BI-21	Ruyigi	Ruyigi	Ruyigi
348	BI	BI-22	Muramvya	Muramvya	Muramvya
349	BI	BI-23	Mwaro	Mwaro	Mwaro
350	BJ	BJ-07	Alibori	Alibori	Alibori
351	BJ	BJ-08	Atakora	Atakora	Atakora
352	BJ	BJ-09	Atlanyique	Atlanyique	Atlanyique
353	BJ	BJ-10	Borgou	Borgou	Borgou
354	BJ	BJ-11	Collines	Collines	Collines
355	BJ	BJ-12	Kouffo	Kouffo	Kouffo
356	BJ	BJ-13	Donga	Donga	Donga
357	BJ	BJ-14	Littoral	Littoral	Littoral
358	BJ	BJ-15	Mono	Mono	Mono
359	BJ	BJ-16	Oueme	Oueme	Oueme
360	BJ	BJ-17	Plateau	Plateau	Plateau
361	BJ	BJ-18	Zou	Zou	Zou
362	BM	BM-01	Devonshire	Devonshire	Devonshire
363	BM	BM-02	Hamilton	Hamilton	Hamilton
364	BM	BM-03	Hamilton	Hamilton	Hamilton
365	BM	BM-04	Paget	Paget	Paget
366	BM	BM-05	Pembroke	Pembroke	Pembroke
367	BM	BM-06	Saint George	Saint George	Saint George
368	BM	BM-07	Saint Georges	Saint Georges	Saint Georges
369	BM	BM-08	Sandys	Sandys	Sandys
370	BM	BM-09	Smiths	Smiths	Smiths
371	BM	BM-10	Southampton	Southampton	Southampton
372	BM	BM-11	Warwick	Warwick	Warwick
373	BN	BN-07	Alibori	Alibori	Alibori
374	BN	BN-08	Belait	Belait	Belait
375	BN	BN-09	Brunei and Muara	Brunei and Muara	Brunei and Muara
376	BN	BN-10	Temburong	Temburong	Temburong
377	BN	BN-11	Collines	Collines	Collines
378	BN	BN-12	Kouffo	Kouffo	Kouffo
379	BN	BN-13	Donga	Donga	Donga
380	BN	BN-14	Littoral	Littoral	Littoral
381	BN	BN-15	Tutong	Tutong	Tutong
382	BN	BN-16	Oueme	Oueme	Oueme
383	BN	BN-17	Plateau	Plateau	Plateau
384	BN	BN-18	Zou	Zou	Zou
385	BO	BO-01	Chuquisaca	Chuquisaca	Chuquisaca
386	BO	BO-02	Cochabamba	Cochabamba	Cochabamba
387	BO	BO-03	El Beni	El Beni	El Beni
388	BO	BO-04	La Paz	La Paz	La Paz
389	BO	BO-05	Oruro	Oruro	Oruro
390	BO	BO-06	Pando	Pando	Pando
391	BO	BO-07	Potosi	Potosi	Potosi
392	BO	BO-08	Santa Cruz	Santa Cruz	Santa Cruz
393	BO	BO-09	Tarija	Tarija	Tarija
394	BR	BR-01	Acre	Acre	Acre
395	BR	BR-02	Alagoas	Alagoas	Alagoas
396	BR	BR-03	Amapa	Amapa	Amapa
397	BR	BR-04	Amazonas	Amazonas	Amazonas
398	BR	BR-05	Bahia	Bahia	Bahia
399	BR	BR-06	Ceara	Ceara	Ceara
400	BR	BR-07	Distrito Federal	Distrito Federal	Distrito Federal
401	BR	BR-08	Espirito Santo	Espirito Santo	Espirito Santo
402	BR	BR-11	Mato Grosso do Sul	Mato Grosso do Sul	Mato Grosso do Sul
403	BR	BR-13	Maranhao	Maranhao	Maranhao
404	BR	BR-14	Mato Grosso	Mato Grosso	Mato Grosso
405	BR	BR-15	Minas Gerais	Minas Gerais	Minas Gerais
406	BR	BR-16	Para	Para	Para
407	BR	BR-17	Paraiba	Paraiba	Paraiba
408	BR	BR-18	Parana	Parana	Parana
409	BR	BR-20	Piaui	Piaui	Piaui
410	BR	BR-21	Rio de Janeiro	Rio de Janeiro	Rio de Janeiro
411	BR	BR-22	Rio Grande do Norte	Rio Grande do Norte	Rio Grande do Norte
412	BR	BR-23	Rio Grande do Sul	Rio Grande do Sul	Rio Grande do Sul
413	BR	BR-24	Rondonia	Rondonia	Rondonia
414	BR	BR-25	Roraima	Roraima	Roraima
415	BR	BR-26	Santa Catarina	Santa Catarina	Santa Catarina
416	BR	BR-27	Sao Paulo	Sao Paulo	Sao Paulo
417	BR	BR-28	Sergipe	Sergipe	Sergipe
418	BR	BR-29	Goias	Goias	Goias
419	BR	BR-30	Pernambuco	Pernambuco	Pernambuco
420	BR	BR-31	Tocantins	Tocantins	Tocantins
421	BS	BS-05	Bimini	Bimini	Bimini
422	BS	BS-06	Cat Island	Cat Island	Cat Island
423	BS	BS-10	Exuma	Exuma	Exuma
424	BS	BS-13	Inagua	Inagua	Inagua
425	BS	BS-15	Long Island	Long Island	Long Island
426	BS	BS-16	Mayaguana	Mayaguana	Mayaguana
427	BS	BS-18	Ragged Island	Ragged Island	Ragged Island
428	BS	BS-22	Harbour Island	Harbour Island	Harbour Island
429	BS	BS-23	New Providence	New Providence	New Providence
430	BS	BS-24	Acklins and Crooked Islands	Acklins and Crooked Islands	Acklins and Crooked Islands
431	BS	BS-25	Freeport	Freeport	Freeport
432	BS	BS-26	Fresh Creek	Fresh Creek	Fresh Creek
433	BS	BS-27	Governors Harbour	Governors Harbour	Governors Harbour
434	BS	BS-28	Green Turtle Cay	Green Turtle Cay	Green Turtle Cay
435	BS	BS-29	High Rock	High Rock	High Rock
436	BS	BS-30	Kemps Bay	Kemps Bay	Kemps Bay
437	BS	BS-31	Marsh Harbour	Marsh Harbour	Marsh Harbour
438	BS	BS-32	Nichollstown and Berry Islands	Nichollstown and Berry Islands	Nichollstown and Berry Islands
439	BS	BS-33	Rock Sound	Rock Sound	Rock Sound
440	BS	BS-34	Sandy Point	Sandy Point	Sandy Point
441	BS	BS-35	San Salvador and Rum Cay	San Salvador and Rum Cay	San Salvador and Rum Cay
442	BT	BT-05	Bumthang	Bumthang	Bumthang
443	BT	BT-06	Chhukha	Chhukha	Chhukha
444	BT	BT-07	Chirang	Chirang	Chirang
445	BT	BT-08	Daga	Daga	Daga
446	BT	BT-09	Geylegphug	Geylegphug	Geylegphug
447	BT	BT-10	Ha	Ha	Ha
448	BT	BT-11	Lhuntshi	Lhuntshi	Lhuntshi
449	BT	BT-12	Mongar	Mongar	Mongar
450	BT	BT-13	Paro	Paro	Paro
451	BT	BT-14	Pemagatsel	Pemagatsel	Pemagatsel
452	BT	BT-15	Punakha	Punakha	Punakha
453	BT	BT-16	Samchi	Samchi	Samchi
454	BT	BT-17	Samdrup	Samdrup	Samdrup
455	BT	BT-18	Shemgang	Shemgang	Shemgang
456	BT	BT-19	Tashigang	Tashigang	Tashigang
457	BT	BT-20	Thimphu	Thimphu	Thimphu
458	BT	BT-21	Tongsa	Tongsa	Tongsa
459	BT	BT-22	Wangdi Phodrang	Wangdi Phodrang	Wangdi Phodrang
460	BW	BW-01	Central	Central	Central
461	BW	BW-03	Ghanzi	Ghanzi	Ghanzi
462	BW	BW-04	Kgalagadi	Kgalagadi	Kgalagadi
463	BW	BW-05	Kgatleng	Kgatleng	Kgatleng
464	BW	BW-06	Kweneng	Kweneng	Kweneng
465	BW	BW-08	North-East	North-East	North-East
466	BW	BW-09	South-East	South-East	South-East
467	BW	BW-10	Southern	Southern	Southern
468	BW	BW-11	North-West	North-West	North-West
469	BY	BY-01	Brestskaya Voblasts	Бресткая область	Brestskaya Voblasts
470	BY	BY-02	Homyelskaya Voblasts	Гомельская область	Homyelskaya Voblasts
471	BY	BY-03	Hrodzyenskaya Voblasts	Гродненская область	Hrodzyenskaya Voblasts
472	BY	BY-04	Minsk	Минск	Minsk
473	BY	BY-05	Minskaya Voblasts	Минская область	Minskaya Voblasts
474	BY	BY-06	Mahilyowskaya Voblasts	Могилёвская область	Mahilyowskaya Voblasts
475	BY	BY-07	Vitsyebskaya Voblasts	Витебская область	Vitsyebskaya Voblasts
476	BZ	BZ-01	Belize	Belize	Belize
477	BZ	BZ-02	Cayo	Cayo	Cayo
478	BZ	BZ-03	Corozal	Corozal	Corozal
479	BZ	BZ-04	Orange Walk	Orange Walk	Orange Walk
480	BZ	BZ-05	Stann Creek	Stann Creek	Stann Creek
481	BZ	BZ-06	Toledo	Toledo	Toledo
482	CA	CA-AB	Alberta	Alberta	Alberta
483	CA	CA-BC	British Columbia	British Columbia	British Columbia
484	CA	CA-MB	Manitoba	Manitoba	Manitoba
485	CA	CA-NB	New Brunswick	New Brunswick	New Brunswick
486	CA	CA-NL	Newfoundland	Newfoundland	Newfoundland
487	CA	CA-NS	Nova Scotia	Nova Scotia	Nova Scotia
488	CA	CA-NT	Northwest Territories	Northwest Territories	Northwest Territories
489	CA	CA-NU	Nunavut	Nunavut	Nunavut
490	CA	CA-ON	Ontario	Ontario	Ontario
491	CA	CA-PE	Prince Edward Island	Prince Edward Island	Prince Edward Island
492	CA	CA-QC	Quebec	Quebec	Quebec
493	CA	CA-SK	Saskatchewan	Saskatchewan	Saskatchewan
494	CA	CA-YT	Yukon Territory	Yukon Territory	Yukon Territory
495	CD	CD-01	Bandundu	Bandundu	Bandundu
496	CD	CD-02	Equateur	Equateur	Equateur
497	CD	CD-04	Kasai-Oriental	Kasai-Oriental	Kasai-Oriental
498	CD	CD-05	Katanga	Katanga	Katanga
499	CD	CD-06	Kinshasa	Kinshasa	Kinshasa
500	CD	CD-08	Bas-Congo	Bas-Congo	Bas-Congo
501	CD	CD-09	Orientale	Orientale	Orientale
502	CD	CD-10	Maniema	Maniema	Maniema
503	CD	CD-11	Nord-Kivu	Nord-Kivu	Nord-Kivu
504	CD	CD-12	Sud-Kivu	Sud-Kivu	Sud-Kivu
505	CF	CF-01	Bamingui-Bangoran	Bamingui-Bangoran	Bamingui-Bangoran
506	CF	CF-02	Basse-Kotto	Basse-Kotto	Basse-Kotto
507	CF	CF-03	Haute-Kotto	Haute-Kotto	Haute-Kotto
508	CF	CF-04	Mambere-Kadei	Mambere-Kadei	Mambere-Kadei
509	CF	CF-05	Haut-Mbomou	Haut-Mbomou	Haut-Mbomou
510	CF	CF-06	Kemo	Kemo	Kemo
511	CF	CF-07	Lobaye	Lobaye	Lobaye
512	CF	CF-08	Mbomou	Mbomou	Mbomou
513	CF	CF-09	Nana-Mambere	Nana-Mambere	Nana-Mambere
514	CF	CF-11	Ouaka	Ouaka	Ouaka
515	CF	CF-12	Ouham	Ouham	Ouham
516	CF	CF-13	Ouham-Pende	Ouham-Pende	Ouham-Pende
517	CF	CF-14	Cuvette-Ouest	Cuvette-Ouest	Cuvette-Ouest
518	CF	CF-15	Nana-Grebizi	Nana-Grebizi	Nana-Grebizi
519	CF	CF-16	Sangha-Mbaere	Sangha-Mbaere	Sangha-Mbaere
520	CF	CF-17	Ombella-Mpoko	Ombella-Mpoko	Ombella-Mpoko
521	CF	CF-18	Bangui	Bangui	Bangui
522	CG	CG-01	Bouenza	Bouenza	Bouenza
523	CG	CG-04	Kouilou	Kouilou	Kouilou
524	CG	CG-05	Lekoumou	Lekoumou	Lekoumou
525	CG	CG-06	Likouala	Likouala	Likouala
526	CG	CG-07	Niari	Niari	Niari
527	CG	CG-08	Plateaux	Plateaux	Plateaux
528	CG	CG-10	Sangha	Sangha	Sangha
529	CG	CG-11	Pool	Pool	Pool
530	CG	CG-12	Brazzaville	Brazzaville	Brazzaville
531	CG	CG-13	Cuvette	Cuvette	Cuvette
532	CG	CG-14	Cuvette-Ouest	Cuvette-Ouest	Cuvette-Ouest
533	CH	CH-01	Aargau	Aargau	Aargau
534	CH	CH-02	Ausser-Rhoden	Ausser-Rhoden	Ausser-Rhoden
535	CH	CH-03	Basel-Landschaft	Basel-Landschaft	Basel-Landschaft
536	CH	CH-04	Basel-Stadt	Basel-Stadt	Basel-Stadt
537	CH	CH-05	Bern	Bern	Bern
538	CH	CH-06	Fribourg	Fribourg	Fribourg
539	CH	CH-07	Geneve	Geneve	Geneve
540	CH	CH-08	Glarus	Glarus	Glarus
541	CH	CH-09	Graubunden	Graubunden	Graubunden
542	CH	CH-10	Inner-Rhoden	Inner-Rhoden	Inner-Rhoden
543	CH	CH-11	Luzern	Luzern	Luzern
544	CH	CH-12	Neuchatel	Neuchatel	Neuchatel
545	CH	CH-13	Nidwalden	Nidwalden	Nidwalden
546	CH	CH-14	Obwalden	Obwalden	Obwalden
547	CH	CH-15	Sankt Gallen	Sankt Gallen	Sankt Gallen
548	CH	CH-16	Schaffhausen	Schaffhausen	Schaffhausen
549	CH	CH-17	Schwyz	Schwyz	Schwyz
550	CH	CH-18	Solothurn	Solothurn	Solothurn
551	CH	CH-19	Thurgau	Thurgau	Thurgau
552	CH	CH-20	Ticino	Ticino	Ticino
553	CH	CH-21	Uri	Uri	Uri
554	CH	CH-22	Valais	Valais	Valais
555	CH	CH-23	Vaud	Vaud	Vaud
556	CH	CH-24	Zug	Zug	Zug
557	CH	CH-25	Zurich	Zurich	Zurich
558	CH	CH-26	Jura	Jura	Jura
559	CI	CI-74	Agneby	Agneby	Agneby
560	CI	CI-75	Bafing	Bafing	Bafing
561	CI	CI-76	Bas-Sassandra	Bas-Sassandra	Bas-Sassandra
562	CI	CI-77	Denguele	Denguele	Denguele
563	CI	CI-78	Dix-Huit Montagnes	Dix-Huit Montagnes	Dix-Huit Montagnes
564	CI	CI-79	Fromager	Fromager	Fromager
565	CI	CI-80	Haut-Sassandra	Haut-Sassandra	Haut-Sassandra
566	CI	CI-81	Lacs	Lacs	Lacs
567	CI	CI-82	Lagunes	Lagunes	Lagunes
568	CI	CI-83	Marahoue	Marahoue	Marahoue
569	CI	CI-84	Moyen-Cavally	Moyen-Cavally	Moyen-Cavally
570	CI	CI-85	Moyen-Comoe	Moyen-Comoe	Moyen-Comoe
571	CI	CI-86	Nzi-Comoe	Nzi-Comoe	Nzi-Comoe
572	CI	CI-87	Savanes	Savanes	Savanes
573	CI	CI-88	Sud-Bandama	Sud-Bandama	Sud-Bandama
574	CI	CI-89	Sud-Comoe	Sud-Comoe	Sud-Comoe
575	CI	CI-90	Vallee du Bandama	Vallee du Bandama	Vallee du Bandama
576	CI	CI-91	Worodougou	Worodougou	Worodougou
577	CI	CI-92	Zanzan	Zanzan	Zanzan
578	CL	CL-01	Valparaiso	Valparaiso	Valparaiso
579	CL	CL-02	Aisen del General Carlos Ibanez del Campo	Aisen del General Carlos Ibanez del Campo	Aisen del General Carlos Ibanez del Campo
580	CL	CL-03	Antofagasta	Antofagasta	Antofagasta
581	CL	CL-04	Araucania	Araucania	Araucania
582	CL	CL-05	Atacama	Atacama	Atacama
583	CL	CL-06	Bio-Bio	Bio-Bio	Bio-Bio
584	CL	CL-07	Coquimbo	Coquimbo	Coquimbo
585	CL	CL-08	Libertador General Bernardo OHiggins	Libertador General Bernardo OHiggins	Libertador General Bernardo OHiggins
586	CL	CL-09	Los Lagos	Los Lagos	Los Lagos
587	CL	CL-10	Magallanes y de la Antartica Chilena	Magallanes y de la Antartica Chilena	Magallanes y de la Antartica Chilena
588	CL	CL-11	Maule	Maule	Maule
589	CL	CL-12	Region Metropolitana	Region Metropolitana	Region Metropolitana
590	CL	CL-13	Tarapaca	Tarapaca	Tarapaca
591	CL	CL-14	Los Lagos	Los Lagos	Los Lagos
592	CL	CL-15	Tarapaca	Tarapaca	Tarapaca
593	CL	CL-16	Arica y Parinacota	Arica y Parinacota	Arica y Parinacota
594	CL	CL-17	Los Rios	Los Rios	Los Rios
595	CM	CM-04	Est	Est	Est
596	CM	CM-05	Littoral	Littoral	Littoral
597	CM	CM-07	Nord-Ouest	Nord-Ouest	Nord-Ouest
598	CM	CM-08	Ouest	Ouest	Ouest
599	CM	CM-09	Sud-Ouest	Sud-Ouest	Sud-Ouest
600	CM	CM-10	Adamaoua	Adamaoua	Adamaoua
601	CM	CM-11	Centre	Centre	Centre
602	CM	CM-12	Extreme-Nord	Extreme-Nord	Extreme-Nord
603	CM	CM-13	Nord	Nord	Nord
604	CM	CM-14	Sud	Sud	Sud
605	CN	CN-01	Anhui	Anhui	Anhui
606	CN	CN-02	Zhejiang	Zhejiang	Zhejiang
607	CN	CN-03	Jiangxi	Jiangxi	Jiangxi
608	CN	CN-04	Jiangsu	Jiangsu	Jiangsu
609	CN	CN-05	Jilin	Jilin	Jilin
610	CN	CN-06	Qinghai	Qinghai	Qinghai
611	CN	CN-07	Fujian	Fujian	Fujian
612	CN	CN-08	Heilongjiang	Heilongjiang	Heilongjiang
613	CN	CN-09	Henan	Henan	Henan
614	CN	CN-10	Hebei	Hebei	Hebei
615	CN	CN-11	Hunan	Hunan	Hunan
616	CN	CN-12	Hubei	Hubei	Hubei
617	CN	CN-13	Xinjiang	Xinjiang	Xinjiang
618	CN	CN-14	Xizang	Xizang	Xizang
619	CN	CN-15	Gansu	Gansu	Gansu
620	CN	CN-16	Guangxi	Guangxi	Guangxi
621	CN	CN-18	Guizhou	Guizhou	Guizhou
622	CN	CN-19	Liaoning	Liaoning	Liaoning
623	CN	CN-20	Nei Mongol	Nei Mongol	Nei Mongol
624	CN	CN-21	Ningxia	Ningxia	Ningxia
625	CN	CN-22	Beijing	Beijing	Beijing
626	CN	CN-23	Shanghai	Shanghai	Shanghai
627	CN	CN-24	Shanxi	Shanxi	Shanxi
628	CN	CN-25	Shandong	Shandong	Shandong
629	CN	CN-26	Shaanxi	Shaanxi	Shaanxi
630	CN	CN-28	Tianjin	Tianjin	Tianjin
631	CN	CN-29	Yunnan	Yunnan	Yunnan
632	CN	CN-30	Guangdong	Guangdong	Guangdong
633	CN	CN-31	Hainan	Hainan	Hainan
634	CN	CN-32	Sichuan	Sichuan	Sichuan
635	CN	CN-33	Chongqing	Chongqing	Chongqing
636	CO	CO-01	Amazonas	Amazonas	Amazonas
637	CO	CO-02	Antioquia	Antioquia	Antioquia
638	CO	CO-03	Arauca	Arauca	Arauca
639	CO	CO-04	Atlantico	Atlantico	Atlantico
640	CO	CO-08	Caqueta	Caqueta	Caqueta
641	CO	CO-09	Cauca	Cauca	Cauca
642	CO	CO-10	Cesar	Cesar	Cesar
643	CO	CO-11	Choco	Choco	Choco
644	CO	CO-12	Cordoba	Cordoba	Cordoba
645	CO	CO-14	Guaviare	Guaviare	Guaviare
646	CO	CO-15	Guainia	Guainia	Guainia
647	CO	CO-16	Huila	Huila	Huila
648	CO	CO-17	La Guajira	La Guajira	La Guajira
649	CO	CO-19	Meta	Meta	Meta
650	CO	CO-20	Narino	Narino	Narino
651	CO	CO-21	Norte de Santander	Norte de Santander	Norte de Santander
652	CO	CO-22	Putumayo	Putumayo	Putumayo
653	CO	CO-23	Quindio	Quindio	Quindio
654	CO	CO-24	Risaralda	Risaralda	Risaralda
655	CO	CO-25	San Andres y Providencia	San Andres y Providencia	San Andres y Providencia
656	CO	CO-26	Santander	Santander	Santander
657	CO	CO-27	Sucre	Sucre	Sucre
658	CO	CO-28	Tolima	Tolima	Tolima
659	CO	CO-29	Valle del Cauca	Valle del Cauca	Valle del Cauca
660	CO	CO-30	Vaupes	Vaupes	Vaupes
661	CO	CO-31	Vichada	Vichada	Vichada
662	CO	CO-32	Casanare	Casanare	Casanare
663	CO	CO-33	Cundinamarca	Cundinamarca	Cundinamarca
664	CO	CO-34	Distrito Especial	Distrito Especial	Distrito Especial
665	CO	CO-35	Bolivar	Bolivar	Bolivar
666	CO	CO-36	Boyaca	Boyaca	Boyaca
667	CO	CO-37	Caldas	Caldas	Caldas
668	CO	CO-38	Magdalena	Magdalena	Magdalena
669	CR	CR-01	Alajuela	Alajuela	Alajuela
670	CR	CR-02	Cartago	Cartago	Cartago
671	CR	CR-03	Guanacaste	Guanacaste	Guanacaste
672	CR	CR-04	Heredia	Heredia	Heredia
673	CR	CR-06	Limon	Limon	Limon
674	CR	CR-07	Puntarenas	Puntarenas	Puntarenas
675	CR	CR-08	San Jose	San Jose	San Jose
676	CU	CU-01	Pinar del Rio	Pinar del Rio	Pinar del Rio
677	CU	CU-02	Ciudad de la Habana	Ciudad de la Habana	Ciudad de la Habana
678	CU	CU-03	Matanzas	Matanzas	Matanzas
679	CU	CU-04	Isla de la Juventud	Isla de la Juventud	Isla de la Juventud
680	CU	CU-05	Camaguey	Camaguey	Camaguey
681	CU	CU-07	Ciego de Avila	Ciego de Avila	Ciego de Avila
682	CU	CU-08	Cienfuegos	Cienfuegos	Cienfuegos
683	CU	CU-09	Granma	Granma	Granma
684	CU	CU-10	Guantanamo	Guantanamo	Guantanamo
685	CU	CU-11	La Habana	La Habana	La Habana
686	CU	CU-12	Holguin	Holguin	Holguin
687	CU	CU-13	Las Tunas	Las Tunas	Las Tunas
688	CU	CU-14	Sancti Spiritus	Sancti Spiritus	Sancti Spiritus
689	CU	CU-15	Santiago de Cuba	Santiago de Cuba	Santiago de Cuba
690	CU	CU-16	Villa Clara	Villa Clara	Villa Clara
691	CV	CV-01	Boa Vista	Boa Vista	Boa Vista
692	CV	CV-02	Brava	Brava	Brava
693	CV	CV-04	Maio	Maio	Maio
694	CV	CV-05	Paul	Paul	Paul
695	CV	CV-07	Ribeira Grande	Ribeira Grande	Ribeira Grande
696	CV	CV-08	Sal	Sal	Sal
697	CV	CV-10	Sao Nicolau	Sao Nicolau	Sao Nicolau
698	CV	CV-11	Sao Vicente	Sao Vicente	Sao Vicente
699	CV	CV-13	Mosteiros	Mosteiros	Mosteiros
700	CV	CV-14	Praia	Praia	Praia
701	CV	CV-15	Santa Catarina	Santa Catarina	Santa Catarina
702	CV	CV-16	Santa Cruz	Santa Cruz	Santa Cruz
703	CV	CV-17	Sao Domingos	Sao Domingos	Sao Domingos
704	CV	CV-18	Sao Filipe	Sao Filipe	Sao Filipe
705	CV	CV-19	Sao Miguel	Sao Miguel	Sao Miguel
706	CV	CV-20	Tarrafal	Tarrafal	Tarrafal
707	CY	CY-01	Famagusta	Famagusta	Famagusta
708	CY	CY-02	Kyrenia	Kyrenia	Kyrenia
709	CY	CY-03	Larnaca	Larnaca	Larnaca
710	CY	CY-04	Nicosia	Nicosia	Nicosia
711	CY	CY-05	Limassol	Limassol	Limassol
712	CY	CY-06	Paphos	Paphos	Paphos
713	CZ	CZ-52	Hlavni mesto Praha	Hlavni mesto Praha	Hlavni mesto Praha
714	CZ	CZ-78	Jihomoravsky kraj	Jihomoravsky kraj	Jihomoravsky kraj
715	CZ	CZ-79	Jihocesky kraj	Jihocesky kraj	Jihocesky kraj
716	CZ	CZ-80	Vysocina	Vysocina	Vysocina
717	CZ	CZ-81	Karlovarsky kraj	Karlovarsky kraj	Karlovarsky kraj
718	CZ	CZ-82	Kralovehradecky kraj	Kralovehradecky kraj	Kralovehradecky kraj
719	CZ	CZ-83	Liberecky kraj	Liberecky kraj	Liberecky kraj
720	CZ	CZ-84	Olomoucky kraj	Olomoucky kraj	Olomoucky kraj
721	CZ	CZ-85	Moravskoslezsky kraj	Moravskoslezsky kraj	Moravskoslezsky kraj
722	CZ	CZ-86	Pardubicky kraj	Pardubicky kraj	Pardubicky kraj
723	CZ	CZ-87	Plzensky kraj	Plzensky kraj	Plzensky kraj
724	CZ	CZ-88	Stredocesky kraj	Stredocesky kraj	Stredocesky kraj
725	CZ	CZ-89	Ustecky kraj	Ustecky kraj	Ustecky kraj
726	CZ	CZ-90	Zlinsky kraj	Zlinsky kraj	Zlinsky kraj
727	DE	DE-01	Baden-Wurttemberg	Baden-Wurttemberg	Baden-Wurttemberg
728	DE	DE-02	Bayern	Bayern	Bayern
729	DE	DE-03	Bremen	Bremen	Bremen
730	DE	DE-04	Hamburg	Hamburg	Hamburg
731	DE	DE-05	Hessen	Hessen	Hessen
732	DE	DE-06	Niedersachsen	Niedersachsen	Niedersachsen
733	DE	DE-07	Nordrhein-Westfalen	Nordrhein-Westfalen	Nordrhein-Westfalen
734	DE	DE-08	Rheinland-Pfalz	Rheinland-Pfalz	Rheinland-Pfalz
735	DE	DE-09	Saarland	Saarland	Saarland
736	DE	DE-10	Schleswig-Holstein	Schleswig-Holstein	Schleswig-Holstein
737	DE	DE-11	Brandenburg	Brandenburg	Brandenburg
738	DE	DE-12	Mecklenburg-Vorpommern	Mecklenburg-Vorpommern	Mecklenburg-Vorpommern
739	DE	DE-13	Sachsen	Sachsen	Sachsen
740	DE	DE-14	Sachsen-Anhalt	Sachsen-Anhalt	Sachsen-Anhalt
741	DE	DE-15	Thuringen	Thuringen	Thuringen
742	DE	DE-16	Berlin	Berlin	Berlin
743	DJ	DJ-01	Ali Sabieh	Ali Sabieh	Ali Sabieh
744	DJ	DJ-04	Obock	Obock	Obock
745	DJ	DJ-05	Tadjoura	Tadjoura	Tadjoura
746	DJ	DJ-06	Dikhil	Dikhil	Dikhil
747	DJ	DJ-07	Djibouti	Djibouti	Djibouti
748	DJ	DJ-08	Arta	Arta	Arta
749	DK	DK-17	Hovedstaden	Hovedstaden	Hovedstaden
750	DK	DK-18	Midtjylland	Midtjylland	Midtjylland
751	DK	DK-19	Nordjylland	Nordjylland	Nordjylland
752	DK	DK-20	Sjelland	Sjelland	Sjelland
753	DK	DK-21	Syddanmark	Syddanmark	Syddanmark
754	DM	DM-02	Saint Andrew	Saint Andrew	Saint Andrew
755	DM	DM-03	Saint David	Saint David	Saint David
756	DM	DM-04	Saint George	Saint George	Saint George
757	DM	DM-05	Saint John	Saint John	Saint John
758	DM	DM-06	Saint Joseph	Saint Joseph	Saint Joseph
759	DM	DM-07	Saint Luke	Saint Luke	Saint Luke
760	DM	DM-08	Saint Mark	Saint Mark	Saint Mark
761	DM	DM-09	Saint Patrick	Saint Patrick	Saint Patrick
762	DM	DM-10	Saint Paul	Saint Paul	Saint Paul
763	DM	DM-11	Saint Peter	Saint Peter	Saint Peter
764	DO	DO-01	Azua	Azua	Azua
765	DO	DO-02	Baoruco	Baoruco	Baoruco
766	DO	DO-03	Barahona	Barahona	Barahona
767	DO	DO-04	Dajabon	Dajabon	Dajabon
768	DO	DO-05	Distrito Nacional	Distrito Nacional	Distrito Nacional
769	DO	DO-06	Duarte	Duarte	Duarte
770	DO	DO-08	Espaillat	Espaillat	Espaillat
771	DO	DO-09	Independencia	Independencia	Independencia
772	DO	DO-10	La Altagracia	La Altagracia	La Altagracia
773	DO	DO-11	Elias Pina	Elias Pina	Elias Pina
774	DO	DO-12	La Romana	La Romana	La Romana
775	DO	DO-14	Maria Trinidad Sanchez	Maria Trinidad Sanchez	Maria Trinidad Sanchez
776	DO	DO-15	Monte Cristi	Monte Cristi	Monte Cristi
777	DO	DO-16	Pedernales	Pedernales	Pedernales
778	DO	DO-17	Peravia	Peravia	Peravia
779	DO	DO-18	Puerto Plata	Puerto Plata	Puerto Plata
780	DO	DO-19	Salcedo	Salcedo	Salcedo
781	DO	DO-20	Samana	Samana	Samana
782	DO	DO-21	Sanchez Ramirez	Sanchez Ramirez	Sanchez Ramirez
783	DO	DO-23	San Juan	San Juan	San Juan
784	DO	DO-24	San Pedro De Macoris	San Pedro De Macoris	San Pedro De Macoris
785	DO	DO-25	Santiago	Santiago	Santiago
786	DO	DO-26	Santiago Rodriguez	Santiago Rodriguez	Santiago Rodriguez
787	DO	DO-27	Valverde	Valverde	Valverde
788	DO	DO-28	El Seibo	El Seibo	El Seibo
789	DO	DO-29	Hato Mayor	Hato Mayor	Hato Mayor
790	DO	DO-30	La Vega	La Vega	La Vega
791	DO	DO-31	Monsenor Nouel	Monsenor Nouel	Monsenor Nouel
792	DO	DO-32	Monte Plata	Monte Plata	Monte Plata
793	DO	DO-33	San Cristobal	San Cristobal	San Cristobal
794	DO	DO-34	Distrito Nacional	Distrito Nacional	Distrito Nacional
795	DO	DO-35	Peravia	Peravia	Peravia
796	DO	DO-36	San Jose de Ocoa	San Jose de Ocoa	San Jose de Ocoa
797	DO	DO-37	Santo Domingo	Santo Domingo	Santo Domingo
798	DZ	DZ-01	Alger	Alger	Alger
799	DZ	DZ-03	Batna	Batna	Batna
800	DZ	DZ-04	Constantine	Constantine	Constantine
801	DZ	DZ-06	Medea	Medea	Medea
802	DZ	DZ-07	Mostaganem	Mostaganem	Mostaganem
803	DZ	DZ-09	Oran	Oran	Oran
804	DZ	DZ-10	Saida	Saida	Saida
805	DZ	DZ-12	Setif	Setif	Setif
806	DZ	DZ-13	Tiaret	Tiaret	Tiaret
807	DZ	DZ-14	Tizi Ouzou	Tizi Ouzou	Tizi Ouzou
808	DZ	DZ-15	Tlemcen	Tlemcen	Tlemcen
809	DZ	DZ-18	Bejaia	Bejaia	Bejaia
810	DZ	DZ-19	Biskra	Biskra	Biskra
811	DZ	DZ-20	Blida	Blida	Blida
812	DZ	DZ-21	Bouira	Bouira	Bouira
813	DZ	DZ-22	Djelfa	Djelfa	Djelfa
814	DZ	DZ-23	Guelma	Guelma	Guelma
815	DZ	DZ-24	Jijel	Jijel	Jijel
816	DZ	DZ-25	Laghouat	Laghouat	Laghouat
817	DZ	DZ-26	Mascara	Mascara	Mascara
818	DZ	DZ-27	Msila	Msila	Msila
819	DZ	DZ-29	Oum el Bouaghi	Oum el Bouaghi	Oum el Bouaghi
820	DZ	DZ-30	Sidi Bel Abbes	Sidi Bel Abbes	Sidi Bel Abbes
821	DZ	DZ-31	Skikda	Skikda	Skikda
822	DZ	DZ-33	Tebessa	Tebessa	Tebessa
823	DZ	DZ-34	Adrar	Adrar	Adrar
824	DZ	DZ-35	Ain Defla	Ain Defla	Ain Defla
825	DZ	DZ-36	Ain Temouchent	Ain Temouchent	Ain Temouchent
826	DZ	DZ-37	Annaba	Annaba	Annaba
827	DZ	DZ-38	Bechar	Bechar	Bechar
828	DZ	DZ-39	Bordj Bou Arreridj	Bordj Bou Arreridj	Bordj Bou Arreridj
829	DZ	DZ-40	Boumerdes	Boumerdes	Boumerdes
830	DZ	DZ-41	Chlef	Chlef	Chlef
831	DZ	DZ-42	El Bayadh	El Bayadh	El Bayadh
832	DZ	DZ-43	El Oued	El Oued	El Oued
833	DZ	DZ-44	El Tarf	El Tarf	El Tarf
834	DZ	DZ-45	Ghardaia	Ghardaia	Ghardaia
835	DZ	DZ-46	Illizi	Illizi	Illizi
836	DZ	DZ-47	Khenchela	Khenchela	Khenchela
837	DZ	DZ-48	Mila	Mila	Mila
838	DZ	DZ-49	Naama	Naama	Naama
839	DZ	DZ-50	Ouargla	Ouargla	Ouargla
840	DZ	DZ-51	Relizane	Relizane	Relizane
841	DZ	DZ-52	Souk Ahras	Souk Ahras	Souk Ahras
842	DZ	DZ-53	Tamanghasset	Tamanghasset	Tamanghasset
843	DZ	DZ-54	Tindouf	Tindouf	Tindouf
844	DZ	DZ-55	Tipaza	Tipaza	Tipaza
845	DZ	DZ-56	Tissemsilt	Tissemsilt	Tissemsilt
846	EC	EC-01	Galapagos	Galapagos	Galapagos
847	EC	EC-02	Azuay	Azuay	Azuay
848	EC	EC-03	Bolivar	Bolivar	Bolivar
849	EC	EC-04	Canar	Canar	Canar
850	EC	EC-05	Carchi	Carchi	Carchi
851	EC	EC-06	Chimborazo	Chimborazo	Chimborazo
852	EC	EC-07	Cotopaxi	Cotopaxi	Cotopaxi
853	EC	EC-08	El Oro	El Oro	El Oro
854	EC	EC-09	Esmeraldas	Esmeraldas	Esmeraldas
855	EC	EC-10	Guayas	Guayas	Guayas
856	EC	EC-11	Imbabura	Imbabura	Imbabura
857	EC	EC-12	Loja	Loja	Loja
858	EC	EC-13	Los Rios	Los Rios	Los Rios
859	EC	EC-14	Manabi	Manabi	Manabi
860	EC	EC-15	Morona-Santiago	Morona-Santiago	Morona-Santiago
861	EC	EC-17	Pastaza	Pastaza	Pastaza
862	EC	EC-18	Pichincha	Pichincha	Pichincha
863	EC	EC-19	Tungurahua	Tungurahua	Tungurahua
864	EC	EC-20	Zamora-Chinchipe	Zamora-Chinchipe	Zamora-Chinchipe
865	EC	EC-22	Sucumbios	Sucumbios	Sucumbios
866	EC	EC-23	Napo	Napo	Napo
867	EC	EC-24	Orellana	Orellana	Orellana
868	EE	EE-01	Harjumaa	Harjumaa	Harjumaa
869	EE	EE-02	Hiiumaa	Hiiumaa	Hiiumaa
870	EE	EE-03	Ida-Virumaa	Ida-Virumaa	Ida-Virumaa
871	EE	EE-04	Jarvamaa	Jarvamaa	Jarvamaa
872	EE	EE-05	Jogevamaa	Jogevamaa	Jogevamaa
873	EE	EE-06	Kohtla-Jarve	Kohtla-Jarve	Kohtla-Jarve
874	EE	EE-07	Laanemaa	Laanemaa	Laanemaa
875	EE	EE-08	Laane-Virumaa	Laane-Virumaa	Laane-Virumaa
876	EE	EE-09	Narva	Narva	Narva
877	EE	EE-10	Parnu	Parnu	Parnu
878	EE	EE-11	Parnumaa	Parnumaa	Parnumaa
879	EE	EE-12	Polvamaa	Polvamaa	Polvamaa
880	EE	EE-13	Raplamaa	Raplamaa	Raplamaa
881	EE	EE-14	Saaremaa	Saaremaa	Saaremaa
882	EE	EE-15	Sillamae	Sillamae	Sillamae
883	EE	EE-16	Tallinn	Tallinn	Tallinn
884	EE	EE-17	Tartu	Tartu	Tartu
885	EE	EE-18	Tartumaa	Tartumaa	Tartumaa
886	EE	EE-19	Valgamaa	Valgamaa	Valgamaa
887	EE	EE-20	Viljandimaa	Viljandimaa	Viljandimaa
888	EE	EE-21	Vorumaa	Vorumaa	Vorumaa
889	EG	EG-01	Ad Daqahliyah	Ad Daqahliyah	Ad Daqahliyah
890	EG	EG-02	Al Bahr al Ahmar	Al Bahr al Ahmar	Al Bahr al Ahmar
891	EG	EG-03	Al Buhayrah	Al Buhayrah	Al Buhayrah
892	EG	EG-04	Al Fayyum	Al Fayyum	Al Fayyum
893	EG	EG-05	Al Gharbiyah	Al Gharbiyah	Al Gharbiyah
894	EG	EG-06	Al Iskandariyah	Al Iskandariyah	Al Iskandariyah
895	EG	EG-07	Al Ismailiyah	Al Ismailiyah	Al Ismailiyah
896	EG	EG-08	Al Jizah	Al Jizah	Al Jizah
897	EG	EG-09	Al Minufiyah	Al Minufiyah	Al Minufiyah
898	EG	EG-10	Al Minya	Al Minya	Al Minya
899	EG	EG-11	Al Qahirah	Al Qahirah	Al Qahirah
900	EG	EG-12	Al Qalyubiyah	Al Qalyubiyah	Al Qalyubiyah
901	EG	EG-13	Al Wadi al Jadid	Al Wadi al Jadid	Al Wadi al Jadid
902	EG	EG-14	Ash Sharqiyah	Ash Sharqiyah	Ash Sharqiyah
903	EG	EG-15	As Suways	As Suways	As Suways
904	EG	EG-16	Aswan	Aswan	Aswan
905	EG	EG-17	Asyut	Asyut	Asyut
906	EG	EG-18	Bani Suwayf	Bani Suwayf	Bani Suwayf
907	EG	EG-19	Bur Said	Bur Said	Bur Said
908	EG	EG-20	Dumyat	Dumyat	Dumyat
909	EG	EG-21	Kafr ash Shaykh	Kafr ash Shaykh	Kafr ash Shaykh
910	EG	EG-22	Matruh	Matruh	Matruh
911	EG	EG-23	Qina	Qina	Qina
912	EG	EG-24	Suhaj	Suhaj	Suhaj
913	EG	EG-26	Janub Sina	Janub Sina	Janub Sina
914	EG	EG-27	Shamal Sina	Shamal Sina	Shamal Sina
915	EG	EG-28	Al Uqsur	Al Uqsur	Al Uqsur
916	ER	ER-01	Anseba	Anseba	Anseba
917	ER	ER-02	Debub	Debub	Debub
918	ER	ER-03	Debubawi Keyih Bahri	Debubawi Keyih Bahri	Debubawi Keyih Bahri
919	ER	ER-04	Gash Barka	Gash Barka	Gash Barka
920	ER	ER-05	Maakel	Maakel	Maakel
921	ER	ER-06	Semenawi Keyih Bahri	Semenawi Keyih Bahri	Semenawi Keyih Bahri
922	ES	ES-07	Islas Baleares	Islas Baleares	Islas Baleares
923	ES	ES-27	La Rioja	La Rioja	La Rioja
924	ES	ES-29	Madrid	Madrid	Madrid
925	ES	ES-31	Murcia	Murcia	Murcia
926	ES	ES-32	Navarra	Navarra	Navarra
927	ES	ES-34	Asturias	Asturias	Asturias
928	ES	ES-39	Cantabria	Cantabria	Cantabria
929	ES	ES-51	Andalucia	Andalucia	Andalucia
930	ES	ES-52	Aragon	Aragon	Aragon
931	ES	ES-53	Canarias	Canarias	Canarias
932	ES	ES-54	Castilla-La Mancha	Castilla-La Mancha	Castilla-La Mancha
933	ES	ES-55	Castilla y Leon	Castilla y Leon	Castilla y Leon
934	ES	ES-56	Catalonia	Catalonia	Catalonia
935	ES	ES-57	Extremadura	Extremadura	Extremadura
936	ES	ES-58	Galicia	Galicia	Galicia
937	ES	ES-59	Pais Vasco	Pais Vasco	Pais Vasco
938	ES	ES-60	Comunidad Valenciana	Comunidad Valenciana	Comunidad Valenciana
939	ET	ET-44	Adis Abeba	Adis Abeba	Adis Abeba
940	ET	ET-45	Afar	Afar	Afar
941	ET	ET-46	Amara	Amara	Amara
942	ET	ET-47	Binshangul Gumuz	Binshangul Gumuz	Binshangul Gumuz
943	ET	ET-48	Dire Dawa	Dire Dawa	Dire Dawa
944	ET	ET-49	Gambela Hizboch	Gambela Hizboch	Gambela Hizboch
945	ET	ET-50	Hareri Hizb	Hareri Hizb	Hareri Hizb
946	ET	ET-51	Oromiya	Oromiya	Oromiya
947	ET	ET-52	Sumale	Sumale	Sumale
948	ET	ET-53	Tigray	Tigray	Tigray
949	ET	ET-54	YeDebub Biheroch Bihereseboch na Hizboch	YeDebub Biheroch Bihereseboch na Hizboch	YeDebub Biheroch Bihereseboch na Hizboch
950	FI	FI-01	Aland	Aland	Aland
951	FI	FI-06	Lapland	Lapland	Lapland
952	FI	FI-08	Oulu	Oulu	Oulu
953	FI	FI-13	Southern Finland	Southern Finland	Southern Finland
954	FI	FI-14	Eastern Finland	Eastern Finland	Eastern Finland
955	FI	FI-15	Western Finland	Western Finland	Western Finland
956	FJ	FJ-01	Central	Central	Central
957	FJ	FJ-02	Eastern	Eastern	Eastern
958	FJ	FJ-03	Northern	Northern	Northern
959	FJ	FJ-04	Rotuma	Rotuma	Rotuma
960	FJ	FJ-05	Western	Western	Western
961	FM	FM-01	Kosrae	Kosrae	Kosrae
962	FM	FM-02	Pohnpei	Pohnpei	Pohnpei
963	FM	FM-03	Chuuk	Chuuk	Chuuk
964	FM	FM-04	Yap	Yap	Yap
965	FR	FR-97	Aquitaine	Aquitaine	Aquitaine
966	FR	FR-98	Auvergne	Auvergne	Auvergne
967	FR	FR-99	Basse-Normandie	Basse-Normandie	Basse-Normandie
968	FR	FR-A1	Bourgogne	Bourgogne	Bourgogne
969	FR	FR-A2	Bretagne	Bretagne	Bretagne
970	FR	FR-A3	Centre	Centre	Centre
971	FR	FR-A4	Champagne-Ardenne	Champagne-Ardenne	Champagne-Ardenne
972	FR	FR-A5	Corse	Corse	Corse
973	FR	FR-A6	Franche-Comte	Franche-Comte	Franche-Comte
974	FR	FR-A7	Haute-Normandie	Haute-Normandie	Haute-Normandie
975	FR	FR-A8	Ile-de-France	Ile-de-France	Ile-de-France
976	FR	FR-A9	Languedoc-Roussillon	Languedoc-Roussillon	Languedoc-Roussillon
977	FR	FR-B1	Limousin	Limousin	Limousin
978	FR	FR-B2	Lorraine	Lorraine	Lorraine
979	FR	FR-B3	Midi-Pyrenees	Midi-Pyrenees	Midi-Pyrenees
980	FR	FR-B4	Nord-Pas-de-Calais	Nord-Pas-de-Calais	Nord-Pas-de-Calais
981	FR	FR-B5	Pays de la Loire	Pays de la Loire	Pays de la Loire
982	FR	FR-B6	Picardie	Picardie	Picardie
983	FR	FR-B7	Poitou-Charentes	Poitou-Charentes	Poitou-Charentes
984	FR	FR-B8	Provence-Alpes-Cote dAzur	Provence-Alpes-Cote dAzur	Provence-Alpes-Cote dAzur
985	FR	FR-B9	Rhone-Alpes	Rhone-Alpes	Rhone-Alpes
986	FR	FR-C1	Alsace	Alsace	Alsace
987	GA	GA-01	Estuaire	Estuaire	Estuaire
988	GA	GA-02	Haut-Ogooue	Haut-Ogooue	Haut-Ogooue
989	GA	GA-03	Moyen-Ogooue	Moyen-Ogooue	Moyen-Ogooue
990	GA	GA-04	Ngounie	Ngounie	Ngounie
991	GA	GA-05	Nyanga	Nyanga	Nyanga
992	GA	GA-06	Ogooue-Ivindo	Ogooue-Ivindo	Ogooue-Ivindo
993	GA	GA-07	Ogooue-Lolo	Ogooue-Lolo	Ogooue-Lolo
994	GA	GA-08	Ogooue-Maritime	Ogooue-Maritime	Ogooue-Maritime
995	GA	GA-09	Woleu-Ntem	Woleu-Ntem	Woleu-Ntem
996	GB	GB-A1	Barking and Dagenham	Barking and Dagenham	Barking and Dagenham
997	GB	GB-A2	Barnet	Barnet	Barnet
998	GB	GB-A3	Barnsley	Barnsley	Barnsley
999	GB	GB-A4	Bath and North East Somerset	Bath and North East Somerset	Bath and North East Somerset
1000	GB	GB-A5	Bedfordshire	Bedfordshire	Bedfordshire
1001	GB	GB-A6	Bexley	Bexley	Bexley
1002	GB	GB-A7	Birmingham	Birmingham	Birmingham
1003	GB	GB-A8	Blackburn with Darwen	Blackburn with Darwen	Blackburn with Darwen
1004	GB	GB-A9	Blackpool	Blackpool	Blackpool
1005	GB	GB-B1	Bolton	Bolton	Bolton
1006	GB	GB-B2	Bournemouth	Bournemouth	Bournemouth
1007	GB	GB-B3	Bracknell Forest	Bracknell Forest	Bracknell Forest
1008	GB	GB-B4	Bradford	Bradford	Bradford
1009	GB	GB-B5	Brent	Brent	Brent
1010	GB	GB-B6	Brighton and Hove	Brighton and Hove	Brighton and Hove
1011	GB	GB-B7	Bristol, City of	Bristol, City of	Bristol, City of
1012	GB	GB-B8	Bromley	Bromley	Bromley
1013	GB	GB-B9	Buckinghamshire	Buckinghamshire	Buckinghamshire
1014	GB	GB-C1	Bury	Bury	Bury
1015	GB	GB-C2	Calderdale	Calderdale	Calderdale
1016	GB	GB-C3	Cambridgeshire	Cambridgeshire	Cambridgeshire
1017	GB	GB-C4	Camden	Camden	Camden
1018	GB	GB-C5	Cheshire	Cheshire	Cheshire
1019	GB	GB-C6	Cornwall	Cornwall	Cornwall
1020	GB	GB-C7	Coventry	Coventry	Coventry
1021	GB	GB-C8	Croydon	Croydon	Croydon
1022	GB	GB-C9	Cumbria	Cumbria	Cumbria
1023	GB	GB-D1	Darlington	Darlington	Darlington
1024	GB	GB-D2	Derby	Derby	Derby
1025	GB	GB-D3	Derbyshire	Derbyshire	Derbyshire
1026	GB	GB-D4	Devon	Devon	Devon
1027	GB	GB-D5	Doncaster	Doncaster	Doncaster
1028	GB	GB-D6	Dorset	Dorset	Dorset
1029	GB	GB-D7	Dudley	Dudley	Dudley
1030	GB	GB-D8	Durham	Durham	Durham
1031	GB	GB-D9	Ealing	Ealing	Ealing
1032	GB	GB-E1	East Riding of Yorkshire	East Riding of Yorkshire	East Riding of Yorkshire
1033	GB	GB-E2	East Sussex	East Sussex	East Sussex
1034	GB	GB-E3	Enfield	Enfield	Enfield
1035	GB	GB-E4	Essex	Essex	Essex
1036	GB	GB-E5	Gateshead	Gateshead	Gateshead
1037	GB	GB-E6	Gloucestershire	Gloucestershire	Gloucestershire
1038	GB	GB-E7	Greenwich	Greenwich	Greenwich
1039	GB	GB-E8	Hackney	Hackney	Hackney
1040	GB	GB-E9	Halton	Halton	Halton
1041	GB	GB-F1	Hammersmith and Fulham	Hammersmith and Fulham	Hammersmith and Fulham
1042	GB	GB-F2	Hampshire	Hampshire	Hampshire
1043	GB	GB-F3	Haringey	Haringey	Haringey
1044	GB	GB-F4	Harrow	Harrow	Harrow
1045	GB	GB-F5	Hartlepool	Hartlepool	Hartlepool
1046	GB	GB-F6	Havering	Havering	Havering
1047	GB	GB-F7	Herefordshire	Herefordshire	Herefordshire
1048	GB	GB-F8	Hertford	Hertford	Hertford
1049	GB	GB-F9	Hillingdon	Hillingdon	Hillingdon
1050	GB	GB-G1	Hounslow	Hounslow	Hounslow
1051	GB	GB-G2	Isle of Wight	Isle of Wight	Isle of Wight
1052	GB	GB-G3	Islington	Islington	Islington
1053	GB	GB-G4	Kensington and Chelsea	Kensington and Chelsea	Kensington and Chelsea
1054	GB	GB-G5	Kent	Kent	Kent
1055	GB	GB-G6	Kingston upon Hull, City of	Kingston upon Hull, City of	Kingston upon Hull, City of
1056	GB	GB-G7	Kingston upon Thames	Kingston upon Thames	Kingston upon Thames
1057	GB	GB-G8	Kirklees	Kirklees	Kirklees
1058	GB	GB-G9	Knowsley	Knowsley	Knowsley
1059	GB	GB-H1	Lambeth	Lambeth	Lambeth
1060	GB	GB-H2	Lancashire	Lancashire	Lancashire
1061	GB	GB-H3	Leeds	Leeds	Leeds
1062	GB	GB-H4	Leicester	Leicester	Leicester
1063	GB	GB-H5	Leicestershire	Leicestershire	Leicestershire
1064	GB	GB-H6	Lewisham	Lewisham	Lewisham
1065	GB	GB-H7	Lincolnshire	Lincolnshire	Lincolnshire
1066	GB	GB-H8	Liverpool	Liverpool	Liverpool
1067	GB	GB-H9	London, City of	London, City of	London, City of
1068	GB	GB-I1	Luton	Luton	Luton
1069	GB	GB-I2	Manchester	Manchester	Manchester
1070	GB	GB-I3	Medway	Medway	Medway
1071	GB	GB-I4	Merton	Merton	Merton
1072	GB	GB-I5	Middlesbrough	Middlesbrough	Middlesbrough
1073	GB	GB-I6	Milton Keynes	Milton Keynes	Milton Keynes
1074	GB	GB-I7	Newcastle upon Tyne	Newcastle upon Tyne	Newcastle upon Tyne
1075	GB	GB-I8	Newham	Newham	Newham
1076	GB	GB-I9	Norfolk	Norfolk	Norfolk
1077	GB	GB-J1	Northamptonshire	Northamptonshire	Northamptonshire
1078	GB	GB-J2	North East Lincolnshire	North East Lincolnshire	North East Lincolnshire
1079	GB	GB-J3	North Lincolnshire	North Lincolnshire	North Lincolnshire
1080	GB	GB-J4	North Somerset	North Somerset	North Somerset
1081	GB	GB-J5	North Tyneside	North Tyneside	North Tyneside
1082	GB	GB-J6	Northumberland	Northumberland	Northumberland
1083	GB	GB-J7	North Yorkshire	North Yorkshire	North Yorkshire
1084	GB	GB-J8	Nottingham	Nottingham	Nottingham
1085	GB	GB-J9	Nottinghamshire	Nottinghamshire	Nottinghamshire
1086	GB	GB-K1	Oldham	Oldham	Oldham
1087	GB	GB-K2	Oxfordshire	Oxfordshire	Oxfordshire
1088	GB	GB-K3	Peterborough	Peterborough	Peterborough
1089	GB	GB-K4	Plymouth	Plymouth	Plymouth
1090	GB	GB-K5	Poole	Poole	Poole
1091	GB	GB-K6	Portsmouth	Portsmouth	Portsmouth
1092	GB	GB-K7	Reading	Reading	Reading
1093	GB	GB-K8	Redbridge	Redbridge	Redbridge
1094	GB	GB-K9	Redcar and Cleveland	Redcar and Cleveland	Redcar and Cleveland
1095	GB	GB-L1	Richmond upon Thames	Richmond upon Thames	Richmond upon Thames
1096	GB	GB-L2	Rochdale	Rochdale	Rochdale
1097	GB	GB-L3	Rotherham	Rotherham	Rotherham
1098	GB	GB-L4	Rutland	Rutland	Rutland
1099	GB	GB-L5	Salford	Salford	Salford
1100	GB	GB-L6	Shropshire	Shropshire	Shropshire
1101	GB	GB-L7	Sandwell	Sandwell	Sandwell
1102	GB	GB-L8	Sefton	Sefton	Sefton
1103	GB	GB-L9	Sheffield	Sheffield	Sheffield
1104	GB	GB-M1	Slough	Slough	Slough
1105	GB	GB-M2	Solihull	Solihull	Solihull
1106	GB	GB-M3	Somerset	Somerset	Somerset
1107	GB	GB-M4	Southampton	Southampton	Southampton
1108	GB	GB-M5	Southend-on-Sea	Southend-on-Sea	Southend-on-Sea
1109	GB	GB-M6	South Gloucestershire	South Gloucestershire	South Gloucestershire
1110	GB	GB-M7	South Tyneside	South Tyneside	South Tyneside
1111	GB	GB-M8	Southwark	Southwark	Southwark
1112	GB	GB-M9	Staffordshire	Staffordshire	Staffordshire
1113	GB	GB-N1	St. Helens	St. Helens	St. Helens
1114	GB	GB-N2	Stockport	Stockport	Stockport
1115	GB	GB-N3	Stockton-on-Tees	Stockton-on-Tees	Stockton-on-Tees
1116	GB	GB-N4	Stoke-on-Trent	Stoke-on-Trent	Stoke-on-Trent
1117	GB	GB-N5	Suffolk	Suffolk	Suffolk
1118	GB	GB-N6	Sunderland	Sunderland	Sunderland
1119	GB	GB-N7	Surrey	Surrey	Surrey
1120	GB	GB-N8	Sutton	Sutton	Sutton
1121	GB	GB-N9	Swindon	Swindon	Swindon
1122	GB	GB-O1	Tameside	Tameside	Tameside
1123	GB	GB-O2	Telford and Wrekin	Telford and Wrekin	Telford and Wrekin
1124	GB	GB-O3	Thurrock	Thurrock	Thurrock
1125	GB	GB-O4	Torbay	Torbay	Torbay
1126	GB	GB-O5	Tower Hamlets	Tower Hamlets	Tower Hamlets
1127	GB	GB-O6	Trafford	Trafford	Trafford
1128	GB	GB-O7	Wakefield	Wakefield	Wakefield
1129	GB	GB-O8	Walsall	Walsall	Walsall
1130	GB	GB-O9	Waltham Forest	Waltham Forest	Waltham Forest
1131	GB	GB-P1	Wandsworth	Wandsworth	Wandsworth
1132	GB	GB-P2	Warrington	Warrington	Warrington
1133	GB	GB-P3	Warwickshire	Warwickshire	Warwickshire
1134	GB	GB-P4	West Berkshire	West Berkshire	West Berkshire
1135	GB	GB-P5	Westminster	Westminster	Westminster
1136	GB	GB-P6	West Sussex	West Sussex	West Sussex
1137	GB	GB-P7	Wigan	Wigan	Wigan
1138	GB	GB-P8	Wiltshire	Wiltshire	Wiltshire
1139	GB	GB-P9	Windsor and Maidenhead	Windsor and Maidenhead	Windsor and Maidenhead
1140	GB	GB-Q1	Wirral	Wirral	Wirral
1141	GB	GB-Q2	Wokingham	Wokingham	Wokingham
1142	GB	GB-Q3	Wolverhampton	Wolverhampton	Wolverhampton
1143	GB	GB-Q4	Worcestershire	Worcestershire	Worcestershire
1144	GB	GB-Q5	York	York	York
1145	GB	GB-Q6	Antrim	Antrim	Antrim
1146	GB	GB-Q7	Ards	Ards	Ards
1147	GB	GB-Q8	Armagh	Armagh	Armagh
1148	GB	GB-Q9	Ballymena	Ballymena	Ballymena
1149	GB	GB-R1	Ballymoney	Ballymoney	Ballymoney
1150	GB	GB-R2	Banbridge	Banbridge	Banbridge
1151	GB	GB-R3	Belfast	Belfast	Belfast
1152	GB	GB-R4	Carrickfergus	Carrickfergus	Carrickfergus
1153	GB	GB-R5	Castlereagh	Castlereagh	Castlereagh
1154	GB	GB-R6	Coleraine	Coleraine	Coleraine
1155	GB	GB-R7	Cookstown	Cookstown	Cookstown
1156	GB	GB-R8	Craigavon	Craigavon	Craigavon
1157	GB	GB-R9	Down	Down	Down
1158	GB	GB-S1	Dungannon	Dungannon	Dungannon
1159	GB	GB-S2	Fermanagh	Fermanagh	Fermanagh
1160	GB	GB-S3	Larne	Larne	Larne
1161	GB	GB-S4	Limavady	Limavady	Limavady
1162	GB	GB-S5	Lisburn	Lisburn	Lisburn
1163	GB	GB-S6	Derry	Derry	Derry
1164	GB	GB-S7	Magherafelt	Magherafelt	Magherafelt
1165	GB	GB-S8	Moyle	Moyle	Moyle
1166	GB	GB-S9	Newry and Mourne	Newry and Mourne	Newry and Mourne
1167	GB	GB-T1	Newtownabbey	Newtownabbey	Newtownabbey
1168	GB	GB-T2	North Down	North Down	North Down
1169	GB	GB-T3	Omagh	Omagh	Omagh
1170	GB	GB-T4	Strabane	Strabane	Strabane
1171	GB	GB-T5	Aberdeen City	Aberdeen City	Aberdeen City
1172	GB	GB-T6	Aberdeenshire	Aberdeenshire	Aberdeenshire
1173	GB	GB-T7	Angus	Angus	Angus
1174	GB	GB-T8	Argyll and Bute	Argyll and Bute	Argyll and Bute
1175	GB	GB-T9	Scottish Borders, The	Scottish Borders, The	Scottish Borders, The
1176	GB	GB-U1	Clackmannanshire	Clackmannanshire	Clackmannanshire
1177	GB	GB-U2	Dumfries and Galloway	Dumfries and Galloway	Dumfries and Galloway
1178	GB	GB-U3	Dundee City	Dundee City	Dundee City
1179	GB	GB-U4	East Ayrshire	East Ayrshire	East Ayrshire
1180	GB	GB-U5	East Dunbartonshire	East Dunbartonshire	East Dunbartonshire
1181	GB	GB-U6	East Lothian	East Lothian	East Lothian
1182	GB	GB-U7	East Renfrewshire	East Renfrewshire	East Renfrewshire
1183	GB	GB-U8	Edinburgh, City of	Edinburgh, City of	Edinburgh, City of
1184	GB	GB-U9	Falkirk	Falkirk	Falkirk
1185	GB	GB-V1	Fife	Fife	Fife
1186	GB	GB-V2	Glasgow City	Glasgow City	Glasgow City
1187	GB	GB-V3	Highland	Highland	Highland
1188	GB	GB-V4	Inverclyde	Inverclyde	Inverclyde
1189	GB	GB-V5	Midlothian	Midlothian	Midlothian
1190	GB	GB-V6	Moray	Moray	Moray
1191	GB	GB-V7	North Ayrshire	North Ayrshire	North Ayrshire
1192	GB	GB-V8	North Lanarkshire	North Lanarkshire	North Lanarkshire
1193	GB	GB-V9	Orkney	Orkney	Orkney
1194	GB	GB-W1	Perth and Kinross	Perth and Kinross	Perth and Kinross
1195	GB	GB-W2	Renfrewshire	Renfrewshire	Renfrewshire
1196	GB	GB-W3	Shetland Islands	Shetland Islands	Shetland Islands
1197	GB	GB-W4	South Ayrshire	South Ayrshire	South Ayrshire
1198	GB	GB-W5	South Lanarkshire	South Lanarkshire	South Lanarkshire
1199	GB	GB-W6	Stirling	Stirling	Stirling
1200	GB	GB-W7	West Dunbartonshire	West Dunbartonshire	West Dunbartonshire
1201	GB	GB-W8	Eilean Siar	Eilean Siar	Eilean Siar
1202	GB	GB-W9	West Lothian	West Lothian	West Lothian
1203	GB	GB-X1	Isle of Anglesey	Isle of Anglesey	Isle of Anglesey
1204	GB	GB-X2	Blaenau Gwent	Blaenau Gwent	Blaenau Gwent
1205	GB	GB-X3	Bridgend	Bridgend	Bridgend
1206	GB	GB-X4	Caerphilly	Caerphilly	Caerphilly
1207	GB	GB-X5	Cardiff	Cardiff	Cardiff
1208	GB	GB-X6	Ceredigion	Ceredigion	Ceredigion
1209	GB	GB-X7	Carmarthenshire	Carmarthenshire	Carmarthenshire
1210	GB	GB-X8	Conwy	Conwy	Conwy
1211	GB	GB-X9	Denbighshire	Denbighshire	Denbighshire
1212	GB	GB-Y1	Flintshire	Flintshire	Flintshire
1213	GB	GB-Y2	Gwynedd	Gwynedd	Gwynedd
1214	GB	GB-Y3	Merthyr Tydfil	Merthyr Tydfil	Merthyr Tydfil
1215	GB	GB-Y4	Monmouthshire	Monmouthshire	Monmouthshire
1216	GB	GB-Y5	Neath Port Talbot	Neath Port Talbot	Neath Port Talbot
1217	GB	GB-Y6	Newport	Newport	Newport
1218	GB	GB-Y7	Pembrokeshire	Pembrokeshire	Pembrokeshire
1219	GB	GB-Y8	Powys	Powys	Powys
1220	GB	GB-Y9	Rhondda Cynon Taff	Rhondda Cynon Taff	Rhondda Cynon Taff
1221	GB	GB-Z1	Swansea	Swansea	Swansea
1222	GB	GB-Z2	Torfaen	Torfaen	Torfaen
1223	GB	GB-Z3	Vale of Glamorgan, The	Vale of Glamorgan, The	Vale of Glamorgan, The
1224	GB	GB-Z4	Wrexham	Wrexham	Wrexham
1225	GB	GB-Z5	Bedfordshire	Bedfordshire	Bedfordshire
1226	GB	GB-Z6	Central Bedfordshire	Central Bedfordshire	Central Bedfordshire
1227	GB	GB-Z7	Cheshire East	Cheshire East	Cheshire East
1228	GB	GB-Z8	Cheshire West and Chester	Cheshire West and Chester	Cheshire West and Chester
1229	GB	GB-Z9	Isles of Scilly	Isles of Scilly	Isles of Scilly
1230	GD	GD-01	Saint Andrew	Saint Andrew	Saint Andrew
1231	GD	GD-02	Saint David	Saint David	Saint David
1232	GD	GD-03	Saint George	Saint George	Saint George
1233	GD	GD-04	Saint John	Saint John	Saint John
1234	GD	GD-05	Saint Mark	Saint Mark	Saint Mark
1235	GD	GD-06	Saint Patrick	Saint Patrick	Saint Patrick
1236	GE	GE-01	Abashis Raioni	Abashis Raioni	Abashis Raioni
1237	GE	GE-02	Abkhazia	Abkhazia	Abkhazia
1238	GE	GE-03	Adigenis Raioni	Adigenis Raioni	Adigenis Raioni
1239	GE	GE-04	Ajaria	Ajaria	Ajaria
1240	GE	GE-05	Akhalgoris Raioni	Akhalgoris Raioni	Akhalgoris Raioni
1241	GE	GE-06	Akhalkalakis Raioni	Akhalkalakis Raioni	Akhalkalakis Raioni
1242	GE	GE-07	Akhaltsikhis Raioni	Akhaltsikhis Raioni	Akhaltsikhis Raioni
1243	GE	GE-08	Akhmetis Raioni	Akhmetis Raioni	Akhmetis Raioni
1244	GE	GE-09	Ambrolauris Raioni	Ambrolauris Raioni	Ambrolauris Raioni
1245	GE	GE-10	Aspindzis Raioni	Aspindzis Raioni	Aspindzis Raioni
1246	GE	GE-11	Baghdatis Raioni	Baghdatis Raioni	Baghdatis Raioni
1247	GE	GE-12	Bolnisis Raioni	Bolnisis Raioni	Bolnisis Raioni
1248	GE	GE-13	Borjomis Raioni	Borjomis Raioni	Borjomis Raioni
1249	GE	GE-14	Chiatura	Chiatura	Chiatura
1250	GE	GE-15	Chkhorotsqus Raioni	Chkhorotsqus Raioni	Chkhorotsqus Raioni
1251	GE	GE-16	Chokhatauris Raioni	Chokhatauris Raioni	Chokhatauris Raioni
1252	GE	GE-17	Dedoplistsqaros Raioni	Dedoplistsqaros Raioni	Dedoplistsqaros Raioni
1253	GE	GE-18	Dmanisis Raioni	Dmanisis Raioni	Dmanisis Raioni
1254	GE	GE-19	Dushetis Raioni	Dushetis Raioni	Dushetis Raioni
1255	GE	GE-20	Gardabanis Raioni	Gardabanis Raioni	Gardabanis Raioni
1256	GE	GE-21	Gori	Gori	Gori
1257	GE	GE-22	Goris Raioni	Goris Raioni	Goris Raioni
1258	GE	GE-23	Gurjaanis Raioni	Gurjaanis Raioni	Gurjaanis Raioni
1259	GE	GE-24	Javis Raioni	Javis Raioni	Javis Raioni
1260	GE	GE-25	Karelis Raioni	Karelis Raioni	Karelis Raioni
1261	GE	GE-26	Kaspis Raioni	Kaspis Raioni	Kaspis Raioni
1262	GE	GE-27	Kharagaulis Raioni	Kharagaulis Raioni	Kharagaulis Raioni
1263	GE	GE-28	Khashuris Raioni	Khashuris Raioni	Khashuris Raioni
1264	GE	GE-29	Khobis Raioni	Khobis Raioni	Khobis Raioni
1265	GE	GE-30	Khonis Raioni	Khonis Raioni	Khonis Raioni
1266	GE	GE-31	Kutaisi	Kutaisi	Kutaisi
1267	GE	GE-32	Lagodekhis Raioni	Lagodekhis Raioni	Lagodekhis Raioni
1268	GE	GE-33	Lanchkhutis Raioni	Lanchkhutis Raioni	Lanchkhutis Raioni
1269	GE	GE-34	Lentekhis Raioni	Lentekhis Raioni	Lentekhis Raioni
1270	GE	GE-35	Marneulis Raioni	Marneulis Raioni	Marneulis Raioni
1271	GE	GE-36	Martvilis Raioni	Martvilis Raioni	Martvilis Raioni
1272	GE	GE-37	Mestiis Raioni	Mestiis Raioni	Mestiis Raioni
1273	GE	GE-38	Mtskhetis Raioni	Mtskhetis Raioni	Mtskhetis Raioni
1274	GE	GE-39	Ninotsmindis Raioni	Ninotsmindis Raioni	Ninotsmindis Raioni
1275	GE	GE-40	Onis Raioni	Onis Raioni	Onis Raioni
1276	GE	GE-41	Ozurgetis Raioni	Ozurgetis Raioni	Ozurgetis Raioni
1277	GE	GE-42	Poti	Poti	Poti
1278	GE	GE-43	Qazbegis Raioni	Qazbegis Raioni	Qazbegis Raioni
1279	GE	GE-44	Qvarlis Raioni	Qvarlis Raioni	Qvarlis Raioni
1280	GE	GE-45	Rustavi	Rustavi	Rustavi
1281	GE	GE-46	Sachkheris Raioni	Sachkheris Raioni	Sachkheris Raioni
1282	GE	GE-47	Sagarejos Raioni	Sagarejos Raioni	Sagarejos Raioni
1283	GE	GE-48	Samtrediis Raioni	Samtrediis Raioni	Samtrediis Raioni
1284	GE	GE-49	Senakis Raioni	Senakis Raioni	Senakis Raioni
1285	GE	GE-50	Sighnaghis Raioni	Sighnaghis Raioni	Sighnaghis Raioni
1286	GE	GE-51	Tbilisi	Tbilisi	Tbilisi
1287	GE	GE-52	Telavis Raioni	Telavis Raioni	Telavis Raioni
1288	GE	GE-53	Terjolis Raioni	Terjolis Raioni	Terjolis Raioni
1289	GE	GE-54	Tetritsqaros Raioni	Tetritsqaros Raioni	Tetritsqaros Raioni
1290	GE	GE-55	Tianetis Raioni	Tianetis Raioni	Tianetis Raioni
1291	GE	GE-56	Tqibuli	Tqibuli	Tqibuli
1292	GE	GE-57	Tsageris Raioni	Tsageris Raioni	Tsageris Raioni
1293	GE	GE-58	Tsalenjikhis Raioni	Tsalenjikhis Raioni	Tsalenjikhis Raioni
1294	GE	GE-59	Tsalkis Raioni	Tsalkis Raioni	Tsalkis Raioni
1295	GE	GE-60	Tsqaltubo	Tsqaltubo	Tsqaltubo
1296	GE	GE-61	Vanis Raioni	Vanis Raioni	Vanis Raioni
1297	GE	GE-62	Zestaponis Raioni	Zestaponis Raioni	Zestaponis Raioni
1298	GE	GE-63	Zugdidi	Zugdidi	Zugdidi
1299	GE	GE-64	Zugdidis Raioni	Zugdidis Raioni	Zugdidis Raioni
1300	GH	GH-01	Greater Accra	Greater Accra	Greater Accra
1301	GH	GH-02	Ashanti	Ashanti	Ashanti
1302	GH	GH-03	Brong-Ahafo	Brong-Ahafo	Brong-Ahafo
1303	GH	GH-04	Central	Central	Central
1304	GH	GH-05	Eastern	Eastern	Eastern
1305	GH	GH-06	Northern	Northern	Northern
1306	GH	GH-08	Volta	Volta	Volta
1307	GH	GH-09	Western	Western	Western
1308	GH	GH-10	Upper East	Upper East	Upper East
1309	GH	GH-11	Upper West	Upper West	Upper West
1310	GL	GL-01	Nordgronland	Nordgronland	Nordgronland
1311	GL	GL-02	Ostgronland	Ostgronland	Ostgronland
1312	GL	GL-03	Vestgronland	Vestgronland	Vestgronland
1313	GM	GM-01	Banjul	Banjul	Banjul
1314	GM	GM-02	Lower River	Lower River	Lower River
1315	GM	GM-03	Central River	Central River	Central River
1316	GM	GM-04	Upper River	Upper River	Upper River
1317	GM	GM-05	Western	Western	Western
1318	GM	GM-07	North Bank	North Bank	North Bank
1319	GN	GN-01	Beyla	Beyla	Beyla
1320	GN	GN-02	Boffa	Boffa	Boffa
1321	GN	GN-03	Boke	Boke	Boke
1322	GN	GN-04	Conakry	Conakry	Conakry
1323	GN	GN-05	Dabola	Dabola	Dabola
1324	GN	GN-06	Dalaba	Dalaba	Dalaba
1325	GN	GN-07	Dinguiraye	Dinguiraye	Dinguiraye
1326	GN	GN-09	Faranah	Faranah	Faranah
1327	GN	GN-10	Forecariah	Forecariah	Forecariah
1328	GN	GN-11	Fria	Fria	Fria
1329	GN	GN-12	Gaoual	Gaoual	Gaoual
1330	GN	GN-13	Gueckedou	Gueckedou	Gueckedou
1331	GN	GN-15	Kerouane	Kerouane	Kerouane
1332	GN	GN-16	Kindia	Kindia	Kindia
1333	GN	GN-17	Kissidougou	Kissidougou	Kissidougou
1334	GN	GN-18	Koundara	Koundara	Koundara
1335	GN	GN-19	Kouroussa	Kouroussa	Kouroussa
1336	GN	GN-21	Macenta	Macenta	Macenta
1337	GN	GN-22	Mali	Mali	Mali
1338	GN	GN-23	Mamou	Mamou	Mamou
1339	GN	GN-25	Pita	Pita	Pita
1340	GN	GN-27	Telimele	Telimele	Telimele
1341	GN	GN-28	Tougue	Tougue	Tougue
1342	GN	GN-29	Yomou	Yomou	Yomou
1343	GN	GN-30	Coyah	Coyah	Coyah
1344	GN	GN-31	Dubreka	Dubreka	Dubreka
1345	GN	GN-32	Kankan	Kankan	Kankan
1346	GN	GN-33	Koubia	Koubia	Koubia
1347	GN	GN-34	Labe	Labe	Labe
1348	GN	GN-35	Lelouma	Lelouma	Lelouma
1349	GN	GN-36	Lola	Lola	Lola
1350	GN	GN-37	Mandiana	Mandiana	Mandiana
1351	GN	GN-38	Nzerekore	Nzerekore	Nzerekore
1352	GN	GN-39	Siguiri	Siguiri	Siguiri
1353	GQ	GQ-03	Annobon	Annobon	Annobon
1354	GQ	GQ-04	Bioko Norte	Bioko Norte	Bioko Norte
1355	GQ	GQ-05	Bioko Sur	Bioko Sur	Bioko Sur
1356	GQ	GQ-06	Centro Sur	Centro Sur	Centro Sur
1357	GQ	GQ-07	Kie-Ntem	Kie-Ntem	Kie-Ntem
1358	GQ	GQ-08	Litoral	Litoral	Litoral
1359	GQ	GQ-09	Wele-Nzas	Wele-Nzas	Wele-Nzas
1360	GR	GR-01	Evros	Evros	Evros
1361	GR	GR-02	Rodhopi	Rodhopi	Rodhopi
1362	GR	GR-03	Xanthi	Xanthi	Xanthi
1363	GR	GR-04	Drama	Drama	Drama
1364	GR	GR-05	Serrai	Serrai	Serrai
1365	GR	GR-06	Kilkis	Kilkis	Kilkis
1366	GR	GR-07	Pella	Pella	Pella
1367	GR	GR-08	Florina	Florina	Florina
1368	GR	GR-09	Kastoria	Kastoria	Kastoria
1369	GR	GR-10	Grevena	Grevena	Grevena
1370	GR	GR-11	Kozani	Kozani	Kozani
1371	GR	GR-12	Imathia	Imathia	Imathia
1372	GR	GR-13	Thessaloniki	Thessaloniki	Thessaloniki
1373	GR	GR-14	Kavala	Kavala	Kavala
1374	GR	GR-15	Khalkidhiki	Khalkidhiki	Khalkidhiki
1375	GR	GR-16	Pieria	Pieria	Pieria
1376	GR	GR-17	Ioannina	Ioannina	Ioannina
1377	GR	GR-18	Thesprotia	Thesprotia	Thesprotia
1378	GR	GR-19	Preveza	Preveza	Preveza
1379	GR	GR-20	Arta	Arta	Arta
1380	GR	GR-21	Larisa	Larisa	Larisa
1381	GR	GR-22	Trikala	Trikala	Trikala
1382	GR	GR-23	Kardhitsa	Kardhitsa	Kardhitsa
1383	GR	GR-24	Magnisia	Magnisia	Magnisia
1384	GR	GR-25	Kerkira	Kerkira	Kerkira
1385	GR	GR-26	Levkas	Levkas	Levkas
1386	GR	GR-27	Kefallinia	Kefallinia	Kefallinia
1387	GR	GR-28	Zakinthos	Zakinthos	Zakinthos
1388	GR	GR-29	Fthiotis	Fthiotis	Fthiotis
1389	GR	GR-30	Evritania	Evritania	Evritania
1390	GR	GR-31	Aitolia kai Akarnania	Aitolia kai Akarnania	Aitolia kai Akarnania
1391	GR	GR-32	Fokis	Fokis	Fokis
1392	GR	GR-33	Voiotia	Voiotia	Voiotia
1393	GR	GR-34	Evvoia	Evvoia	Evvoia
1394	GR	GR-35	Attiki	Attiki	Attiki
1395	GR	GR-36	Argolis	Argolis	Argolis
1396	GR	GR-37	Korinthia	Korinthia	Korinthia
1397	GR	GR-38	Akhaia	Akhaia	Akhaia
1398	GR	GR-39	Ilia	Ilia	Ilia
1399	GR	GR-40	Messinia	Messinia	Messinia
1400	GR	GR-41	Arkadhia	Arkadhia	Arkadhia
1401	GR	GR-42	Lakonia	Lakonia	Lakonia
1402	GR	GR-43	Khania	Khania	Khania
1403	GR	GR-44	Rethimni	Rethimni	Rethimni
1404	GR	GR-45	Iraklion	Iraklion	Iraklion
1405	GR	GR-46	Lasithi	Lasithi	Lasithi
1406	GR	GR-47	Dhodhekanisos	Dhodhekanisos	Dhodhekanisos
1407	GR	GR-48	Samos	Samos	Samos
1408	GR	GR-49	Kikladhes	Kikladhes	Kikladhes
1409	GR	GR-50	Khios	Khios	Khios
1410	GR	GR-51	Lesvos	Lesvos	Lesvos
1411	GT	GT-01	Alta Verapaz	Alta Verapaz	Alta Verapaz
1412	GT	GT-02	Baja Verapaz	Baja Verapaz	Baja Verapaz
1413	GT	GT-03	Chimaltenango	Chimaltenango	Chimaltenango
1414	GT	GT-04	Chiquimula	Chiquimula	Chiquimula
1415	GT	GT-05	El Progreso	El Progreso	El Progreso
1416	GT	GT-06	Escuintla	Escuintla	Escuintla
1417	GT	GT-07	Guatemala	Guatemala	Guatemala
1418	GT	GT-08	Huehuetenango	Huehuetenango	Huehuetenango
1419	GT	GT-09	Izabal	Izabal	Izabal
1420	GT	GT-10	Jalapa	Jalapa	Jalapa
1421	GT	GT-11	Jutiapa	Jutiapa	Jutiapa
1422	GT	GT-12	Peten	Peten	Peten
1423	GT	GT-13	Quetzaltenango	Quetzaltenango	Quetzaltenango
1424	GT	GT-14	Quiche	Quiche	Quiche
1425	GT	GT-15	Retalhuleu	Retalhuleu	Retalhuleu
1426	GT	GT-16	Sacatepequez	Sacatepequez	Sacatepequez
1427	GT	GT-17	San Marcos	San Marcos	San Marcos
1428	GT	GT-18	Santa Rosa	Santa Rosa	Santa Rosa
1429	GT	GT-19	Solola	Solola	Solola
1430	GT	GT-20	Suchitepequez	Suchitepequez	Suchitepequez
1431	GT	GT-21	Totonicapan	Totonicapan	Totonicapan
1432	GT	GT-22	Zacapa	Zacapa	Zacapa
1433	GW	GW-01	Bafata	Bafata	Bafata
1434	GW	GW-02	Quinara	Quinara	Quinara
1435	GW	GW-04	Oio	Oio	Oio
1436	GW	GW-05	Bolama	Bolama	Bolama
1437	GW	GW-06	Cacheu	Cacheu	Cacheu
1438	GW	GW-07	Tombali	Tombali	Tombali
1439	GW	GW-10	Gabu	Gabu	Gabu
1440	GW	GW-11	Bissau	Bissau	Bissau
1441	GW	GW-12	Biombo	Biombo	Biombo
1442	GY	GY-10	Barima-Waini	Barima-Waini	Barima-Waini
1443	GY	GY-11	Cuyuni-Mazaruni	Cuyuni-Mazaruni	Cuyuni-Mazaruni
1444	GY	GY-12	Demerara-Mahaica	Demerara-Mahaica	Demerara-Mahaica
1445	GY	GY-13	East Berbice-Corentyne	East Berbice-Corentyne	East Berbice-Corentyne
1446	GY	GY-14	Essequibo Islands-West Demerara	Essequibo Islands-West Demerara	Essequibo Islands-West Demerara
1447	GY	GY-15	Mahaica-Berbice	Mahaica-Berbice	Mahaica-Berbice
1448	GY	GY-16	Pomeroon-Supenaam	Pomeroon-Supenaam	Pomeroon-Supenaam
1449	GY	GY-17	Potaro-Siparuni	Potaro-Siparuni	Potaro-Siparuni
1450	GY	GY-18	Upper Demerara-Berbice	Upper Demerara-Berbice	Upper Demerara-Berbice
1451	GY	GY-19	Upper Takutu-Upper Essequibo	Upper Takutu-Upper Essequibo	Upper Takutu-Upper Essequibo
1452	HN	HN-01	Atlantida	Atlantida	Atlantida
1453	HN	HN-02	Choluteca	Choluteca	Choluteca
1454	HN	HN-03	Colon	Colon	Colon
1455	HN	HN-04	Comayagua	Comayagua	Comayagua
1456	HN	HN-05	Copan	Copan	Copan
1457	HN	HN-06	Cortes	Cortes	Cortes
1458	HN	HN-07	El Paraiso	El Paraiso	El Paraiso
1459	HN	HN-08	Francisco Morazan	Francisco Morazan	Francisco Morazan
1460	HN	HN-09	Gracias a Dios	Gracias a Dios	Gracias a Dios
1461	HN	HN-10	Intibuca	Intibuca	Intibuca
1462	HN	HN-11	Islas de la Bahia	Islas de la Bahia	Islas de la Bahia
1463	HN	HN-12	La Paz	La Paz	La Paz
1464	HN	HN-13	Lempira	Lempira	Lempira
1465	HN	HN-14	Ocotepeque	Ocotepeque	Ocotepeque
1466	HN	HN-15	Olancho	Olancho	Olancho
1467	HN	HN-16	Santa Barbara	Santa Barbara	Santa Barbara
1468	HN	HN-17	Valle	Valle	Valle
1469	HN	HN-18	Yoro	Yoro	Yoro
1470	HR	HR-01	Bjelovarsko-Bilogorska	Bjelovarsko-Bilogorska	Bjelovarsko-Bilogorska
1471	HR	HR-02	Brodsko-Posavska	Brodsko-Posavska	Brodsko-Posavska
1472	HR	HR-03	Dubrovacko-Neretvanska	Dubrovacko-Neretvanska	Dubrovacko-Neretvanska
1473	HR	HR-04	Istarska	Istarska	Istarska
1474	HR	HR-05	Karlovacka	Karlovacka	Karlovacka
1475	HR	HR-06	Koprivnicko-Krizevacka	Koprivnicko-Krizevacka	Koprivnicko-Krizevacka
1476	HR	HR-07	Krapinsko-Zagorska	Krapinsko-Zagorska	Krapinsko-Zagorska
1477	HR	HR-08	Licko-Senjska	Licko-Senjska	Licko-Senjska
1478	HR	HR-09	Medimurska	Medimurska	Medimurska
1479	HR	HR-10	Osjecko-Baranjska	Osjecko-Baranjska	Osjecko-Baranjska
1480	HR	HR-11	Pozesko-Slavonska	Pozesko-Slavonska	Pozesko-Slavonska
1481	HR	HR-12	Primorsko-Goranska	Primorsko-Goranska	Primorsko-Goranska
1482	HR	HR-13	Sibensko-Kninska	Sibensko-Kninska	Sibensko-Kninska
1483	HR	HR-14	Sisacko-Moslavacka	Sisacko-Moslavacka	Sisacko-Moslavacka
1484	HR	HR-15	Splitsko-Dalmatinska	Splitsko-Dalmatinska	Splitsko-Dalmatinska
1485	HR	HR-16	Varazdinska	Varazdinska	Varazdinska
1486	HR	HR-17	Viroviticko-Podravska	Viroviticko-Podravska	Viroviticko-Podravska
1487	HR	HR-18	Vukovarsko-Srijemska	Vukovarsko-Srijemska	Vukovarsko-Srijemska
1488	HR	HR-19	Zadarska	Zadarska	Zadarska
1489	HR	HR-20	Zagrebacka	Zagrebacka	Zagrebacka
1490	HR	HR-21	Grad Zagreb	Grad Zagreb	Grad Zagreb
1491	HT	HT-03	Nord-Ouest	Nord-Ouest	Nord-Ouest
1492	HT	HT-06	Artibonite	Artibonite	Artibonite
1493	HT	HT-07	Centre	Centre	Centre
1494	HT	HT-09	Nord	Nord	Nord
1495	HT	HT-10	Nord-Est	Nord-Est	Nord-Est
1496	HT	HT-11	Ouest	Ouest	Ouest
1497	HT	HT-12	Sud	Sud	Sud
1498	HT	HT-13	Sud-Est	Sud-Est	Sud-Est
1499	HT	HT-14	Grand Anse	Grand Anse	Grand Anse
1500	HT	HT-15	Nippes	Nippes	Nippes
1501	HU	HU-01	Bacs-Kiskun	Bacs-Kiskun	Bacs-Kiskun
1502	HU	HU-02	Baranya	Baranya	Baranya
1503	HU	HU-03	Bekes	Bekes	Bekes
1504	HU	HU-04	Borsod-Abauj-Zemplen	Borsod-Abauj-Zemplen	Borsod-Abauj-Zemplen
1505	HU	HU-05	Budapest	Budapest	Budapest
1506	HU	HU-06	Csongrad	Csongrad	Csongrad
1507	HU	HU-07	Debrecen	Debrecen	Debrecen
1508	HU	HU-08	Fejer	Fejer	Fejer
1509	HU	HU-09	Gyor-Moson-Sopron	Gyor-Moson-Sopron	Gyor-Moson-Sopron
1510	HU	HU-10	Hajdu-Bihar	Hajdu-Bihar	Hajdu-Bihar
1511	HU	HU-11	Heves	Heves	Heves
1512	HU	HU-12	Komarom-Esztergom	Komarom-Esztergom	Komarom-Esztergom
1513	HU	HU-13	Miskolc	Miskolc	Miskolc
1514	HU	HU-14	Nograd	Nograd	Nograd
1515	HU	HU-15	Pecs	Pecs	Pecs
1516	HU	HU-16	Pest	Pest	Pest
1517	HU	HU-17	Somogy	Somogy	Somogy
1518	HU	HU-18	Szabolcs-Szatmar-Bereg	Szabolcs-Szatmar-Bereg	Szabolcs-Szatmar-Bereg
1519	HU	HU-19	Szeged	Szeged	Szeged
1520	HU	HU-20	Jasz-Nagykun-Szolnok	Jasz-Nagykun-Szolnok	Jasz-Nagykun-Szolnok
1521	HU	HU-21	Tolna	Tolna	Tolna
1522	HU	HU-22	Vas	Vas	Vas
1523	HU	HU-23	Veszprem	Veszprem	Veszprem
1524	HU	HU-24	Zala	Zala	Zala
1525	HU	HU-25	Gyor	Gyor	Gyor
1526	HU	HU-26	Bekescsaba	Bekescsaba	Bekescsaba
1527	HU	HU-27	Dunaujvaros	Dunaujvaros	Dunaujvaros
1528	HU	HU-28	Eger	Eger	Eger
1529	HU	HU-29	Hodmezovasarhely	Hodmezovasarhely	Hodmezovasarhely
1530	HU	HU-30	Kaposvar	Kaposvar	Kaposvar
1531	HU	HU-31	Kecskemet	Kecskemet	Kecskemet
1532	HU	HU-32	Nagykanizsa	Nagykanizsa	Nagykanizsa
1533	HU	HU-33	Nyiregyhaza	Nyiregyhaza	Nyiregyhaza
1534	HU	HU-34	Sopron	Sopron	Sopron
1535	HU	HU-35	Szekesfehervar	Szekesfehervar	Szekesfehervar
1536	HU	HU-36	Szolnok	Szolnok	Szolnok
1537	HU	HU-37	Szombathely	Szombathely	Szombathely
1538	HU	HU-38	Tatabanya	Tatabanya	Tatabanya
1539	HU	HU-39	Veszprem	Veszprem	Veszprem
1540	HU	HU-40	Zalaegerszeg	Zalaegerszeg	Zalaegerszeg
1541	HU	HU-41	Salgotarjan	Salgotarjan	Salgotarjan
1542	HU	HU-42	Szekszard	Szekszard	Szekszard
1543	HU	HU-43	Erd	Erd	Erd
1544	ID	ID-01	Aceh	Aceh	Aceh
1545	ID	ID-02	Bali	Bali	Bali
1546	ID	ID-03	Bengkulu	Bengkulu	Bengkulu
1547	ID	ID-04	Jakarta Raya	Jakarta Raya	Jakarta Raya
1548	ID	ID-05	Jambi	Jambi	Jambi
1549	ID	ID-07	Jawa Tengah	Jawa Tengah	Jawa Tengah
1550	ID	ID-08	Jawa Timur	Jawa Timur	Jawa Timur
1551	ID	ID-10	Yogyakarta	Yogyakarta	Yogyakarta
1552	ID	ID-11	Kalimantan Barat	Kalimantan Barat	Kalimantan Barat
1553	ID	ID-12	Kalimantan Selatan	Kalimantan Selatan	Kalimantan Selatan
1554	ID	ID-13	Kalimantan Tengah	Kalimantan Tengah	Kalimantan Tengah
1555	ID	ID-14	Kalimantan Timur	Kalimantan Timur	Kalimantan Timur
1556	ID	ID-15	Lampung	Lampung	Lampung
1557	ID	ID-17	Nusa Tenggara Barat	Nusa Tenggara Barat	Nusa Tenggara Barat
1558	ID	ID-18	Nusa Tenggara Timur	Nusa Tenggara Timur	Nusa Tenggara Timur
1559	ID	ID-21	Sulawesi Tengah	Sulawesi Tengah	Sulawesi Tengah
1560	ID	ID-22	Sulawesi Tenggara	Sulawesi Tenggara	Sulawesi Tenggara
1561	ID	ID-24	Sumatera Barat	Sumatera Barat	Sumatera Barat
1562	ID	ID-26	Sumatera Utara	Sumatera Utara	Sumatera Utara
1563	ID	ID-28	Maluku	Maluku	Maluku
1564	ID	ID-29	Maluku Utara	Maluku Utara	Maluku Utara
1565	ID	ID-30	Jawa Barat	Jawa Barat	Jawa Barat
1566	ID	ID-31	Sulawesi Utara	Sulawesi Utara	Sulawesi Utara
1567	ID	ID-32	Sumatera Selatan	Sumatera Selatan	Sumatera Selatan
1568	ID	ID-33	Banten	Banten	Banten
1569	ID	ID-34	Gorontalo	Gorontalo	Gorontalo
1570	ID	ID-35	Kepulauan Bangka Belitung	Kepulauan Bangka Belitung	Kepulauan Bangka Belitung
1571	ID	ID-36	Papua	Papua	Papua
1572	ID	ID-37	Riau	Riau	Riau
1573	ID	ID-38	Sulawesi Selatan	Sulawesi Selatan	Sulawesi Selatan
1574	ID	ID-39	Irian Jaya Barat	Irian Jaya Barat	Irian Jaya Barat
1575	ID	ID-40	Kepulauan Riau	Kepulauan Riau	Kepulauan Riau
1576	ID	ID-41	Sulawesi Barat	Sulawesi Barat	Sulawesi Barat
1577	IE	IE-01	Carlow	Carlow	Carlow
1578	IE	IE-02	Cavan	Cavan	Cavan
1579	IE	IE-03	Clare	Clare	Clare
1580	IE	IE-04	Cork	Cork	Cork
1581	IE	IE-06	Donegal	Donegal	Donegal
1582	IE	IE-07	Dublin	Dublin	Dublin
1583	IE	IE-10	Galway	Galway	Galway
1584	IE	IE-11	Kerry	Kerry	Kerry
1585	IE	IE-12	Kildare	Kildare	Kildare
1586	IE	IE-13	Kilkenny	Kilkenny	Kilkenny
1587	IE	IE-14	Leitrim	Leitrim	Leitrim
1588	IE	IE-15	Laois	Laois	Laois
1589	IE	IE-16	Limerick	Limerick	Limerick
1590	IE	IE-18	Longford	Longford	Longford
1591	IE	IE-19	Louth	Louth	Louth
1592	IE	IE-20	Mayo	Mayo	Mayo
1593	IE	IE-21	Meath	Meath	Meath
1594	IE	IE-22	Monaghan	Monaghan	Monaghan
1595	IE	IE-23	Offaly	Offaly	Offaly
1596	IE	IE-24	Roscommon	Roscommon	Roscommon
1597	IE	IE-25	Sligo	Sligo	Sligo
1598	IE	IE-26	Tipperary	Tipperary	Tipperary
1599	IE	IE-27	Waterford	Waterford	Waterford
1600	IE	IE-29	Westmeath	Westmeath	Westmeath
1601	IE	IE-30	Wexford	Wexford	Wexford
1602	IE	IE-31	Wicklow	Wicklow	Wicklow
1603	IL	IL-01	HaDarom	HaDarom	HaDarom
1604	IL	IL-02	HaMerkaz	HaMerkaz	HaMerkaz
1605	IL	IL-03	HaZafon	HaZafon	HaZafon
1606	IL	IL-04	Hefa	Hefa	Hefa
1607	IL	IL-05	Tel Aviv	Tel Aviv	Tel Aviv
1608	IL	IL-06	Yerushalayim	Yerushalayim	Yerushalayim
1609	IN	IN-01	Andaman and Nicobar Islands	Andaman and Nicobar Islands	Andaman and Nicobar Islands
1610	IN	IN-02	Andhra Pradesh	Andhra Pradesh	Andhra Pradesh
1611	IN	IN-03	Assam	Assam	Assam
1612	IN	IN-05	Chandigarh	Chandigarh	Chandigarh
1613	IN	IN-06	Dadra and Nagar Haveli	Dadra and Nagar Haveli	Dadra and Nagar Haveli
1614	IN	IN-07	Delhi	Delhi	Delhi
1615	IN	IN-09	Gujarat	Gujarat	Gujarat
1616	IN	IN-10	Haryana	Haryana	Haryana
1617	IN	IN-11	Himachal Pradesh	Himachal Pradesh	Himachal Pradesh
1618	IN	IN-12	Jammu and Kashmir	Jammu and Kashmir	Jammu and Kashmir
1619	IN	IN-13	Kerala	Kerala	Kerala
1620	IN	IN-14	Lakshadweep	Lakshadweep	Lakshadweep
1621	IN	IN-16	Maharashtra	Maharashtra	Maharashtra
1622	IN	IN-17	Manipur	Manipur	Manipur
1623	IN	IN-18	Meghalaya	Meghalaya	Meghalaya
1624	IN	IN-19	Karnataka	Karnataka	Karnataka
1625	IN	IN-20	Nagaland	Nagaland	Nagaland
1626	IN	IN-21	Orissa	Orissa	Orissa
1627	IN	IN-22	Puducherry	Puducherry	Puducherry
1628	IN	IN-23	Punjab	Punjab	Punjab
1629	IN	IN-24	Rajasthan	Rajasthan	Rajasthan
1630	IN	IN-25	Tamil Nadu	Tamil Nadu	Tamil Nadu
1631	IN	IN-26	Tripura	Tripura	Tripura
1632	IN	IN-28	West Bengal	West Bengal	West Bengal
1633	IN	IN-29	Sikkim	Sikkim	Sikkim
1634	IN	IN-30	Arunachal Pradesh	Arunachal Pradesh	Arunachal Pradesh
1635	IN	IN-31	Mizoram	Mizoram	Mizoram
1636	IN	IN-32	Daman and Diu	Daman and Diu	Daman and Diu
1637	IN	IN-33	Goa	Goa	Goa
1638	IN	IN-34	Bihar	Bihar	Bihar
1639	IN	IN-35	Madhya Pradesh	Madhya Pradesh	Madhya Pradesh
1640	IN	IN-36	Uttar Pradesh	Uttar Pradesh	Uttar Pradesh
1641	IN	IN-37	Chhattisgarh	Chhattisgarh	Chhattisgarh
1642	IN	IN-38	Jharkhand	Jharkhand	Jharkhand
1643	IN	IN-39	Uttarakhand	Uttarakhand	Uttarakhand
1644	IQ	IQ-01	Al Anbar	Al Anbar	Al Anbar
1645	IQ	IQ-02	Al Basrah	Al Basrah	Al Basrah
1646	IQ	IQ-03	Al Muthanna	Al Muthanna	Al Muthanna
1647	IQ	IQ-04	Al Qadisiyah	Al Qadisiyah	Al Qadisiyah
1648	IQ	IQ-05	As Sulaymaniyah	As Sulaymaniyah	As Sulaymaniyah
1649	IQ	IQ-06	Babil	Babil	Babil
1650	IQ	IQ-07	Baghdad	Baghdad	Baghdad
1651	IQ	IQ-08	Dahuk	Dahuk	Dahuk
1652	IQ	IQ-09	Dhi Qar	Dhi Qar	Dhi Qar
1653	IQ	IQ-10	Diyala	Diyala	Diyala
1654	IQ	IQ-11	Arbil	Arbil	Arbil
1655	IQ	IQ-12	Karbala	Karbala	Karbala
1656	IQ	IQ-13	At Tamim	At Tamim	At Tamim
1657	IQ	IQ-14	Maysan	Maysan	Maysan
1658	IQ	IQ-15	Ninawa	Ninawa	Ninawa
1659	IQ	IQ-16	Wasit	Wasit	Wasit
1660	IQ	IQ-17	An Najaf	An Najaf	An Najaf
1661	IQ	IQ-18	Salah ad Din	Salah ad Din	Salah ad Din
1662	IR	IR-01	Azarbayjan-e Bakhtari	Azarbayjan-e Bakhtari	Azarbayjan-e Bakhtari
1663	IR	IR-03	Chahar Mahall va Bakhtiari	Chahar Mahall va Bakhtiari	Chahar Mahall va Bakhtiari
1664	IR	IR-04	Sistan va Baluchestan	Sistan va Baluchestan	Sistan va Baluchestan
1665	IR	IR-05	Kohkiluyeh va Buyer Ahmadi	Kohkiluyeh va Buyer Ahmadi	Kohkiluyeh va Buyer Ahmadi
1666	IR	IR-07	Fars	Fars	Fars
1667	IR	IR-08	Gilan	Gilan	Gilan
1668	IR	IR-09	Hamadan	Hamadan	Hamadan
1669	IR	IR-10	Ilam	Ilam	Ilam
1670	IR	IR-11	Hormozgan	Hormozgan	Hormozgan
1671	IR	IR-12	Kerman	Kerman	Kerman
1672	IR	IR-13	Bakhtaran	Bakhtaran	Bakhtaran
1673	IR	IR-15	Khuzestan	Khuzestan	Khuzestan
1674	IR	IR-16	Kordestan	Kordestan	Kordestan
1675	IR	IR-17	Mazandaran	Mazandaran	Mazandaran
1676	IR	IR-18	Semnan Province	Semnan Province	Semnan Province
1677	IR	IR-19	Markazi	Markazi	Markazi
1678	IR	IR-21	Zanjan	Zanjan	Zanjan
1679	IR	IR-22	Bushehr	Bushehr	Bushehr
1680	IR	IR-23	Lorestan	Lorestan	Lorestan
1681	IR	IR-24	Markazi	Markazi	Markazi
1682	IR	IR-25	Semnan	Semnan	Semnan
1683	IR	IR-26	Tehran	Tehran	Tehran
1684	IR	IR-27	Zanjan	Zanjan	Zanjan
1685	IR	IR-28	Esfahan	Esfahan	Esfahan
1686	IR	IR-29	Kerman	Kerman	Kerman
1687	IR	IR-30	Khorasan	Khorasan	Khorasan
1688	IR	IR-31	Yazd	Yazd	Yazd
1689	IR	IR-32	Ardabil	Ardabil	Ardabil
1690	IR	IR-33	East Azarbaijan	East Azarbaijan	East Azarbaijan
1691	IR	IR-34	Markazi	Markazi	Markazi
1692	IR	IR-35	Mazandaran	Mazandaran	Mazandaran
1693	IR	IR-36	Zanjan	Zanjan	Zanjan
1694	IR	IR-37	Golestan	Golestan	Golestan
1695	IR	IR-38	Qazvin	Qazvin	Qazvin
1696	IR	IR-39	Qom	Qom	Qom
1697	IR	IR-40	Yazd	Yazd	Yazd
1698	IR	IR-41	Khorasan-e Janubi	Khorasan-e Janubi	Khorasan-e Janubi
1699	IR	IR-42	Khorasan-e Razavi	Khorasan-e Razavi	Khorasan-e Razavi
1700	IR	IR-43	Khorasan-e Shemali	Khorasan-e Shemali	Khorasan-e Shemali
1701	IR	IR-44	Alborz	Alborz	Alborz
1702	IS	IS-03	Arnessysla	Arnessysla	Arnessysla
1703	IS	IS-05	Austur-Hunavatnssysla	Austur-Hunavatnssysla	Austur-Hunavatnssysla
1704	IS	IS-06	Austur-Skaftafellssysla	Austur-Skaftafellssysla	Austur-Skaftafellssysla
1705	IS	IS-07	Borgarfjardarsysla	Borgarfjardarsysla	Borgarfjardarsysla
1706	IS	IS-09	Eyjafjardarsysla	Eyjafjardarsysla	Eyjafjardarsysla
1707	IS	IS-10	Gullbringusysla	Gullbringusysla	Gullbringusysla
1708	IS	IS-15	Kjosarsysla	Kjosarsysla	Kjosarsysla
1709	IS	IS-17	Myrasysla	Myrasysla	Myrasysla
1710	IS	IS-20	Nordur-Mulasysla	Nordur-Mulasysla	Nordur-Mulasysla
1711	IS	IS-21	Nordur-Tingeyjarsysla	Nordur-Tingeyjarsysla	Nordur-Tingeyjarsysla
1712	IS	IS-23	Rangarvallasysla	Rangarvallasysla	Rangarvallasysla
1713	IS	IS-28	Skagafjardarsysla	Skagafjardarsysla	Skagafjardarsysla
1714	IS	IS-29	Snafellsnes- og Hnappadalssysla	Snafellsnes- og Hnappadalssysla	Snafellsnes- og Hnappadalssysla
1715	IS	IS-30	Strandasysla	Strandasysla	Strandasysla
1716	IS	IS-31	Sudur-Mulasysla	Sudur-Mulasysla	Sudur-Mulasysla
1717	IS	IS-32	Sudur-Tingeyjarsysla	Sudur-Tingeyjarsysla	Sudur-Tingeyjarsysla
1718	IS	IS-34	Vestur-Bardastrandarsysla	Vestur-Bardastrandarsysla	Vestur-Bardastrandarsysla
1719	IS	IS-35	Vestur-Hunavatnssysla	Vestur-Hunavatnssysla	Vestur-Hunavatnssysla
1720	IS	IS-36	Vestur-Isafjardarsysla	Vestur-Isafjardarsysla	Vestur-Isafjardarsysla
1721	IS	IS-37	Vestur-Skaftafellssysla	Vestur-Skaftafellssysla	Vestur-Skaftafellssysla
1722	IS	IS-38	Austurland	Austurland	Austurland
1723	IS	IS-39	Hofuoborgarsvaoio	Hofuoborgarsvaoio	Hofuoborgarsvaoio
1724	IS	IS-40	Norourland Eystra	Norourland Eystra	Norourland Eystra
1725	IS	IS-41	Norourland Vestra	Norourland Vestra	Norourland Vestra
1726	IS	IS-42	Suourland	Suourland	Suourland
1727	IS	IS-43	Suournes	Suournes	Suournes
1728	IS	IS-44	Vestfiroir	Vestfiroir	Vestfiroir
1729	IS	IS-45	Vesturland	Vesturland	Vesturland
1730	IT	IT-01	Abruzzi	Abruzzi	Abruzzi
1731	IT	IT-02	Basilicata	Basilicata	Basilicata
1732	IT	IT-03	Calabria	Calabria	Calabria
1733	IT	IT-04	Campania	Campania	Campania
1734	IT	IT-05	Emilia-Romagna	Emilia-Romagna	Emilia-Romagna
1735	IT	IT-06	Friuli-Venezia Giulia	Friuli-Venezia Giulia	Friuli-Venezia Giulia
1736	IT	IT-07	Lazio	Lazio	Lazio
1737	IT	IT-08	Liguria	Liguria	Liguria
1738	IT	IT-09	Lombardia	Lombardia	Lombardia
1739	IT	IT-10	Marche	Marche	Marche
1740	IT	IT-11	Molise	Molise	Molise
1741	IT	IT-12	Piemonte	Piemonte	Piemonte
1742	IT	IT-13	Puglia	Puglia	Puglia
1743	IT	IT-14	Sardegna	Sardegna	Sardegna
1744	IT	IT-15	Sicilia	Sicilia	Sicilia
1745	IT	IT-16	Toscana	Toscana	Toscana
1746	IT	IT-17	Trentino-Alto Adige	Trentino-Alto Adige	Trentino-Alto Adige
1747	IT	IT-18	Umbria	Umbria	Umbria
1748	IT	IT-19	Valle dAosta	Valle dAosta	Valle dAosta
1749	IT	IT-20	Veneto	Veneto	Veneto
1750	JM	JM-01	Clarendon	Clarendon	Clarendon
1751	JM	JM-02	Hanover	Hanover	Hanover
1752	JM	JM-04	Manchester	Manchester	Manchester
1753	JM	JM-07	Portland	Portland	Portland
1754	JM	JM-08	Saint Andrew	Saint Andrew	Saint Andrew
1755	JM	JM-09	Saint Ann	Saint Ann	Saint Ann
1756	JM	JM-10	Saint Catherine	Saint Catherine	Saint Catherine
1757	JM	JM-11	Saint Elizabeth	Saint Elizabeth	Saint Elizabeth
1758	JM	JM-12	Saint James	Saint James	Saint James
1759	JM	JM-13	Saint Mary	Saint Mary	Saint Mary
1760	JM	JM-14	Saint Thomas	Saint Thomas	Saint Thomas
1761	JM	JM-15	Trelawny	Trelawny	Trelawny
1762	JM	JM-16	Westmoreland	Westmoreland	Westmoreland
1763	JM	JM-17	Kingston	Kingston	Kingston
1764	JO	JO-02	Al Balqa	Al Balqa	Al Balqa
1765	JO	JO-09	Al Karak	Al Karak	Al Karak
1766	JO	JO-12	At Tafilah	At Tafilah	At Tafilah
1767	JO	JO-15	Al Mafraq	Al Mafraq	Al Mafraq
1768	JO	JO-16	Amman	Amman	Amman
1769	JO	JO-17	Az Zaraqa	Az Zaraqa	Az Zaraqa
1770	JO	JO-18	Irbid	Irbid	Irbid
1771	JO	JO-19	Maan	Maan	Maan
1772	JO	JO-20	Ajlun	Ajlun	Ajlun
1773	JO	JO-21	Al Aqabah	Al Aqabah	Al Aqabah
1774	JO	JO-22	Jarash	Jarash	Jarash
1775	JO	JO-23	Madaba	Madaba	Madaba
1776	JP	JP-01	Aichi	Aichi	Aichi
1777	JP	JP-02	Akita	Akita	Akita
1778	JP	JP-03	Aomori	Aomori	Aomori
1779	JP	JP-04	Chiba	Chiba	Chiba
1780	JP	JP-05	Ehime	Ehime	Ehime
1781	JP	JP-06	Fukui	Fukui	Fukui
1782	JP	JP-07	Fukuoka	Fukuoka	Fukuoka
1783	JP	JP-08	Fukushima	Fukushima	Fukushima
1784	JP	JP-09	Gifu	Gifu	Gifu
1785	JP	JP-10	Gumma	Gumma	Gumma
1786	JP	JP-11	Hiroshima	Hiroshima	Hiroshima
1787	JP	JP-12	Hokkaido	Hokkaido	Hokkaido
1788	JP	JP-13	Hyogo	Hyogo	Hyogo
1789	JP	JP-14	Ibaraki	Ibaraki	Ibaraki
1790	JP	JP-15	Ishikawa	Ishikawa	Ishikawa
1791	JP	JP-16	Iwate	Iwate	Iwate
1792	JP	JP-17	Kagawa	Kagawa	Kagawa
1793	JP	JP-18	Kagoshima	Kagoshima	Kagoshima
1794	JP	JP-19	Kanagawa	Kanagawa	Kanagawa
1795	JP	JP-20	Kochi	Kochi	Kochi
1796	JP	JP-21	Kumamoto	Kumamoto	Kumamoto
1797	JP	JP-22	Kyoto	Kyoto	Kyoto
1798	JP	JP-23	Mie	Mie	Mie
1799	JP	JP-24	Miyagi	Miyagi	Miyagi
1800	JP	JP-25	Miyazaki	Miyazaki	Miyazaki
1801	JP	JP-26	Nagano	Nagano	Nagano
1802	JP	JP-27	Nagasaki	Nagasaki	Nagasaki
1803	JP	JP-28	Nara	Nara	Nara
1804	JP	JP-29	Niigata	Niigata	Niigata
1805	JP	JP-30	Oita	Oita	Oita
1806	JP	JP-31	Okayama	Okayama	Okayama
1807	JP	JP-32	Osaka	Osaka	Osaka
1808	JP	JP-33	Saga	Saga	Saga
1809	JP	JP-34	Saitama	Saitama	Saitama
1810	JP	JP-35	Shiga	Shiga	Shiga
1811	JP	JP-36	Shimane	Shimane	Shimane
1812	JP	JP-37	Shizuoka	Shizuoka	Shizuoka
1813	JP	JP-38	Tochigi	Tochigi	Tochigi
1814	JP	JP-39	Tokushima	Tokushima	Tokushima
1815	JP	JP-40	Tokyo	Tokyo	Tokyo
1816	JP	JP-41	Tottori	Tottori	Tottori
1817	JP	JP-42	Toyama	Toyama	Toyama
1818	JP	JP-43	Wakayama	Wakayama	Wakayama
1819	JP	JP-44	Yamagata	Yamagata	Yamagata
1820	JP	JP-45	Yamaguchi	Yamaguchi	Yamaguchi
1821	JP	JP-46	Yamanashi	Yamanashi	Yamanashi
1822	JP	JP-47	Okinawa	Okinawa	Okinawa
1823	KE	KE-01	Central	Central	Central
1824	KE	KE-02	Coast	Coast	Coast
1825	KE	KE-03	Eastern	Eastern	Eastern
1826	KE	KE-05	Nairobi Area	Nairobi Area	Nairobi Area
1827	KE	KE-06	North-Eastern	North-Eastern	North-Eastern
1828	KE	KE-07	Nyanza	Nyanza	Nyanza
1829	KE	KE-08	Rift Valley	Rift Valley	Rift Valley
1830	KE	KE-09	Western	Western	Western
1831	KG	KG-01	Bishkek	Bishkek	Bishkek
1832	KG	KG-02	Chuy	Chuy	Chuy
1833	KG	KG-03	Jalal-Abad	Jalal-Abad	Jalal-Abad
1834	KG	KG-04	Naryn	Naryn	Naryn
1835	KG	KG-05	Osh	Osh	Osh
1836	KG	KG-06	Talas	Talas	Talas
1837	KG	KG-07	Ysyk-Kol	Ysyk-Kol	Ysyk-Kol
1838	KG	KG-08	Osh	Osh	Osh
1839	KG	KG-09	Batken	Batken	Batken
1840	KH	KH-01	Batdambang	Batdambang	Batdambang
1841	KH	KH-02	Kampong Cham	Kampong Cham	Kampong Cham
1842	KH	KH-03	Kampong Chhnang	Kampong Chhnang	Kampong Chhnang
1843	KH	KH-04	Kampong Speu	Kampong Speu	Kampong Speu
1844	KH	KH-05	Kampong Thum	Kampong Thum	Kampong Thum
1845	KH	KH-06	Kampot	Kampot	Kampot
1846	KH	KH-07	Kandal	Kandal	Kandal
1847	KH	KH-08	Koh Kong	Koh Kong	Koh Kong
1848	KH	KH-09	Kracheh	Kracheh	Kracheh
1849	KH	KH-10	Mondulkiri	Mondulkiri	Mondulkiri
1850	KH	KH-11	Phnum Penh	Phnum Penh	Phnum Penh
1851	KH	KH-12	Pursat	Pursat	Pursat
1852	KH	KH-13	Preah Vihear	Preah Vihear	Preah Vihear
1853	KH	KH-14	Prey Veng	Prey Veng	Prey Veng
1854	KH	KH-15	Ratanakiri Kiri	Ratanakiri Kiri	Ratanakiri Kiri
1855	KH	KH-16	Siem Reap	Siem Reap	Siem Reap
1856	KH	KH-17	Stung Treng	Stung Treng	Stung Treng
1857	KH	KH-18	Svay Rieng	Svay Rieng	Svay Rieng
1858	KH	KH-19	Takeo	Takeo	Takeo
1859	KH	KH-22	Phnum Penh	Phnum Penh	Phnum Penh
1860	KH	KH-23	Ratanakiri	Ratanakiri	Ratanakiri
1861	KH	KH-25	Banteay Meanchey	Banteay Meanchey	Banteay Meanchey
1862	KH	KH-28	Preah Seihanu	Preah Seihanu	Preah Seihanu
1863	KH	KH-29	Batdambang	Batdambang	Batdambang
1864	KH	KH-30	Pailin	Pailin	Pailin
1865	KI	KI-01	Gilbert Islands	Gilbert Islands	Gilbert Islands
1866	KI	KI-02	Line Islands	Line Islands	Line Islands
1867	KI	KI-03	Phoenix Islands	Phoenix Islands	Phoenix Islands
1868	KM	KM-01	Anjouan	Anjouan	Anjouan
1869	KM	KM-02	Grande Comore	Grande Comore	Grande Comore
1870	KM	KM-03	Moheli	Moheli	Moheli
1871	KN	KN-01	Christ Church Nichola Town	Christ Church Nichola Town	Christ Church Nichola Town
1872	KN	KN-02	Saint Anne Sandy Point	Saint Anne Sandy Point	Saint Anne Sandy Point
1873	KN	KN-03	Saint George Basseterre	Saint George Basseterre	Saint George Basseterre
1874	KN	KN-04	Saint George Gingerland	Saint George Gingerland	Saint George Gingerland
1875	KN	KN-05	Saint James Windward	Saint James Windward	Saint James Windward
1876	KN	KN-06	Saint John Capisterre	Saint John Capisterre	Saint John Capisterre
1877	KN	KN-07	Saint John Figtree	Saint John Figtree	Saint John Figtree
1878	KN	KN-08	Saint Mary Cayon	Saint Mary Cayon	Saint Mary Cayon
1879	KN	KN-09	Saint Paul Capisterre	Saint Paul Capisterre	Saint Paul Capisterre
1880	KN	KN-10	Saint Paul Charlestown	Saint Paul Charlestown	Saint Paul Charlestown
1881	KN	KN-11	Saint Peter Basseterre	Saint Peter Basseterre	Saint Peter Basseterre
1882	KN	KN-12	Saint Thomas Lowland	Saint Thomas Lowland	Saint Thomas Lowland
1883	KN	KN-13	Saint Thomas Middle Island	Saint Thomas Middle Island	Saint Thomas Middle Island
1884	KN	KN-15	Trinity Palmetto Point	Trinity Palmetto Point	Trinity Palmetto Point
1885	KP	KP-01	Chagang-do	Chagang-do	Chagang-do
1886	KP	KP-03	Hamgyong-namdo	Hamgyong-namdo	Hamgyong-namdo
1887	KP	KP-06	Hwanghae-namdo	Hwanghae-namdo	Hwanghae-namdo
1888	KP	KP-07	Hwanghae-bukto	Hwanghae-bukto	Hwanghae-bukto
1889	KP	KP-08	Kaesong-si	Kaesong-si	Kaesong-si
1890	KP	KP-09	Kangwon-do	Kangwon-do	Kangwon-do
1891	KP	KP-11	Pyongan-bukto	Pyongan-bukto	Pyongan-bukto
1892	KP	KP-12	Pyongyang-si	Pyongyang-si	Pyongyang-si
1893	KP	KP-13	Yanggang-do	Yanggang-do	Yanggang-do
1894	KP	KP-14	Nampo-si	Nampo-si	Nampo-si
1895	KP	KP-15	Pyongan-namdo	Pyongan-namdo	Pyongan-namdo
1896	KP	KP-17	Hamgyong-bukto	Hamgyong-bukto	Hamgyong-bukto
1897	KP	KP-18	Najin Sonbong-si	Najin Sonbong-si	Najin Sonbong-si
1898	KR	KR-01	Cheju-do	Cheju-do	Cheju-do
1899	KR	KR-03	Cholla-bukto	Cholla-bukto	Cholla-bukto
1900	KR	KR-05	Chungchong-bukto	Chungchong-bukto	Chungchong-bukto
1901	KR	KR-06	Kangwon-do	Kangwon-do	Kangwon-do
1902	KR	KR-10	Pusan-jikhalsi	Pusan-jikhalsi	Pusan-jikhalsi
1903	KR	KR-11	Seoul-tukpyolsi	Seoul-tukpyolsi	Seoul-tukpyolsi
1904	KR	KR-12	Inchon-jikhalsi	Inchon-jikhalsi	Inchon-jikhalsi
1905	KR	KR-13	Kyonggi-do	Kyonggi-do	Kyonggi-do
1906	KR	KR-14	Kyongsang-bukto	Kyongsang-bukto	Kyongsang-bukto
1907	KR	KR-15	Taegu-jikhalsi	Taegu-jikhalsi	Taegu-jikhalsi
1908	KR	KR-16	Cholla-namdo	Cholla-namdo	Cholla-namdo
1909	KR	KR-17	Chungchong-namdo	Chungchong-namdo	Chungchong-namdo
1910	KR	KR-18	Kwangju-jikhalsi	Kwangju-jikhalsi	Kwangju-jikhalsi
1911	KR	KR-19	Taejon-jikhalsi	Taejon-jikhalsi	Taejon-jikhalsi
1912	KR	KR-20	Kyongsang-namdo	Kyongsang-namdo	Kyongsang-namdo
1913	KR	KR-21	Ulsan-gwangyoksi	Ulsan-gwangyoksi	Ulsan-gwangyoksi
1914	KW	KW-01	Al Ahmadi	Al Ahmadi	Al Ahmadi
1915	KW	KW-02	Al Kuwayt	Al Kuwayt	Al Kuwayt
1916	KW	KW-05	Al Jahra	Al Jahra	Al Jahra
1917	KW	KW-07	Al Farwaniyah	Al Farwaniyah	Al Farwaniyah
1918	KW	KW-08	Hawalli	Hawalli	Hawalli
1919	KW	KW-09	Mubarak al Kabir	Mubarak al Kabir	Mubarak al Kabir
1920	KY	KY-01	Creek	Creek	Creek
1921	KY	KY-02	Eastern	Eastern	Eastern
1922	KY	KY-03	Midland	Midland	Midland
1923	KY	KY-04	South Town	South Town	South Town
1924	KY	KY-05	Spot Bay	Spot Bay	Spot Bay
1925	KY	KY-06	Stake Bay	Stake Bay	Stake Bay
1926	KY	KY-07	West End	West End	West End
1927	KY	KY-08	Western	Western	Western
1928	KZ	KZ-01	Almaty	Алматинская область	Almaty
1929	KZ	KZ-02	Almaty City	Алма-Ата	Almaty City
1930	KZ	KZ-03	Aqmola	Акмолинская область	Aqmola
1931	KZ	KZ-04	Aqtobe	Актобе	Aqtobe
1932	KZ	KZ-05	Astana	Астана	Astana
1933	KZ	KZ-06	Atyrau	Атырауская область	Atyrau
1934	KZ	KZ-07	West Kazakhstan	Западно-Казахстанская область	West Kazakhstan
1935	KZ	KZ-08	Bayqonyr	Байконур	Bayqonyr
1936	KZ	KZ-09	Mangghystau	Мангистауская область	Mangghystau
1937	KZ	KZ-10	South Kazakhstan	Южно-Казахстанская область	South Kazakhstan
1938	KZ	KZ-11	Pavlodar	Павлодарская область	Pavlodar
1939	KZ	KZ-12	Qaraghandy	Караганда	Qaraghandy
1940	KZ	KZ-13	Qostanay	Костанайская область	Qostanay
1941	KZ	KZ-14	Qyzylorda	Кызылординская област	Qyzylorda
1942	KZ	KZ-15	East Kazakhstan	Восточно-Казахстанская область	East Kazakhstan
1943	KZ	KZ-16	North Kazakhstan	Северный Казахстан	North Kazakhstan
1944	KZ	KZ-17	Zhambyl	Жамбылская область	Zhambyl
1945	LA	LA-01	Attapu	Attapu	Attapu
1946	LA	LA-02	Champasak	Champasak	Champasak
1947	LA	LA-03	Houaphan	Houaphan	Houaphan
1948	LA	LA-04	Khammouan	Khammouan	Khammouan
1949	LA	LA-05	Louang Namtha	Louang Namtha	Louang Namtha
1950	LA	LA-07	Oudomxai	Oudomxai	Oudomxai
1951	LA	LA-08	Phongsali	Phongsali	Phongsali
1952	LA	LA-09	Saravan	Saravan	Saravan
1953	LA	LA-10	Savannakhet	Savannakhet	Savannakhet
1954	LA	LA-11	Vientiane	Vientiane	Vientiane
1955	LA	LA-13	Xaignabouri	Xaignabouri	Xaignabouri
1956	LA	LA-14	Xiangkhoang	Xiangkhoang	Xiangkhoang
1957	LA	LA-17	Louangphrabang	Louangphrabang	Louangphrabang
1958	LB	LB-01	Beqaa	Beqaa	Beqaa
1959	LB	LB-02	Al Janub	Al Janub	Al Janub
1960	LB	LB-03	Liban-Nord	Liban-Nord	Liban-Nord
1961	LB	LB-04	Beyrouth	Beyrouth	Beyrouth
1962	LB	LB-05	Mont-Liban	Mont-Liban	Mont-Liban
1963	LB	LB-06	Liban-Sud	Liban-Sud	Liban-Sud
1964	LB	LB-07	Nabatiye	Nabatiye	Nabatiye
1965	LB	LB-08	Beqaa	Beqaa	Beqaa
1966	LB	LB-09	Liban-Nord	Liban-Nord	Liban-Nord
1967	LB	LB-10	Aakk,r	Aakk,r	Aakk,r
1968	LB	LB-11	Baalbek-Hermel	Baalbek-Hermel	Baalbek-Hermel
1969	LC	LC-01	Anse-la-Raye	Anse-la-Raye	Anse-la-Raye
1970	LC	LC-02	Dauphin	Dauphin	Dauphin
1971	LC	LC-03	Castries	Castries	Castries
1972	LC	LC-04	Choiseul	Choiseul	Choiseul
1973	LC	LC-05	Dennery	Dennery	Dennery
1974	LC	LC-06	Gros-Islet	Gros-Islet	Gros-Islet
1975	LC	LC-07	Laborie	Laborie	Laborie
1976	LC	LC-08	Micoud	Micoud	Micoud
1977	LC	LC-09	Soufriere	Soufriere	Soufriere
1978	LC	LC-10	Vieux-Fort	Vieux-Fort	Vieux-Fort
1979	LC	LC-11	Praslin	Praslin	Praslin
1980	LI	LI-01	Balzers	Balzers	Balzers
1981	LI	LI-02	Eschen	Eschen	Eschen
1982	LI	LI-03	Gamprin	Gamprin	Gamprin
1983	LI	LI-04	Mauren	Mauren	Mauren
1984	LI	LI-05	Planken	Planken	Planken
1985	LI	LI-06	Ruggell	Ruggell	Ruggell
1986	LI	LI-07	Schaan	Schaan	Schaan
1987	LI	LI-08	Schellenberg	Schellenberg	Schellenberg
1988	LI	LI-09	Triesen	Triesen	Triesen
1989	LI	LI-10	Triesenberg	Triesenberg	Triesenberg
1990	LI	LI-11	Vaduz	Vaduz	Vaduz
1991	LI	LI-21	Gbarpolu	Gbarpolu	Gbarpolu
1992	LI	LI-22	River Gee	River Gee	River Gee
1993	LK	LK-29	Central	Central	Central
1994	LK	LK-30	North Central	North Central	North Central
1995	LK	LK-32	North Western	North Western	North Western
1996	LK	LK-33	Sabaragamuwa	Sabaragamuwa	Sabaragamuwa
1997	LK	LK-34	Southern	Southern	Southern
1998	LK	LK-35	Uva	Uva	Uva
1999	LK	LK-36	Western	Western	Western
2000	LK	LK-37	Eastern	Eastern	Eastern
2001	LK	LK-38	Northern	Northern	Northern
2002	LR	LR-01	Bong	Bong	Bong
2003	LR	LR-04	Grand Cape Mount	Grand Cape Mount	Grand Cape Mount
2004	LR	LR-05	Lofa	Lofa	Lofa
2005	LR	LR-06	Maryland	Maryland	Maryland
2006	LR	LR-07	Monrovia	Monrovia	Monrovia
2007	LR	LR-09	Nimba	Nimba	Nimba
2008	LR	LR-10	Sino	Sino	Sino
2009	LR	LR-11	Grand Bassa	Grand Bassa	Grand Bassa
2010	LR	LR-12	Grand Cape Mount	Grand Cape Mount	Grand Cape Mount
2011	LR	LR-13	Maryland	Maryland	Maryland
2012	LR	LR-14	Montserrado	Montserrado	Montserrado
2013	LR	LR-17	Margibi	Margibi	Margibi
2014	LR	LR-18	River Cess	River Cess	River Cess
2015	LR	LR-19	Grand Gedeh	Grand Gedeh	Grand Gedeh
2016	LR	LR-20	Lofa	Lofa	Lofa
2017	LR	LR-21	Gbarpolu	Gbarpolu	Gbarpolu
2018	LR	LR-22	River Gee	River Gee	River Gee
2019	LS	LS-10	Berea	Berea	Berea
2020	LS	LS-11	Butha-Buthe	Butha-Buthe	Butha-Buthe
2021	LS	LS-12	Leribe	Leribe	Leribe
2022	LS	LS-13	Mafeteng	Mafeteng	Mafeteng
2023	LS	LS-14	Maseru	Maseru	Maseru
2024	LS	LS-15	Mohales Hoek	Mohales Hoek	Mohales Hoek
2025	LS	LS-16	Mokhotlong	Mokhotlong	Mokhotlong
2026	LS	LS-17	Qachas Nek	Qachas Nek	Qachas Nek
2027	LS	LS-18	Quthing	Quthing	Quthing
2028	LS	LS-19	Thaba-Tseka	Thaba-Tseka	Thaba-Tseka
2029	LT	LT-56	Alytaus Apskritis	Alytaus Apskritis	Alytaus Apskritis
2030	LT	LT-57	Kauno Apskritis	Kauno Apskritis	Kauno Apskritis
2031	LT	LT-58	Klaipedos Apskritis	Klaipedos Apskritis	Klaipedos Apskritis
2032	LT	LT-59	Marijampoles Apskritis	Marijampoles Apskritis	Marijampoles Apskritis
2033	LT	LT-60	Panevezio Apskritis	Panevezio Apskritis	Panevezio Apskritis
2034	LT	LT-61	Siauliu Apskritis	Siauliu Apskritis	Siauliu Apskritis
2035	LT	LT-62	Taurages Apskritis	Taurages Apskritis	Taurages Apskritis
2036	LT	LT-63	Telsiu Apskritis	Telsiu Apskritis	Telsiu Apskritis
2037	LT	LT-64	Utenos Apskritis	Utenos Apskritis	Utenos Apskritis
2038	LT	LT-65	Vilniaus Apskritis	Vilniaus Apskritis	Vilniaus Apskritis
2039	LU	LU-01	Diekirch	Diekirch	Diekirch
2040	LU	LU-02	Grevenmacher	Grevenmacher	Grevenmacher
2041	LU	LU-03	Luxembourg	Luxembourg	Luxembourg
2042	LV	LV-01	Aizkraukles	Aizkraukles	Aizkraukles
2043	LV	LV-02	Aluksnes	Aluksnes	Aluksnes
2044	LV	LV-03	Balvu	Balvu	Balvu
2045	LV	LV-04	Bauskas	Bauskas	Bauskas
2046	LV	LV-05	Cesu	Cesu	Cesu
2047	LV	LV-06	Daugavpils	Daugavpils	Daugavpils
2048	LV	LV-07	Daugavpils	Daugavpils	Daugavpils
2049	LV	LV-08	Dobeles	Dobeles	Dobeles
2050	LV	LV-09	Gulbenes	Gulbenes	Gulbenes
2051	LV	LV-10	Jekabpils	Jekabpils	Jekabpils
2052	LV	LV-11	Jelgava	Jelgava	Jelgava
2053	LV	LV-12	Jelgavas	Jelgavas	Jelgavas
2054	LV	LV-13	Jurmala	Jurmala	Jurmala
2055	LV	LV-14	Kraslavas	Kraslavas	Kraslavas
2056	LV	LV-15	Kuldigas	Kuldigas	Kuldigas
2057	LV	LV-16	Liepaja	Liepaja	Liepaja
2058	LV	LV-17	Liepajas	Liepajas	Liepajas
2059	LV	LV-18	Limbazu	Limbazu	Limbazu
2060	LV	LV-19	Ludzas	Ludzas	Ludzas
2061	LV	LV-20	Madonas	Madonas	Madonas
2062	LV	LV-21	Ogres	Ogres	Ogres
2063	LV	LV-22	Preilu	Preilu	Preilu
2064	LV	LV-23	Rezekne	Rezekne	Rezekne
2065	LV	LV-24	Rezeknes	Rezeknes	Rezeknes
2066	LV	LV-25	Riga	Riga	Riga
2067	LV	LV-26	Rigas	Rigas	Rigas
2068	LV	LV-27	Saldus	Saldus	Saldus
2069	LV	LV-28	Talsu	Talsu	Talsu
2070	LV	LV-29	Tukuma	Tukuma	Tukuma
2071	LV	LV-30	Valkas	Valkas	Valkas
2072	LV	LV-31	Valmieras	Valmieras	Valmieras
2073	LV	LV-32	Ventspils	Ventspils	Ventspils
2074	LV	LV-33	Ventspils	Ventspils	Ventspils
2075	LY	LY-03	Al Aziziyah	Al Aziziyah	Al Aziziyah
2076	LY	LY-05	Al Jufrah	Al Jufrah	Al Jufrah
2077	LY	LY-08	Al Kufrah	Al Kufrah	Al Kufrah
2078	LY	LY-13	Ash Shati	Ash Shati	Ash Shati
2079	LY	LY-30	Murzuq	Murzuq	Murzuq
2080	LY	LY-34	Sabha	Sabha	Sabha
2081	LY	LY-41	Tarhunah	Tarhunah	Tarhunah
2082	LY	LY-42	Tubruq	Tubruq	Tubruq
2083	LY	LY-45	Zlitan	Zlitan	Zlitan
2084	LY	LY-47	Ajdabiya	Ajdabiya	Ajdabiya
2085	LY	LY-48	Al Fatih	Al Fatih	Al Fatih
2086	LY	LY-49	Al Jabal al Akhdar	Al Jabal al Akhdar	Al Jabal al Akhdar
2087	LY	LY-50	Al Khums	Al Khums	Al Khums
2088	LY	LY-51	An Nuqat al Khams	An Nuqat al Khams	An Nuqat al Khams
2089	LY	LY-52	Awbari	Awbari	Awbari
2090	LY	LY-53	Az Zawiyah	Az Zawiyah	Az Zawiyah
2091	LY	LY-54	Banghazi	Banghazi	Banghazi
2092	LY	LY-55	Darnah	Darnah	Darnah
2093	LY	LY-56	Ghadamis	Ghadamis	Ghadamis
2094	LY	LY-57	Gharyan	Gharyan	Gharyan
2095	LY	LY-58	Misratah	Misratah	Misratah
2096	LY	LY-59	Sawfajjin	Sawfajjin	Sawfajjin
2097	LY	LY-60	Surt	Surt	Surt
2098	LY	LY-61	Tarabulus	Tarabulus	Tarabulus
2099	LY	LY-62	Yafran	Yafran	Yafran
2100	MA	MA-45	Grand Casablanca	Grand Casablanca	Grand Casablanca
2101	MA	MA-46	Fes-Boulemane	Fes-Boulemane	Fes-Boulemane
2102	MA	MA-47	Marrakech-Tensift-Al Haouz	Marrakech-Tensift-Al Haouz	Marrakech-Tensift-Al Haouz
2103	MA	MA-48	Meknes-Tafilalet	Meknes-Tafilalet	Meknes-Tafilalet
2104	MA	MA-49	Rabat-Sale-Zemmour-Zaer	Rabat-Sale-Zemmour-Zaer	Rabat-Sale-Zemmour-Zaer
2105	MA	MA-50	Chaouia-Ouardigha	Chaouia-Ouardigha	Chaouia-Ouardigha
2106	MA	MA-51	Doukkala-Abda	Doukkala-Abda	Doukkala-Abda
2107	MA	MA-52	Gharb-Chrarda-Beni Hssen	Gharb-Chrarda-Beni Hssen	Gharb-Chrarda-Beni Hssen
2108	MA	MA-53	Guelmim-Es Smara	Guelmim-Es Smara	Guelmim-Es Smara
2109	MA	MA-54	Oriental	Oriental	Oriental
2110	MA	MA-55	Souss-Massa-Dr,a	Souss-Massa-Dr,a	Souss-Massa-Dr,a
2111	MA	MA-56	Tadla-Azilal	Tadla-Azilal	Tadla-Azilal
2112	MA	MA-57	Tanger-Tetouan	Tanger-Tetouan	Tanger-Tetouan
2113	MA	MA-58	Taza-Al Hoceima-Taounate	Taza-Al Hoceima-Taounate	Taza-Al Hoceima-Taounate
2114	MA	MA-59	La,youne-Boujdour-Sakia El Hamra	La,youne-Boujdour-Sakia El Hamra	La,youne-Boujdour-Sakia El Hamra
2115	MC	MC-01	La Condamine	La Condamine	La Condamine
2116	MC	MC-02	Monaco	Monaco	Monaco
2117	MC	MC-03	Monte-Carlo	Monte-Carlo	Monte-Carlo
2118	MD	MD-51	Gagauzia	Gagauzia	Gagauzia
2119	MD	MD-57	Chisinau	Chisinau	Chisinau
2120	MD	MD-58	Stinga Nistrului	Stinga Nistrului	Stinga Nistrului
2121	MD	MD-59	Anenii Noi	Anenii Noi	Anenii Noi
2122	MD	MD-60	Balti	Balti	Balti
2123	MD	MD-61	Basarabeasca	Basarabeasca	Basarabeasca
2124	MD	MD-62	Bender	Bender	Bender
2125	MD	MD-63	Briceni	Briceni	Briceni
2126	MD	MD-64	Cahul	Cahul	Cahul
2127	MD	MD-65	Cantemir	Cantemir	Cantemir
2128	MD	MD-66	Calarasi	Calarasi	Calarasi
2129	MD	MD-67	Causeni	Causeni	Causeni
2130	MD	MD-68	Cimislia	Cimislia	Cimislia
2131	MD	MD-69	Criuleni	Criuleni	Criuleni
2132	MD	MD-70	Donduseni	Donduseni	Donduseni
2133	MD	MD-71	Drochia	Drochia	Drochia
2134	MD	MD-72	Dubasari	Dubasari	Dubasari
2135	MD	MD-73	Edinet	Edinet	Edinet
2136	MD	MD-74	Falesti	Falesti	Falesti
2137	MD	MD-75	Floresti	Floresti	Floresti
2138	MD	MD-76	Glodeni	Glodeni	Glodeni
2139	MD	MD-77	Hincesti	Hincesti	Hincesti
2140	MD	MD-78	Ialoveni	Ialoveni	Ialoveni
2141	MD	MD-79	Leova	Leova	Leova
2142	MD	MD-80	Nisporeni	Nisporeni	Nisporeni
2143	MD	MD-81	Ocnita	Ocnita	Ocnita
2144	MD	MD-82	Orhei	Orhei	Orhei
2145	MD	MD-83	Rezina	Rezina	Rezina
2146	MD	MD-84	Riscani	Riscani	Riscani
2147	MD	MD-85	Singerei	Singerei	Singerei
2148	MD	MD-86	Soldanesti	Soldanesti	Soldanesti
2149	MD	MD-87	Soroca	Soroca	Soroca
2150	MD	MD-88	Stefan-Voda	Stefan-Voda	Stefan-Voda
2151	MD	MD-89	Straseni	Straseni	Straseni
2152	MD	MD-90	Taraclia	Taraclia	Taraclia
2153	MD	MD-91	Telenesti	Telenesti	Telenesti
2154	MD	MD-92	Ungheni	Ungheni	Ungheni
2155	MG	MG-01	Antsiranana	Antsiranana	Antsiranana
2156	MG	MG-02	Fianarantsoa	Fianarantsoa	Fianarantsoa
2157	MG	MG-03	Mahajanga	Mahajanga	Mahajanga
2158	MG	MG-04	Toamasina	Toamasina	Toamasina
2159	MG	MG-05	Antananarivo	Antananarivo	Antananarivo
2160	MG	MG-06	Toliara	Toliara	Toliara
2161	MK	MK-01	Aracinovo	Aracinovo	Aracinovo
2162	MK	MK-02	Bac	Bac	Bac
2163	MK	MK-03	Belcista	Belcista	Belcista
2164	MK	MK-04	Berovo	Berovo	Berovo
2165	MK	MK-05	Bistrica	Bistrica	Bistrica
2166	MK	MK-06	Bitola	Bitola	Bitola
2167	MK	MK-07	Blatec	Blatec	Blatec
2168	MK	MK-08	Bogdanci	Bogdanci	Bogdanci
2169	MK	MK-09	Bogomila	Bogomila	Bogomila
2170	MK	MK-10	Bogovinje	Bogovinje	Bogovinje
2171	MK	MK-11	Bosilovo	Bosilovo	Bosilovo
2172	MK	MK-12	Brvenica	Brvenica	Brvenica
2173	MK	MK-13	Cair	Cair	Cair
2174	MK	MK-14	Capari	Capari	Capari
2175	MK	MK-15	Caska	Caska	Caska
2176	MK	MK-16	Cegrane	Cegrane	Cegrane
2177	MK	MK-17	Centar	Centar	Centar
2178	MK	MK-18	Centar Zupa	Centar Zupa	Centar Zupa
2179	MK	MK-19	Cesinovo	Cesinovo	Cesinovo
2180	MK	MK-20	Cucer-Sandevo	Cucer-Sandevo	Cucer-Sandevo
2181	MK	MK-21	Debar	Debar	Debar
2182	MK	MK-22	Delcevo	Delcevo	Delcevo
2183	MK	MK-23	Delogozdi	Delogozdi	Delogozdi
2184	MK	MK-24	Demir Hisar	Demir Hisar	Demir Hisar
2185	MK	MK-25	Demir Kapija	Demir Kapija	Demir Kapija
2186	MK	MK-26	Dobrusevo	Dobrusevo	Dobrusevo
2187	MK	MK-27	Dolna Banjica	Dolna Banjica	Dolna Banjica
2188	MK	MK-28	Dolneni	Dolneni	Dolneni
2189	MK	MK-29	Dorce Petrov	Dorce Petrov	Dorce Petrov
2190	MK	MK-30	Drugovo	Drugovo	Drugovo
2191	MK	MK-31	Dzepciste	Dzepciste	Dzepciste
2192	MK	MK-32	Gazi Baba	Gazi Baba	Gazi Baba
2193	MK	MK-33	Gevgelija	Gevgelija	Gevgelija
2194	MK	MK-34	Gostivar	Gostivar	Gostivar
2195	MK	MK-35	Gradsko	Gradsko	Gradsko
2196	MK	MK-36	Ilinden	Ilinden	Ilinden
2197	MK	MK-37	Izvor	Izvor	Izvor
2198	MK	MK-38	Jegunovce	Jegunovce	Jegunovce
2199	MK	MK-39	Kamenjane	Kamenjane	Kamenjane
2200	MK	MK-40	Karbinci	Karbinci	Karbinci
2201	MK	MK-41	Karpos	Karpos	Karpos
2202	MK	MK-42	Kavadarci	Kavadarci	Kavadarci
2203	MK	MK-43	Kicevo	Kicevo	Kicevo
2204	MK	MK-44	Kisela Voda	Kisela Voda	Kisela Voda
2205	MK	MK-45	Klecevce	Klecevce	Klecevce
2206	MK	MK-46	Kocani	Kocani	Kocani
2207	MK	MK-47	Konce	Konce	Konce
2208	MK	MK-48	Kondovo	Kondovo	Kondovo
2209	MK	MK-49	Konopiste	Konopiste	Konopiste
2210	MK	MK-50	Kosel	Kosel	Kosel
2211	MK	MK-51	Kratovo	Kratovo	Kratovo
2212	MK	MK-52	Kriva Palanka	Kriva Palanka	Kriva Palanka
2213	MK	MK-53	Krivogastani	Krivogastani	Krivogastani
2214	MK	MK-54	Krusevo	Krusevo	Krusevo
2215	MK	MK-55	Kuklis	Kuklis	Kuklis
2216	MK	MK-56	Kukurecani	Kukurecani	Kukurecani
2217	MK	MK-57	Kumanovo	Kumanovo	Kumanovo
2218	MK	MK-58	Labunista	Labunista	Labunista
2219	MK	MK-59	Lipkovo	Lipkovo	Lipkovo
2220	MK	MK-60	Lozovo	Lozovo	Lozovo
2221	MK	MK-61	Lukovo	Lukovo	Lukovo
2222	MK	MK-62	Makedonska Kamenica	Makedonska Kamenica	Makedonska Kamenica
2223	MK	MK-63	Makedonski Brod	Makedonski Brod	Makedonski Brod
2224	MK	MK-64	Mavrovi Anovi	Mavrovi Anovi	Mavrovi Anovi
2225	MK	MK-65	Meseista	Meseista	Meseista
2226	MK	MK-66	Miravci	Miravci	Miravci
2227	MK	MK-67	Mogila	Mogila	Mogila
2228	MK	MK-68	Murtino	Murtino	Murtino
2229	MK	MK-69	Negotino	Negotino	Negotino
2230	MK	MK-70	Negotino-Polosko	Negotino-Polosko	Negotino-Polosko
2231	MK	MK-71	Novaci	Novaci	Novaci
2232	MK	MK-72	Novo Selo	Novo Selo	Novo Selo
2233	MK	MK-73	Oblesevo	Oblesevo	Oblesevo
2234	MK	MK-74	Ohrid	Ohrid	Ohrid
2235	MK	MK-75	Orasac	Orasac	Orasac
2236	MK	MK-76	Orizari	Orizari	Orizari
2237	MK	MK-77	Oslomej	Oslomej	Oslomej
2238	MK	MK-78	Pehcevo	Pehcevo	Pehcevo
2239	MK	MK-79	Petrovec	Petrovec	Petrovec
2240	MK	MK-80	Plasnica	Plasnica	Plasnica
2241	MK	MK-81	Podares	Podares	Podares
2242	MK	MK-82	Prilep	Prilep	Prilep
2243	MK	MK-83	Probistip	Probistip	Probistip
2244	MK	MK-84	Radovis	Radovis	Radovis
2245	MK	MK-85	Rankovce	Rankovce	Rankovce
2246	MK	MK-86	Resen	Resen	Resen
2247	MK	MK-87	Rosoman	Rosoman	Rosoman
2248	MK	MK-88	Rostusa	Rostusa	Rostusa
2249	MK	MK-89	Samokov	Samokov	Samokov
2250	MK	MK-90	Saraj	Saraj	Saraj
2251	MK	MK-91	Sipkovica	Sipkovica	Sipkovica
2252	MK	MK-92	Sopiste	Sopiste	Sopiste
2253	MK	MK-93	Sopotnica	Sopotnica	Sopotnica
2254	MK	MK-94	Srbinovo	Srbinovo	Srbinovo
2255	MK	MK-95	Staravina	Staravina	Staravina
2256	MK	MK-96	Star Dojran	Star Dojran	Star Dojran
2257	MK	MK-97	Staro Nagoricane	Staro Nagoricane	Staro Nagoricane
2258	MK	MK-98	Stip	Stip	Stip
2259	MK	MK-99	Struga	Struga	Struga
2260	MK	MK-A1	Strumica	Strumica	Strumica
2261	MK	MK-A2	Studenicani	Studenicani	Studenicani
2262	MK	MK-A3	Suto Orizari	Suto Orizari	Suto Orizari
2263	MK	MK-A4	Sveti Nikole	Sveti Nikole	Sveti Nikole
2264	MK	MK-A5	Tearce	Tearce	Tearce
2265	MK	MK-A6	Tetovo	Tetovo	Tetovo
2266	MK	MK-A7	Topolcani	Topolcani	Topolcani
2267	MK	MK-A8	Valandovo	Valandovo	Valandovo
2268	MK	MK-A9	Vasilevo	Vasilevo	Vasilevo
2269	MK	MK-B1	Veles	Veles	Veles
2270	MK	MK-B2	Velesta	Velesta	Velesta
2271	MK	MK-B3	Vevcani	Vevcani	Vevcani
2272	MK	MK-B4	Vinica	Vinica	Vinica
2273	MK	MK-B5	Vitoliste	Vitoliste	Vitoliste
2274	MK	MK-B6	Vranestica	Vranestica	Vranestica
2275	MK	MK-B7	Vrapciste	Vrapciste	Vrapciste
2276	MK	MK-B8	Vratnica	Vratnica	Vratnica
2277	MK	MK-B9	Vrutok	Vrutok	Vrutok
2278	MK	MK-C1	Zajas	Zajas	Zajas
2279	MK	MK-C2	Zelenikovo	Zelenikovo	Zelenikovo
2280	MK	MK-C3	Zelino	Zelino	Zelino
2281	MK	MK-C4	Zitose	Zitose	Zitose
2282	MK	MK-C5	Zletovo	Zletovo	Zletovo
2283	MK	MK-C6	Zrnovci	Zrnovci	Zrnovci
2284	MK	MK-C8	Cair	Cair	Cair
2285	MK	MK-C9	Caska	Caska	Caska
2286	MK	MK-D2	Debar	Debar	Debar
2287	MK	MK-D3	Demir Hisar	Demir Hisar	Demir Hisar
2288	MK	MK-D4	Gostivar	Gostivar	Gostivar
2289	MK	MK-D5	Jegunovce	Jegunovce	Jegunovce
2290	MK	MK-D6	Kavadarci	Kavadarci	Kavadarci
2291	MK	MK-D7	Kumanovo	Kumanovo	Kumanovo
2292	MK	MK-D8	Makedonski Brod	Makedonski Brod	Makedonski Brod
2293	MK	MK-E2	Ohrid	Ohrid	Ohrid
2294	MK	MK-E3	Prilep	Prilep	Prilep
2295	MK	MK-E5	Dojran	Dojran	Dojran
2296	MK	MK-E6	Struga	Struga	Struga
2297	MK	MK-E7	Strumica	Strumica	Strumica
2298	MK	MK-E8	Tetovo	Tetovo	Tetovo
2299	MK	MK-E9	Valandovo	Valandovo	Valandovo
2300	MK	MK-F1	Veles	Veles	Veles
2301	MK	MK-F2	Aerodrom	Aerodrom	Aerodrom
2302	ML	ML-01	Bamako	Bamako	Bamako
2303	ML	ML-03	Kayes	Kayes	Kayes
2304	ML	ML-04	Mopti	Mopti	Mopti
2305	ML	ML-05	Segou	Segou	Segou
2306	ML	ML-06	Sikasso	Sikasso	Sikasso
2307	ML	ML-07	Koulikoro	Koulikoro	Koulikoro
2308	ML	ML-08	Tombouctou	Tombouctou	Tombouctou
2309	ML	ML-09	Gao	Gao	Gao
2310	ML	ML-10	Kidal	Kidal	Kidal
2311	MM	MM-01	Rakhine State	Rakhine State	Rakhine State
2312	MM	MM-02	Chin State	Chin State	Chin State
2313	MM	MM-03	Irrawaddy	Irrawaddy	Irrawaddy
2314	MM	MM-04	Kachin State	Kachin State	Kachin State
2315	MM	MM-05	Karan State	Karan State	Karan State
2316	MM	MM-06	Kayah State	Kayah State	Kayah State
2317	MM	MM-07	Magwe	Magwe	Magwe
2318	MM	MM-08	Mandalay	Mandalay	Mandalay
2319	MM	MM-09	Pegu	Pegu	Pegu
2320	MM	MM-10	Sagaing	Sagaing	Sagaing
2321	MM	MM-11	Shan State	Shan State	Shan State
2322	MM	MM-12	Tenasserim	Tenasserim	Tenasserim
2323	MM	MM-13	Mon State	Mon State	Mon State
2324	MM	MM-14	Rangoon	Rangoon	Rangoon
2325	MM	MM-17	Yangon	Yangon	Yangon
2326	MN	MN-01	Arhangay	Arhangay	Arhangay
2327	MN	MN-02	Bayanhongor	Bayanhongor	Bayanhongor
2328	MN	MN-03	Bayan-Olgiy	Bayan-Olgiy	Bayan-Olgiy
2329	MN	MN-05	Darhan	Darhan	Darhan
2330	MN	MN-06	Dornod	Dornod	Dornod
2331	MN	MN-07	Dornogovi	Dornogovi	Dornogovi
2332	MN	MN-08	Dundgovi	Dundgovi	Dundgovi
2333	MN	MN-09	Dzavhan	Dzavhan	Dzavhan
2334	MN	MN-10	Govi-Altay	Govi-Altay	Govi-Altay
2335	MN	MN-11	Hentiy	Hentiy	Hentiy
2336	MN	MN-12	Hovd	Hovd	Hovd
2337	MN	MN-13	Hovsgol	Hovsgol	Hovsgol
2338	MN	MN-14	Omnogovi	Omnogovi	Omnogovi
2339	MN	MN-15	Ovorhangay	Ovorhangay	Ovorhangay
2340	MN	MN-16	Selenge	Selenge	Selenge
2341	MN	MN-17	Suhbaatar	Suhbaatar	Suhbaatar
2342	MN	MN-18	Tov	Tov	Tov
2343	MN	MN-19	Uvs	Uvs	Uvs
2344	MN	MN-20	Ulaanbaatar	Ulaanbaatar	Ulaanbaatar
2345	MN	MN-21	Bulgan	Bulgan	Bulgan
2346	MN	MN-22	Erdenet	Erdenet	Erdenet
2347	MN	MN-23	Darhan-Uul	Darhan-Uul	Darhan-Uul
2348	MN	MN-24	Govisumber	Govisumber	Govisumber
2349	MN	MN-25	Orhon	Orhon	Orhon
2350	MO	MO-01	Ilhas	Ilhas	Ilhas
2351	MO	MO-02	Macau	Macau	Macau
2352	MR	MR-01	Hodh Ech Chargui	Hodh Ech Chargui	Hodh Ech Chargui
2353	MR	MR-02	Hodh El Gharbi	Hodh El Gharbi	Hodh El Gharbi
2354	MR	MR-03	Assaba	Assaba	Assaba
2355	MR	MR-04	Gorgol	Gorgol	Gorgol
2356	MR	MR-05	Brakna	Brakna	Brakna
2357	MR	MR-06	Trarza	Trarza	Trarza
2358	MR	MR-07	Adrar	Adrar	Adrar
2359	MR	MR-08	Dakhlet Nouadhibou	Dakhlet Nouadhibou	Dakhlet Nouadhibou
2360	MR	MR-09	Tagant	Tagant	Tagant
2361	MR	MR-10	Guidimaka	Guidimaka	Guidimaka
2362	MR	MR-11	Tiris Zemmour	Tiris Zemmour	Tiris Zemmour
2363	MR	MR-12	Inchiri	Inchiri	Inchiri
2364	MS	MS-01	Saint Anthony	Saint Anthony	Saint Anthony
2365	MS	MS-02	Saint Georges	Saint Georges	Saint Georges
2366	MS	MS-03	Saint Peter	Saint Peter	Saint Peter
2367	MU	MU-12	Black River	Black River	Black River
2368	MU	MU-13	Flacq	Flacq	Flacq
2369	MU	MU-14	Grand Port	Grand Port	Grand Port
2370	MU	MU-15	Moka	Moka	Moka
2371	MU	MU-16	Pamplemousses	Pamplemousses	Pamplemousses
2372	MU	MU-17	Plaines Wilhems	Plaines Wilhems	Plaines Wilhems
2373	MU	MU-18	Port Louis	Port Louis	Port Louis
2374	MU	MU-19	Riviere du Rempart	Riviere du Rempart	Riviere du Rempart
2375	MU	MU-20	Savanne	Savanne	Savanne
2376	MU	MU-21	Agalega Islands	Agalega Islands	Agalega Islands
2377	MU	MU-22	Cargados Carajos	Cargados Carajos	Cargados Carajos
2378	MU	MU-23	Rodrigues	Rodrigues	Rodrigues
2379	MV	MV-01	Seenu	Seenu	Seenu
2380	MV	MV-05	Laamu	Laamu	Laamu
2381	MV	MV-30	Alifu	Alifu	Alifu
2382	MV	MV-31	Baa	Baa	Baa
2383	MV	MV-32	Dhaalu	Dhaalu	Dhaalu
2384	MV	MV-33	Faafu 	Faafu 	Faafu 
2385	MV	MV-34	Gaafu Alifu	Gaafu Alifu	Gaafu Alifu
2386	MV	MV-35	Gaafu Dhaalu	Gaafu Dhaalu	Gaafu Dhaalu
2387	MV	MV-36	Haa Alifu	Haa Alifu	Haa Alifu
2388	MV	MV-37	Haa Dhaalu	Haa Dhaalu	Haa Dhaalu
2389	MV	MV-38	Kaafu	Kaafu	Kaafu
2390	MV	MV-39	Lhaviyani	Lhaviyani	Lhaviyani
2391	MV	MV-40	Maale	Maale	Maale
2392	MV	MV-41	Meemu	Meemu	Meemu
2393	MV	MV-42	Gnaviyani	Gnaviyani	Gnaviyani
2394	MV	MV-43	Noonu	Noonu	Noonu
2395	MV	MV-44	Raa	Raa	Raa
2396	MV	MV-45	Shaviyani	Shaviyani	Shaviyani
2397	MV	MV-46	Thaa	Thaa	Thaa
2398	MV	MV-47	Vaavu	Vaavu	Vaavu
2399	MW	MW-02	Chikwawa	Chikwawa	Chikwawa
2400	MW	MW-03	Chiradzulu	Chiradzulu	Chiradzulu
2401	MW	MW-04	Chitipa	Chitipa	Chitipa
2402	MW	MW-05	Thyolo	Thyolo	Thyolo
2403	MW	MW-06	Dedza	Dedza	Dedza
2404	MW	MW-07	Dowa	Dowa	Dowa
2405	MW	MW-08	Karonga	Karonga	Karonga
2406	MW	MW-09	Kasungu	Kasungu	Kasungu
2407	MW	MW-11	Lilongwe	Lilongwe	Lilongwe
2408	MW	MW-12	Mangochi	Mangochi	Mangochi
2409	MW	MW-13	Mchinji	Mchinji	Mchinji
2410	MW	MW-15	Mzimba	Mzimba	Mzimba
2411	MW	MW-16	Ntcheu	Ntcheu	Ntcheu
2412	MW	MW-17	Nkhata Bay	Nkhata Bay	Nkhata Bay
2413	MW	MW-18	Nkhotakota	Nkhotakota	Nkhotakota
2414	MW	MW-19	Nsanje	Nsanje	Nsanje
2415	MW	MW-20	Ntchisi	Ntchisi	Ntchisi
2416	MW	MW-21	Rumphi	Rumphi	Rumphi
2417	MW	MW-22	Salima	Salima	Salima
2418	MW	MW-23	Zomba	Zomba	Zomba
2419	MW	MW-24	Blantyre	Blantyre	Blantyre
2420	MW	MW-25	Mwanza	Mwanza	Mwanza
2421	MW	MW-26	Balaka	Balaka	Balaka
2422	MW	MW-27	Likoma	Likoma	Likoma
2423	MW	MW-28	Machinga	Machinga	Machinga
2424	MW	MW-29	Mulanje	Mulanje	Mulanje
2425	MW	MW-30	Phalombe	Phalombe	Phalombe
2426	MX	MX-01	Aguascalientes	Aguascalientes	Aguascalientes
2427	MX	MX-02	Baja California	Baja California	Baja California
2428	MX	MX-03	Baja California Sur	Baja California Sur	Baja California Sur
2429	MX	MX-04	Campeche	Campeche	Campeche
2430	MX	MX-05	Chiapas	Chiapas	Chiapas
2431	MX	MX-06	Chihuahua	Chihuahua	Chihuahua
2432	MX	MX-07	Coahuila de Zaragoza	Coahuila de Zaragoza	Coahuila de Zaragoza
2433	MX	MX-08	Colima	Colima	Colima
2434	MX	MX-09	Distrito Federal	Distrito Federal	Distrito Federal
2435	MX	MX-10	Durango	Durango	Durango
2436	MX	MX-11	Guanajuato	Guanajuato	Guanajuato
2437	MX	MX-12	Guerrero	Guerrero	Guerrero
2438	MX	MX-13	Hidalgo	Hidalgo	Hidalgo
2439	MX	MX-14	Jalisco	Jalisco	Jalisco
2440	MX	MX-15	Mexico	Mexico	Mexico
2441	MX	MX-16	Michoacan de Ocampo	Michoacan de Ocampo	Michoacan de Ocampo
2442	MX	MX-17	Morelos	Morelos	Morelos
2443	MX	MX-18	Nayarit	Nayarit	Nayarit
2444	MX	MX-19	Nuevo Leon	Nuevo Leon	Nuevo Leon
2445	MX	MX-20	Oaxaca	Oaxaca	Oaxaca
2446	MX	MX-21	Puebla	Puebla	Puebla
2447	MX	MX-22	Queretaro de Arteaga	Queretaro de Arteaga	Queretaro de Arteaga
2448	MX	MX-23	Quintana Roo	Quintana Roo	Quintana Roo
2449	MX	MX-24	San Luis Potosi	San Luis Potosi	San Luis Potosi
2450	MX	MX-25	Sinaloa	Sinaloa	Sinaloa
2451	MX	MX-26	Sonora	Sonora	Sonora
2452	MX	MX-27	Tabasco	Tabasco	Tabasco
2453	MX	MX-28	Tamaulipas	Tamaulipas	Tamaulipas
2454	MX	MX-29	Tlaxcala	Tlaxcala	Tlaxcala
2455	MX	MX-30	Veracruz-Llave	Veracruz-Llave	Veracruz-Llave
2456	MX	MX-31	Yucatan	Yucatan	Yucatan
2457	MX	MX-32	Zacatecas	Zacatecas	Zacatecas
2458	MY	MY-01	Johor	Johor	Johor
2459	MY	MY-02	Kedah	Kedah	Kedah
2460	MY	MY-03	Kelantan	Kelantan	Kelantan
2461	MY	MY-04	Melaka	Melaka	Melaka
2462	MY	MY-05	Negeri Sembilan	Negeri Sembilan	Negeri Sembilan
2463	MY	MY-06	Pahang	Pahang	Pahang
2464	MY	MY-07	Perak	Perak	Perak
2465	MY	MY-08	Perlis	Perlis	Perlis
2466	MY	MY-09	Pulau Pinang	Pulau Pinang	Pulau Pinang
2467	MY	MY-11	Sarawak	Sarawak	Sarawak
2468	MY	MY-12	Selangor	Selangor	Selangor
2469	MY	MY-13	Terengganu	Terengganu	Terengganu
2470	MY	MY-14	Kuala Lumpur	Kuala Lumpur	Kuala Lumpur
2471	MY	MY-15	Labuan	Labuan	Labuan
2472	MY	MY-16	Sabah	Sabah	Sabah
2473	MY	MY-17	Putrajaya	Putrajaya	Putrajaya
2474	MZ	MZ-01	Cabo Delgado	Cabo Delgado	Cabo Delgado
2475	MZ	MZ-02	Gaza	Gaza	Gaza
2476	MZ	MZ-03	Inhambane	Inhambane	Inhambane
2477	MZ	MZ-04	Maputo	Maputo	Maputo
2478	MZ	MZ-05	Sofala	Sofala	Sofala
2479	MZ	MZ-06	Nampula	Nampula	Nampula
2480	MZ	MZ-07	Niassa	Niassa	Niassa
2481	MZ	MZ-08	Tete	Tete	Tete
2482	MZ	MZ-09	Zambezia	Zambezia	Zambezia
2483	MZ	MZ-10	Manica	Manica	Manica
2484	MZ	MZ-11	Maputo	Maputo	Maputo
2485	NA	NA-01	Bethanien	Bethanien	Bethanien
2486	NA	NA-02	Caprivi Oos	Caprivi Oos	Caprivi Oos
2487	NA	NA-03	Boesmanland	Boesmanland	Boesmanland
2488	NA	NA-04	Gobabis	Gobabis	Gobabis
2489	NA	NA-05	Grootfontein	Grootfontein	Grootfontein
2490	NA	NA-06	Kaokoland	Kaokoland	Kaokoland
2491	NA	NA-07	Karibib	Karibib	Karibib
2492	NA	NA-08	Keetmanshoop	Keetmanshoop	Keetmanshoop
2493	NA	NA-09	Luderitz	Luderitz	Luderitz
2494	NA	NA-10	Maltahohe	Maltahohe	Maltahohe
2495	NA	NA-11	Okahandja	Okahandja	Okahandja
2496	NA	NA-12	Omaruru	Omaruru	Omaruru
2497	NA	NA-13	Otjiwarongo	Otjiwarongo	Otjiwarongo
2498	NA	NA-14	Outjo	Outjo	Outjo
2499	NA	NA-15	Owambo	Owambo	Owambo
2500	NA	NA-16	Rehoboth	Rehoboth	Rehoboth
2501	NA	NA-17	Swakopmund	Swakopmund	Swakopmund
2502	NA	NA-18	Tsumeb	Tsumeb	Tsumeb
2503	NA	NA-20	Karasburg	Karasburg	Karasburg
2504	NA	NA-21	Windhoek	Windhoek	Windhoek
2505	NA	NA-22	Damaraland	Damaraland	Damaraland
2506	NA	NA-23	Hereroland Oos	Hereroland Oos	Hereroland Oos
2507	NA	NA-24	Hereroland Wes	Hereroland Wes	Hereroland Wes
2508	NA	NA-25	Kavango	Kavango	Kavango
2509	NA	NA-26	Mariental	Mariental	Mariental
2510	NA	NA-27	Namaland	Namaland	Namaland
2511	NA	NA-28	Caprivi	Caprivi	Caprivi
2512	NA	NA-29	Erongo	Erongo	Erongo
2513	NA	NA-30	Hardap	Hardap	Hardap
2514	NA	NA-31	Karas	Karas	Karas
2515	NA	NA-32	Kunene	Kunene	Kunene
2516	NA	NA-33	Ohangwena	Ohangwena	Ohangwena
2517	NA	NA-34	Okavango	Okavango	Okavango
2518	NA	NA-35	Omaheke	Omaheke	Omaheke
2519	NA	NA-36	Omusati	Omusati	Omusati
2520	NA	NA-37	Oshana	Oshana	Oshana
2521	NA	NA-38	Oshikoto	Oshikoto	Oshikoto
2522	NA	NA-39	Otjozondjupa	Otjozondjupa	Otjozondjupa
2523	NE	NE-01	Agadez	Agadez	Agadez
2524	NE	NE-02	Diffa	Diffa	Diffa
2525	NE	NE-03	Dosso	Dosso	Dosso
2526	NE	NE-04	Maradi	Maradi	Maradi
2527	NE	NE-05	Niamey	Niamey	Niamey
2528	NE	NE-06	Tahoua	Tahoua	Tahoua
2529	NE	NE-07	Zinder	Zinder	Zinder
2530	NE	NE-08	Niamey	Niamey	Niamey
2531	NG	NG-05	Lagos	Lagos	Lagos
2532	NG	NG-11	Federal Capital Territory	Federal Capital Territory	Federal Capital Territory
2533	NG	NG-16	Ogun	Ogun	Ogun
2534	NG	NG-21	Akwa Ibom	Akwa Ibom	Akwa Ibom
2535	NG	NG-22	Cross River	Cross River	Cross River
2536	NG	NG-23	Kaduna	Kaduna	Kaduna
2537	NG	NG-24	Katsina	Katsina	Katsina
2538	NG	NG-25	Anambra	Anambra	Anambra
2539	NG	NG-26	Benue	Benue	Benue
2540	NG	NG-27	Borno	Borno	Borno
2541	NG	NG-28	Imo	Imo	Imo
2542	NG	NG-29	Kano	Kano	Kano
2543	NG	NG-30	Kwara	Kwara	Kwara
2544	NG	NG-31	Niger	Niger	Niger
2545	NG	NG-32	Oyo	Oyo	Oyo
2546	NG	NG-35	Adamawa	Adamawa	Adamawa
2547	NG	NG-36	Delta	Delta	Delta
2548	NG	NG-37	Edo	Edo	Edo
2549	NG	NG-39	Jigawa	Jigawa	Jigawa
2550	NG	NG-40	Kebbi	Kebbi	Kebbi
2551	NG	NG-41	Kogi	Kogi	Kogi
2552	NG	NG-42	Osun	Osun	Osun
2553	NG	NG-43	Taraba	Taraba	Taraba
2554	NG	NG-44	Yobe	Yobe	Yobe
2555	NG	NG-45	Abia	Abia	Abia
2556	NG	NG-46	Bauchi	Bauchi	Bauchi
2557	NG	NG-47	Enugu	Enugu	Enugu
2558	NG	NG-48	Ondo	Ondo	Ondo
2559	NG	NG-49	Plateau	Plateau	Plateau
2560	NG	NG-50	Rivers	Rivers	Rivers
2561	NG	NG-51	Sokoto	Sokoto	Sokoto
2562	NG	NG-52	Bayelsa	Bayelsa	Bayelsa
2563	NG	NG-53	Ebonyi	Ebonyi	Ebonyi
2564	NG	NG-54	Ekiti	Ekiti	Ekiti
2565	NG	NG-55	Gombe	Gombe	Gombe
2566	NG	NG-56	Nassarawa	Nassarawa	Nassarawa
2567	NG	NG-57	Zamfara	Zamfara	Zamfara
2568	NI	NI-01	Boaco	Boaco	Boaco
2569	NI	NI-02	Carazo	Carazo	Carazo
2570	NI	NI-03	Chinandega	Chinandega	Chinandega
2571	NI	NI-04	Chontales	Chontales	Chontales
2572	NI	NI-05	Esteli	Esteli	Esteli
2573	NI	NI-06	Granada	Granada	Granada
2574	NI	NI-07	Jinotega	Jinotega	Jinotega
2575	NI	NI-08	Leon	Leon	Leon
2576	NI	NI-09	Madriz	Madriz	Madriz
2577	NI	NI-10	Managua	Managua	Managua
2578	NI	NI-11	Masaya	Masaya	Masaya
2579	NI	NI-12	Matagalpa	Matagalpa	Matagalpa
2580	NI	NI-13	Nueva Segovia	Nueva Segovia	Nueva Segovia
2581	NI	NI-14	Rio San Juan	Rio San Juan	Rio San Juan
2582	NI	NI-15	Rivas	Rivas	Rivas
2583	NI	NI-16	Zelaya	Zelaya	Zelaya
2584	NI	NI-17	Autonoma Atlantico Norte	Autonoma Atlantico Norte	Autonoma Atlantico Norte
2585	NI	NI-18	Region Autonoma Atlantico Sur	Region Autonoma Atlantico Sur	Region Autonoma Atlantico Sur
2586	NL	NL-01	Drenthe	Drenthe	Drenthe
2587	NL	NL-02	Friesland	Friesland	Friesland
2588	NL	NL-03	Gelderland	Gelderland	Gelderland
2589	NL	NL-04	Groningen	Groningen	Groningen
2590	NL	NL-05	Limburg	Limburg	Limburg
2591	NL	NL-06	Noord-Brabant	Noord-Brabant	Noord-Brabant
2592	NL	NL-07	Noord-Holland	Noord-Holland	Noord-Holland
2593	NL	NL-09	Utrecht	Utrecht	Utrecht
2594	NL	NL-10	Zeeland	Zeeland	Zeeland
2595	NL	NL-11	Zuid-Holland	Zuid-Holland	Zuid-Holland
2596	NL	NL-15	Overijssel	Overijssel	Overijssel
2597	NL	NL-16	Flevoland	Flevoland	Flevoland
2598	NO	NO-01	Akershus	Akershus	Akershus
2599	NO	NO-02	Aust-Agder	Aust-Agder	Aust-Agder
2600	NO	NO-04	Buskerud	Buskerud	Buskerud
2601	NO	NO-05	Finnmark	Finnmark	Finnmark
2602	NO	NO-06	Hedmark	Hedmark	Hedmark
2603	NO	NO-07	Hordaland	Hordaland	Hordaland
2604	NO	NO-08	More og Romsdal	More og Romsdal	More og Romsdal
2605	NO	NO-09	Nordland	Nordland	Nordland
2606	NO	NO-10	Nord-Trondelag	Nord-Trondelag	Nord-Trondelag
2607	NO	NO-11	Oppland	Oppland	Oppland
2608	NO	NO-12	Oslo	Oslo	Oslo
2609	NO	NO-13	Ostfold	Ostfold	Ostfold
2610	NO	NO-14	Rogaland	Rogaland	Rogaland
2611	NO	NO-15	Sogn og Fjordane	Sogn og Fjordane	Sogn og Fjordane
2612	NO	NO-16	Sor-Trondelag	Sor-Trondelag	Sor-Trondelag
2613	NO	NO-17	Telemark	Telemark	Telemark
2614	NO	NO-18	Troms	Troms	Troms
2615	NO	NO-19	Vest-Agder	Vest-Agder	Vest-Agder
2616	NO	NO-20	Vestfold	Vestfold	Vestfold
2617	NP	NP-01	Bagmati	Bagmati	Bagmati
2618	NP	NP-02	Bheri	Bheri	Bheri
2619	NP	NP-03	Dhawalagiri	Dhawalagiri	Dhawalagiri
2620	NP	NP-04	Gandaki	Gandaki	Gandaki
2621	NP	NP-05	Janakpur	Janakpur	Janakpur
2622	NP	NP-06	Karnali	Karnali	Karnali
2623	NP	NP-07	Kosi	Kosi	Kosi
2624	NP	NP-08	Lumbini	Lumbini	Lumbini
2625	NP	NP-09	Mahakali	Mahakali	Mahakali
2626	NP	NP-10	Mechi	Mechi	Mechi
2627	NP	NP-11	Narayani	Narayani	Narayani
2628	NP	NP-12	Rapti	Rapti	Rapti
2629	NP	NP-13	Sagarmatha	Sagarmatha	Sagarmatha
2630	NP	NP-14	Seti	Seti	Seti
2631	NR	NR-01	Aiwo	Aiwo	Aiwo
2632	NR	NR-02	Anabar	Anabar	Anabar
2633	NR	NR-03	Anetan	Anetan	Anetan
2634	NR	NR-04	Anibare	Anibare	Anibare
2635	NR	NR-05	Baiti	Baiti	Baiti
2636	NR	NR-06	Boe	Boe	Boe
2637	NR	NR-07	Buada	Buada	Buada
2638	NR	NR-08	Denigomodu	Denigomodu	Denigomodu
2639	NR	NR-09	Ewa	Ewa	Ewa
2640	NR	NR-10	Ijuw	Ijuw	Ijuw
2641	NR	NR-11	Meneng	Meneng	Meneng
2642	NR	NR-12	Nibok	Nibok	Nibok
2643	NR	NR-13	Uaboe	Uaboe	Uaboe
2644	NR	NR-14	Yaren	Yaren	Yaren
2645	NZ	NZ-10	Chatham Islands	Chatham Islands	Chatham Islands
2646	NZ	NZ-E7	Auckland	Auckland	Auckland
2647	NZ	NZ-E8	Bay of Plenty	Bay of Plenty	Bay of Plenty
2648	NZ	NZ-E9	Canterbury	Canterbury	Canterbury
2649	NZ	NZ-F1	Gisborne	Gisborne	Gisborne
2650	NZ	NZ-F2	Hawkes Bay	Hawkes Bay	Hawkes Bay
2651	NZ	NZ-F3	Manawatu-Wanganui	Manawatu-Wanganui	Manawatu-Wanganui
2652	NZ	NZ-F4	Marlborough	Marlborough	Marlborough
2653	NZ	NZ-F5	Nelson	Nelson	Nelson
2654	NZ	NZ-F6	Northland	Northland	Northland
2655	NZ	NZ-F7	Otago	Otago	Otago
2656	NZ	NZ-F8	Southland	Southland	Southland
2657	NZ	NZ-F9	Taranaki	Taranaki	Taranaki
2658	NZ	NZ-G1	Waikato	Waikato	Waikato
2659	NZ	NZ-G2	Wellington	Wellington	Wellington
2660	NZ	NZ-G3	West Coast	West Coast	West Coast
2661	OM	OM-01	Ad Dakhiliyah	Ad Dakhiliyah	Ad Dakhiliyah
2662	OM	OM-02	Al Batinah	Al Batinah	Al Batinah
2663	OM	OM-03	Al Wusta	Al Wusta	Al Wusta
2664	OM	OM-04	Ash Sharqiyah	Ash Sharqiyah	Ash Sharqiyah
2665	OM	OM-05	Az Zahirah	Az Zahirah	Az Zahirah
2666	OM	OM-06	Masqat	Masqat	Masqat
2667	OM	OM-07	Musandam	Musandam	Musandam
2668	OM	OM-08	Zufar	Zufar	Zufar
2669	PA	PA-01	Bocas del Toro	Bocas del Toro	Bocas del Toro
2670	PA	PA-02	Chiriqui	Chiriqui	Chiriqui
2671	PA	PA-03	Cocle	Cocle	Cocle
2672	PA	PA-04	Colon	Colon	Colon
2673	PA	PA-05	Darien	Darien	Darien
2674	PA	PA-06	Herrera	Herrera	Herrera
2675	PA	PA-07	Los Santos	Los Santos	Los Santos
2676	PA	PA-08	Panama	Panama	Panama
2677	PA	PA-09	San Blas	San Blas	San Blas
2678	PA	PA-10	Veraguas	Veraguas	Veraguas
2679	PE	PE-01	Amazonas	Amazonas	Amazonas
2680	PE	PE-02	Ancash	Ancash	Ancash
2681	PE	PE-03	Apurimac	Apurimac	Apurimac
2682	PE	PE-04	Arequipa	Arequipa	Arequipa
2683	PE	PE-05	Ayacucho	Ayacucho	Ayacucho
2684	PE	PE-06	Cajamarca	Cajamarca	Cajamarca
2685	PE	PE-07	Callao	Callao	Callao
2686	PE	PE-08	Cusco	Cusco	Cusco
2687	PE	PE-09	Huancavelica	Huancavelica	Huancavelica
2688	PE	PE-10	Huanuco	Huanuco	Huanuco
2689	PE	PE-11	Ica	Ica	Ica
2690	PE	PE-12	Junin	Junin	Junin
2691	PE	PE-13	La Libertad	La Libertad	La Libertad
2692	PE	PE-14	Lambayeque	Lambayeque	Lambayeque
2693	PE	PE-15	Lima	Lima	Lima
2694	PE	PE-16	Loreto	Loreto	Loreto
2695	PE	PE-17	Madre de Dios	Madre de Dios	Madre de Dios
2696	PE	PE-18	Moquegua	Moquegua	Moquegua
2697	PE	PE-19	Pasco	Pasco	Pasco
2698	PE	PE-20	Piura	Piura	Piura
2699	PE	PE-21	Puno	Puno	Puno
2700	PE	PE-22	San Martin	San Martin	San Martin
2701	PE	PE-23	Tacna	Tacna	Tacna
2702	PE	PE-24	Tumbes	Tumbes	Tumbes
2703	PE	PE-25	Ucayali	Ucayali	Ucayali
2704	PG	PG-01	Central	Central	Central
2705	PG	PG-02	Gulf	Gulf	Gulf
2706	PG	PG-03	Milne Bay	Milne Bay	Milne Bay
2707	PG	PG-04	Northern	Northern	Northern
2708	PG	PG-05	Southern Highlands	Southern Highlands	Southern Highlands
2709	PG	PG-06	Western	Western	Western
2710	PG	PG-07	North Solomons	North Solomons	North Solomons
2711	PG	PG-08	Chimbu	Chimbu	Chimbu
2712	PG	PG-09	Eastern Highlands	Eastern Highlands	Eastern Highlands
2713	PG	PG-10	East New Britain	East New Britain	East New Britain
2714	PG	PG-11	East Sepik	East Sepik	East Sepik
2715	PG	PG-12	Madang	Madang	Madang
2716	PG	PG-13	Manus	Manus	Manus
2717	PG	PG-14	Morobe	Morobe	Morobe
2718	PG	PG-15	New Ireland	New Ireland	New Ireland
2719	PG	PG-16	Western Highlands	Western Highlands	Western Highlands
2720	PG	PG-17	West New Britain	West New Britain	West New Britain
2721	PG	PG-18	Sandaun	Sandaun	Sandaun
2722	PG	PG-19	Enga	Enga	Enga
2723	PG	PG-20	National Capital	National Capital	National Capital
2724	PH	PH-01	Abra	Abra	Abra
2725	PH	PH-02	Agusan del Norte	Agusan del Norte	Agusan del Norte
2726	PH	PH-03	Agusan del Sur	Agusan del Sur	Agusan del Sur
2727	PH	PH-04	Aklan	Aklan	Aklan
2728	PH	PH-05	Albay	Albay	Albay
2729	PH	PH-06	Antique	Antique	Antique
2730	PH	PH-07	Bataan	Bataan	Bataan
2731	PH	PH-08	Batanes	Batanes	Batanes
2732	PH	PH-09	Batangas	Batangas	Batangas
2733	PH	PH-10	Benguet	Benguet	Benguet
2734	PH	PH-11	Bohol	Bohol	Bohol
2735	PH	PH-12	Bukidnon	Bukidnon	Bukidnon
2736	PH	PH-13	Bulacan	Bulacan	Bulacan
2737	PH	PH-14	Cagayan	Cagayan	Cagayan
2738	PH	PH-15	Camarines Norte	Camarines Norte	Camarines Norte
2739	PH	PH-16	Camarines Sur	Camarines Sur	Camarines Sur
2740	PH	PH-17	Camiguin	Camiguin	Camiguin
2741	PH	PH-18	Capiz	Capiz	Capiz
2742	PH	PH-19	Catanduanes	Catanduanes	Catanduanes
2743	PH	PH-20	Cavite	Cavite	Cavite
2744	PH	PH-21	Cebu	Cebu	Cebu
2745	PH	PH-22	Basilan	Basilan	Basilan
2746	PH	PH-23	Eastern Samar	Eastern Samar	Eastern Samar
2747	PH	PH-24	Davao	Davao	Davao
2748	PH	PH-25	Davao del Sur	Davao del Sur	Davao del Sur
2749	PH	PH-26	Davao Oriental	Davao Oriental	Davao Oriental
2750	PH	PH-27	Ifugao	Ifugao	Ifugao
2751	PH	PH-28	Ilocos Norte	Ilocos Norte	Ilocos Norte
2752	PH	PH-29	Ilocos Sur	Ilocos Sur	Ilocos Sur
2753	PH	PH-30	Iloilo	Iloilo	Iloilo
2754	PH	PH-31	Isabela	Isabela	Isabela
2755	PH	PH-32	Kalinga-Apayao	Kalinga-Apayao	Kalinga-Apayao
2756	PH	PH-33	Laguna	Laguna	Laguna
2757	PH	PH-34	Lanao del Norte	Lanao del Norte	Lanao del Norte
2758	PH	PH-35	Lanao del Sur	Lanao del Sur	Lanao del Sur
2759	PH	PH-36	La Union	La Union	La Union
2760	PH	PH-37	Leyte	Leyte	Leyte
2761	PH	PH-38	Marinduque	Marinduque	Marinduque
2762	PH	PH-39	Masbate	Masbate	Masbate
2763	PH	PH-40	Mindoro Occidental	Mindoro Occidental	Mindoro Occidental
2764	PH	PH-41	Mindoro Oriental	Mindoro Oriental	Mindoro Oriental
2765	PH	PH-42	Misamis Occidental	Misamis Occidental	Misamis Occidental
2766	PH	PH-43	Misamis Oriental	Misamis Oriental	Misamis Oriental
2767	PH	PH-44	Mountain	Mountain	Mountain
2768	PH	PH-45	Negros Occidental	Negros Occidental	Negros Occidental
2769	PH	PH-46	Negros Oriental	Negros Oriental	Negros Oriental
2770	PH	PH-47	Nueva Ecija	Nueva Ecija	Nueva Ecija
2771	PH	PH-48	Nueva Vizcaya	Nueva Vizcaya	Nueva Vizcaya
2772	PH	PH-49	Palawan	Palawan	Palawan
2773	PH	PH-50	Pampanga	Pampanga	Pampanga
2774	PH	PH-51	Pangasinan	Pangasinan	Pangasinan
2775	PH	PH-53	Rizal	Rizal	Rizal
2776	PH	PH-54	Romblon	Romblon	Romblon
2777	PH	PH-55	Samar	Samar	Samar
2778	PH	PH-56	Maguindanao	Maguindanao	Maguindanao
2779	PH	PH-57	North Cotabato	North Cotabato	North Cotabato
2780	PH	PH-58	Sorsogon	Sorsogon	Sorsogon
2781	PH	PH-59	Southern Leyte	Southern Leyte	Southern Leyte
2782	PH	PH-60	Sulu	Sulu	Sulu
2783	PH	PH-61	Surigao del Norte	Surigao del Norte	Surigao del Norte
2784	PH	PH-62	Surigao del Sur	Surigao del Sur	Surigao del Sur
2785	PH	PH-63	Tarlac	Tarlac	Tarlac
2786	PH	PH-64	Zambales	Zambales	Zambales
2787	PH	PH-65	Zamboanga del Norte	Zamboanga del Norte	Zamboanga del Norte
2788	PH	PH-66	Zamboanga del Sur	Zamboanga del Sur	Zamboanga del Sur
2789	PH	PH-67	Northern Samar	Northern Samar	Northern Samar
2790	PH	PH-68	Quirino	Quirino	Quirino
2791	PH	PH-69	Siquijor	Siquijor	Siquijor
2792	PH	PH-70	South Cotabato	South Cotabato	South Cotabato
2793	PH	PH-71	Sultan Kudarat	Sultan Kudarat	Sultan Kudarat
2794	PH	PH-72	Tawitawi	Tawitawi	Tawitawi
2795	PH	PH-A1	Angeles	Angeles	Angeles
2796	PH	PH-A2	Bacolod	Bacolod	Bacolod
2797	PH	PH-A3	Bago	Bago	Bago
2798	PH	PH-A4	Baguio	Baguio	Baguio
2799	PH	PH-A5	Bais	Bais	Bais
2800	PH	PH-A6	Basilan City	Basilan City	Basilan City
2801	PH	PH-A7	Batangas City	Batangas City	Batangas City
2802	PH	PH-A8	Butuan	Butuan	Butuan
2803	PH	PH-A9	Cabanatuan	Cabanatuan	Cabanatuan
2804	PH	PH-B1	Cadiz	Cadiz	Cadiz
2805	PH	PH-B2	Cagayan de Oro	Cagayan de Oro	Cagayan de Oro
2806	PH	PH-B3	Calbayog	Calbayog	Calbayog
2807	PH	PH-B4	Caloocan	Caloocan	Caloocan
2808	PH	PH-B5	Canlaon	Canlaon	Canlaon
2809	PH	PH-B6	Cavite City	Cavite City	Cavite City
2810	PH	PH-B7	Cebu City	Cebu City	Cebu City
2811	PH	PH-B8	Cotabato	Cotabato	Cotabato
2812	PH	PH-B9	Dagupan	Dagupan	Dagupan
2813	PH	PH-C1	Danao	Danao	Danao
2814	PH	PH-C2	Dapitan	Dapitan	Dapitan
2815	PH	PH-C3	Davao City	Davao City	Davao City
2816	PH	PH-C4	Dipolog	Dipolog	Dipolog
2817	PH	PH-C5	Dumaguete	Dumaguete	Dumaguete
2818	PH	PH-C6	General Santos	General Santos	General Santos
2819	PH	PH-C7	Gingoog	Gingoog	Gingoog
2820	PH	PH-C8	Iligan	Iligan	Iligan
2821	PH	PH-C9	Iloilo City	Iloilo City	Iloilo City
2822	PH	PH-D1	Iriga	Iriga	Iriga
2823	PH	PH-D2	La Carlota	La Carlota	La Carlota
2824	PH	PH-D3	Laoag	Laoag	Laoag
2825	PH	PH-D4	Lapu-Lapu	Lapu-Lapu	Lapu-Lapu
2826	PH	PH-D5	Legaspi	Legaspi	Legaspi
2827	PH	PH-D6	Lipa	Lipa	Lipa
2828	PH	PH-D7	Lucena	Lucena	Lucena
2829	PH	PH-D8	Mandaue	Mandaue	Mandaue
2830	PH	PH-D9	Manila	Manila	Manila
2831	PH	PH-E1	Marawi	Marawi	Marawi
2832	PH	PH-E2	Naga	Naga	Naga
2833	PH	PH-E3	Olongapo	Olongapo	Olongapo
2834	PH	PH-E4	Ormoc	Ormoc	Ormoc
2835	PH	PH-E5	Oroquieta	Oroquieta	Oroquieta
2836	PH	PH-E6	Ozamis	Ozamis	Ozamis
2837	PH	PH-E7	Pagadian	Pagadian	Pagadian
2838	PH	PH-E8	Palayan	Palayan	Palayan
2839	PH	PH-E9	Pasay	Pasay	Pasay
2840	PH	PH-F1	Puerto Princesa	Puerto Princesa	Puerto Princesa
2841	PH	PH-F2	Quezon City	Quezon City	Quezon City
2842	PH	PH-F3	Roxas	Roxas	Roxas
2843	PH	PH-F4	San Carlos	San Carlos	San Carlos
2844	PH	PH-F5	San Carlos	San Carlos	San Carlos
2845	PH	PH-F6	San Jose	San Jose	San Jose
2846	PH	PH-F7	San Pablo	San Pablo	San Pablo
2847	PH	PH-F8	Silay	Silay	Silay
2848	PH	PH-F9	Surigao	Surigao	Surigao
2849	PH	PH-G1	Tacloban	Tacloban	Tacloban
2850	PH	PH-G2	Tagaytay	Tagaytay	Tagaytay
2851	PH	PH-G3	Tagbilaran	Tagbilaran	Tagbilaran
2852	PH	PH-G4	Tangub	Tangub	Tangub
2853	PH	PH-G5	Toledo	Toledo	Toledo
2854	PH	PH-G6	Trece Martires	Trece Martires	Trece Martires
2855	PH	PH-G7	Zamboanga	Zamboanga	Zamboanga
2856	PH	PH-G8	Aurora	Aurora	Aurora
2857	PH	PH-H2	Quezon	Quezon	Quezon
2858	PH	PH-H3	Negros Occidental	Negros Occidental	Negros Occidental
2859	PH	PH-H9	Biliran	Biliran	Biliran
2860	PH	PH-I6	Compostela Valley	Compostela Valley	Compostela Valley
2861	PH	PH-I7	Davao del Norte	Davao del Norte	Davao del Norte
2862	PH	PH-J3	Guimaras	Guimaras	Guimaras
2863	PH	PH-J4	Himamaylan	Himamaylan	Himamaylan
2864	PH	PH-J7	Kalinga	Kalinga	Kalinga
2865	PH	PH-K1	Las Pinas	Las Pinas	Las Pinas
2866	PH	PH-K5	Malabon	Malabon	Malabon
2867	PH	PH-K6	Malaybalay	Malaybalay	Malaybalay
2868	PH	PH-L4	Muntinlupa	Muntinlupa	Muntinlupa
2869	PH	PH-L5	Navotas	Navotas	Navotas
2870	PH	PH-L7	Paranaque	Paranaque	Paranaque
2871	PH	PH-L9	Passi	Passi	Passi
2872	PH	PH-P1	Zambales	Zambales	Zambales
2873	PH	PH-M5	San Jose del Monte	San Jose del Monte	San Jose del Monte
2874	PH	PH-M6	San Juan	San Juan	San Juan
2875	PH	PH-M8	Santiago	Santiago	Santiago
2876	PH	PH-M9	Sarangani	Sarangani	Sarangani
2877	PH	PH-N1	Sipalay	Sipalay	Sipalay
2878	PH	PH-N3	Surigao del Norte	Surigao del Norte	Surigao del Norte
2879	PH	PH-P2	Zamboanga	Zamboanga	Zamboanga
2880	PK	PK-01	Federally Administered Tribal Areas	Federally Administered Tribal Areas	Federally Administered Tribal Areas
2881	PK	PK-02	Balochistan	Balochistan	Balochistan
2882	PK	PK-03	North-West Frontier	North-West Frontier	North-West Frontier
2883	PK	PK-04	Punjab	Punjab	Punjab
2884	PK	PK-05	Sindh	Sindh	Sindh
2885	PK	PK-06	Azad Kashmir	Azad Kashmir	Azad Kashmir
2886	PK	PK-07	Northern Areas	Northern Areas	Northern Areas
2887	PK	PK-08	Islamabad	Islamabad	Islamabad
2888	PL	PL-72	Dolnoslaskie	Dolnoslaskie	Dolnoslaskie
2889	PL	PL-73	Kujawsko-Pomorskie	Kujawsko-Pomorskie	Kujawsko-Pomorskie
2890	PL	PL-74	Lodzkie	Lodzkie	Lodzkie
2891	PL	PL-75	Lubelskie	Lubelskie	Lubelskie
2892	PL	PL-76	Lubuskie	Lubuskie	Lubuskie
2893	PL	PL-77	Malopolskie	Malopolskie	Malopolskie
2894	PL	PL-78	Mazowieckie	Mazowieckie	Mazowieckie
2895	PL	PL-79	Opolskie	Opolskie	Opolskie
2896	PL	PL-80	Podkarpackie	Podkarpackie	Podkarpackie
2897	PL	PL-81	Podlaskie	Podlaskie	Podlaskie
2898	PL	PL-82	Pomorskie	Pomorskie	Pomorskie
2899	PL	PL-83	Slaskie	Slaskie	Slaskie
2900	PL	PL-84	Swietokrzyskie	Swietokrzyskie	Swietokrzyskie
2901	PL	PL-85	Warminsko-Mazurskie	Warminsko-Mazurskie	Warminsko-Mazurskie
2902	PL	PL-86	Wielkopolskie	Wielkopolskie	Wielkopolskie
2903	PL	PL-87	Zachodniopomorskie	Zachodniopomorskie	Zachodniopomorskie
2904	PS	PS-GZ	Gaza	Gaza	Gaza
2905	PS	PS-WE	West Bank	West Bank	West Bank
2906	PT	PT-02	Aveiro	Aveiro	Aveiro
2907	PT	PT-03	Beja	Beja	Beja
2908	PT	PT-04	Braga	Braga	Braga
2909	PT	PT-05	Braganca	Braganca	Braganca
2910	PT	PT-06	Castelo Branco	Castelo Branco	Castelo Branco
2911	PT	PT-07	Coimbra	Coimbra	Coimbra
2912	PT	PT-08	Evora	Evora	Evora
2913	PT	PT-09	Faro	Faro	Faro
2914	PT	PT-10	Madeira	Madeira	Madeira
2915	PT	PT-11	Guarda	Guarda	Guarda
2916	PT	PT-13	Leiria	Leiria	Leiria
2917	PT	PT-14	Lisboa	Lisboa	Lisboa
2918	PT	PT-16	Portalegre	Portalegre	Portalegre
2919	PT	PT-17	Porto	Porto	Porto
2920	PT	PT-18	Santarem	Santarem	Santarem
2921	PT	PT-19	Setubal	Setubal	Setubal
2922	PT	PT-20	Viana do Castelo	Viana do Castelo	Viana do Castelo
2923	PT	PT-21	Vila Real	Vila Real	Vila Real
2924	PT	PT-22	Viseu	Viseu	Viseu
2925	PT	PT-23	Azores	Azores	Azores
2926	PY	PY-01	Alto Parana	Alto Parana	Alto Parana
2927	PY	PY-02	Amambay	Amambay	Amambay
2928	PY	PY-04	Caaguazu	Caaguazu	Caaguazu
2929	PY	PY-05	Caazapa	Caazapa	Caazapa
2930	PY	PY-06	Central	Central	Central
2931	PY	PY-07	Concepcion	Concepcion	Concepcion
2932	PY	PY-08	Cordillera	Cordillera	Cordillera
2933	PY	PY-10	Guaira	Guaira	Guaira
2934	PY	PY-11	Itapua	Itapua	Itapua
2935	PY	PY-12	Misiones	Misiones	Misiones
2936	PY	PY-13	Neembucu	Neembucu	Neembucu
2937	PY	PY-15	Paraguari	Paraguari	Paraguari
2938	PY	PY-16	Presidente Hayes	Presidente Hayes	Presidente Hayes
2939	PY	PY-17	San Pedro	San Pedro	San Pedro
2940	PY	PY-19	Canindeyu	Canindeyu	Canindeyu
2941	PY	PY-22	Asuncion	Asuncion	Asuncion
2942	PY	PY-23	Alto Paraguay	Alto Paraguay	Alto Paraguay
2943	PY	PY-24	Boqueron	Boqueron	Boqueron
2944	QA	QA-01	Ad Dawhah	Ad Dawhah	Ad Dawhah
2945	QA	QA-02	Al Ghuwariyah	Al Ghuwariyah	Al Ghuwariyah
2946	QA	QA-03	Al Jumaliyah	Al Jumaliyah	Al Jumaliyah
2947	QA	QA-04	Al Khawr	Al Khawr	Al Khawr
2948	QA	QA-05	Al Wakrah Municipality	Al Wakrah Municipality	Al Wakrah Municipality
2949	QA	QA-06	Ar Rayyan	Ar Rayyan	Ar Rayyan
2950	QA	QA-08	Madinat ach Shamal	Madinat ach Shamal	Madinat ach Shamal
2951	QA	QA-09	Umm Salal	Umm Salal	Umm Salal
2952	QA	QA-10	Al Wakrah	Al Wakrah	Al Wakrah
2953	QA	QA-11	Jariyan al Batnah	Jariyan al Batnah	Jariyan al Batnah
2954	QA	QA-12	Umm Said	Umm Said	Umm Said
2955	RO	RO-01	Alba	Alba	Alba
2956	RO	RO-02	Arad	Arad	Arad
2957	RO	RO-03	Arges	Arges	Arges
2958	RO	RO-04	Bacau	Bacau	Bacau
2959	RO	RO-05	Bihor	Bihor	Bihor
2960	RO	RO-06	Bistrita-Nasaud	Bistrita-Nasaud	Bistrita-Nasaud
2961	RO	RO-07	Botosani	Botosani	Botosani
2962	RO	RO-08	Braila	Braila	Braila
2963	RO	RO-09	Brasov	Brasov	Brasov
2964	RO	RO-10	Bucuresti	Bucuresti	Bucuresti
2965	RO	RO-11	Buzau	Buzau	Buzau
2966	RO	RO-12	Caras-Severin	Caras-Severin	Caras-Severin
2967	RO	RO-13	Cluj	Cluj	Cluj
2968	RO	RO-14	Constanta	Constanta	Constanta
2969	RO	RO-15	Covasna	Covasna	Covasna
2970	RO	RO-16	Dambovita	Dambovita	Dambovita
2971	RO	RO-17	Dolj	Dolj	Dolj
2972	RO	RO-18	Galati	Galati	Galati
2973	RO	RO-19	Gorj	Gorj	Gorj
2974	RO	RO-20	Harghita	Harghita	Harghita
2975	RO	RO-21	Hunedoara	Hunedoara	Hunedoara
2976	RO	RO-22	Ialomita	Ialomita	Ialomita
2977	RO	RO-23	Iasi	Iasi	Iasi
2978	RO	RO-25	Maramures	Maramures	Maramures
2979	RO	RO-26	Mehedinti	Mehedinti	Mehedinti
2980	RO	RO-27	Mures	Mures	Mures
2981	RO	RO-28	Neamt	Neamt	Neamt
2982	RO	RO-29	Olt	Olt	Olt
2983	RO	RO-30	Prahova	Prahova	Prahova
2984	RO	RO-31	Salaj	Salaj	Salaj
2985	RO	RO-32	Satu Mare	Satu Mare	Satu Mare
2986	RO	RO-33	Sibiu	Sibiu	Sibiu
2987	RO	RO-34	Suceava	Suceava	Suceava
2988	RO	RO-35	Teleorman	Teleorman	Teleorman
2989	RO	RO-36	Timis	Timis	Timis
2990	RO	RO-37	Tulcea	Tulcea	Tulcea
2991	RO	RO-38	Vaslui	Vaslui	Vaslui
2992	RO	RO-39	Valcea	Valcea	Valcea
2993	RO	RO-40	Vrancea	Vrancea	Vrancea
2994	RO	RO-41	Calarasi	Calarasi	Calarasi
2995	RO	RO-42	Giurgiu	Giurgiu	Giurgiu
2996	RO	RO-43	Ilfov	Ilfov	Ilfov
2997	RS	RS-01	Kosovo	Kosovo	Kosovo
2998	RS	RS-02	Vojvodina	Vojvodina	Vojvodina
2999	RU	RU-01	Adygeya, Republic of	Республика Адыгея	Adygeya, Republic of
3001	RU	RU-03	Gorno-Altay	Республика Алтай	Gorno-Altay
3002	RU	RU-04	Altaisky krai	Алтайский край	Altaisky krai
3003	RU	RU-05	Amur	Амурская область	Amur
3004	RU	RU-06	Arkhangelsk	Архангельская область	Arkhangelsk
3005	RU	RU-07	Astrakhan	Астраханская область	Astrakhan
3006	RU	RU-08	Bashkortostan	Республика Башкортостан	Bashkortostan
3007	RU	RU-09	Belgorod	Белгородская область	Belgorod
3008	RU	RU-10	Bryansk	Брянская область	Bryansk
3009	RU	RU-11	Buryat	Республика Бурятия	Buryat
3010	RU	RU-12	Chechnya	Республика Чечня	Chechnya
3011	RU	RU-13	Chelyabinsk	Челябинская область	Chelyabinsk
3012	RU	RU-14	Chita	Забайкальский край	Chita
3013	RU	RU-15	Chukot	Чукотский автономный округ	Chukot
3014	RU	RU-16	Chuvashia	Республика Чувашия	Chuvashia
3015	RU	RU-17	Dagestan	Республика Дагестан	Dagestan
3017	RU	RU-19	Ingush	Республика Ингушетия	Ingush
3018	RU	RU-20	Irkutsk	Иркутская область	Irkutsk
3019	RU	RU-21	Ivanovo	Ивановская область	Ivanovo
3020	RU	RU-22	Kabardin-Balkar	Республика Кабардино-Балкария	Kabardin-Balkar
3021	RU	RU-23	Kaliningrad	Калининградская область	Kaliningrad
3022	RU	RU-24	Kalmyk	Республика Калмыкия	Kalmyk
3023	RU	RU-25	Kaluga	Калужская область	Kaluga
3024	RU	RU-26	Kamchatka	Камчатка	Kamchatka
3025	RU	RU-27	Karachay-Cherkess	Республика Карачаево-Черкессия	Karachay-Cherkess
3026	RU	RU-28	Karelia	Республика Карелия	Karelia
3027	RU	RU-29	Kemerovo	Кемеровская область	Kemerovo
3028	RU	RU-30	Khabarovsk	Хабаровский край	Khabarovsk
3029	RU	RU-31	Khakass	Республика Хакасия	Khakass
3030	RU	RU-32	Khanty-Mansiy	Ханты-Мансийский автономный округ	Khanty-Mansiy
3031	RU	RU-33	Kirov	Кировская область	Kirov
3032	RU	RU-34	Komi	Республика Коми	Komi
3034	RU	RU-37	Kostroma	Костромская область	Kostroma
3035	RU	RU-38	Krasnodar	Краснодарский край	Krasnodar
3036	RU	RU-39	Krasnoyarsk	Красноярск	Krasnoyarsk
3037	RU	RU-40	Kurgan	Курганская область	Kurgan
3038	RU	RU-41	Kursk	Курская область	Kursk
3039	RU	RU-42	Leningrad	Ленинградская область	Leningrad
3040	RU	RU-43	Lipetsk	Липецкая область	Lipetsk
3041	RU	RU-44	Magadan	Магаданская область	Magadan
3042	RU	RU-45	Mariy-El	Республика Марий Эл	Mariy-El
3043	RU	RU-46	Mordovia	Республика Мордовия	Mordovia
3044	RU	RU-47	Moskva	Московская область	Moskva
3045	RU	RU-48	Moscow City	Москва	Moscow City
3046	RU	RU-49	Murmansk	Мурманская область	Murmansk
3047	RU	RU-50	Nenets	Ненецкий автономный округ	Nenets
3048	RU	RU-51	Nizhegorod	Нижегородская область	Nizhegorod
3049	RU	RU-52	Novgorod	Новгородская область	Novgorod
3050	RU	RU-53	Novosibirsk	Новосибирская область	Novosibirsk
3051	RU	RU-54	Omsk	Омская область	Omsk
3052	RU	RU-55	Orenburg	Оренбургская область	Orenburg
3053	RU	RU-56	Orel	Орловская область	Orel
3054	RU	RU-57	Penza	Пензенская область	Penza
3055	RU	RU-58	Perm	Пермский край	Perm
3056	RU	RU-59	Primorye	Приморский край	Primorye
3057	RU	RU-60	Pskov	Псковская область	Pskov
3058	RU	RU-61	Rostov	Ростовская область	Rostov
3059	RU	RU-62	Ryazan	Рязанская область	Ryazan
3060	RU	RU-63	Sakha	Республика Саха (Якутия)	Sakha
3061	RU	RU-64	Sakhalin	Сахалинская область	Sakhalin
3062	RU	RU-65	Samara	Самарская область	Samara
3063	RU	RU-66	Saint Petersburg City	Санкт-Петербург	Saint Petersburg City
3064	RU	RU-67	Saratov	Саратовская область	Saratov
3065	RU	RU-68	North Ossetia	Республика Северная Осетия (Алания)	North Ossetia
3066	RU	RU-69	Smolensk	Смоленская область	Smolensk
3067	RU	RU-70	Stavropol	Ставропольский край	Stavropol
3068	RU	RU-71	Sverdlovsk	Свердловская область	Sverdlovsk
3069	RU	RU-72	Tambovskaya oblast	Тамбовская область	Tambovskaya oblast
3070	RU	RU-73	Tatarstan	Республика Татарстан	Tatarstan
3072	RU	RU-75	Tomsk	Томская область	Tomsk
3073	RU	RU-76	Tula	Тульская область	Tula
3074	RU	RU-77	Tver	Тверская область	Tver
3075	RU	RU-78	Tyumen	Тюменская область	Tyumen
3076	RU	RU-79	Tuva	Республика Тыва (Тува)	Tuva
3077	RU	RU-80	Udmurt	Республика Удмуртия	Udmurt
3078	RU	RU-81	Ulyanovsk	Ульяновская область	Ulyanovsk
3079	RU	RU-83	Vladimir	Владимирская область	Vladimir
3080	RU	RU-84	Volgograd	Волгоградская область	Volgograd
3081	RU	RU-85	Vologda	Вологодская область	Vologda
3082	RU	RU-86	Voronezh	Воронежская область	Voronezh
3083	RU	RU-87	Yamal-Nenets	Ямало-Ненецкий автономный округ	Yamal-Nenets
3084	RU	RU-88	Yaroslavl	Ярославская область	Yaroslavl
3085	RU	RU-89	Yevrey	Еврейская автономная область	Yevrey
3086	RU	RU-90	Permskiy Kray	Пермский край	Permskiy Kray
3087	RU	RU-91	Krasnoyarskiy Kray	Красноярский край	Krasnoyarskiy Kray
3088	RU	RU-92	Kamchatskiy Kray	Камчатский край	Kamchatskiy Kray
3089	RU	RU-93	Zabaykalskiy Kray	Забайкальский край	Zabaykalskiy Kray
3090	RW	RW-01	Butare	Butare	Butare
3091	RW	RW-06	Gitarama	Gitarama	Gitarama
3092	RW	RW-07	Kibungo	Kibungo	Kibungo
3093	RW	RW-09	Kigali	Kigali	Kigali
3094	RW	RW-11	Est	Est	Est
3095	RW	RW-12	Kigali	Kigali	Kigali
3096	RW	RW-13	Nord	Nord	Nord
3097	RW	RW-14	Ouest	Ouest	Ouest
3098	RW	RW-15	Sud	Sud	Sud
3099	SA	SA-02	Al Bahah	Al Bahah	Al Bahah
3100	SA	SA-05	Al Madinah	Al Madinah	Al Madinah
3101	SA	SA-06	Ash Sharqiyah	Ash Sharqiyah	Ash Sharqiyah
3102	SA	SA-08	Al Qasim	Al Qasim	Al Qasim
3103	SA	SA-10	Ar Riyad	Ar Riyad	Ar Riyad
3104	SA	SA-11	Asir Province	Asir Province	Asir Province
3105	SA	SA-13	Hail	Hail	Hail
3106	SA	SA-14	Makkah	Makkah	Makkah
3107	SA	SA-15	Al Hudud ash Shamaliyah	Al Hudud ash Shamaliyah	Al Hudud ash Shamaliyah
3108	SA	SA-16	Najran	Najran	Najran
3109	SA	SA-17	Jizan	Jizan	Jizan
3110	SA	SA-19	Tabuk	Tabuk	Tabuk
3111	SA	SA-20	Al Jawf	Al Jawf	Al Jawf
3112	SB	SB-03	Malaita	Malaita	Malaita
3113	SB	SB-06	Guadalcanal	Guadalcanal	Guadalcanal
3114	SB	SB-07	Isabel	Isabel	Isabel
3115	SB	SB-08	Makira	Makira	Makira
3116	SB	SB-09	Temotu	Temotu	Temotu
3117	SB	SB-10	Central	Central	Central
3118	SB	SB-11	Western	Western	Western
3119	SB	SB-12	Choiseul	Choiseul	Choiseul
3120	SB	SB-13	Rennell and Bellona	Rennell and Bellona	Rennell and Bellona
3121	SC	SC-01	Anse aux Pins	Anse aux Pins	Anse aux Pins
3122	SC	SC-02	Anse Boileau	Anse Boileau	Anse Boileau
3123	SC	SC-03	Anse Etoile	Anse Etoile	Anse Etoile
3124	SC	SC-04	Anse Louis	Anse Louis	Anse Louis
3125	SC	SC-05	Anse Royale	Anse Royale	Anse Royale
3126	SC	SC-06	Baie Lazare	Baie Lazare	Baie Lazare
3127	SC	SC-07	Baie Sainte Anne	Baie Sainte Anne	Baie Sainte Anne
3128	SC	SC-08	Beau Vallon	Beau Vallon	Beau Vallon
3129	SC	SC-09	Bel Air	Bel Air	Bel Air
3130	SC	SC-10	Bel Ombre	Bel Ombre	Bel Ombre
3131	SC	SC-11	Cascade	Cascade	Cascade
3132	SC	SC-12	Glacis	Glacis	Glacis
3133	SC	SC-13	Grand Anse	Grand Anse	Grand Anse
3134	SC	SC-14	Grand Anse	Grand Anse	Grand Anse
3135	SC	SC-15	La Digue	La Digue	La Digue
3136	SC	SC-16	La Riviere Anglaise	La Riviere Anglaise	La Riviere Anglaise
3137	SC	SC-17	Mont Buxton	Mont Buxton	Mont Buxton
3138	SC	SC-18	Mont Fleuri	Mont Fleuri	Mont Fleuri
3139	SC	SC-19	Plaisance	Plaisance	Plaisance
3140	SC	SC-20	Pointe La Rue	Pointe La Rue	Pointe La Rue
3141	SC	SC-21	Port Glaud	Port Glaud	Port Glaud
3142	SC	SC-22	Saint Louis	Saint Louis	Saint Louis
3143	SC	SC-23	Takamaka	Takamaka	Takamaka
3144	SD	SD-27	Al Wusta	Al Wusta	Al Wusta
3145	SD	SD-28	Al Istiwaiyah	Al Istiwaiyah	Al Istiwaiyah
3146	SD	SD-29	Al Khartum	Al Khartum	Al Khartum
3147	SD	SD-30	Ash Shamaliyah	Ash Shamaliyah	Ash Shamaliyah
3148	SD	SD-31	Ash Sharqiyah	Ash Sharqiyah	Ash Sharqiyah
3149	SD	SD-32	Bahr al Ghazal	Bahr al Ghazal	Bahr al Ghazal
3150	SD	SD-33	Darfur	Darfur	Darfur
3151	SD	SD-34	Kurdufan	Kurdufan	Kurdufan
3152	SD	SD-35	Upper Nile	Upper Nile	Upper Nile
3153	SD	SD-40	Al Wahadah State	Al Wahadah State	Al Wahadah State
3154	SD	SD-44	Central Equatoria State	Central Equatoria State	Central Equatoria State
3155	SD	SD-49	Southern Darfur	Southern Darfur	Southern Darfur
3156	SD	SD-50	Southern Kordofan	Southern Kordofan	Southern Kordofan
3157	SD	SD-52	Kassala	Kassala	Kassala
3158	SD	SD-53	River Nile	River Nile	River Nile
3159	SD	SD-55	Northern Darfur	Northern Darfur	Northern Darfur
3160	SE	SE-02	Blekinge Lan	Blekinge Lan	Blekinge Lan
3161	SE	SE-03	Gavleborgs Lan	Gavleborgs Lan	Gavleborgs Lan
3162	SE	SE-05	Gotlands Lan	Gotlands Lan	Gotlands Lan
3163	SE	SE-06	Hallands Lan	Hallands Lan	Hallands Lan
3164	SE	SE-07	Jamtlands Lan	Jamtlands Lan	Jamtlands Lan
3165	SE	SE-08	Jonkopings Lan	Jonkopings Lan	Jonkopings Lan
3166	SE	SE-09	Kalmar Lan	Kalmar Lan	Kalmar Lan
3167	SE	SE-10	Dalarnas Lan	Dalarnas Lan	Dalarnas Lan
3168	SE	SE-12	Kronobergs Lan	Kronobergs Lan	Kronobergs Lan
3169	SE	SE-14	Norrbottens Lan	Norrbottens Lan	Norrbottens Lan
3170	SE	SE-15	Orebro Lan	Orebro Lan	Orebro Lan
3171	SE	SE-16	Ostergotlands Lan	Ostergotlands Lan	Ostergotlands Lan
3172	SE	SE-18	Sodermanlands Lan	Sodermanlands Lan	Sodermanlands Lan
3173	SE	SE-21	Uppsala Lan	Uppsala Lan	Uppsala Lan
3174	SE	SE-22	Varmlands Lan	Varmlands Lan	Varmlands Lan
3175	SE	SE-23	Vasterbottens Lan	Vasterbottens Lan	Vasterbottens Lan
3176	SE	SE-24	Vasternorrlands Lan	Vasternorrlands Lan	Vasternorrlands Lan
3177	SE	SE-25	Vastmanlands Lan	Vastmanlands Lan	Vastmanlands Lan
3178	SE	SE-26	Stockholms Lan	Stockholms Lan	Stockholms Lan
3179	SE	SE-27	Skane Lan	Skane Lan	Skane Lan
3180	SE	SE-28	Vastra Gotaland	Vastra Gotaland	Vastra Gotaland
3181	SH	SH-01	Ascension	Ascension	Ascension
3182	SH	SH-02	Saint Helena	Saint Helena	Saint Helena
3183	SH	SH-03	Tristan da Cunha	Tristan da Cunha	Tristan da Cunha
3184	SI	SI-01	Ajdovscina Commune	Ajdovscina Commune	Ajdovscina Commune
3185	SI	SI-02	Beltinci Commune	Beltinci Commune	Beltinci Commune
3186	SI	SI-03	Bled Commune	Bled Commune	Bled Commune
3187	SI	SI-04	Bohinj Commune	Bohinj Commune	Bohinj Commune
3188	SI	SI-05	Borovnica Commune	Borovnica Commune	Borovnica Commune
3189	SI	SI-06	Bovec Commune	Bovec Commune	Bovec Commune
3190	SI	SI-07	Brda Commune	Brda Commune	Brda Commune
3191	SI	SI-08	Brezice Commune	Brezice Commune	Brezice Commune
3192	SI	SI-09	Brezovica Commune	Brezovica Commune	Brezovica Commune
3193	SI	SI-11	Celje Commune	Celje Commune	Celje Commune
3194	SI	SI-12	Cerklje na Gorenjskem Commune	Cerklje na Gorenjskem Commune	Cerklje na Gorenjskem Commune
3195	SI	SI-13	Cerknica Commune	Cerknica Commune	Cerknica Commune
3196	SI	SI-14	Cerkno Commune	Cerkno Commune	Cerkno Commune
3197	SI	SI-15	Crensovci Commune	Crensovci Commune	Crensovci Commune
3198	SI	SI-16	Crna na Koroskem Commune	Crna na Koroskem Commune	Crna na Koroskem Commune
3199	SI	SI-17	Crnomelj Commune	Crnomelj Commune	Crnomelj Commune
3200	SI	SI-19	Divaca Commune	Divaca Commune	Divaca Commune
3201	SI	SI-20	Dobrepolje Commune	Dobrepolje Commune	Dobrepolje Commune
3202	SI	SI-22	Dol pri Ljubljani Commune	Dol pri Ljubljani Commune	Dol pri Ljubljani Commune
3203	SI	SI-24	Dornava Commune	Dornava Commune	Dornava Commune
3204	SI	SI-25	Dravograd Commune	Dravograd Commune	Dravograd Commune
3205	SI	SI-26	Duplek Commune	Duplek Commune	Duplek Commune
3206	SI	SI-27	Gorenja vas-Poljane Commune	Gorenja vas-Poljane Commune	Gorenja vas-Poljane Commune
3207	SI	SI-28	Gorisnica Commune	Gorisnica Commune	Gorisnica Commune
3208	SI	SI-29	Gornja Radgona Commune	Gornja Radgona Commune	Gornja Radgona Commune
3209	SI	SI-30	Gornji Grad Commune	Gornji Grad Commune	Gornji Grad Commune
3210	SI	SI-31	Gornji Petrovci Commune	Gornji Petrovci Commune	Gornji Petrovci Commune
3211	SI	SI-32	Grosuplje Commune	Grosuplje Commune	Grosuplje Commune
3212	SI	SI-34	Hrastnik Commune	Hrastnik Commune	Hrastnik Commune
3213	SI	SI-35	Hrpelje-Kozina Commune	Hrpelje-Kozina Commune	Hrpelje-Kozina Commune
3214	SI	SI-36	Idrija Commune	Idrija Commune	Idrija Commune
3215	SI	SI-37	Ig Commune	Ig Commune	Ig Commune
3216	SI	SI-38	Ilirska Bistrica Commune	Ilirska Bistrica Commune	Ilirska Bistrica Commune
3217	SI	SI-39	Ivancna Gorica Commune	Ivancna Gorica Commune	Ivancna Gorica Commune
3218	SI	SI-40	Izola-Isola Commune	Izola-Isola Commune	Izola-Isola Commune
3219	SI	SI-42	Jursinci Commune	Jursinci Commune	Jursinci Commune
3220	SI	SI-44	Kanal Commune	Kanal Commune	Kanal Commune
3221	SI	SI-45	Kidricevo Commune	Kidricevo Commune	Kidricevo Commune
3222	SI	SI-46	Kobarid Commune	Kobarid Commune	Kobarid Commune
3223	SI	SI-47	Kobilje Commune	Kobilje Commune	Kobilje Commune
3224	SI	SI-49	Komen Commune	Komen Commune	Komen Commune
3225	SI	SI-50	Koper-Capodistria Urban Commune	Koper-Capodistria Urban Commune	Koper-Capodistria Urban Commune
3226	SI	SI-51	Kozje Commune	Kozje Commune	Kozje Commune
3227	SI	SI-52	Kranj Commune	Kranj Commune	Kranj Commune
3228	SI	SI-53	Kranjska Gora Commune	Kranjska Gora Commune	Kranjska Gora Commune
3229	SI	SI-54	Krsko Commune	Krsko Commune	Krsko Commune
3230	SI	SI-55	Kungota Commune	Kungota Commune	Kungota Commune
3231	SI	SI-57	Lasko Commune	Lasko Commune	Lasko Commune
3232	SI	SI-61	Ljubljana Urban Commune	Ljubljana Urban Commune	Ljubljana Urban Commune
3233	SI	SI-62	Ljubno Commune	Ljubno Commune	Ljubno Commune
3234	SI	SI-64	Logatec Commune	Logatec Commune	Logatec Commune
3235	SI	SI-66	Loski Potok Commune	Loski Potok Commune	Loski Potok Commune
3236	SI	SI-68	Lukovica Commune	Lukovica Commune	Lukovica Commune
3237	SI	SI-71	Medvode Commune	Medvode Commune	Medvode Commune
3238	SI	SI-72	Menges Commune	Menges Commune	Menges Commune
3239	SI	SI-73	Metlika Commune	Metlika Commune	Metlika Commune
3240	SI	SI-74	Mezica Commune	Mezica Commune	Mezica Commune
3241	SI	SI-76	Mislinja Commune	Mislinja Commune	Mislinja Commune
3242	SI	SI-77	Moravce Commune	Moravce Commune	Moravce Commune
3243	SI	SI-78	Moravske Toplice Commune	Moravske Toplice Commune	Moravske Toplice Commune
3244	SI	SI-79	Mozirje Commune	Mozirje Commune	Mozirje Commune
3245	SI	SI-80	Murska Sobota Urban Commune	Murska Sobota Urban Commune	Murska Sobota Urban Commune
3246	SI	SI-81	Muta Commune	Muta Commune	Muta Commune
3247	SI	SI-82	Naklo Commune	Naklo Commune	Naklo Commune
3248	SI	SI-83	Nazarje Commune	Nazarje Commune	Nazarje Commune
3249	SI	SI-84	Nova Gorica Urban Commune	Nova Gorica Urban Commune	Nova Gorica Urban Commune
3250	SI	SI-86	Odranci Commune	Odranci Commune	Odranci Commune
3251	SI	SI-87	Ormoz Commune	Ormoz Commune	Ormoz Commune
3252	SI	SI-88	Osilnica Commune	Osilnica Commune	Osilnica Commune
3253	SI	SI-89	Pesnica Commune	Pesnica Commune	Pesnica Commune
3254	SI	SI-91	Pivka Commune	Pivka Commune	Pivka Commune
3255	SI	SI-92	Podcetrtek Commune	Podcetrtek Commune	Podcetrtek Commune
3256	SI	SI-94	Postojna Commune	Postojna Commune	Postojna Commune
3257	SI	SI-97	Puconci Commune	Puconci Commune	Puconci Commune
3258	SI	SI-98	Race-Fram Commune	Race-Fram Commune	Race-Fram Commune
3259	SI	SI-99	Radece Commune	Radece Commune	Radece Commune
3260	SI	SI-A1	Radenci Commune	Radenci Commune	Radenci Commune
3261	SI	SI-A2	Radlje ob Dravi Commune	Radlje ob Dravi Commune	Radlje ob Dravi Commune
3262	SI	SI-A3	Radovljica Commune	Radovljica Commune	Radovljica Commune
3263	SI	SI-A6	Rogasovci Commune	Rogasovci Commune	Rogasovci Commune
3264	SI	SI-A7	Rogaska Slatina Commune	Rogaska Slatina Commune	Rogaska Slatina Commune
3265	SI	SI-A8	Rogatec Commune	Rogatec Commune	Rogatec Commune
3266	SI	SI-B1	Semic Commune	Semic Commune	Semic Commune
3267	SI	SI-B2	Sencur Commune	Sencur Commune	Sencur Commune
3268	SI	SI-B3	Sentilj Commune	Sentilj Commune	Sentilj Commune
3269	SI	SI-B4	Sentjernej Commune	Sentjernej Commune	Sentjernej Commune
3270	SI	SI-B6	Sevnica Commune	Sevnica Commune	Sevnica Commune
3271	SI	SI-B7	Sezana Commune	Sezana Commune	Sezana Commune
3272	SI	SI-B8	Skocjan Commune	Skocjan Commune	Skocjan Commune
3273	SI	SI-B9	Skofja Loka Commune	Skofja Loka Commune	Skofja Loka Commune
3274	SI	SI-C1	Skofljica Commune	Skofljica Commune	Skofljica Commune
3275	SI	SI-C2	Slovenj Gradec Urban Commune	Slovenj Gradec Urban Commune	Slovenj Gradec Urban Commune
3276	SI	SI-C4	Slovenske Konjice Commune	Slovenske Konjice Commune	Slovenske Konjice Commune
3277	SI	SI-C5	Smarje pri Jelsah Commune	Smarje pri Jelsah Commune	Smarje pri Jelsah Commune
3278	SI	SI-C6	Smartno ob Paki Commune	Smartno ob Paki Commune	Smartno ob Paki Commune
3279	SI	SI-C7	Sostanj Commune	Sostanj Commune	Sostanj Commune
3280	SI	SI-C8	Starse Commune	Starse Commune	Starse Commune
3281	SI	SI-C9	Store Commune	Store Commune	Store Commune
3282	SI	SI-D1	Sveti Jurij Commune	Sveti Jurij Commune	Sveti Jurij Commune
3283	SI	SI-D2	Tolmin Commune	Tolmin Commune	Tolmin Commune
3284	SI	SI-D3	Trbovlje Commune	Trbovlje Commune	Trbovlje Commune
3285	SI	SI-D4	Trebnje Commune	Trebnje Commune	Trebnje Commune
3286	SI	SI-D5	Trzic Commune	Trzic Commune	Trzic Commune
3287	SI	SI-D6	Turnisce Commune	Turnisce Commune	Turnisce Commune
3472	SV	SV-06	La Paz	La Paz	La Paz
3288	SI	SI-D7	Velenje Urban Commune	Velenje Urban Commune	Velenje Urban Commune
3289	SI	SI-D8	Velike Lasce Commune	Velike Lasce Commune	Velike Lasce Commune
3290	SI	SI-E1	Vipava Commune	Vipava Commune	Vipava Commune
3291	SI	SI-E2	Vitanje Commune	Vitanje Commune	Vitanje Commune
3292	SI	SI-E3	Vodice Commune	Vodice Commune	Vodice Commune
3293	SI	SI-E5	Vrhnika Commune	Vrhnika Commune	Vrhnika Commune
3294	SI	SI-E6	Vuzenica Commune	Vuzenica Commune	Vuzenica Commune
3295	SI	SI-E7	Zagorje ob Savi Commune	Zagorje ob Savi Commune	Zagorje ob Savi Commune
3296	SI	SI-E9	Zavrc Commune	Zavrc Commune	Zavrc Commune
3297	SI	SI-F1	Zelezniki Commune	Zelezniki Commune	Zelezniki Commune
3298	SI	SI-F2	Ziri Commune	Ziri Commune	Ziri Commune
3299	SI	SI-F3	Zrece Commune	Zrece Commune	Zrece Commune
3300	SI	SI-F4	Benedikt Commune	Benedikt Commune	Benedikt Commune
3301	SI	SI-F5	Bistrica ob Sotli Commune	Bistrica ob Sotli Commune	Bistrica ob Sotli Commune
3302	SI	SI-F6	Bloke Commune	Bloke Commune	Bloke Commune
3303	SI	SI-F7	Braslovce Commune	Braslovce Commune	Braslovce Commune
3304	SI	SI-F8	Cankova Commune	Cankova Commune	Cankova Commune
3305	SI	SI-F9	Cerkvenjak Commune	Cerkvenjak Commune	Cerkvenjak Commune
3306	SI	SI-G1	Destrnik Commune	Destrnik Commune	Destrnik Commune
3307	SI	SI-G2	Dobje Commune	Dobje Commune	Dobje Commune
3308	SI	SI-G3	Dobrna Commune	Dobrna Commune	Dobrna Commune
3309	SI	SI-G4	Dobrova-Horjul-Polhov Gradec Commune	Dobrova-Horjul-Polhov Gradec Commune	Dobrova-Horjul-Polhov Gradec Commune
3310	SI	SI-G5	Dobrovnik-Dobronak Commune	Dobrovnik-Dobronak Commune	Dobrovnik-Dobronak Commune
3311	SI	SI-G6	Dolenjske Toplice Commune	Dolenjske Toplice Commune	Dolenjske Toplice Commune
3312	SI	SI-G7	Domzale Commune	Domzale Commune	Domzale Commune
3313	SI	SI-G8	Grad Commune	Grad Commune	Grad Commune
3314	SI	SI-G9	Hajdina Commune	Hajdina Commune	Hajdina Commune
3315	SI	SI-H1	Hoce-Slivnica Commune	Hoce-Slivnica Commune	Hoce-Slivnica Commune
3316	SI	SI-H2	Hodos-Hodos Commune	Hodos-Hodos Commune	Hodos-Hodos Commune
3317	SI	SI-H3	Horjul Commune	Horjul Commune	Horjul Commune
3318	SI	SI-H4	Jesenice Commune	Jesenice Commune	Jesenice Commune
3319	SI	SI-H5	Jezersko Commune	Jezersko Commune	Jezersko Commune
3320	SI	SI-H6	Kamnik Commune	Kamnik Commune	Kamnik Commune
3321	SI	SI-H7	Kocevje Commune	Kocevje Commune	Kocevje Commune
3322	SI	SI-H8	Komenda Commune	Komenda Commune	Komenda Commune
3323	SI	SI-H9	Kostel Commune	Kostel Commune	Kostel Commune
3324	SI	SI-I1	Krizevci Commune	Krizevci Commune	Krizevci Commune
3325	SI	SI-I2	Kuzma Commune	Kuzma Commune	Kuzma Commune
3326	SI	SI-I3	Lenart Commune	Lenart Commune	Lenart Commune
3327	SI	SI-I4	Lendava-Lendva Commune	Lendava-Lendva Commune	Lendava-Lendva Commune
3328	SI	SI-I5	Litija Commune	Litija Commune	Litija Commune
3329	SI	SI-I6	Ljutomer Commune	Ljutomer Commune	Ljutomer Commune
3330	SI	SI-I7	Loska Dolina Commune	Loska Dolina Commune	Loska Dolina Commune
3331	SI	SI-I8	Lovrenc na Pohorju Commune	Lovrenc na Pohorju Commune	Lovrenc na Pohorju Commune
3332	SI	SI-I9	Luce Commune	Luce Commune	Luce Commune
3333	SI	SI-J1	Majsperk Commune	Majsperk Commune	Majsperk Commune
3334	SI	SI-J2	Maribor Commune	Maribor Commune	Maribor Commune
3335	SI	SI-J3	Markovci Commune	Markovci Commune	Markovci Commune
3336	SI	SI-J4	Miklavz na Dravskem polju Commune	Miklavz na Dravskem polju Commune	Miklavz na Dravskem polju Commune
3337	SI	SI-J5	Miren-Kostanjevica Commune	Miren-Kostanjevica Commune	Miren-Kostanjevica Commune
3338	SI	SI-J6	Mirna Pec Commune	Mirna Pec Commune	Mirna Pec Commune
3339	SI	SI-J7	Novo mesto Urban Commune	Novo mesto Urban Commune	Novo mesto Urban Commune
3340	SI	SI-J8	Oplotnica Commune	Oplotnica Commune	Oplotnica Commune
3341	SI	SI-J9	Piran-Pirano Commune	Piran-Pirano Commune	Piran-Pirano Commune
3342	SI	SI-K1	Podlehnik Commune	Podlehnik Commune	Podlehnik Commune
3343	SI	SI-K2	Podvelka Commune	Podvelka Commune	Podvelka Commune
3344	SI	SI-K3	Polzela Commune	Polzela Commune	Polzela Commune
3345	SI	SI-K4	Prebold Commune	Prebold Commune	Prebold Commune
3346	SI	SI-K5	Preddvor Commune	Preddvor Commune	Preddvor Commune
3347	SI	SI-K6	Prevalje Commune	Prevalje Commune	Prevalje Commune
3348	SI	SI-K7	Ptuj Urban Commune	Ptuj Urban Commune	Ptuj Urban Commune
3349	SI	SI-K8	Ravne na Koroskem Commune	Ravne na Koroskem Commune	Ravne na Koroskem Commune
3350	SI	SI-K9	Razkrizje Commune	Razkrizje Commune	Razkrizje Commune
3351	SI	SI-L1	Ribnica Commune	Ribnica Commune	Ribnica Commune
3352	SI	SI-L2	Ribnica na Pohorju Commune	Ribnica na Pohorju Commune	Ribnica na Pohorju Commune
3353	SI	SI-L3	Ruse Commune	Ruse Commune	Ruse Commune
3354	SI	SI-L4	Salovci Commune	Salovci Commune	Salovci Commune
3355	SI	SI-L5	Selnica ob Dravi Commune	Selnica ob Dravi Commune	Selnica ob Dravi Commune
3356	SI	SI-L6	Sempeter-Vrtojba Commune	Sempeter-Vrtojba Commune	Sempeter-Vrtojba Commune
3357	SI	SI-L7	Sentjur pri Celju Commune	Sentjur pri Celju Commune	Sentjur pri Celju Commune
3358	SI	SI-L8	Slovenska Bistrica Commune	Slovenska Bistrica Commune	Slovenska Bistrica Commune
3359	SI	SI-L9	Smartno pri Litiji Commune	Smartno pri Litiji Commune	Smartno pri Litiji Commune
3360	SI	SI-M1	Sodrazica Commune	Sodrazica Commune	Sodrazica Commune
3361	SI	SI-M2	Solcava Commune	Solcava Commune	Solcava Commune
3362	SI	SI-M3	Sveta Ana Commune	Sveta Ana Commune	Sveta Ana Commune
3363	SI	SI-M4	Sveti Andraz v Slovenskih goricah Commune	Sveti Andraz v Slovenskih goricah Commune	Sveti Andraz v Slovenskih goricah Commune
3364	SI	SI-M5	Tabor Commune	Tabor Commune	Tabor Commune
3365	SI	SI-M6	Tisina Commune	Tisina Commune	Tisina Commune
3366	SI	SI-M7	Trnovska vas Commune	Trnovska vas Commune	Trnovska vas Commune
3367	SI	SI-M8	Trzin Commune	Trzin Commune	Trzin Commune
3368	SI	SI-M9	Velika Polana Commune	Velika Polana Commune	Velika Polana Commune
3369	SI	SI-N1	Verzej Commune	Verzej Commune	Verzej Commune
3370	SI	SI-N2	Videm Commune	Videm Commune	Videm Commune
3371	SI	SI-N3	Vojnik Commune	Vojnik Commune	Vojnik Commune
3372	SI	SI-N4	Vransko Commune	Vransko Commune	Vransko Commune
3373	SI	SI-N5	Zalec Commune	Zalec Commune	Zalec Commune
3374	SI	SI-N6	Zetale Commune	Zetale Commune	Zetale Commune
3375	SI	SI-N7	Zirovnica Commune	Zirovnica Commune	Zirovnica Commune
3376	SI	SI-N8	Zuzemberk Commune	Zuzemberk Commune	Zuzemberk Commune
3377	SI	SI-N9	Apace Commune	Apace Commune	Apace Commune
3378	SI	SI-O1	Cirkulane Commune	Cirkulane Commune	Cirkulane Commune
3379	SI	SI-O2	Gorje	Gorje	Gorje
3380	SI	SI-O3	Kostanjevica na Krki	Kostanjevica na Krki	Kostanjevica na Krki
3381	SI	SI-O4	Log-Dragomer	Log-Dragomer	Log-Dragomer
3382	SI	SI-O5	Makole	Makole	Makole
3383	SI	SI-O6	Mirna	Mirna	Mirna
3384	SI	SI-O7	Mokronog-Trebelno	Mokronog-Trebelno	Mokronog-Trebelno
3385	SI	SI-O8	Poljcane	Poljcane	Poljcane
3386	SI	SI-O9	Recica ob Savinji	Recica ob Savinji	Recica ob Savinji
3387	SI	SI-P1	Rence-Vogrsko	Rence-Vogrsko	Rence-Vogrsko
3388	SI	SI-P2	Sentrupert	Sentrupert	Sentrupert
3389	SI	SI-P3	Smarjesk Toplice	Smarjesk Toplice	Smarjesk Toplice
3390	SI	SI-P4	Sredisce ob Dravi	Sredisce ob Dravi	Sredisce ob Dravi
3391	SI	SI-P5	Straza	Straza	Straza
3392	SI	SI-P7	Sveti Jurij v Slovenskih Goricah	Sveti Jurij v Slovenskih Goricah	Sveti Jurij v Slovenskih Goricah
3393	SK	SK-01	Banska Bystrica	Banska Bystrica	Banska Bystrica
3394	SK	SK-02	Bratislava	Bratislava	Bratislava
3395	SK	SK-03	Kosice	Kosice	Kosice
3396	SK	SK-04	Nitra	Nitra	Nitra
3397	SK	SK-05	Presov	Presov	Presov
3398	SK	SK-06	Trencin	Trencin	Trencin
3399	SK	SK-07	Trnava	Trnava	Trnava
3400	SK	SK-08	Zilina	Zilina	Zilina
3401	SL	SL-01	Eastern	Eastern	Eastern
3402	SL	SL-02	Northern	Northern	Northern
3403	SL	SL-03	Southern	Southern	Southern
3404	SL	SL-04	Western Area	Western Area	Western Area
3405	SM	SM-01	Acquaviva	Acquaviva	Acquaviva
3406	SM	SM-02	Chiesanuova	Chiesanuova	Chiesanuova
3407	SM	SM-03	Domagnano	Domagnano	Domagnano
3408	SM	SM-04	Faetano	Faetano	Faetano
3409	SM	SM-05	Fiorentino	Fiorentino	Fiorentino
3410	SM	SM-06	Borgo Maggiore	Borgo Maggiore	Borgo Maggiore
3411	SM	SM-07	San Marino	San Marino	San Marino
3412	SM	SM-08	Monte Giardino	Monte Giardino	Monte Giardino
3413	SM	SM-09	Serravalle	Serravalle	Serravalle
3414	SN	SN-01	Dakar	Dakar	Dakar
3415	SN	SN-03	Diourbel	Diourbel	Diourbel
3416	SN	SN-05	Tambacounda	Tambacounda	Tambacounda
3417	SN	SN-07	Thies	Thies	Thies
3418	SN	SN-09	Fatick	Fatick	Fatick
3419	SN	SN-10	Kaolack	Kaolack	Kaolack
3420	SN	SN-11	Kolda	Kolda	Kolda
3421	SN	SN-12	Ziguinchor	Ziguinchor	Ziguinchor
3422	SN	SN-13	Louga	Louga	Louga
3423	SN	SN-14	Saint-Louis	Saint-Louis	Saint-Louis
3424	SN	SN-15	Matam	Matam	Matam
3425	SO	SO-01	Bakool	Bakool	Bakool
3426	SO	SO-02	Banaadir	Banaadir	Banaadir
3427	SO	SO-03	Bari	Bari	Bari
3428	SO	SO-04	Bay	Bay	Bay
3429	SO	SO-05	Galguduud	Galguduud	Galguduud
3430	SO	SO-06	Gedo	Gedo	Gedo
3431	SO	SO-07	Hiiraan	Hiiraan	Hiiraan
3432	SO	SO-08	Jubbada Dhexe	Jubbada Dhexe	Jubbada Dhexe
3433	SO	SO-09	Jubbada Hoose	Jubbada Hoose	Jubbada Hoose
3434	SO	SO-10	Mudug	Mudug	Mudug
3435	SO	SO-11	Nugaal	Nugaal	Nugaal
3436	SO	SO-12	Sanaag	Sanaag	Sanaag
3437	SO	SO-13	Shabeellaha Dhexe	Shabeellaha Dhexe	Shabeellaha Dhexe
3438	SO	SO-14	Shabeellaha Hoose	Shabeellaha Hoose	Shabeellaha Hoose
3439	SO	SO-16	Woqooyi Galbeed	Woqooyi Galbeed	Woqooyi Galbeed
3440	SO	SO-18	Nugaal	Nugaal	Nugaal
3441	SO	SO-19	Togdheer	Togdheer	Togdheer
3442	SO	SO-20	Woqooyi Galbeed	Woqooyi Galbeed	Woqooyi Galbeed
3443	SO	SO-21	Awdal	Awdal	Awdal
3444	SO	SO-22	Sool	Sool	Sool
3445	SR	SR-10	Brokopondo	Brokopondo	Brokopondo
3446	SR	SR-11	Commewijne	Commewijne	Commewijne
3447	SR	SR-12	Coronie	Coronie	Coronie
3448	SR	SR-13	Marowijne	Marowijne	Marowijne
3449	SR	SR-14	Nickerie	Nickerie	Nickerie
3450	SR	SR-15	Para	Para	Para
3451	SR	SR-16	Paramaribo	Paramaribo	Paramaribo
3452	SR	SR-17	Saramacca	Saramacca	Saramacca
3453	SR	SR-18	Sipaliwini	Sipaliwini	Sipaliwini
3454	SR	SR-19	Wanica	Wanica	Wanica
3455	SS	SS-01	Central Equatoria	Central Equatoria	Central Equatoria
3456	SS	SS-02	Eastern Equatoria	Eastern Equatoria	Eastern Equatoria
3457	SS	SS-03	Jonglei	Jonglei	Jonglei
3458	SS	SS-04	Lakes	Lakes	Lakes
3459	SS	SS-05	Northern Bahr el Ghazal	Northern Bahr el Ghazal	Northern Bahr el Ghazal
3460	SS	SS-06	Unity	Unity	Unity
3461	SS	SS-07	Upper Nile	Upper Nile	Upper Nile
3462	SS	SS-08	Warrap	Warrap	Warrap
3463	SS	SS-09	Western Bahr el Ghazal	Western Bahr el Ghazal	Western Bahr el Ghazal
3464	SS	SS-10	Western Equatoria	Western Equatoria	Western Equatoria
3465	ST	ST-01	Principe	Principe	Principe
3466	ST	ST-02	Sao Tome	Sao Tome	Sao Tome
3467	SV	SV-01	Ahuachapan	Ahuachapan	Ahuachapan
3468	SV	SV-02	Cabanas	Cabanas	Cabanas
3469	SV	SV-03	Chalatenango	Chalatenango	Chalatenango
3470	SV	SV-04	Cuscatlan	Cuscatlan	Cuscatlan
3471	SV	SV-05	La Libertad	La Libertad	La Libertad
3473	SV	SV-07	La Union	La Union	La Union
3474	SV	SV-08	Morazan	Morazan	Morazan
3475	SV	SV-09	San Miguel	San Miguel	San Miguel
3476	SV	SV-10	San Salvador	San Salvador	San Salvador
3477	SV	SV-11	Santa Ana	Santa Ana	Santa Ana
3478	SV	SV-12	San Vicente	San Vicente	San Vicente
3479	SV	SV-13	Sonsonate	Sonsonate	Sonsonate
3480	SV	SV-14	Usulutan	Usulutan	Usulutan
3481	SY	SY-01	Al Hasakah	Al Hasakah	Al Hasakah
3482	SY	SY-02	Al Ladhiqiyah	Al Ladhiqiyah	Al Ladhiqiyah
3483	SY	SY-03	Al Qunaytirah	Al Qunaytirah	Al Qunaytirah
3484	SY	SY-04	Ar Raqqah	Ar Raqqah	Ar Raqqah
3485	SY	SY-05	As Suwayda	As Suwayda	As Suwayda
3486	SY	SY-06	Dar	Dar	Dar
3487	SY	SY-07	Dayr az Zawr	Dayr az Zawr	Dayr az Zawr
3488	SY	SY-08	Rif Dimashq	Rif Dimashq	Rif Dimashq
3489	SY	SY-09	Halab	Halab	Halab
3490	SY	SY-10	Hamah	Hamah	Hamah
3491	SY	SY-11	Hims	Hims	Hims
3492	SY	SY-12	Idlib	Idlib	Idlib
3493	SY	SY-13	Dimashq	Dimashq	Dimashq
3494	SY	SY-14	Tartus	Tartus	Tartus
3495	SZ	SZ-01	Hhohho	Hhohho	Hhohho
3496	SZ	SZ-02	Lubombo	Lubombo	Lubombo
3497	SZ	SZ-03	Manzini	Manzini	Manzini
3498	SZ	SZ-04	Shiselweni	Shiselweni	Shiselweni
3499	SZ	SZ-05	Praslin	Praslin	Praslin
3500	TD	TD-01	Batha	Batha	Batha
3501	TD	TD-02	Biltine	Biltine	Biltine
3502	TD	TD-03	Borkou-Ennedi-Tibesti	Borkou-Ennedi-Tibesti	Borkou-Ennedi-Tibesti
3503	TD	TD-04	Chari-Baguirmi	Chari-Baguirmi	Chari-Baguirmi
3504	TD	TD-05	Guera	Guera	Guera
3505	TD	TD-06	Kanem	Kanem	Kanem
3506	TD	TD-07	Lac	Lac	Lac
3507	TD	TD-08	Logone Occidental	Logone Occidental	Logone Occidental
3508	TD	TD-09	Logone Oriental	Logone Oriental	Logone Oriental
3509	TD	TD-10	Mayo-Kebbi	Mayo-Kebbi	Mayo-Kebbi
3510	TD	TD-11	Moyen-Chari	Moyen-Chari	Moyen-Chari
3511	TD	TD-12	Ouaddai	Ouaddai	Ouaddai
3512	TD	TD-13	Salamat	Salamat	Salamat
3513	TD	TD-14	Tandjile	Tandjile	Tandjile
3514	TG	TG-22	Centrale	Centrale	Centrale
3515	TG	TG-23	Kara	Kara	Kara
3516	TG	TG-24	Maritime	Maritime	Maritime
3517	TG	TG-25	Plateaux	Plateaux	Plateaux
3518	TG	TG-26	Savanes	Savanes	Savanes
3519	TH	TH-01	Mae Hong Son	Mae Hong Son	Mae Hong Son
3520	TH	TH-02	Chiang Mai	Chiang Mai	Chiang Mai
3521	TH	TH-03	Chiang Rai	Chiang Rai	Chiang Rai
3522	TH	TH-04	Nan	Nan	Nan
3523	TH	TH-05	Lamphun	Lamphun	Lamphun
3524	TH	TH-06	Lampang	Lampang	Lampang
3525	TH	TH-07	Phrae	Phrae	Phrae
3526	TH	TH-08	Tak	Tak	Tak
3527	TH	TH-09	Sukhothai	Sukhothai	Sukhothai
3528	TH	TH-10	Uttaradit	Uttaradit	Uttaradit
3529	TH	TH-11	Kamphaeng Phet	Kamphaeng Phet	Kamphaeng Phet
3530	TH	TH-12	Phitsanulok	Phitsanulok	Phitsanulok
3531	TH	TH-13	Phichit	Phichit	Phichit
3532	TH	TH-14	Phetchabun	Phetchabun	Phetchabun
3533	TH	TH-15	Uthai Thani	Uthai Thani	Uthai Thani
3534	TH	TH-16	Nakhon Sawan	Nakhon Sawan	Nakhon Sawan
3535	TH	TH-17	Nong Khai	Nong Khai	Nong Khai
3536	TH	TH-18	Loei	Loei	Loei
3537	TH	TH-20	Sakon Nakhon	Sakon Nakhon	Sakon Nakhon
3538	TH	TH-21	Nakhon Phanom	Nakhon Phanom	Nakhon Phanom
3539	TH	TH-22	Khon Kaen	Khon Kaen	Khon Kaen
3540	TH	TH-23	Kalasin	Kalasin	Kalasin
3541	TH	TH-24	Maha Sarakham	Maha Sarakham	Maha Sarakham
3542	TH	TH-25	Roi Et	Roi Et	Roi Et
3543	TH	TH-26	Chaiyaphum	Chaiyaphum	Chaiyaphum
3544	TH	TH-27	Nakhon Ratchasima	Nakhon Ratchasima	Nakhon Ratchasima
3545	TH	TH-28	Buriram	Buriram	Buriram
3546	TH	TH-29	Surin	Surin	Surin
3547	TH	TH-30	Sisaket	Sisaket	Sisaket
3548	TH	TH-31	Narathiwat	Narathiwat	Narathiwat
3549	TH	TH-32	Chai Nat	Chai Nat	Chai Nat
3550	TH	TH-33	Sing Buri	Sing Buri	Sing Buri
3551	TH	TH-34	Lop Buri	Lop Buri	Lop Buri
3552	TH	TH-35	Ang Thong	Ang Thong	Ang Thong
3553	TH	TH-36	Phra Nakhon Si Ayutthaya	Phra Nakhon Si Ayutthaya	Phra Nakhon Si Ayutthaya
3554	TH	TH-37	Saraburi	Saraburi	Saraburi
3555	TH	TH-38	Nonthaburi	Nonthaburi	Nonthaburi
3556	TH	TH-39	Pathum Thani	Pathum Thani	Pathum Thani
3557	TH	TH-40	Krung Thep	Krung Thep	Krung Thep
3558	TH	TH-41	Phayao	Phayao	Phayao
3559	TH	TH-42	Samut Prakan	Samut Prakan	Samut Prakan
3560	TH	TH-43	Nakhon Nayok	Nakhon Nayok	Nakhon Nayok
3561	TH	TH-44	Chachoengsao	Chachoengsao	Chachoengsao
3562	TH	TH-45	Prachin Buri	Prachin Buri	Prachin Buri
3563	TH	TH-46	Chon Buri	Chon Buri	Chon Buri
3564	TH	TH-47	Rayong	Rayong	Rayong
3565	TH	TH-48	Chanthaburi	Chanthaburi	Chanthaburi
3566	TH	TH-49	Trat	Trat	Trat
3567	TH	TH-50	Kanchanaburi	Kanchanaburi	Kanchanaburi
3568	TH	TH-51	Suphan Buri	Suphan Buri	Suphan Buri
3569	TH	TH-52	Ratchaburi	Ratchaburi	Ratchaburi
3570	TH	TH-53	Nakhon Pathom	Nakhon Pathom	Nakhon Pathom
3571	TH	TH-54	Samut Songkhram	Samut Songkhram	Samut Songkhram
3572	TH	TH-55	Samut Sakhon	Samut Sakhon	Samut Sakhon
3573	TH	TH-56	Phetchaburi	Phetchaburi	Phetchaburi
3574	TH	TH-57	Prachuap Khiri Khan	Prachuap Khiri Khan	Prachuap Khiri Khan
3575	TH	TH-58	Chumphon	Chumphon	Chumphon
3576	TH	TH-59	Ranong	Ranong	Ranong
3577	TH	TH-60	Surat Thani	Surat Thani	Surat Thani
3578	TH	TH-61	Phangnga	Phangnga	Phangnga
3579	TH	TH-62	Phuket	Phuket	Phuket
3580	TH	TH-63	Krabi	Krabi	Krabi
3698	TR	TR-74	Siirt	Siirt	Siirt
3581	TH	TH-64	Nakhon Si Thammarat	Nakhon Si Thammarat	Nakhon Si Thammarat
3582	TH	TH-65	Trang	Trang	Trang
3583	TH	TH-66	Phatthalung	Phatthalung	Phatthalung
3584	TH	TH-67	Satun	Satun	Satun
3585	TH	TH-68	Songkhla	Songkhla	Songkhla
3586	TH	TH-69	Pattani	Pattani	Pattani
3587	TH	TH-70	Yala	Yala	Yala
3588	TH	TH-71	Ubon Ratchathani	Ubon Ratchathani	Ubon Ratchathani
3589	TH	TH-72	Yasothon	Yasothon	Yasothon
3590	TH	TH-73	Nakhon Phanom	Nakhon Phanom	Nakhon Phanom
3591	TH	TH-74	Prachin Buri	Prachin Buri	Prachin Buri
3592	TH	TH-75	Ubon Ratchathani	Ubon Ratchathani	Ubon Ratchathani
3593	TH	TH-76	Udon Thani	Udon Thani	Udon Thani
3594	TH	TH-77	Amnat Charoen	Amnat Charoen	Amnat Charoen
3595	TH	TH-78	Mukdahan	Mukdahan	Mukdahan
3596	TH	TH-79	Nong Bua Lamphu	Nong Bua Lamphu	Nong Bua Lamphu
3597	TH	TH-80	Sa Kaeo	Sa Kaeo	Sa Kaeo
3598	TH	TH-81	Bueng Kan	Bueng Kan	Bueng Kan
3599	TJ	TJ-01	Kuhistoni Badakhshon	Kuhistoni Badakhshon	Kuhistoni Badakhshon
3600	TJ	TJ-02	Khatlon	Khatlon	Khatlon
3601	TJ	TJ-03	Sughd	Sughd	Sughd
3602	TJ	TJ-04	Dushanbe	Dushanbe	Dushanbe
3603	TJ	TJ-05	Nohiyahoi Tobei Jumhuri	Nohiyahoi Tobei Jumhuri	Nohiyahoi Tobei Jumhuri
3604	TL	TL-06	Dili	Dili	Dili
3605	TM	TM-01	Ahal	Ahal	Ahal
3606	TM	TM-02	Balkan	Balkan	Balkan
3607	TM	TM-03	Dashoguz	Dashoguz	Dashoguz
3608	TM	TM-04	Lebap	Lebap	Lebap
3609	TM	TM-05	Mary	Mary	Mary
3610	TN	TN-02	Kasserine	Kasserine	Kasserine
3611	TN	TN-03	Kairouan	Kairouan	Kairouan
3612	TN	TN-06	Jendouba	Jendouba	Jendouba
3613	TN	TN-10	Qafsah	Qafsah	Qafsah
3614	TN	TN-14	El Kef	El Kef	El Kef
3615	TN	TN-15	Al Mahdia	Al Mahdia	Al Mahdia
3616	TN	TN-16	Al Munastir	Al Munastir	Al Munastir
3617	TN	TN-17	Bajah	Bajah	Bajah
3618	TN	TN-18	Bizerte	Bizerte	Bizerte
3619	TN	TN-19	Nabeul	Nabeul	Nabeul
3620	TN	TN-22	Siliana	Siliana	Siliana
3621	TN	TN-23	Sousse	Sousse	Sousse
3622	TN	TN-27	Ben Arous	Ben Arous	Ben Arous
3623	TN	TN-28	Madanin	Madanin	Madanin
3624	TN	TN-29	Gabes	Gabes	Gabes
3625	TN	TN-31	Kebili	Kebili	Kebili
3626	TN	TN-32	Sfax	Sfax	Sfax
3627	TN	TN-33	Sidi Bou Zid	Sidi Bou Zid	Sidi Bou Zid
3628	TN	TN-34	Tataouine	Tataouine	Tataouine
3629	TN	TN-35	Tozeur	Tozeur	Tozeur
3630	TN	TN-36	Tunis	Tunis	Tunis
3631	TN	TN-37	Zaghouan	Zaghouan	Zaghouan
3632	TN	TN-38	Aiana	Aiana	Aiana
3633	TN	TN-39	Manouba	Manouba	Manouba
3634	TO	TO-01	Ha	Ha	Ha
3635	TO	TO-02	Tongatapu	Tongatapu	Tongatapu
3636	TO	TO-03	Vava	Vava	Vava
3637	TR	TR-02	Adiyaman	Adiyaman	Adiyaman
3638	TR	TR-03	Afyonkarahisar	Afyonkarahisar	Afyonkarahisar
3639	TR	TR-04	Agri	Agri	Agri
3640	TR	TR-05	Amasya	Amasya	Amasya
3641	TR	TR-07	Antalya	Antalya	Antalya
3642	TR	TR-08	Artvin	Artvin	Artvin
3643	TR	TR-09	Aydin	Aydin	Aydin
3644	TR	TR-10	Balikesir	Balikesir	Balikesir
3645	TR	TR-11	Bilecik	Bilecik	Bilecik
3646	TR	TR-12	Bingol	Bingol	Bingol
3647	TR	TR-13	Bitlis	Bitlis	Bitlis
3648	TR	TR-14	Bolu	Bolu	Bolu
3649	TR	TR-15	Burdur	Burdur	Burdur
3650	TR	TR-16	Bursa	Bursa	Bursa
3651	TR	TR-17	Canakkale	Canakkale	Canakkale
3652	TR	TR-19	Corum	Corum	Corum
3653	TR	TR-20	Denizli	Denizli	Denizli
3654	TR	TR-21	Diyarbakir	Diyarbakir	Diyarbakir
3655	TR	TR-22	Edirne	Edirne	Edirne
3656	TR	TR-23	Elazig	Elazig	Elazig
3657	TR	TR-24	Erzincan	Erzincan	Erzincan
3658	TR	TR-25	Erzurum	Erzurum	Erzurum
3659	TR	TR-26	Eskisehir	Eskisehir	Eskisehir
3660	TR	TR-28	Giresun	Giresun	Giresun
3661	TR	TR-31	Hatay	Hatay	Hatay
3662	TR	TR-32	Mersin	Mersin	Mersin
3663	TR	TR-33	Isparta	Isparta	Isparta
3664	TR	TR-34	Istanbul	Istanbul	Istanbul
3665	TR	TR-35	Izmir	Izmir	Izmir
3666	TR	TR-37	Kastamonu	Kastamonu	Kastamonu
3667	TR	TR-38	Kayseri	Kayseri	Kayseri
3668	TR	TR-39	Kirklareli	Kirklareli	Kirklareli
3669	TR	TR-40	Kirsehir	Kirsehir	Kirsehir
3670	TR	TR-41	Kocaeli	Kocaeli	Kocaeli
3671	TR	TR-43	Kutahya	Kutahya	Kutahya
3672	TR	TR-44	Malatya	Malatya	Malatya
3673	TR	TR-45	Manisa	Manisa	Manisa
3674	TR	TR-46	Kahramanmaras	Kahramanmaras	Kahramanmaras
3675	TR	TR-48	Mugla	Mugla	Mugla
3676	TR	TR-49	Mus	Mus	Mus
3677	TR	TR-50	Nevsehir	Nevsehir	Nevsehir
3678	TR	TR-52	Ordu	Ordu	Ordu
3679	TR	TR-53	Rize	Rize	Rize
3680	TR	TR-54	Sakarya	Sakarya	Sakarya
3681	TR	TR-55	Samsun	Samsun	Samsun
3682	TR	TR-57	Sinop	Sinop	Sinop
3683	TR	TR-58	Sivas	Sivas	Sivas
3684	TR	TR-59	Tekirdag	Tekirdag	Tekirdag
3685	TR	TR-60	Tokat	Tokat	Tokat
3686	TR	TR-61	Trabzon	Trabzon	Trabzon
3687	TR	TR-62	Tunceli	Tunceli	Tunceli
3688	TR	TR-63	Sanliurfa	Sanliurfa	Sanliurfa
3689	TR	TR-64	Usak	Usak	Usak
3690	TR	TR-65	Van	Van	Van
3691	TR	TR-66	Yozgat	Yozgat	Yozgat
3692	TR	TR-68	Ankara	Ankara	Ankara
3693	TR	TR-69	Gumushane	Gumushane	Gumushane
3694	TR	TR-70	Hakkari	Hakkari	Hakkari
3695	TR	TR-71	Konya	Konya	Konya
3696	TR	TR-72	Mardin	Mardin	Mardin
3697	TR	TR-73	Nigde	Nigde	Nigde
3699	TR	TR-75	Aksaray	Aksaray	Aksaray
3700	TR	TR-76	Batman	Batman	Batman
3701	TR	TR-77	Bayburt	Bayburt	Bayburt
3702	TR	TR-78	Karaman	Karaman	Karaman
3703	TR	TR-79	Kirikkale	Kirikkale	Kirikkale
3704	TR	TR-80	Sirnak	Sirnak	Sirnak
3705	TR	TR-81	Adana	Adana	Adana
3706	TR	TR-82	Cankiri	Cankiri	Cankiri
3707	TR	TR-83	Gaziantep	Gaziantep	Gaziantep
3708	TR	TR-84	Kars	Kars	Kars
3709	TR	TR-85	Zonguldak	Zonguldak	Zonguldak
3710	TR	TR-86	Ardahan	Ardahan	Ardahan
3711	TR	TR-87	Bartin	Bartin	Bartin
3712	TR	TR-88	Igdir	Igdir	Igdir
3713	TR	TR-89	Karabuk	Karabuk	Karabuk
3714	TR	TR-90	Kilis	Kilis	Kilis
3715	TR	TR-91	Osmaniye	Osmaniye	Osmaniye
3716	TR	TR-92	Yalova	Yalova	Yalova
3717	TR	TR-93	Duzce	Duzce	Duzce
3718	TT	TT-01	Arima	Arima	Arima
3719	TT	TT-02	Caroni	Caroni	Caroni
3720	TT	TT-03	Mayaro	Mayaro	Mayaro
3721	TT	TT-04	Nariva	Nariva	Nariva
3722	TT	TT-05	Port-of-Spain	Port-of-Spain	Port-of-Spain
3723	TT	TT-06	Saint Andrew	Saint Andrew	Saint Andrew
3724	TT	TT-07	Saint David	Saint David	Saint David
3725	TT	TT-08	Saint George	Saint George	Saint George
3726	TT	TT-09	Saint Patrick	Saint Patrick	Saint Patrick
3727	TT	TT-10	San Fernando	San Fernando	San Fernando
3728	TT	TT-11	Tobago	Tobago	Tobago
3729	TT	TT-12	Victoria	Victoria	Victoria
3730	TW	TW-01	Fu-chien	Fu-chien	Fu-chien
3731	TW	TW-02	Kao-hsiung	Kao-hsiung	Kao-hsiung
3732	TW	TW-03	Tai-pei	Tai-pei	Tai-pei
3733	TW	TW-04	Tai-wan	Tai-wan	Tai-wan
3734	TZ	TZ-02	Pwani	Pwani	Pwani
3735	TZ	TZ-03	Dodoma	Dodoma	Dodoma
3736	TZ	TZ-04	Iringa	Iringa	Iringa
3737	TZ	TZ-05	Kigoma	Kigoma	Kigoma
3738	TZ	TZ-06	Kilimanjaro	Kilimanjaro	Kilimanjaro
3739	TZ	TZ-07	Lindi	Lindi	Lindi
3740	TZ	TZ-08	Mara	Mara	Mara
3741	TZ	TZ-09	Mbeya	Mbeya	Mbeya
3742	TZ	TZ-10	Morogoro	Morogoro	Morogoro
3743	TZ	TZ-11	Mtwara	Mtwara	Mtwara
3744	TZ	TZ-12	Mwanza	Mwanza	Mwanza
3745	TZ	TZ-13	Pemba North	Pemba North	Pemba North
3746	TZ	TZ-14	Ruvuma	Ruvuma	Ruvuma
3747	TZ	TZ-15	Shinyanga	Shinyanga	Shinyanga
3748	TZ	TZ-16	Singida	Singida	Singida
3749	TZ	TZ-17	Tabora	Tabora	Tabora
3750	TZ	TZ-18	Tanga	Tanga	Tanga
3751	TZ	TZ-19	Kagera	Kagera	Kagera
3752	TZ	TZ-20	Pemba South	Pemba South	Pemba South
3753	TZ	TZ-21	Zanzibar Central	Zanzibar Central	Zanzibar Central
3754	TZ	TZ-22	Zanzibar North	Zanzibar North	Zanzibar North
3755	TZ	TZ-23	Dar es Salaam	Dar es Salaam	Dar es Salaam
3756	TZ	TZ-24	Rukwa	Rukwa	Rukwa
3757	TZ	TZ-25	Zanzibar Urban	Zanzibar Urban	Zanzibar Urban
3758	TZ	TZ-26	Arusha	Arusha	Arusha
3759	TZ	TZ-27	Manyara	Manyara	Manyara
3760	UA	UA-01	Cherkaska Oblast	Черкасская область	Черкаська область
3761	UA	UA-02	Chernihivska Oblast	Черниговская область	Чернігівська область
3762	UA	UA-03	Chernivetska Oblast	Черновицкая область	Чернівецька область
3763	UA	UA-04	Dnipropetrovska Oblast	Днепропетровская область	Дніпропетровська область
3764	UA	UA-05	Donetska Oblast	Донецкая область	Донецька область
3765	UA	UA-06	Ivano-Frankivska Oblast	Ивано-Франковская область	Івано-Франківська область
3766	UA	UA-07	Kharkivska Oblast	Харьковская область	Харківська область
3767	UA	UA-08	Khersonska Oblast	Херсонская область	Херсонська область
3768	UA	UA-09	Khmelnytska Oblast	Хмельницкая область	Хмельницька область
3769	UA	UA-10	Kirovohradska Oblast	Кировоградская область	Кіровоградська область
3770	UA	UA-11	Krym	АР Крым	АР Крим
3771	UA	UA-12	Kyiv	Киев	Київ
3772	UA	UA-13	Kyyivska Oblast	Киевская область	Київська область
3773	UA	UA-14	Luhanska Oblast	Луганская область	Луганська область
3774	UA	UA-15	Lvivska Oblast	Львовская область	Львівська область
3775	UA	UA-16	Mykolayivska Oblast	Николаевская область	Миколаївська область
3776	UA	UA-17	Odeska Oblast	Одесская область	Одеська область
3777	UA	UA-18	Poltavska Oblast	Полтавская область	Полтавська область
3778	UA	UA-19	Rivnenska Oblast	Ровненская область	Рівненська область
3779	UA	UA-20	Sevastopol	Севастополь	Севастополь
3780	UA	UA-21	Sumska Oblast	Сумская область	Сумська область
3781	UA	UA-22	Ternopilska Oblast	Тернопольская область	Тернопільська область
3782	UA	UA-23	Vinnytska Oblast	Винницкая область	Вінницька область
3783	UA	UA-24	Volynska Oblast	Волынская область	Волинська область
3784	UA	UA-25	Zakarpatska Oblast	Закарпатская область	Закарпатська область
3785	UA	UA-26	Zaporizka Oblast	Запорожская область	Запорізька область
3786	UA	UA-27	Zhytomyrska Oblast	Житомирская область	Житомирська область
3787	UG	UG-26	Apac	Apac	Apac
3788	UG	UG-28	Bundibugyo	Bundibugyo	Bundibugyo
3789	UG	UG-29	Bushenyi	Bushenyi	Bushenyi
3790	UG	UG-30	Gulu	Gulu	Gulu
3791	UG	UG-31	Hoima	Hoima	Hoima
3792	UG	UG-33	Jinja	Jinja	Jinja
3793	UG	UG-36	Kalangala	Kalangala	Kalangala
3794	UG	UG-37	Kampala	Kampala	Kampala
3795	UG	UG-38	Kamuli	Kamuli	Kamuli
3796	UG	UG-39	Kapchorwa	Kapchorwa	Kapchorwa
3797	UG	UG-40	Kasese	Kasese	Kasese
3798	UG	UG-41	Kibale	Kibale	Kibale
3799	UG	UG-42	Kiboga	Kiboga	Kiboga
3800	UG	UG-43	Kisoro	Kisoro	Kisoro
3801	UG	UG-45	Kotido	Kotido	Kotido
3802	UG	UG-46	Kumi	Kumi	Kumi
3803	UG	UG-47	Lira	Lira	Lira
3804	UG	UG-50	Masindi	Masindi	Masindi
3805	UG	UG-52	Mbarara	Mbarara	Mbarara
3806	UG	UG-56	Mubende	Mubende	Mubende
3807	UG	UG-58	Nebbi	Nebbi	Nebbi
3808	UG	UG-59	Ntungamo	Ntungamo	Ntungamo
3809	UG	UG-60	Pallisa	Pallisa	Pallisa
3810	UG	UG-61	Rakai	Rakai	Rakai
3811	UG	UG-65	Adjumani	Adjumani	Adjumani
3812	UG	UG-66	Bugiri	Bugiri	Bugiri
3813	UG	UG-67	Busia	Busia	Busia
3814	UG	UG-69	Katakwi	Katakwi	Katakwi
3815	UG	UG-70	Luwero	Luwero	Luwero
3816	UG	UG-71	Masaka	Masaka	Masaka
3817	UG	UG-72	Moyo	Moyo	Moyo
3818	UG	UG-73	Nakasongola	Nakasongola	Nakasongola
3819	UG	UG-74	Sembabule	Sembabule	Sembabule
3820	UG	UG-76	Tororo	Tororo	Tororo
3821	UG	UG-77	Arua	Arua	Arua
3822	UG	UG-78	Iganga	Iganga	Iganga
3823	UG	UG-79	Kabarole	Kabarole	Kabarole
3824	UG	UG-80	Kaberamaido	Kaberamaido	Kaberamaido
3825	UG	UG-81	Kamwenge	Kamwenge	Kamwenge
3826	UG	UG-82	Kanungu	Kanungu	Kanungu
3827	UG	UG-83	Kayunga	Kayunga	Kayunga
3828	UG	UG-84	Kitgum	Kitgum	Kitgum
3829	UG	UG-85	Kyenjojo	Kyenjojo	Kyenjojo
3830	UG	UG-86	Mayuge	Mayuge	Mayuge
3831	UG	UG-87	Mbale	Mbale	Mbale
3832	UG	UG-88	Moroto	Moroto	Moroto
3833	UG	UG-89	Mpigi	Mpigi	Mpigi
3834	UG	UG-90	Mukono	Mukono	Mukono
3835	UG	UG-91	Nakapiripirit	Nakapiripirit	Nakapiripirit
3836	UG	UG-92	Pader	Pader	Pader
3837	UG	UG-93	Rukungiri	Rukungiri	Rukungiri
3838	UG	UG-94	Sironko	Sironko	Sironko
3839	UG	UG-95	Soroti	Soroti	Soroti
3840	UG	UG-96	Wakiso	Wakiso	Wakiso
3841	UG	UG-97	Yumbe	Yumbe	Yumbe
3842	US	US-AA	Armed Forces Americas	Armed Forces Americas	Armed Forces Americas
3843	US	US-AE	Armed Forces Europe, Middle East, & Canada	Armed Forces Europe, Middle East, & Canada	Armed Forces Europe, Middle East, & Canada
3844	US	US-AK	Alaska	Alaska	Alaska
3845	US	US-AL	Alabama	Alabama	Alabama
3846	US	US-AP	Armed Forces Pacific	Armed Forces Pacific	Armed Forces Pacific
3847	US	US-AR	Arkansas	Arkansas	Arkansas
3848	US	US-AS	American Samoa	American Samoa	American Samoa
3849	US	US-AZ	Arizona	Arizona	Arizona
3850	US	US-CA	California	California	California
3851	US	US-CO	Colorado	Colorado	Colorado
3852	US	US-CT	Connecticut	Connecticut	Connecticut
3853	US	US-DC	District of Columbia	District of Columbia	District of Columbia
3854	US	US-DE	Delaware	Delaware	Delaware
3855	US	US-FL	Florida	Florida	Florida
3856	US	US-FM	Federated States of Micronesia	Federated States of Micronesia	Federated States of Micronesia
3857	US	US-GA	Georgia	Georgia	Georgia
3858	US	US-GU	Guam	Guam	Guam
3859	US	US-HI	Hawaii	Hawaii	Hawaii
3860	US	US-IA	Iowa	Iowa	Iowa
3861	US	US-ID	Idaho	Idaho	Idaho
3862	US	US-IL	Illinois	Illinois	Illinois
3863	US	US-IN	Indiana	Indiana	Indiana
3864	US	US-KS	Kansas	Kansas	Kansas
3865	US	US-KY	Kentucky	Kentucky	Kentucky
3866	US	US-LA	Louisiana	Louisiana	Louisiana
3867	US	US-MA	Massachusetts	Massachusetts	Massachusetts
3868	US	US-MD	Maryland	Maryland	Maryland
3869	US	US-ME	Maine	Maine	Maine
3870	US	US-MH	Marshall Islands	Marshall Islands	Marshall Islands
3871	US	US-MI	Michigan	Michigan	Michigan
3872	US	US-MN	Minnesota	Minnesota	Minnesota
3873	US	US-MO	Missouri	Missouri	Missouri
3874	US	US-MP	Northern Mariana Islands	Northern Mariana Islands	Northern Mariana Islands
3875	US	US-MS	Mississippi	Mississippi	Mississippi
3876	US	US-MT	Montana	Montana	Montana
3877	US	US-NC	North Carolina	North Carolina	North Carolina
3878	US	US-ND	North Dakota	North Dakota	North Dakota
3879	US	US-NE	Nebraska	Nebraska	Nebraska
3880	US	US-NH	New Hampshire	New Hampshire	New Hampshire
3881	US	US-NJ	New Jersey	New Jersey	New Jersey
3882	US	US-NM	New Mexico	New Mexico	New Mexico
3883	US	US-NV	Nevada	Nevada	Nevada
3884	US	US-NY	New York	New York	New York
3885	US	US-OH	Ohio	Ohio	Ohio
3886	US	US-OK	Oklahoma	Oklahoma	Oklahoma
3887	US	US-OR	Oregon	Oregon	Oregon
3888	US	US-PA	Pennsylvania	Pennsylvania	Pennsylvania
3889	US	US-PW	Palau	Palau	Palau
3890	US	US-RI	Rhode Island	Rhode Island	Rhode Island
3891	US	US-SC	South Carolina	South Carolina	South Carolina
3892	US	US-SD	South Dakota	South Dakota	South Dakota
3893	US	US-TN	Tennessee	Tennessee	Tennessee
3894	US	US-TX	Texas	Texas	Texas
3895	US	US-UT	Utah	Utah	Utah
3896	US	US-VA	Virginia	Virginia	Virginia
3897	US	US-VI	Virgin Islands	Virgin Islands	Virgin Islands
3898	US	US-VT	Vermont	Vermont	Vermont
3899	US	US-WA	Washington	Washington	Washington
3900	US	US-WI	Wisconsin	Wisconsin	Wisconsin
3901	US	US-WV	West Virginia	West Virginia	West Virginia
3902	US	US-WY	Wyoming	Wyoming	Wyoming
3903	UY	UY-01	Artigas	Artigas	Artigas
3904	UY	UY-02	Canelones	Canelones	Canelones
3905	UY	UY-03	Cerro Largo	Cerro Largo	Cerro Largo
3906	UY	UY-04	Colonia	Colonia	Colonia
3907	UY	UY-05	Durazno	Durazno	Durazno
3908	UY	UY-06	Flores	Flores	Flores
3909	UY	UY-07	Florida	Florida	Florida
3910	UY	UY-08	Lavalleja	Lavalleja	Lavalleja
3911	UY	UY-09	Maldonado	Maldonado	Maldonado
3912	UY	UY-10	Montevideo	Montevideo	Montevideo
3913	UY	UY-11	Paysandu	Paysandu	Paysandu
3914	UY	UY-12	Rio Negro	Rio Negro	Rio Negro
3915	UY	UY-13	Rivera	Rivera	Rivera
3916	UY	UY-14	Rocha	Rocha	Rocha
3917	UY	UY-15	Salto	Salto	Salto
3918	UY	UY-16	San Jose	San Jose	San Jose
3919	UY	UY-17	Soriano	Soriano	Soriano
3920	UY	UY-18	Tacuarembo	Tacuarembo	Tacuarembo
3921	UY	UY-19	Treinta y Tres	Treinta y Tres	Treinta y Tres
3922	UZ	UZ-01	Andijon	Andijon	Andijon
3923	UZ	UZ-02	Bukhoro	Bukhoro	Bukhoro
3924	UZ	UZ-03	Farghona	Farghona	Farghona
3925	UZ	UZ-04	Jizzakh	Jizzakh	Jizzakh
3926	UZ	UZ-05	Khorazm	Khorazm	Khorazm
3927	UZ	UZ-06	Namangan	Namangan	Namangan
3928	UZ	UZ-07	Nawoiy	Nawoiy	Nawoiy
3929	UZ	UZ-08	Qashqadaryo	Qashqadaryo	Qashqadaryo
3930	UZ	UZ-09	Qoraqalpoghiston	Qoraqalpoghiston	Qoraqalpoghiston
3931	UZ	UZ-10	Samarqand	Samarqand	Samarqand
3932	UZ	UZ-11	Sirdaryo	Sirdaryo	Sirdaryo
3933	UZ	UZ-12	Surkhondaryo	Surkhondaryo	Surkhondaryo
3934	UZ	UZ-13	Toshkent	Toshkent	Toshkent
3935	UZ	UZ-14	Toshkent	Toshkent	Toshkent
3936	UZ	UZ-15	Jizzax	Jizzax	Jizzax
3937	VC	VC-01	Charlotte	Charlotte	Charlotte
3938	VC	VC-02	Saint Andrew	Saint Andrew	Saint Andrew
3939	VC	VC-03	Saint David	Saint David	Saint David
3940	VC	VC-04	Saint George	Saint George	Saint George
3941	VC	VC-05	Saint Patrick	Saint Patrick	Saint Patrick
3942	VC	VC-06	Grenadines	Grenadines	Grenadines
3943	VE	VE-01	Amazonas	Amazonas	Amazonas
3944	VE	VE-02	Anzoategui	Anzoategui	Anzoategui
3945	VE	VE-03	Apure	Apure	Apure
3946	VE	VE-04	Aragua	Aragua	Aragua
3947	VE	VE-05	Barinas	Barinas	Barinas
3948	VE	VE-06	Bolivar	Bolivar	Bolivar
3949	VE	VE-07	Carabobo	Carabobo	Carabobo
3950	VE	VE-08	Cojedes	Cojedes	Cojedes
3951	VE	VE-09	Delta Amacuro	Delta Amacuro	Delta Amacuro
3952	VE	VE-11	Falcon	Falcon	Falcon
3953	VE	VE-12	Guarico	Guarico	Guarico
3954	VE	VE-13	Lara	Lara	Lara
3955	VE	VE-14	Merida	Merida	Merida
3956	VE	VE-15	Miranda	Miranda	Miranda
3957	VE	VE-16	Monagas	Monagas	Monagas
3958	VE	VE-17	Nueva Esparta	Nueva Esparta	Nueva Esparta
3959	VE	VE-18	Portuguesa	Portuguesa	Portuguesa
3960	VE	VE-19	Sucre	Sucre	Sucre
3961	VE	VE-20	Tachira	Tachira	Tachira
3962	VE	VE-21	Trujillo	Trujillo	Trujillo
3963	VE	VE-22	Yaracuy	Yaracuy	Yaracuy
3964	VE	VE-23	Zulia	Zulia	Zulia
3965	VE	VE-24	Dependencias Federales	Dependencias Federales	Dependencias Federales
3966	VE	VE-25	Distrito Federal	Distrito Federal	Distrito Federal
3967	VE	VE-26	Vargas	Vargas	Vargas
3968	VN	VN-01	An Giang	An Giang	An Giang
3969	VN	VN-03	Ben Tre	Ben Tre	Ben Tre
3970	VN	VN-05	Cao Bang	Cao Bang	Cao Bang
3971	VN	VN-09	Dong Thap	Dong Thap	Dong Thap
3972	VN	VN-13	Hai Phong	Hai Phong	Hai Phong
3973	VN	VN-20	Ho Chi Minh	Ho Chi Minh	Ho Chi Minh
3974	VN	VN-21	Kien Giang	Kien Giang	Kien Giang
3975	VN	VN-23	Lam Dong	Lam Dong	Lam Dong
3976	VN	VN-24	Long An	Long An	Long An
3977	VN	VN-30	Quang Ninh	Quang Ninh	Quang Ninh
3978	VN	VN-32	Son La	Son La	Son La
3979	VN	VN-33	Tay Ninh	Tay Ninh	Tay Ninh
3980	VN	VN-34	Thanh Hoa	Thanh Hoa	Thanh Hoa
3981	VN	VN-35	Thai Binh	Thai Binh	Thai Binh
3982	VN	VN-37	Tien Giang	Tien Giang	Tien Giang
3983	VN	VN-39	Lang Son	Lang Son	Lang Son
3984	VN	VN-43	Dong Nai	Dong Nai	Dong Nai
3985	VN	VN-44	Ha Noi	Ha Noi	Ha Noi
3986	VN	VN-45	Ba Ria-Vung Tau	Ba Ria-Vung Tau	Ba Ria-Vung Tau
3987	VN	VN-46	Binh Dinh	Binh Dinh	Binh Dinh
3988	VN	VN-47	Binh Thuan	Binh Thuan	Binh Thuan
3989	VN	VN-49	Gia Lai	Gia Lai	Gia Lai
3990	VN	VN-50	Ha Giang	Ha Giang	Ha Giang
3991	VN	VN-52	Ha Tinh	Ha Tinh	Ha Tinh
3992	VN	VN-53	Hoa Binh	Hoa Binh	Hoa Binh
3993	VN	VN-54	Khanh Hoa	Khanh Hoa	Khanh Hoa
3994	VN	VN-55	Kon Tum	Kon Tum	Kon Tum
3995	VN	VN-58	Nghe An	Nghe An	Nghe An
3996	VN	VN-59	Ninh Binh	Ninh Binh	Ninh Binh
3997	VN	VN-60	Ninh Thuan	Ninh Thuan	Ninh Thuan
3998	VN	VN-61	Phu Yen	Phu Yen	Phu Yen
3999	VN	VN-62	Quang Binh	Quang Binh	Quang Binh
4000	VN	VN-63	Quang Ngai	Quang Ngai	Quang Ngai
4001	VN	VN-64	Quang Tri	Quang Tri	Quang Tri
4002	VN	VN-65	Soc Trang	Soc Trang	Soc Trang
4003	VN	VN-66	Thua Thien-Hue	Thua Thien-Hue	Thua Thien-Hue
4004	VN	VN-67	Tra Vinh	Tra Vinh	Tra Vinh
4005	VN	VN-68	Tuyen Quang	Tuyen Quang	Tuyen Quang
4006	VN	VN-69	Vinh Long	Vinh Long	Vinh Long
4007	VN	VN-70	Yen Bai	Yen Bai	Yen Bai
4008	VN	VN-71	Bac Giang	Bac Giang	Bac Giang
4009	VN	VN-72	Bac Kan	Bac Kan	Bac Kan
4010	VN	VN-73	Bac Lieu	Bac Lieu	Bac Lieu
4011	VN	VN-74	Bac Ninh	Bac Ninh	Bac Ninh
4012	VN	VN-75	Binh Duong	Binh Duong	Binh Duong
4013	VN	VN-76	Binh Phuoc	Binh Phuoc	Binh Phuoc
4014	VN	VN-77	Ca Mau	Ca Mau	Ca Mau
4015	VN	VN-78	Da Nang	Da Nang	Da Nang
4016	VN	VN-79	Hai Duong	Hai Duong	Hai Duong
4017	VN	VN-80	Ha Nam	Ha Nam	Ha Nam
4018	VN	VN-81	Hung Yen	Hung Yen	Hung Yen
4019	VN	VN-82	Nam Dinh	Nam Dinh	Nam Dinh
4020	VN	VN-83	Phu Tho	Phu Tho	Phu Tho
4021	VN	VN-84	Quang Nam	Quang Nam	Quang Nam
4022	VN	VN-85	Thai Nguyen	Thai Nguyen	Thai Nguyen
4023	VN	VN-86	Vinh Phuc	Vinh Phuc	Vinh Phuc
4024	VN	VN-87	Can Tho	Can Tho	Can Tho
4025	VN	VN-88	Dac Lak	Dac Lak	Dac Lak
4026	VN	VN-89	Lai Chau	Lai Chau	Lai Chau
4027	VN	VN-90	Lao Cai	Lao Cai	Lao Cai
4028	VN	VN-91	Dak Nong	Dak Nong	Dak Nong
4029	VN	VN-92	Dien Bien	Dien Bien	Dien Bien
4030	VN	VN-93	Hau Giang	Hau Giang	Hau Giang
4031	VU	VU-05	Ambrym	Ambrym	Ambrym
4032	VU	VU-06	Aoba	Aoba	Aoba
4033	VU	VU-07	Torba	Torba	Torba
4034	VU	VU-08	Efate	Efate	Efate
4035	VU	VU-09	Epi	Epi	Epi
4036	VU	VU-10	Malakula	Malakula	Malakula
4037	VU	VU-11	Paama	Paama	Paama
4038	VU	VU-12	Pentecote	Pentecote	Pentecote
4039	VU	VU-13	Sanma	Sanma	Sanma
4040	VU	VU-14	Shepherd	Shepherd	Shepherd
4041	VU	VU-15	Tafea	Tafea	Tafea
4042	VU	VU-16	Malampa	Malampa	Malampa
4043	VU	VU-17	Penama	Penama	Penama
4044	VU	VU-18	Shefa	Shefa	Shefa
4045	WS	WS-02	Aiga-i-le-Tai	Aiga-i-le-Tai	Aiga-i-le-Tai
4046	WS	WS-03	Atua	Atua	Atua
4047	WS	WS-04	Fa	Fa	Fa
4048	WS	WS-05	Gaga	Gaga	Gaga
4049	WS	WS-06	Va	Va	Va
4050	WS	WS-07	Gagaifomauga	Gagaifomauga	Gagaifomauga
4051	WS	WS-08	Palauli	Palauli	Palauli
4052	WS	WS-09	Satupa	Satupa	Satupa
4053	WS	WS-10	Tuamasaga	Tuamasaga	Tuamasaga
4054	WS	WS-11	Vaisigano	Vaisigano	Vaisigano
4055	YE	YE-01	Abyan	Abyan	Abyan
4056	YE	YE-02	Adan	Adan	Adan
4057	YE	YE-03	Al Mahrah	Al Mahrah	Al Mahrah
4058	YE	YE-04	Hadramawt	Hadramawt	Hadramawt
4059	YE	YE-05	Shabwah	Shabwah	Shabwah
4060	YE	YE-06	Lahij	Lahij	Lahij
4061	YE	YE-07	Al Bayda	Al Bayda	Al Bayda
4062	YE	YE-08	Al Hudaydah	Al Hudaydah	Al Hudaydah
4063	YE	YE-09	Al Jawf	Al Jawf	Al Jawf
4064	YE	YE-10	Al Mahwit	Al Mahwit	Al Mahwit
4065	YE	YE-11	Dhamar	Dhamar	Dhamar
4066	YE	YE-12	Hajjah	Hajjah	Hajjah
4067	YE	YE-13	Ibb	Ibb	Ibb
4068	YE	YE-14	Marib	Marib	Marib
4069	YE	YE-15	Sadah	Sadah	Sadah
4070	YE	YE-16	Sana	Sana	Sana
4071	YE	YE-17	Taizz	Taizz	Taizz
4072	YE	YE-18	Ad Dali	Ad Dali	Ad Dali
4073	YE	YE-19	Amran	Amran	Amran
4074	YE	YE-20	Al Bayda	Al Bayda	Al Bayda
4075	YE	YE-21	Al Jawf	Al Jawf	Al Jawf
4076	YE	YE-22	Hajjah	Hajjah	Hajjah
4077	YE	YE-23	Ibb	Ibb	Ibb
4078	YE	YE-24	Lahij	Lahij	Lahij
4079	YE	YE-25	Taizz	Taizz	Taizz
4080	ZA	ZA-01	North-Western Province	North-Western Province	North-Western Province
4081	ZA	ZA-02	KwaZulu-Natal	KwaZulu-Natal	KwaZulu-Natal
4082	ZA	ZA-03	Free State	Free State	Free State
4083	ZA	ZA-05	Eastern Cape	Eastern Cape	Eastern Cape
4084	ZA	ZA-06	Gauteng	Gauteng	Gauteng
4085	ZA	ZA-07	Mpumalanga	Mpumalanga	Mpumalanga
4086	ZA	ZA-08	Northern Cape	Northern Cape	Northern Cape
4087	ZA	ZA-09	Limpopo	Limpopo	Limpopo
4088	ZA	ZA-10	North-West	North-West	North-West
4089	ZA	ZA-11	Western Cape	Western Cape	Western Cape
4090	ZM	ZM-01	Western	Western	Western
4091	ZM	ZM-02	Central	Central	Central
4092	ZM	ZM-03	Eastern	Eastern	Eastern
4093	ZM	ZM-04	Luapula	Luapula	Luapula
4094	ZM	ZM-05	Northern	Northern	Northern
4095	ZM	ZM-06	North-Western	North-Western	North-Western
4096	ZM	ZM-07	Southern	Southern	Southern
4097	ZM	ZM-08	Copperbelt	Copperbelt	Copperbelt
4098	ZM	ZM-09	Lusaka	Lusaka	Lusaka
4099	ZW	ZW-01	Manicaland	Manicaland	Manicaland
4100	ZW	ZW-02	Midlands	Midlands	Midlands
4101	ZW	ZW-03	Mashonaland Central	Mashonaland Central	Mashonaland Central
4102	ZW	ZW-04	Mashonaland East	Mashonaland East	Mashonaland East
4103	ZW	ZW-05	Mashonaland West	Mashonaland West	Mashonaland West
4104	ZW	ZW-06	Matabeleland North	Matabeleland North	Matabeleland North
4105	ZW	ZW-07	Matabeleland South	Matabeleland South	Matabeleland South
4106	ZW	ZW-08	Masvingo	Masvingo	Masvingo
4107	ZW	ZW-09	Bulawayo	Bulawayo	Bulawayo
4108	ZW	ZW-10	Harare	Harare	Harare
\.


--
-- Data for Name: role_action_link; Type: TABLE DATA; Schema: public; Owner: pma
--

COPY public.role_action_link (id, role_id, action_id) FROM stdin;
\.


--
-- Data for Name: role_actions; Type: TABLE DATA; Schema: public; Owner: pma
--

COPY public.role_actions (id, role_id, action) FROM stdin;
\.


--
-- Data for Name: role_rules; Type: TABLE DATA; Schema: public; Owner: pma
--

COPY public.role_rules (id, role_id, action, route, "V", "C", "E", "D") FROM stdin;
3804	3		/notifications/communication/:id	t	t	t	t
3805	3		/notifications/communications	t	t	f	t
3806	3		/notifications/communication	t	t	f	t
3807	3		/notifications/communication/:id/set	t	t	f	t
3808	3		/notifications/communication/:id/delete	t	t	f	t
3809	3		/notifications/communication/:id/users	t	t	f	t
3810	3		/notifications/communication/:id/update	t	t	t	t
3811	3		/notifications/templates	t	t	f	t
3812	3		/notifications/template/:id	t	t	t	t
3813	3		/notifications/template/communication/:communicationId	t	t	f	t
3814	3		/notifications/template/action/:actionId	t	t	f	t
3815	3		/notifications/template	t	t	f	t
3816	3		/notifications/template/render/:id	t	t	f	t
3817	3		/notifications/send	t	t	f	t
3818	3		/locations/healthController	t	t	f	t
3819	3		/locations/group/change-locations	t	t	t	t
3820	3		/locations/group-client-set	t	t	t	t
3821	3		/locations/groups	t	t	f	t
3822	3		/locations/group/:id	t	t	t	t
3823	3		/locations/group	t	t	f	t
3824	3		/locations/locations	t	t	f	t
3825	3		/locations/location/:id	t	t	t	t
3826	3		/locations/locations/ids	t	t	f	t
3827	3		/locations/location/test	t	t	f	t
3828	3		/locations/location/status	t	t	f	t
3829	3		/locations/location-status/:id	t	t	t	t
3830	3		/locations/countries	t	t	f	t
3831	3		/locations/countries/:countryCode/city	t	t	f	t
3832	3		/locations/countries/:countryCode/regions	t	t	f	t
3833	3		/locations/regions/:regionId/cities	t	t	f	t
3834	3		/locations/countries/:countryCode	t	t	f	t
3835	3		/locations/regions/:regionId	t	t	f	t
3836	3		/locations/cities/:cityId	t	t	f	t
3837	3		/locations/locationInfo	t	t	f	t
3838	3		/locations/shopping/executions	t	t	f	t
3839	3		/locations/shopping/executions-confirm	t	t	f	t
3840	3		/locations/shopping/executions-submit	t	t	f	t
3841	3		/locations/shopping/executions-duplicate	t	t	f	t
3842	3		/locations/shopping/received-visit/:id	t	t	f	t
3843	3		/user/healthController	t	t	f	t
3844	3		/user/cacheReset	t	t	f	t
3845	3		/user/access	t	t	f	t
3846	3		/user/verify-contact	t	t	f	t
3847	3		/user/check-contact	t	t	f	t
3848	3		/user/auth/sign-up	t	t	f	t
3849	3		/user/auth/sign-in	t	t	f	t
3850	3		/user/auth/forgot-password	t	t	f	t
3851	3		/user/auth/reset-password	t	t	f	t
3852	3		/user/auth/confirm-account	t	t	f	t
3853	3		/user/auth/check-code	t	t	f	t
3854	3		/user/me	t	t	f	t
3855	3		/user/user-additional	t	t	f	t
3856	3		/user/refresh-token	t	t	f	t
3857	3		/user/auth/auto-login	t	t	f	t
3858	3		/user/role	t	t	f	t
3859	3		/user/role/:id	t	t	t	t
3860	3		/user/role/:id/set	t	t	f	t
3861	3		/user/role/:id/unset	t	t	f	t
3862	3		/user/group	t	t	f	t
3863	3		/user/group/:id	t	t	t	t
3864	3		/user/group/:id/set	t	t	f	t
3865	3		/user/group/:id/unset	t	t	f	t
3866	3		/user/action	t	t	f	t
3867	3		/user/action/:id	t	t	t	t
3868	3		/user/handbook/groups	t	t	f	t
3869	3		/user/handbook/groups/:id	t	t	t	t
3870	3		/user/handbook	t	t	f	t
3871	3		/user/handbook/:id	t	t	t	t
3872	3		/user/handbook/code/:code	t	t	f	t
3873	3		/user/handbook/set	t	t	f	t
3874	3		/user/handbook/unset	t	t	f	t
3875	3		/user/users	t	t	t	t
3876	3		/user/shoppers	t	t	f	t
3877	3		/user/users/:id/base	t	t	f	t
3878	3		/user/users/:id/fields	t	t	f	t
3879	3		/user/users/:id	t	t	t	t
3880	3		/user/users/ids	t	t	f	t
3881	3		/user/users/restore	t	t	t	t
3882	3		/user/access/client/set	t	t	t	t
3883	3		/user/access/client/unset	t	t	t	t
3884	3		/user/access/client/flush	t	t	f	t
3885	3		/user/users/:id/activity-status	t	t	f	t
3886	3		/user/settings	t	t	t	t
3887	3		/user/comments	t	t	f	t
3888	3		/user/comments/:id	t	t	t	t
3889	3		/user/competitors	t	t	f	t
3890	3		/user/competitors/:id	t	t	t	t
3891	3		/user/competitors/bind	t	t	t	t
3892	3		/user/competitors/unbind	t	t	t	t
3893	3		/user/clients	t	t	f	t
3894	3		/user/client/:id/settings	t	t	f	t
3895	3		/user/client/settings	t	t	t	t
3896	3		/user/client/:id/workers	t	t	f	t
3897	3		/user/client/:id/worker/:workerId	t	t	f	t
3898	3		/user/client	t	t	f	t
3899	3		/user/client/:id/worker	t	t	f	t
3900	3		/user/client/:id/level	t	t	f	t
3901	3		/user/msp/sub	t	t	f	t
3902	3		/user/msp	t	t	f	t
3903	3		/file/healthController	t	t	f	t
3904	3		/file/providers	t	t	f	t
3905	3		/file/provider/:id	t	t	t	t
3906	3		/file/provider	t	t	f	t
3907	3		/file/provider/set-user-provider	t	t	f	t
3908	3		/file/make-workspace	t	t	f	t
3909	3		/file/upload	t	t	f	t
3910	3		/file/uploads	t	t	f	t
3911	3		/file/read/:provider/*	t	t	f	t
3912	3		/notifications/healthController	t	t	f	t
3913	3		/notifications/actions	t	t	f	t
3914	3		/notifications/action/code/:code	t	t	f	t
3915	3		/notifications/action/:id	t	t	t	t
3916	3		/notifications/action	t	t	f	t
3917	3		/locations/shopping/visit-list	t	t	f	t
3918	3		/locations/shopping/execution-list	t	t	f	t
3919	3		/locations/shopping/executions/status	t	t	t	t
3920	3		/locations/shopping/executions/:id	t	t	t	t
3921	3		/locations/shopping/executions/delete-all	t	t	f	t
3922	3		/locations/program-types	t	t	f	t
3923	3		/locations/program-type/status	t	t	t	t
3924	3		/locations/program-type/delete-all	t	t	f	t
3925	3		/locations/program-type/:id	t	t	t	t
3926	3		/locations/bonus	t	t	f	t
3927	3		/locations/bonus/delete-all	t	t	f	t
3928	3		/locations/bonus/status	t	t	t	t
3929	3		/locations/bonus/:id	t	t	t	t
3930	3		/locations/client/:id/level	t	t	t	t
3931	3		/locations/access/execution/:user_id	t	t	f	t
3932	3		/locations/access/program/:user_id	t	t	f	t
3933	3		/locations/access/execution/set	t	t	t	t
3934	3		/locations/access/execution/unset	t	t	t	t
3935	3		/locations/access/program/set	t	t	t	t
3936	3		/locations/access/program/unset	t	t	t	t
3937	3		/locations/access/program/flush	t	t	f	t
3938	3		/locations/access/execution/flush	t	t	f	t
3939	3		/import-export/healthController	t	t	f	t
3940	3		/import-export/export/answer-list	t	t	f	t
3941	3		/import-export/export/workers	t	t	f	t
3942	3		/import-export/export/clients	t	t	f	t
3943	3		/import-export/export/shoppers	t	t	f	t
3944	3		/import-export/export/users	t	t	f	t
3945	3		/import-export/export/msp	t	t	f	t
3946	3		/import-export/export/locations	t	t	f	t
3947	3		/import-export/export/location-groups	t	t	f	t
3948	3		/import-export/export/executions	t	t	f	t
3949	3		/import-export/export/program-types	t	t	f	t
3950	3		/import-export/export/pdf/locations	t	t	f	t
3951	3		/import-export/export/pdf/location-groups	t	t	f	t
3952	3		/import-export/export/pdf/workers	t	t	f	t
3953	3		/import-export/export/pdf/clients	t	t	f	t
3954	3		/import-export/export/pdf/shoppers	t	t	f	t
3955	3		/import-export/export/pdf/users	t	t	f	t
3956	3		/import-export/export/pdf/msp	t	t	f	t
3957	3		/import-export/export/pdf/executions	t	t	f	t
3958	3		/import-export/export/pdf/program-types	t	t	f	t
3959	3		/import-export/import/users	t	t	f	t
3960	3		/import-export/import/clients	t	t	f	t
3961	3		/import-export/import/workers	t	t	f	t
3962	3		/import-export/import/msp	t	t	f	t
3963	3		/import-export/import/myMo	t	t	f	t
3964	3		/import-export/import/parse	t	t	f	t
3965	3		/import-export/import/locations	t	t	f	t
3966	3		/import-export/import/programs	t	t	f	t
3967	3		/questionnaire/healthController	t	t	f	t
3968	3		/questionnaire/quest	t	t	f	t
3969	3		/questionnaire/quest/:id	t	t	f	t
3970	3		/questionnaire/test	t	t	f	t
3971	3		/questionnaire/answer/stats	t	t	f	t
3972	3		/questionnaire/answer/stats/sections	t	t	f	t
3973	3		/questionnaire/answers	t	t	f	t
3974	3		/questionnaire/answer/:id	t	t	f	t
3975	3		/questionnaire/answer/:id/:status	t	t	t	t
3976	3		/questionnaire/answer/create-execution-link	t	t	f	t
3977	3		/questionnaire/appeal	t	t	f	t
3978	3		/questionnaire/appeal/:id	t	t	t	t
3979	3		/questionnaire/appeal/reply/:appealId	t	t	f	t
3980	3		/questionnaire/appeal/manager-reply/:appealId	t	t	f	t
3981	3		/questionnaire/integration/v1/sign-in	t	t	f	t
3982	3		/questionnaire/integration/v1/all	t	t	f	t
3983	3		/questionnaire/integration/v1/answer/:id	t	t	f	t
3984	3		/questionnaire/integration/v2/sign-in	t	t	f	t
3985	3		/questionnaire/integration/v2/all	t	t	f	t
3986	3		/questionnaire/integration/v2/answer/:id	t	t	f	t
3987	3		/social-service/healthController	t	t	f	t
3988	3		/social-service/statistics	t	t	f	t
3989	3		/backup/healthController	t	t	f	t
3990	3		/backup/list	t	t	f	t
3991	3		/backup/	t	t	f	t
3992	3		/backup/restore	t	t	f	t
571	2		/user/healthController	t	f	f	f
572	2		/user/cacheReset	t	f	f	f
573	2		/user/access	t	f	f	f
574	2		/user/verify-contact	t	f	f	f
575	2		/user/check-contact	t	f	f	f
576	2		/user/auth/sign-up	t	t	f	f
577	2		/user/auth/sign-in	t	f	f	f
578	2		/user/auth/forgot-password	t	t	f	f
579	2		/user/auth/reset-password	t	t	f	f
580	2		/user/auth/confirm-account	t	t	f	f
581	2		/user/auth/check-code	t	f	f	f
582	2		/user/me	t	f	f	f
583	2		/user/user-additional	t	f	f	f
584	2		/user/refresh-token	t	f	f	f
585	2		/user/auth/auto-login	t	f	f	f
586	2		/user/role	t	f	f	f
587	2		/user/role/:id	t	f	f	f
588	2		/user/role/:id/set	t	t	f	f
589	2		/user/role/:id/unset	t	f	f	t
590	2		/user/group	t	f	f	f
591	2		/user/group/:id	t	f	f	f
592	2		/user/group/:id/set	t	f	f	f
593	2		/user/group/:id/unset	t	f	f	f
594	2		/user/action	t	f	f	f
595	2		/user/action/:id	t	f	f	f
596	2		/user/handbook/groups	t	f	f	f
597	2		/user/handbook/groups/:id	t	f	f	f
598	2		/user/handbook	t	f	f	f
599	2		/user/handbook/:id	t	f	f	f
600	2		/user/handbook/code/:code	t	f	f	f
601	2		/user/handbook/set	t	f	f	f
602	2		/user/handbook/unset	t	f	f	f
603	2		/user/users	t	f	f	f
604	2		/user/shoppers	t	f	f	f
605	2		/user/users/:id/base	t	f	f	f
606	2		/user/users/:id/fields	t	f	f	f
607	2		/user/users/:id	t	f	f	f
608	2		/user/users/ids	t	f	f	f
609	2		/user/users/restore	t	f	f	f
610	2		/user/access/client/set	t	f	f	f
611	2		/user/access/client/unset	t	f	f	f
612	2		/user/access/client/flush	t	f	f	f
613	2		/user/users/:id/activity-status	t	f	f	f
614	2		/user/settings	t	f	f	f
615	2		/user/comments	t	t	f	f
616	2		/user/comments/:id	t	f	t	t
617	2		/user/competitors	t	t	f	f
618	2		/user/competitors/:id	t	f	t	t
619	2		/user/competitors/bind	t	f	t	f
620	2		/user/competitors/unbind	t	f	t	f
621	2		/user/clients	t	f	f	f
622	2		/user/client/:id/settings	t	f	f	f
623	2		/user/client/settings	t	f	t	f
624	2		/user/client/:id/workers	t	f	f	f
625	2		/user/client/:id/worker/:workerId	t	f	f	t
626	2		/user/client	t	f	f	f
627	2		/user/client/:id/worker	t	t	f	f
628	2		/user/client/:id/level	t	t	f	f
629	2		/user/msp/sub	t	f	f	f
630	2		/user/msp	t	f	f	f
631	2		/file/healthController	t	f	f	f
632	2		/file/providers	t	f	f	f
633	2		/file/provider/:id	t	f	f	f
634	2		/file/provider	t	f	f	f
635	2		/file/provider/set-user-provider	t	f	f	f
636	2		/file/make-workspace	t	f	f	f
637	2		/file/upload	t	f	f	f
638	2		/file/uploads	t	f	f	f
639	2		/file/read/:provider/*	t	f	f	f
640	2		/notifications/healthController	t	f	f	f
641	2		/notifications/actions	t	f	f	f
642	2		/notifications/action/code/:code	t	f	f	f
643	2		/notifications/action/:id	t	f	f	f
644	2		/notifications/action	t	f	f	f
645	2		/notifications/communication/:id	t	f	f	f
646	2		/notifications/communications	t	f	f	f
647	2		/notifications/communication	t	f	f	f
648	2		/notifications/communication/:id/set	t	f	f	f
649	2		/notifications/communication/:id/delete	t	f	f	f
650	2		/notifications/communication/:id/users	t	f	f	f
651	2		/notifications/communication/:id/update	t	f	f	f
652	2		/notifications/templates	t	f	f	f
653	2		/notifications/template/:id	t	f	f	f
654	2		/notifications/template/communication/:communicationId	t	f	f	f
655	2		/notifications/template/action/:actionId	t	f	f	f
656	2		/notifications/template	t	f	f	f
657	2		/notifications/template/render/:id	t	f	f	f
658	2		/notifications/send	t	f	f	f
659	2		/locations/healthController	t	f	f	f
660	2		/locations/group/change-locations	t	f	f	f
661	2		/locations/group-client-set	t	f	f	f
662	2		/locations/groups	t	f	f	f
663	2		/locations/group/:id	t	f	f	f
664	2		/locations/group	t	f	f	f
665	2		/locations/locations	t	f	f	f
666	2		/locations/location/:id	t	f	f	f
667	2		/locations/locations/ids	t	f	f	f
668	2		/locations/location/test	t	f	f	f
669	2		/locations/location/status	t	f	f	f
670	2		/locations/location-status/:id	t	f	f	f
671	2		/locations/countries	t	f	f	f
672	2		/locations/countries/:countryCode/city	t	f	f	f
673	2		/locations/countries/:countryCode/regions	t	f	f	f
674	2		/locations/regions/:regionId/cities	t	f	f	f
675	2		/locations/countries/:countryCode	t	f	f	f
676	2		/locations/regions/:regionId	t	f	f	f
677	2		/locations/cities/:cityId	t	f	f	f
678	2		/locations/locationInfo	t	f	f	f
679	2		/locations/shopping/executions	t	f	f	f
680	2		/locations/shopping/executions-confirm	t	f	f	f
681	2		/locations/shopping/executions-submit	t	f	f	f
682	2		/locations/shopping/executions-duplicate	t	f	f	f
683	2		/locations/shopping/received-visit/:id	t	f	f	f
684	2		/locations/shopping/visit-list	t	f	f	f
685	2		/locations/shopping/execution-list	t	f	f	f
686	2		/locations/shopping/executions/status	t	f	f	f
687	2		/locations/shopping/executions/:id	t	f	f	f
688	2		/locations/shopping/executions/delete-all	t	f	f	f
689	2		/locations/program-types	t	f	f	f
690	2		/locations/program-type/status	t	f	f	f
691	2		/locations/program-type/delete-all	t	f	f	f
692	2		/locations/program-type/:id	t	f	f	f
693	2		/locations/bonus	t	f	f	f
694	2		/locations/bonus/delete-all	t	f	f	f
695	2		/locations/bonus/status	t	f	f	f
696	2		/locations/bonus/:id	t	f	f	f
697	2		/locations/client/:id/level	t	f	f	f
698	2		/locations/access/execution/:user_id	t	f	f	f
699	2		/locations/access/program/:user_id	t	f	f	f
700	2		/locations/access/execution/set	t	f	f	f
701	2		/locations/access/execution/unset	t	f	f	f
702	2		/locations/access/program/set	t	f	f	f
703	2		/locations/access/program/unset	t	f	f	f
704	2		/locations/access/program/flush	t	f	f	f
705	2		/locations/access/execution/flush	t	f	f	f
706	2		/import-export/healthController	t	f	f	f
707	2		/import-export/export/answer-list	t	f	f	f
708	2		/import-export/export/workers	t	f	f	f
709	2		/import-export/export/clients	t	f	f	f
710	2		/import-export/export/shoppers	t	f	f	f
711	2		/import-export/export/users	t	f	f	f
712	2		/import-export/export/msp	t	f	f	f
713	2		/import-export/export/locations	t	f	f	f
714	2		/import-export/export/location-groups	t	f	f	f
715	2		/import-export/export/executions	t	f	f	f
716	2		/import-export/export/program-types	t	f	f	f
717	2		/import-export/export/pdf/locations	t	f	f	f
718	2		/import-export/export/pdf/location-groups	t	f	f	f
719	2		/import-export/export/pdf/workers	t	f	f	f
720	2		/import-export/export/pdf/clients	t	f	f	f
721	2		/import-export/export/pdf/shoppers	t	f	f	f
722	2		/import-export/export/pdf/users	t	f	f	f
723	2		/import-export/export/pdf/msp	t	f	f	f
724	2		/import-export/export/pdf/executions	t	f	f	f
725	2		/import-export/export/pdf/program-types	t	f	f	f
726	2		/import-export/import/users	t	f	f	f
727	2		/import-export/import/clients	t	f	f	f
728	2		/import-export/import/workers	t	f	f	f
729	2		/import-export/import/msp	t	f	f	f
730	2		/import-export/import/myMo	t	f	f	f
731	2		/import-export/import/parse	t	f	f	f
732	2		/import-export/import/locations	t	f	f	f
733	2		/import-export/import/programs	t	f	f	f
734	2		/questionnaire/healthController	t	f	f	f
735	2		/questionnaire/quest	t	f	f	f
736	2		/questionnaire/quest/:id	t	f	f	f
737	2		/questionnaire/test	t	f	f	f
738	2		/questionnaire/answer/stats	t	f	f	f
739	2		/questionnaire/answer/stats/sections	t	f	f	f
740	2		/questionnaire/answers	t	f	f	f
741	2		/questionnaire/answer/:id	t	f	f	f
742	2		/questionnaire/answer/:id/:status	t	f	f	f
743	2		/questionnaire/answer/create-execution-link	t	f	f	f
744	2		/questionnaire/appeal	t	f	f	f
745	2		/questionnaire/appeal/:id	t	f	f	f
746	2		/questionnaire/appeal/reply/:appealId	t	f	f	f
747	2		/questionnaire/appeal/manager-reply/:appealId	t	f	f	f
748	2		/questionnaire/integration/v1/sign-in	t	f	f	f
749	2		/questionnaire/integration/v1/all	t	f	f	f
750	2		/questionnaire/integration/v1/answer/:id	t	f	f	f
751	2		/questionnaire/integration/v2/sign-in	t	f	f	f
752	2		/questionnaire/integration/v2/all	t	f	f	f
753	2		/questionnaire/integration/v2/answer/:id	t	f	f	f
754	2		/social-service/healthController	t	f	f	f
755	2		/social-service/statistics	t	f	f	f
756	2		/backup/healthController	t	f	f	f
757	2		/backup/list	t	f	f	f
758	2		/backup/	t	f	f	f
759	2		/backup/restore	t	f	f	f
760	2		/backup/:fileName	t	f	f	f
2451	1		/user/healthController	t	t	f	t
2452	1		/user/cacheReset	f	t	f	t
2453	1		/user/access	t	t	f	t
2454	1		/user/verify-contact	t	t	f	t
2455	1		/user/check-contact	t	t	f	t
2456	1		/user/auth/sign-up	t	t	f	t
2457	1		/user/auth/sign-in	t	t	f	t
2458	1		/user/auth/forgot-password	t	t	f	t
2459	1		/user/auth/reset-password	t	t	f	t
2460	1		/user/auth/confirm-account	t	t	f	t
2461	1		/user/auth/check-code	t	t	f	t
2462	1		/user/me	t	t	f	t
2463	1		/user/user-additional	t	t	f	t
2464	1		/user/refresh-token	t	t	f	t
2465	1		/user/auth/auto-login	f	t	f	t
2466	1		/user/role/:id	t	t	f	f
2467	1		/user/role/:id/unset	t	t	f	f
2468	1		/user/group/:id	t	t	f	f
2469	1		/user/action/:id	t	t	f	f
2470	1		/user/handbook/groups/:id	t	t	f	f
2471	1		/user/handbook/:id	t	t	f	f
2472	1		/user/handbook/code/:code	t	t	f	t
2473	1		/user/users	t	t	f	f
2474	1		/user/shoppers	t	t	f	t
2475	1		/user/users/:id/base	t	t	f	t
2476	1		/user/users/:id/fields	t	t	f	t
2477	1		/user/users/:id	t	t	f	t
2478	1		/user/users/ids	t	t	f	f
2479	1		/user/users/restore	t	t	f	t
2480	1		/user/access/client/set	t	t	f	t
2481	1		/user/access/client/unset	t	t	f	t
2482	1		/user/access/client/flush	t	t	f	f
2483	1		/user/users/:id/activity-status	t	t	f	t
2484	1		/user/settings	t	t	f	t
2485	1		/user/comments/:id	t	t	f	t
2486	1		/user/competitors/:id	t	t	f	f
2487	1		/user/competitors/bind	t	t	f	t
2488	1		/user/competitors/unbind	t	t	f	t
2489	1		/user/clients	t	t	f	t
2490	1		/user/client/:id/settings	t	t	f	t
2491	1		/user/client/settings	t	t	f	t
2492	1		/user/client/:id/workers	t	t	f	t
2493	1		/user/client/:id/worker/:workerId	t	t	f	f
2494	1		/file/healthController	f	t	f	t
2495	1		/file/providers	f	t	f	t
2496	1		/file/provider/:id	f	t	f	f
2497	1		/file/upload	t	t	f	t
2498	1		/file/uploads	t	t	f	t
2499	1		/file/read/:provider/*	t	t	f	t
2500	1		/notifications/healthController	t	t	f	t
2501	1		/notifications/actions	t	t	f	t
2502	1		/notifications/action/code/:code	t	t	f	t
2503	1		/notifications/action/:id	t	t	f	f
2504	1		/notifications/communication/:id	t	t	f	f
2505	1		/notifications/communications	t	t	f	t
2506	1		/notifications/communication/:id/delete	t	t	f	f
2507	1		/notifications/communication/:id/users	t	t	f	t
2508	1		/notifications/communication/:id/update	t	t	f	t
2509	1		/notifications/templates	t	t	f	t
2510	1		/notifications/template/:id	t	t	f	f
2511	1		/notifications/template/communication/:communicationId	t	t	f	t
2512	1		/notifications/template/action/:actionId	t	t	f	t
2513	1		/notifications/template/render/:id	t	t	f	t
2514	1		/notifications/send	t	t	f	t
2515	1		/locations/healthController	t	t	f	t
2516	1		/locations/group/change-locations	t	t	f	t
2517	1		/locations/group-client-set	t	t	f	t
2518	1		/locations/group/:id	t	t	f	t
2519	1		/locations/group	t	t	f	t
2520	1		/locations/location/:id	t	t	f	t
2521	1		/locations/locations/ids	t	t	f	t
2522	1		/locations/location/test	t	t	f	t
2523	1		/locations/location/status	t	t	f	t
2524	1		/locations/location-status/:id	t	t	f	t
2525	1		/locations/countries	t	t	f	t
2526	1		/locations/countries/:countryCode/city	t	t	f	t
2527	1		/locations/countries/:countryCode/regions	t	t	f	t
2528	1		/locations/regions/:regionId/cities	t	t	f	t
2529	1		/locations/countries/:countryCode	t	t	f	t
2530	1		/locations/regions/:regionId	t	t	f	t
2531	1		/locations/cities/:cityId	t	t	f	t
2532	1		/locations/locationInfo	t	t	f	t
2533	1		/locations/shopping/visit-list	t	t	f	t
2534	1		/locations/shopping/execution-list	t	t	f	t
2535	1		/locations/shopping/executions/status	t	t	f	t
2536	1		/locations/shopping/executions/:id	t	t	f	f
2537	1		/locations/shopping/executions/delete-all	t	t	f	f
2538	1		/locations/program-type/status	t	t	f	t
2539	1		/locations/program-type/delete-all	t	t	f	f
2540	1		/locations/program-type/:id	t	t	f	f
2541	1		/locations/bonus/delete-all	t	t	f	f
2542	1		/locations/bonus/status	t	t	f	t
2543	1		/locations/bonus/:id	t	t	f	f
2544	1		/locations/client/:id/level	t	t	f	t
2545	1		/locations/access/execution/:user_id	t	t	f	t
2546	1		/locations/access/program/:user_id	t	t	f	t
2547	1		/locations/access/execution/set	t	t	f	t
2548	1		/locations/access/execution/unset	t	t	f	t
2549	1		/locations/access/program/set	t	t	f	t
2550	1		/locations/access/program/unset	t	t	f	t
2551	1		/locations/access/program/flush	t	t	f	t
2552	1		/locations/access/execution/flush	t	t	f	t
2553	1		/import-export/healthController	f	t	f	t
2554	1		/import-export/export/answer-list	f	t	f	t
2555	1		/import-export/export/workers	f	t	f	t
2556	1		/import-export/export/clients	f	t	f	t
2557	1		/import-export/export/shoppers	f	t	f	t
2558	1		/import-export/export/users	f	t	f	t
2559	1		/import-export/export/msp	f	t	f	t
2560	1		/import-export/export/locations	f	t	f	t
2561	1		/import-export/export/location-groups	f	t	f	t
2562	1		/import-export/export/executions	f	t	f	t
2563	1		/import-export/export/program-types	f	t	f	t
2564	1		/import-export/export/pdf/locations	f	t	f	t
2565	1		/import-export/export/pdf/location-groups	f	t	f	t
2566	1		/import-export/export/pdf/workers	f	t	f	t
2567	1		/import-export/export/pdf/clients	f	t	f	t
2568	1		/import-export/export/pdf/shoppers	f	t	f	t
2569	1		/import-export/export/pdf/users	f	t	f	t
2570	1		/import-export/export/pdf/msp	f	t	f	t
2571	1		/import-export/export/pdf/executions	f	t	f	t
2572	1		/import-export/export/pdf/program-types	f	t	f	t
2573	1		/import-export/import/users	f	t	f	t
2574	1		/import-export/import/clients	f	t	f	t
2575	1		/import-export/import/workers	f	t	f	t
2576	1		/import-export/import/msp	f	t	f	t
2577	1		/import-export/import/myMo	f	t	f	t
2578	1		/import-export/import/parse	f	t	f	t
2579	1		/import-export/import/locations	f	t	f	t
2580	1		/import-export/import/programs	f	t	f	t
2581	1		/questionnaire/healthController	t	t	f	t
2582	1		/questionnaire/quest	t	t	f	t
2583	1		/questionnaire/quest/:id	t	t	f	t
2584	1		/questionnaire/test	t	t	f	t
2585	1		/questionnaire/answer/stats	t	t	f	t
2586	1		/questionnaire/answer/stats/sections	t	t	f	t
2587	1		/questionnaire/answers	t	t	f	t
2588	1		/questionnaire/answer/:id	t	t	f	t
2589	1		/questionnaire/answer/:id/:status	t	t	f	t
2590	1		/questionnaire/appeal/:id	t	t	f	f
2591	1		/questionnaire/integration/v1/sign-in	t	t	f	t
2592	1		/questionnaire/integration/v1/all	t	t	f	t
2593	1		/questionnaire/integration/v1/answer/:id	t	t	f	t
2594	1		/questionnaire/integration/v2/sign-in	t	t	f	t
2595	1		/questionnaire/integration/v2/all	t	t	f	t
2596	1		/questionnaire/integration/v2/answer/:id	t	t	f	t
2597	1		/social-service/healthController	f	t	f	t
2598	1		/social-service/statistics	f	t	f	t
2599	1		/backup/healthController	f	t	f	f
2600	1		/backup/list	f	t	f	f
2601	1		/backup/	t	t	f	f
2602	1		/backup/restore	t	t	f	f
2603	1		/backup/:fileName	t	t	f	f
2604	1		/questionnaire/answer/create-execution-link	t	f	f	t
2605	1		/questionnaire/appeal	t	f	f	t
2606	1		/questionnaire/appeal/reply/:appealId	t	f	f	t
2607	1		/questionnaire/appeal/manager-reply/:appealId	t	f	f	t
2608	1		/notifications/action	t	f	f	t
2609	1		/notifications/communication	t	f	f	t
2610	1		/notifications/communication/:id/set	t	f	f	t
2611	1		/notifications/template	t	f	f	t
2612	1		/locations/groups	t	f	f	t
2613	1		/locations/locations	t	f	f	t
2614	1		/locations/shopping/executions	t	f	f	t
2615	1		/locations/shopping/executions-confirm	t	f	f	t
2616	1		/locations/shopping/executions-submit	t	f	f	t
2617	1		/locations/shopping/executions-duplicate	t	f	f	t
2618	1		/locations/shopping/received-visit/:id	t	f	f	t
2619	1		/locations/program-types	t	f	f	t
2620	1		/locations/bonus	t	f	f	t
2621	1		/file/provider	t	f	f	t
2622	1		/file/provider/set-user-provider	t	f	f	t
2623	1		/file/make-workspace	t	f	f	t
2624	1		/user/role	t	f	f	t
2625	1		/user/role/:id/set	t	f	f	t
2626	1		/user/group	t	f	f	t
2627	1		/user/group/:id/set	t	f	f	t
2628	1		/user/group/:id/unset	t	f	f	t
2629	1		/user/action	t	f	f	t
2630	1		/user/handbook/groups	t	f	f	t
2631	1		/user/handbook	t	f	f	t
2632	1		/user/handbook/set	t	f	f	t
2633	1		/user/handbook/unset	t	f	f	t
2634	1		/user/comments	t	f	f	t
2635	1		/user/competitors	t	f	f	t
2636	1		/user/client	t	f	f	t
2637	1		/user/client/:id/worker	t	f	f	t
2638	1		/user/client/:id/level	t	f	f	t
2639	1		/user/msp/sub	t	f	f	t
2640	1		/user/msp	t	f	f	t
951	4		/user/healthController	t	f	f	f
952	4		/user/access	t	f	f	f
953	4		/user/verify-contact	t	f	f	f
954	4		/user/check-contact	t	f	f	f
955	4		/user/auth/sign-up	t	f	f	f
956	4		/user/auth/sign-in	t	f	f	f
957	4		/user/auth/forgot-password	t	f	f	f
958	4		/user/auth/reset-password	t	f	f	f
959	4		/user/auth/confirm-account	t	f	f	f
960	4		/user/auth/check-code	t	f	f	f
961	4		/user/me	t	f	f	f
962	4		/user/user-additional	t	f	f	f
963	4		/user/refresh-token	t	f	f	f
964	4		/user/role	t	f	f	f
965	4		/user/role/:id	t	f	f	f
966	4		/user/role/:id/set	t	f	f	f
967	4		/user/role/:id/unset	t	f	f	f
968	4		/user/group	t	f	f	f
969	4		/user/group/:id	t	f	f	f
970	4		/user/group/:id/set	t	f	f	f
971	4		/user/group/:id/unset	t	f	f	f
972	4		/user/action	t	f	f	f
973	4		/user/action/:id	t	f	f	f
974	4		/user/handbook/groups	t	f	f	f
975	4		/user/handbook/groups/:id	t	f	f	f
976	4		/user/handbook	t	f	f	f
977	4		/user/handbook/:id	t	f	f	f
978	4		/user/handbook/code/:code	t	f	f	f
979	4		/user/handbook/set	t	f	f	f
980	4		/user/handbook/unset	t	f	f	f
981	4		/user/users	t	f	f	f
982	4		/user/shoppers	t	f	f	f
983	4		/user/users/:id/base	t	f	f	f
984	4		/user/users/:id/fields	t	f	f	f
985	4		/user/users/:id	t	f	f	f
986	4		/user/users/ids	t	f	f	f
987	4		/user/users/restore	t	f	f	f
988	4		/user/access/client/set	t	f	f	f
989	4		/user/access/client/unset	t	f	f	f
990	4		/user/access/client/flush	t	f	f	f
991	4		/user/users/:id/activity-status	t	f	f	f
992	4		/user/settings	t	f	f	f
993	4		/user/comments	t	f	f	f
994	4		/user/comments/:id	t	f	f	f
995	4		/user/competitors	t	f	f	f
996	4		/user/competitors/:id	t	f	f	f
997	4		/user/competitors/bind	t	f	f	f
998	4		/user/competitors/unbind	t	f	f	f
999	4		/user/clients	t	f	f	f
1000	4		/user/client/:id/settings	t	f	f	f
1001	4		/user/client/settings	t	f	f	f
1002	4		/user/client/:id/workers	t	f	f	f
1003	4		/user/client/:id/worker/:workerId	t	f	f	f
1004	4		/user/client	t	f	f	f
1005	4		/user/client/:id/worker	t	f	f	f
1006	4		/user/client/:id/level	t	f	f	f
1007	4		/user/msp/sub	t	f	f	f
1008	4		/user/msp	t	f	f	f
1009	4		/file/provider	t	f	f	f
1010	4		/file/provider/set-user-provider	t	f	f	f
1011	4		/file/make-workspace	t	t	f	f
1012	4		/file/upload	t	t	f	f
1013	4		/file/uploads	t	t	f	f
1014	4		/file/read/:provider/*	t	f	f	f
1015	4		/notifications/healthController	t	f	f	f
1016	4		/notifications/actions	t	f	f	f
1017	4		/notifications/action/code/:code	t	f	f	f
1018	4		/notifications/action/:id	t	f	f	f
1019	4		/notifications/action	t	f	f	f
1020	4		/notifications/communication/:id	t	f	f	f
1021	4		/notifications/communications	t	f	f	f
1022	4		/notifications/communication	t	f	f	f
1023	4		/notifications/communication/:id/set	t	f	f	f
1024	4		/notifications/communication/:id/delete	t	f	f	f
1025	4		/notifications/communication/:id/users	t	f	f	f
1026	4		/notifications/communication/:id/update	t	f	f	f
1027	4		/notifications/templates	t	f	f	f
1028	4		/notifications/template/:id	t	f	f	f
1029	4		/notifications/template/communication/:communicationId	t	f	f	f
1030	4		/notifications/template/action/:actionId	t	f	f	f
1031	4		/notifications/template	t	f	f	f
1032	4		/notifications/template/render/:id	t	f	f	f
1033	4		/notifications/send	t	f	f	f
1034	4		/locations/healthController	t	f	f	f
1035	4		/locations/group/change-locations	t	f	f	f
1036	4		/locations/group-client-set	t	f	f	f
1037	4		/locations/groups	t	f	f	f
1038	4		/locations/group/:id	t	f	f	f
1039	4		/locations/group	t	f	f	f
1040	4		/locations/locations	t	f	f	f
1041	4		/locations/location/:id	t	f	f	f
1042	4		/locations/locations/ids	t	f	f	f
1043	4		/locations/location/test	t	f	f	f
1044	4		/locations/location/status	t	f	f	f
1045	4		/locations/location-status/:id	t	f	f	f
1046	4		/locations/countries	t	f	f	f
1047	4		/locations/countries/:countryCode/city	t	f	f	f
1048	4		/locations/countries/:countryCode/regions	t	f	f	f
1049	4		/locations/regions/:regionId/cities	t	f	f	f
1050	4		/locations/countries/:countryCode	t	f	f	f
1051	4		/locations/regions/:regionId	t	f	f	f
1052	4		/locations/cities/:cityId	t	f	f	f
1053	4		/locations/locationInfo	t	f	f	f
1054	4		/locations/shopping/executions	t	f	f	f
1055	4		/locations/shopping/executions-confirm	t	f	f	f
1056	4		/locations/shopping/executions-submit	t	f	f	f
1057	4		/locations/shopping/executions-duplicate	t	f	f	f
1058	4		/locations/shopping/received-visit/:id	t	f	f	f
1059	4		/locations/shopping/visit-list	t	f	f	f
1060	4		/locations/shopping/execution-list	t	f	f	f
1061	4		/locations/shopping/executions/status	t	f	f	f
1062	4		/locations/shopping/executions/:id	t	f	f	f
1063	4		/locations/shopping/executions/delete-all	t	f	f	f
1064	4		/locations/program-types	t	f	f	f
1065	4		/locations/program-type/status	t	f	f	f
1066	4		/locations/program-type/delete-all	t	f	f	f
1067	4		/locations/program-type/:id	t	f	f	f
1068	4		/locations/bonus	t	f	f	f
1069	4		/locations/bonus/delete-all	t	f	f	f
1070	4		/locations/bonus/status	t	f	f	f
1071	4		/locations/bonus/:id	t	f	f	f
1072	4		/locations/client/:id/level	t	f	f	f
1073	4		/locations/access/execution/:user_id	t	f	f	f
1074	4		/locations/access/program/:user_id	t	f	f	f
1075	4		/locations/access/execution/set	t	f	f	f
1076	4		/locations/access/execution/unset	t	f	f	f
1077	4		/locations/access/program/set	t	f	f	f
1078	4		/locations/access/program/unset	t	f	f	f
1079	4		/locations/access/program/flush	t	f	f	f
1080	4		/locations/access/execution/flush	t	f	f	f
1081	4		/import-export/healthController	t	f	f	f
1082	4		/import-export/export/answer-list	t	f	f	f
1083	4		/import-export/export/workers	t	f	f	f
1084	4		/import-export/export/clients	t	f	f	f
1085	4		/import-export/export/shoppers	t	f	f	f
1086	4		/import-export/export/users	t	f	f	f
1087	4		/import-export/export/msp	t	f	f	f
1088	4		/import-export/export/locations	t	f	f	f
1089	4		/import-export/export/location-groups	t	f	f	f
1090	4		/import-export/export/executions	t	f	f	f
1091	4		/import-export/export/program-types	t	f	f	f
1092	4		/import-export/export/pdf/locations	t	f	f	f
1093	4		/import-export/export/pdf/location-groups	t	f	f	f
1094	4		/import-export/export/pdf/workers	t	f	f	f
1095	4		/import-export/export/pdf/clients	t	f	f	f
1096	4		/import-export/export/pdf/shoppers	t	f	f	f
1097	4		/import-export/export/pdf/users	t	f	f	f
1098	4		/import-export/export/pdf/msp	t	f	f	f
1099	4		/import-export/export/pdf/executions	t	f	f	f
1100	4		/import-export/export/pdf/program-types	t	f	f	f
1101	4		/import-export/import/users	t	f	f	f
1102	4		/import-export/import/clients	t	f	f	f
1103	4		/import-export/import/workers	t	f	f	f
1104	4		/import-export/import/msp	t	f	f	f
1105	4		/import-export/import/myMo	t	f	f	f
1106	4		/import-export/import/parse	t	f	f	f
1107	4		/import-export/import/locations	t	f	f	f
1108	4		/import-export/import/programs	t	f	f	f
1109	4		/questionnaire/healthController	t	f	f	f
1110	4		/questionnaire/quest	t	f	f	f
1111	4		/questionnaire/quest/:id	t	f	f	f
1112	4		/questionnaire/test	t	f	f	f
1113	4		/questionnaire/answer/stats	t	f	f	f
1114	4		/questionnaire/answer/stats/sections	t	f	f	f
1115	4		/questionnaire/answers	t	f	f	f
1116	4		/questionnaire/answer/:id	t	f	f	f
1117	4		/questionnaire/answer/:id/:status	t	f	f	f
1118	4		/questionnaire/answer/create-execution-link	t	f	f	f
1119	4		/questionnaire/appeal	t	f	f	f
1120	4		/questionnaire/appeal/:id	t	f	f	f
1121	4		/questionnaire/appeal/reply/:appealId	t	f	f	f
1122	4		/questionnaire/appeal/manager-reply/:appealId	t	f	f	f
1123	4		/questionnaire/integration/v1/sign-in	t	f	f	f
1124	4		/questionnaire/integration/v1/all	t	f	f	f
1125	4		/questionnaire/integration/v1/answer/:id	t	f	f	f
1126	4		/questionnaire/integration/v2/sign-in	t	f	f	f
1127	4		/questionnaire/integration/v2/all	t	f	f	f
1128	4		/questionnaire/integration/v2/answer/:id	t	f	f	f
1129	4		/social-service/healthController	t	f	f	f
1130	4		/social-service/statistics	t	f	f	f
1131	4		/backup/healthController	t	f	f	f
1132	4		/backup/list	t	f	f	f
1133	4		/backup/	t	f	f	f
1134	4		/backup/restore	t	f	f	f
1135	4		/backup/:fileName	t	f	f	f
3993	3		/backup/:fileName	t	t	f	t
3226	6		/backup/	t	t	f	f
3227	6		/user/healthController	t	t	f	t
3228	6		/user/cacheReset	t	t	f	t
3229	6		/user/access	t	t	f	t
3230	6		/user/verify-contact	t	t	f	t
3231	6		/user/check-contact	t	t	f	t
3232	6		/user/auth/sign-up	t	t	f	t
3233	6		/user/auth/sign-in	t	t	f	t
3234	6		/user/auth/forgot-password	t	t	f	t
3235	6		/user/auth/reset-password	t	t	f	t
3236	6		/user/auth/confirm-account	t	t	f	t
3237	6		/user/auth/check-code	t	t	f	t
3238	6		/user/me	t	t	f	t
3239	6		/user/user-additional	t	t	f	t
3240	6		/user/refresh-token	t	t	f	t
3241	6		/user/auth/auto-login	t	t	f	t
3242	6		/user/role	t	t	f	t
3243	6		/user/role/:id	t	t	t	t
3244	6		/user/role/:id/set	t	t	f	t
3245	6		/user/role/:id/unset	t	t	f	t
3246	6		/user/group	t	t	f	t
3247	6		/user/group/:id	t	t	t	t
3248	6		/user/group/:id/set	t	t	f	t
3249	6		/user/group/:id/unset	t	t	f	t
3250	6		/user/action	t	t	f	t
3251	6		/user/action/:id	t	t	t	t
3252	6		/user/handbook/groups	t	t	f	t
3253	6		/user/handbook/groups/:id	t	t	t	t
3254	6		/user/handbook	t	t	f	t
3255	6		/user/handbook/:id	t	t	t	t
3256	6		/user/handbook/code/:code	t	t	f	t
3257	6		/user/handbook/set	t	t	f	t
3258	6		/user/handbook/unset	t	t	f	t
3259	6		/user/users	t	t	t	t
3260	6		/user/shoppers	t	t	f	t
3261	6		/user/users/:id/base	t	t	f	t
3262	6		/user/users/:id/fields	t	t	f	t
3263	6		/user/users/:id	t	t	t	t
3264	6		/user/users/ids	t	t	f	t
3265	6		/user/users/restore	t	t	t	t
3266	6		/user/access/client/set	t	t	t	t
3267	6		/user/access/client/unset	t	t	t	t
3268	6		/user/access/client/flush	t	t	f	t
3269	6		/user/users/:id/activity-status	t	t	f	t
3270	6		/user/settings	t	t	t	t
3271	6		/user/comments	t	t	f	t
3272	6		/user/comments/:id	t	t	t	t
3273	6		/user/competitors	t	t	f	t
3274	6		/user/competitors/:id	t	t	f	t
3275	6		/user/competitors/bind	t	t	t	t
3276	6		/user/competitors/unbind	t	t	t	t
3277	6		/user/clients	t	t	f	t
3278	6		/user/client/:id/settings	t	t	f	t
3279	6		/user/client/settings	t	t	t	t
3280	6		/user/client/:id/workers	t	t	f	t
3281	6		/user/client/:id/worker/:workerId	t	t	f	t
3282	6		/user/client	t	t	f	t
3283	6		/user/client/:id/worker	t	t	f	t
3284	6		/user/client/:id/level	t	t	f	t
3285	6		/user/msp/sub	t	t	f	t
3286	6		/user/msp	t	t	f	t
3287	6		/file/healthController	t	t	f	t
3288	6		/file/providers	t	t	f	t
3289	6		/file/provider/:id	t	t	t	t
3290	6		/file/provider	t	t	f	t
3291	6		/file/provider/set-user-provider	t	t	f	t
3292	6		/file/make-workspace	t	t	f	t
3293	6		/file/upload	t	t	f	t
3294	6		/file/uploads	t	t	f	t
3295	6		/file/read/:provider/*	t	t	f	t
3296	6		/notifications/healthController	t	t	f	t
3297	6		/notifications/actions	t	t	f	t
3298	6		/notifications/action/code/:code	t	t	f	t
3299	6		/notifications/action/:id	t	t	t	t
3300	6		/notifications/action	t	t	f	t
3301	6		/notifications/communication/:id	t	t	t	t
3302	6		/notifications/communications	t	t	f	t
3303	6		/notifications/communication	t	t	f	t
3304	6		/notifications/communication/:user_id/users	t	t	f	t
3305	6		/notifications/communication/:id/set	t	t	f	t
3306	6		/notifications/communication/:id/delete	t	t	f	t
3307	6		/notifications/communication/:id/users	t	t	f	t
3308	6		/notifications/communication/:user_id/clear	t	t	f	t
3309	6		/notifications/communication/:id/update	t	t	t	t
3310	6		/notifications/templates	t	t	f	t
3311	6		/notifications/template/:id	t	t	t	t
3312	6		/notifications/template/communication/:communicationId	t	t	f	t
3313	6		/notifications/template/action/:actionId	t	t	f	t
3314	6		/notifications/template	t	t	f	t
3315	6		/notifications/template/render/:id	t	t	f	t
3316	6		/notifications/send	t	t	f	t
3317	6		/locations/healthController	t	t	f	t
3318	6		/locations/group/change-locations	t	t	t	t
3319	6		/locations/status	t	t	t	t
3320	6		/locations/group-client-set	t	t	t	t
3321	6		/locations/groups	t	t	f	t
3322	6		/locations/group/:id	t	t	t	t
3323	6		/locations/group	t	t	f	t
3324	6		/locations/locations	t	t	f	t
3325	6		/locations/location/:id	t	t	t	t
3326	6		/locations/locations/ids	t	t	f	t
3327	6		/locations/location/test	t	t	f	t
3328	6		/locations/location-status/:id	t	t	t	t
3329	6		/locations/countries	t	t	f	t
3330	6		/locations/countries/:countryCode/city	t	t	f	t
3331	6		/locations/countries/:countryCode/regions	t	t	f	t
3332	6		/locations/regions/:regionId/cities	t	t	f	t
3333	6		/locations/countries/:countryCode	t	t	f	t
3334	6		/locations/regions/:regionId	t	t	f	t
3335	6		/locations/cities/:cityId	t	t	f	t
3336	6		/locations/locationInfo	t	t	f	t
3337	6		/locations/shopping/executions	t	t	f	t
3338	6		/locations/shopping/executions-confirm	t	t	f	t
3339	6		/locations/shopping/executions-submit	t	t	f	t
3340	6		/locations/shopping/executions-duplicate	t	t	f	t
3341	6		/locations/shopping/received-visit/:id	t	t	f	t
3342	6		/locations/shopping/visit-list	t	t	f	t
3343	6		/locations/shopping/execution-list	t	t	f	t
3344	6		/locations/shopping/executions/status	t	t	t	t
3345	6		/locations/shopping/executions/:id	t	t	t	t
3346	6		/locations/shopping/executions/delete-all	t	t	f	t
3347	6		/locations/program-types	t	t	f	t
3348	6		/locations/program-type/status	t	t	t	t
3349	6		/locations/program-type/delete-all	t	t	f	t
3350	6		/locations/program-type/:id	t	t	t	t
3351	6		/locations/bonus	t	t	f	t
3352	6		/locations/bonus/delete-all	t	t	f	t
3353	6		/locations/bonus/status	t	t	t	t
3354	6		/locations/bonus/:id	t	t	t	t
3355	6		/locations/client/:id/level	t	t	t	t
3356	6		/locations/access/execution/:user_id	t	t	f	t
3357	6		/locations/access/program/:user_id	t	t	f	t
3358	6		/locations/access/execution/set	t	t	t	t
3359	6		/locations/access/execution/unset	t	t	t	t
3360	6		/locations/access/program/set	t	t	t	t
3361	6		/locations/access/program/unset	t	t	t	t
3362	6		/locations/access/program/flush	t	t	f	t
3363	6		/locations/access/execution/flush	t	t	f	t
3364	6		/import-export/healthController	t	t	f	t
3365	6		/import-export/export/answer-list	t	t	f	t
3366	6		/import-export/export/workers	t	t	f	t
3367	6		/import-export/export/clients	t	t	f	t
3368	6		/import-export/export/shoppers	t	t	f	t
3369	6		/import-export/export/users	t	t	f	t
3370	6		/import-export/export/msp	t	t	f	t
3371	6		/import-export/export/sub-msp	t	t	f	t
3372	6		/import-export/export/locations	t	t	f	t
3373	6		/import-export/export/location-groups	t	t	f	t
3374	6		/import-export/export/executions	t	t	f	t
3994	3		/locations/shops/set-respondent	f	f	t	f
3995	3		/locations/shops/:id	t	f	t	t
3996	3		/locations/status	f	f	t	f
3997	3		/notifications/communication/:user_id/users	f	t	f	f
3998	3		/notifications/communication/:user_id/clear	f	t	f	f
3999	3		/locations/shops	t	f	f	f
4000	3		/import-export/import/sub-msp	t	f	f	f
4001	3		/import-export/export/pdf/sub-msp	t	f	f	f
4002	3		/import-export/export/sub-msp	t	f	f	f
3375	6		/import-export/export/program-types	t	t	f	t
3376	6		/import-export/export/pdf/locations	t	t	f	t
3377	6		/import-export/export/pdf/location-groups	t	t	f	t
3378	6		/import-export/export/pdf/workers	t	t	f	t
3379	6		/import-export/export/pdf/clients	t	t	f	t
3380	6		/import-export/export/pdf/shoppers	t	t	f	t
3381	6		/import-export/export/pdf/users	t	t	f	t
3382	6		/import-export/export/pdf/msp	t	t	f	t
3383	6		/import-export/export/pdf/sub-msp	t	t	f	t
3384	6		/import-export/export/pdf/executions	t	t	f	t
3385	6		/import-export/export/pdf/program-types	t	t	f	t
3386	6		/import-export/import/users	t	t	f	t
3387	6		/import-export/import/clients	t	t	f	t
3388	6		/import-export/import/workers	t	t	f	t
3389	6		/import-export/import/msp	t	t	f	t
3390	6		/import-export/import/sub-msp	t	t	f	t
3391	6		/import-export/import/myMo	t	t	f	t
3392	6		/import-export/import/parse	t	t	f	t
3393	6		/import-export/import/locations	t	t	f	t
3394	6		/import-export/import/programs	t	t	f	t
3395	6		/questionnaire/healthController	t	t	f	t
3396	6		/questionnaire/quest	t	t	f	t
3397	6		/questionnaire/quest/:id	t	t	f	t
3398	6		/questionnaire/test	t	t	f	t
3399	6		/questionnaire/answer/stats	t	t	f	t
3400	6		/questionnaire/answer/stats/sections	t	t	f	t
3401	6		/questionnaire/answers	t	t	f	t
3402	6		/questionnaire/answer/:id	t	t	f	t
3403	6		/questionnaire/answer/:id/:status	t	t	t	t
3404	6		/questionnaire/answer/create-execution-link	t	t	f	t
3405	6		/questionnaire/appeal	t	t	f	t
3406	6		/questionnaire/appeal/:id	t	t	t	t
3407	6		/questionnaire/appeal/reply/:appealId	t	t	f	t
3408	6		/questionnaire/appeal/manager-reply/:appealId	t	t	f	t
3409	6		/questionnaire/integration/v1/sign-in	t	t	f	t
3410	6		/questionnaire/integration/v1/all	t	t	f	t
3411	6		/questionnaire/integration/v1/answer/:id	t	t	f	t
3412	6		/questionnaire/integration/v2/sign-in	t	t	f	t
3413	6		/questionnaire/integration/v2/all	t	t	f	t
3414	6		/questionnaire/integration/v2/answer/:id	t	t	f	t
3415	6		/social-service/healthController	t	t	f	t
3416	6		/social-service/statistics	t	t	f	t
3417	6		/backup/healthController	t	t	f	f
3418	6		/backup/list	t	t	f	f
3419	6		/backup/restore	t	t	f	f
3420	6		/backup/:fileName	t	t	f	f
\.


--
-- Data for Name: role_user_link; Type: TABLE DATA; Schema: public; Owner: pma
--

COPY public.role_user_link (id, role_id, user_id) FROM stdin;
2	1	2
3	2	3
6	4	5
7	1	6
8	1	7
10	2	10
11	4	11
12	2	12
13	1	13
14	6	14
15	6	15
16	6	16
17	6	17
18	1	18
19	6	19
20	6	20
21	6	21
25	3	24
26	2	26
27	2	25
28	2	27
29	2	28
30	2	29
31	2	30
32	2	31
33	2	32
35	2	34
36	2	35
37	2	36
38	2	37
39	2	38
40	2	39
41	2	40
42	2	41
43	2	42
45	2	44
46	2	45
47	2	46
48	2	47
49	2	48
50	2	49
51	2	50
52	2	51
53	2	52
54	2	53
56	6	55
57	6	56
58	6	57
59	6	58
60	6	59
61	2	61
62	2	60
63	2	62
64	2	63
65	2	64
66	2	65
67	2	66
68	2	67
69	2	68
70	2	69
71	2	70
72	2	71
73	2	72
74	2	73
75	2	74
76	2	75
77	2	76
78	2	77
79	6	78
80	6	79
81	4	80
82	4	81
83	6	100
84	6	101
85	2	102
86	2	103
87	2	104
88	2	105
89	2	106
90	2	107
91	2	108
92	2	109
93	2	110
95	2	112
96	2	114
97	2	113
98	2	115
99	2	116
100	2	117
101	2	118
103	2	120
104	6	121
105	6	122
106	1	123
107	6	124
108	6	125
109	6	126
110	2	127
111	6	128
112	6	129
113	6	130
114	6	131
115	1	132
116	6	133
117	2	134
118	6	135
119	6	136
120	6	137
121	6	138
122	6	139
123	6	140
124	6	141
125	6	142
126	6	143
127	6	144
128	6	145
129	6	146
130	6	147
131	6	148
132	1	149
134	2	151
135	2	152
136	2	153
137	2	154
138	2	155
139	6	156
140	4	157
141	4	158
142	6	159
143	1	160
144	6	161
145	6	162
146	6	163
147	3	119
148	2	164
149	1	165
150	2	166
151	4	167
152	6	168
153	1	169
154	2	170
155	2	171
156	4	172
157	4	173
158	2	174
159	4	175
161	2	177
162	4	178
164	1	180
165	7	23
163	4	179
166	1	181
167	2	182
168	2	184
170	2	185
171	2	186
172	2	187
173	2	188
174	2	189
175	2	190
176	2	191
177	2	192
178	2	193
179	2	194
180	2	195
181	2	196
182	4	197
183	4	198
184	2	199
185	4	200
186	2	201
188	2	203
189	2	204
190	2	205
187	2	202
160	2	176
133	2	150
94	2	111
55	2	54
44	2	43
34	2	33
9	2	9
5	3	4
191	2	206
192	2	207
193	2	209
194	4	210
195	4	211
196	4	212
169	7	1
197	2	213
198	2	214
199	2	215
200	2	216
201	2	217
203	4	219
204	2	220
205	2	221
206	2	222
207	2	223
208	2	224
211	3	225
212	6	226
213	6	227
214	6	228
215	1	229
216	1	230
217	1	231
218	1	232
219	1	233
220	1	234
221	1	235
222	1	236
226	2	237
229	6	238
230	4	239
231	4	240
232	2	241
233	4	242
234	4	243
235	4	244
236	4	245
237	1	246
238	1	247
239	1	248
240	1	249
242	1	251
243	1	252
244	1	253
245	1	254
246	1	255
247	2	256
248	2	257
249	2	258
250	2	259
251	4	261
252	4	262
253	4	263
256	3	264
258	4	270
260	3	250
257	2	269
202	2	218
261	2	271
262	2	272
263	2	273
264	4	274
265	4	275
266	2	276
267	2	277
268	2	278
269	6	279
270	2	281
271	2	282
272	2	283
273	2	300
274	2	304
275	4	305
276	4	307
277	4	308
278	4	313
279	2	314
280	2	315
281	4	316
282	4	319
283	4	320
284	4	321
285	4	322
288	1	323
290	7	22
291	6	324
292	6	325
293	6	326
294	6	327
295	6	328
296	1	329
297	6	330
298	6	331
299	1	332
300	6	333
301	6	334
302	6	335
305	6	336
306	6	337
307	6	338
308	6	339
309	2	340
\.


--
-- Data for Name: roles; Type: TABLE DATA; Schema: public; Owner: pma
--

COPY public.roles (id, name, default_role, access_pages, deleted_at, delete_at) FROM stdin;
5	Competitor	f	[]	\N	\N
2	Client	f	[{"name": "User", "path": "/crm/users", "view": true, "routes": [{"name": "User List", "path": "/crm/users", "view": true}, {"name": "Clients", "path": "/crm/users/clients", "view": true}, {"name": "Shoppers", "path": "/crm/users/shoppers", "view": true}, {"name": "Group", "path": "/crm/users/groups", "view": true}, {"name": "Role", "path": "/crm/users/role", "view": true}, {"name": "Settings", "path": "/crm/users/settings/edit", "view": true}]}, {"name": "Handbook", "path": "/crm/handbook", "view": true, "routes": [{"name": "Group", "path": "/crm/handbook/group", "view": true}, {"name": "Handbook", "path": "/crm/handbook", "view": true}]}, {"name": "Notifications", "path": "/notifications", "view": true, "routes": [{"name": "Providers", "path": "/crm/notifications/providers", "view": true}, {"name": "Templates", "path": "/crm/notifications/templates", "view": true}, {"name": "Action", "path": "/crm/notifications/actions", "view": true}]}, {"name": "Locations", "path": "/crm/locations", "view": true, "routes": [{"name": "Locations Group", "path": "/crm/locations/groups", "view": true}, {"name": "Locations", "path": "/crm/locations", "view": true}]}, {"name": "Backup", "path": "/crm/backup-service", "view": true, "routes": [{"name": "Backup List", "path": "/crm/backup-service", "view": true}]}]	\N	\N
3	Manager	f	[{"name": "User", "path": "/crm/users", "view": true, "routes": [{"name": "User List", "path": "/crm/users", "view": true}, {"name": "Clients", "path": "/crm/users/clients", "view": true}, {"name": "Shoppers", "path": "/crm/users/shoppers", "view": true}, {"name": "Group", "path": "/crm/users/groups", "view": true}, {"name": "Role", "path": "/crm/users/role", "view": true}, {"name": "Settings", "path": "/crm/users/settings/edit", "view": true}]}, {"name": "Handbook", "path": "/crm/handbook", "view": true, "routes": [{"name": "Group", "path": "/crm/handbook/group", "view": true}, {"name": "Handbook", "path": "/crm/handbook", "view": true}]}, {"name": "Notifications", "path": "/notifications", "view": true, "routes": [{"name": "Providers", "path": "/crm/notifications/providers", "view": true}, {"name": "Templates", "path": "/crm/notifications/templates", "view": true}, {"name": "Action", "path": "/crm/notifications/actions", "view": true}]}, {"name": "Locations", "path": "/crm/locations", "view": true, "routes": [{"name": "Locations Group", "path": "/crm/locations/groups", "view": true}, {"name": "Locations", "path": "/crm/locations", "view": true}]}, {"name": "Backup", "path": "/crm/backup-service", "view": true, "routes": [{"name": "Backup List", "path": "/crm/backup-service", "view": true}]}]	\N	\N
4	Worker	f	[{"name": "User", "path": "/crm/users", "view": true, "routes": [{"name": "User List", "path": "/crm/users", "view": true}, {"name": "Clients", "path": "/crm/users/clients", "view": true}, {"name": "Shoppers", "path": "/crm/users/shoppers", "view": true}, {"name": "Group", "path": "/crm/users/groups", "view": true}, {"name": "Role", "path": "/crm/users/role", "view": true}, {"name": "Settings", "path": "/crm/users/settings/edit", "view": true}]}, {"name": "Handbook", "path": "/crm/handbook", "view": true, "routes": [{"name": "Group", "path": "/crm/handbook/group", "view": true}, {"name": "Handbook", "path": "/crm/handbook", "view": true}]}, {"name": "Notifications", "path": "/notifications", "view": true, "routes": [{"name": "Providers", "path": "/crm/notifications/providers", "view": true}, {"name": "Templates", "path": "/crm/notifications/templates", "view": true}, {"name": "Action", "path": "/crm/notifications/actions", "view": true}]}, {"name": "Locations", "path": "/crm/locations", "view": true, "routes": [{"name": "Locations Group", "path": "/crm/locations/groups", "view": true}, {"name": "Locations", "path": "/crm/locations", "view": true}]}, {"name": "Backup", "path": "/crm/backup-service", "view": true, "routes": [{"name": "Backup List", "path": "/crm/backup-service", "view": true}]}]	\N	\N
6	MSP	f	[{"name": "User", "path": "/crm/users", "view": true, "routes": [{"name": "User List", "path": "/crm/users", "view": true}, {"name": "Clients", "path": "/crm/users/clients", "view": true}, {"name": "Shoppers", "path": "/crm/users/shoppers", "view": true}, {"name": "Group", "path": "/crm/users/groups", "view": true}, {"name": "Role", "path": "/crm/users/role", "view": true}, {"name": "Settings", "path": "/crm/users/settings/edit", "view": true}]}, {"name": "Handbook", "path": "/crm/handbook", "view": true, "routes": [{"name": "Group", "path": "/crm/handbook/group", "view": true}, {"name": "Handbook", "path": "/crm/handbook", "view": true}]}, {"name": "Notifications", "path": "/notifications", "view": true, "routes": [{"name": "Providers", "path": "/crm/notifications/providers", "view": true}, {"name": "Templates", "path": "/crm/notifications/templates", "view": true}, {"name": "Action", "path": "/crm/notifications/actions", "view": true}]}, {"name": "Locations", "path": "/crm/locations", "view": true, "routes": [{"name": "Locations Group", "path": "/crm/locations/groups", "view": true}, {"name": "Locations", "path": "/crm/locations", "view": true}]}, {"name": "Backup", "path": "/crm/backup-service", "view": true, "routes": [{"name": "Backup List", "path": "/crm/backup-service", "view": true}]}]	\N	\N
7	Admin	f	[{"name": "User", "path": "/crm/users", "view": true, "routes": [{"name": "User List", "path": "/crm/users", "view": true}, {"name": "Clients", "path": "/crm/users/clients", "view": true}, {"name": "Shoppers", "path": "/crm/users/shoppers", "view": true}, {"name": "Group", "path": "/crm/users/groups", "view": true}, {"name": "Role", "path": "/crm/users/role", "view": true}, {"name": "Settings", "path": "/crm/users/settings/edit", "view": true}]}, {"name": "Handbook", "path": "/crm/handbook", "view": true, "routes": [{"name": "Group", "path": "/crm/handbook/group", "view": true}, {"name": "Handbook", "path": "/crm/handbook", "view": true}]}, {"name": "Notifications", "path": "/notifications", "view": true, "routes": [{"name": "Providers", "path": "/crm/notifications/providers", "view": true}, {"name": "Templates", "path": "/crm/notifications/templates", "view": true}, {"name": "Action", "path": "/crm/notifications/actions", "view": true}]}, {"name": "Locations", "path": "/crm/locations", "view": true, "routes": [{"name": "Locations Group", "path": "/crm/locations/groups", "view": true}, {"name": "Locations", "path": "/crm/locations", "view": true}]}, {"name": "Backup", "path": "/crm/backup-service", "view": true, "routes": [{"name": "Backup List", "path": "/crm/backup-service", "view": true}]}]	\N	\N
1	Shopper	t	[{"name": "User", "path": "/crm/users", "view": true, "routes": [{"name": "User List", "path": "/crm/users", "view": true}, {"name": "Clients", "path": "/crm/users/clients", "view": true}, {"name": "Shoppers", "path": "/crm/users/shoppers", "view": true}, {"name": "Group", "path": "/crm/users/groups", "view": true}, {"name": "Role", "path": "/crm/users/role", "view": true}, {"name": "Settings", "path": "/crm/users/settings/edit", "view": true}]}, {"name": "Handbook", "path": "/crm/handbook", "view": true, "routes": [{"name": "Group", "path": "/crm/handbook/group", "view": true}, {"name": "Handbook", "path": "/crm/handbook", "view": true}]}, {"name": "Notifications", "path": "/notifications", "view": true, "routes": [{"name": "Providers", "path": "/crm/notifications/providers", "view": true}, {"name": "Templates", "path": "/crm/notifications/templates", "view": true}, {"name": "Action", "path": "/crm/notifications/actions", "view": true}]}, {"name": "Locations", "path": "/crm/locations", "view": true, "routes": [{"name": "Locations Group", "path": "/crm/locations/groups", "view": true}, {"name": "Locations", "path": "/crm/locations", "view": true}]}, {"name": "Backup", "path": "/crm/backup-service", "view": true, "routes": [{"name": "Backup List", "path": "/crm/backup-service", "view": true}]}]	\N	\N
\.


--
-- Data for Name: scheduling_shops; Type: TABLE DATA; Schema: public; Owner: pma
--

COPY public.scheduling_shops (id, name, location_name, project_id, location_id, respondent_id, status, scheduler_id, visit_date, visit_date_time, visit_start, visit_start_time, visit_price, bank, course, expense_price, expense_bank, expense_course, incentive_price, incentive_bank, incentive_course, reimbursement_price, reimbursement_bank, reimbursement_course, special_price, special_bank, special_course, special_description) FROM stdin;
14	Daria_2	Daria	47	26	\N	1	4	2025-04-30	13:12:36	2024-08-30	13:12:36	50	bank_1	usd	0	bank_1	usd	0	bank_1	usd	0	bank_1	usd	20	bank_1	usd	
15	Test123_2	Test123	47	48	\N	1	4	2025-04-30	13:12:36	2024-08-30	13:12:36	50	bank_1	usd	0	bank_1	usd	0	bank_1	usd	0	bank_1	usd	20	bank_1	usd	
16	Test59_2	Test59	47	49	\N	1	4	2025-04-30	13:12:36	2024-08-30	13:12:36	50	bank_1	usd	0	bank_1	usd	0	bank_1	usd	0	bank_1	usd	20	bank_1	usd	
\.


--
-- Data for Name: status_changes; Type: TABLE DATA; Schema: public; Owner: pma
--

COPY public.status_changes (id, entity_id, entity_type, user_id, old_status, new_status, changed_at) FROM stdin;
1	19	user	18	0	0	2024-07-22 09:40:28.453607
2	19	user	18	0	1	2024-07-22 09:40:30.760138
3	19	user	18	1	0	2024-07-22 09:40:32.757744
4	19	user	18	0	1	2024-07-22 09:40:35.022134
5	19	user	18	1	0	2024-07-22 09:40:37.399977
6	19	user	18	0	1	2024-07-22 09:41:18.0461
7	19	user	18	1	0	2024-07-22 09:42:24.399665
8	19	user	18	0	1	2024-07-22 10:01:28.492916
9	23	user	24	0	1	2024-07-22 11:41:15.977373
10	23	user	24	1	1	2024-07-22 11:41:23.425445
11	23	user	24	1	0	2024-07-22 11:41:30.379827
12	23	user	24	0	1	2024-07-22 11:49:32.182781
13	23	user	24	1	0	2024-07-22 11:49:37.099177
14	121	user	2	0	1	2024-07-22 17:27:14.305299
15	121	user	2	1	0	2024-07-22 17:27:18.083939
16	121	user	2	0	1	2024-07-22 17:30:18.277328
17	121	user	2	1	0	2024-07-22 17:30:25.764587
18	118	user	24	0	1	2024-07-23 10:38:22.885907
19	118	user	24	1	0	2024-07-23 10:39:03.364102
20	118	user	24	0	0	2024-07-23 10:39:18.179636
21	116	user	24	0	1	2024-07-23 10:47:11.066752
22	116	user	24	1	0	2024-07-23 10:47:15.738534
23	116	user	24	0	1	2024-07-23 10:47:49.693348
24	116	user	24	1	0	2024-07-23 10:47:53.511792
25	155	user	24	0	1	2024-07-24 10:14:22.003695
26	155	user	24	1	0	2024-07-24 10:14:25.97367
27	120	user	24	0	1	2024-07-24 10:17:01.590145
28	120	user	24	1	0	2024-07-24 10:17:06.225378
29	120	user	24	0	1	2024-07-24 11:02:29.423154
30	158	user	24	0	1	2024-07-24 12:23:29.782967
31	158	user	24	1	0	2024-07-24 12:24:06.580858
32	155	user	24	0	1	2024-07-24 12:24:13.625908
33	155	user	24	1	0	2024-07-24 12:24:19.673052
34	160	user	24	0	1	2024-07-24 12:25:49.66899
35	148	user	24	0	1	2024-07-24 12:30:08.581894
36	150	user	24	0	1	2024-07-24 12:48:00.807851
37	158	user	24	0	1	2024-07-24 12:52:11.202848
38	158	user	24	1	0	2024-07-24 12:52:21.108675
39	156	user	123	0	1	2024-07-24 15:24:50.995732
40	130	user	123	0	1	2024-07-24 15:24:51.01409
41	130	user	123	1	0	2024-07-24 15:24:57.20391
42	156	user	123	1	0	2024-07-24 15:24:57.209488
43	162	user	1	0	0	2024-07-24 15:45:42.157322
44	162	user	1	0	1	2024-07-24 15:45:45.533751
45	163	user	4	0	0	2024-07-25 09:00:31.269877
46	163	user	4	0	1	2024-07-25 09:00:34.579733
47	167	user	24	0	1	2024-07-25 12:25:55.988349
48	167	user	24	1	0	2024-07-25 12:26:01.544359
49	112	user	24	0	1	2024-07-25 12:26:08.370897
50	112	user	24	1	0	2024-07-25 12:26:43.750254
51	173	user	24	0	1	2024-07-25 14:29:52.762218
52	173	user	24	1	0	2024-07-25 14:30:02.028684
53	199	user	24	0	1	2024-07-25 17:56:50.60856
54	13	user	22	0	1	2024-07-25 17:56:50.836027
55	181	user	24	0	1	2024-07-25 18:03:26.360246
56	181	user	24	1	0	2024-07-25 18:03:28.495923
57	181	user	24	0	1	2024-07-25 18:03:30.384404
58	181	user	24	1	0	2024-07-25 18:03:39.207012
59	200	user	24	0	1	2024-07-25 18:06:06.458597
60	204	user	2	0	1	2024-07-25 18:43:36.043163
61	204	user	2	1	0	2024-07-25 18:43:48.073084
62	212	user	2	0	1	2024-07-25 19:39:39.199814
63	165	user	22	0	1	2024-07-26 09:56:21.482385
64	168	user	22	0	1	2024-07-26 10:00:29.989318
65	159	user	22	0	1	2024-07-26 11:00:03.410991
66	159	user	22	1	0	2024-07-26 11:00:10.851483
67	228	user	22	0	1	2024-07-26 11:08:14.614948
68	236	user	22	0	1	2024-07-26 11:12:35.189831
69	235	user	22	0	1	2024-07-26 11:13:20.709663
70	237	user	2	0	1	2024-07-26 13:12:39.321558
71	237	user	2	1	0	2024-07-26 14:49:23.289196
72	163	user	22	1	0	2024-07-26 17:48:02.807098
73	156	user	22	0	1	2024-07-26 17:48:06.69405
74	256	user	22	0	1	2024-07-29 09:38:49.960236
75	245	user	22	0	1	2024-07-29 11:01:40.238495
76	271	user	22	0	1	2024-07-29 16:44:18.180226
77	272	user	22	0	1	2024-07-31 12:00:30.136327
78	272	user	22	1	0	2024-07-31 12:00:34.334933
79	276	user	264	0	0	2024-07-31 16:32:31.50302
80	276	user	264	0	1	2024-07-31 16:32:33.724345
81	276	user	264	1	0	2024-07-31 16:32:35.923346
82	279	user	22	0	0	2024-08-01 15:01:01.459991
83	279	user	22	0	1	2024-08-01 15:02:02.58902
84	279	user	2	1	0	2024-08-01 15:08:56.019178
85	255	user	22	0	1	2024-08-01 15:20:39.043418
86	255	user	22	1	0	2024-08-01 15:21:01.30649
87	281	user	23	0	1	2024-08-01 18:59:31.656586
88	273	user	23	0	1	2024-08-01 19:00:00.204893
89	269	user	23	0	1	2024-08-01 19:00:00.21034
90	257	user	23	0	1	2024-08-01 19:00:00.213556
91	281	user	23	1	0	2024-08-01 19:00:11.120174
92	277	user	23	0	0	2024-08-01 19:00:11.124825
93	276	user	23	0	0	2024-08-01 19:00:11.127932
94	273	user	23	1	0	2024-08-01 19:00:11.130887
95	272	user	23	0	0	2024-08-01 19:00:11.134802
96	271	user	23	1	0	2024-08-01 19:00:11.137867
97	269	user	23	1	0	2024-08-01 19:00:11.140268
98	258	user	23	0	0	2024-08-01 19:00:11.142715
99	257	user	23	1	0	2024-08-01 19:00:11.145908
100	256	user	23	1	0	2024-08-01 19:00:11.148405
101	241	user	23	0	0	2024-08-01 19:00:11.151119
102	223	user	23	0	0	2024-08-01 19:00:11.153037
103	222	user	23	0	0	2024-08-01 19:00:11.154853
104	221	user	23	0	0	2024-08-01 19:00:11.156653
105	220	user	23	0	0	2024-08-01 19:00:11.158843
106	218	user	23	0	0	2024-08-01 19:00:11.161252
107	217	user	23	0	0	2024-08-01 19:00:11.163298
108	216	user	23	0	0	2024-08-01 19:00:11.165707
109	215	user	23	0	0	2024-08-01 19:00:11.167909
110	214	user	23	0	0	2024-08-01 19:00:11.170008
111	213	user	23	0	0	2024-08-01 19:00:11.172228
112	207	user	23	0	0	2024-08-01 19:00:11.174191
113	206	user	23	0	0	2024-08-01 19:00:11.176206
114	204	user	23	0	0	2024-08-01 19:00:11.178129
115	203	user	23	0	0	2024-08-01 19:00:11.179868
116	281	user	23	0	1	2024-08-01 19:00:28.788642
117	277	user	23	0	1	2024-08-01 19:00:28.795772
118	273	user	23	0	1	2024-08-01 19:00:28.799454
119	271	user	23	0	1	2024-08-01 19:00:28.803812
120	269	user	23	0	1	2024-08-01 19:00:28.832383
121	257	user	23	0	1	2024-08-01 19:00:28.838821
122	241	user	23	0	1	2024-08-01 19:00:28.843646
123	223	user	23	0	1	2024-08-01 19:00:28.85322
124	281	user	23	1	0	2024-08-01 19:00:48.744947
125	277	user	23	1	0	2024-08-01 19:00:48.74782
126	276	user	23	0	0	2024-08-01 19:00:48.749758
127	273	user	23	1	0	2024-08-01 19:00:48.752503
128	272	user	23	0	0	2024-08-01 19:00:48.754874
129	271	user	23	1	0	2024-08-01 19:00:48.757077
130	269	user	23	1	0	2024-08-01 19:00:48.758778
131	258	user	23	0	0	2024-08-01 19:00:48.760423
132	257	user	23	1	0	2024-08-01 19:00:48.762234
133	256	user	23	0	0	2024-08-01 19:00:48.764729
134	241	user	23	1	0	2024-08-01 19:00:48.767055
135	223	user	23	1	0	2024-08-01 19:00:48.769369
136	222	user	23	0	0	2024-08-01 19:00:48.775012
137	221	user	23	0	0	2024-08-01 19:00:48.782799
138	220	user	23	0	0	2024-08-01 19:00:48.793126
139	218	user	23	0	0	2024-08-01 19:00:48.797225
140	217	user	23	0	0	2024-08-01 19:00:48.800034
141	216	user	23	0	0	2024-08-01 19:00:48.802889
142	215	user	23	0	0	2024-08-01 19:00:48.805604
143	214	user	23	0	0	2024-08-01 19:00:48.807638
144	213	user	23	0	0	2024-08-01 19:00:48.809621
145	207	user	23	0	0	2024-08-01 19:00:48.811665
146	206	user	23	0	0	2024-08-01 19:00:48.81356
147	204	user	23	0	0	2024-08-01 19:00:48.815312
148	203	user	23	0	0	2024-08-01 19:00:48.817478
149	281	user	23	0	1	2024-08-01 19:02:17.538879
150	277	user	23	0	1	2024-08-01 19:02:17.554298
151	273	user	23	0	1	2024-08-01 19:02:17.558732
152	271	user	23	0	1	2024-08-01 19:02:17.561907
153	269	user	23	0	1	2024-08-01 19:02:17.564484
154	257	user	23	0	1	2024-08-01 19:02:17.567564
155	281	user	23	1	0	2024-08-01 19:03:10.180044
156	277	user	23	1	0	2024-08-01 19:03:10.185824
157	273	user	23	1	0	2024-08-01 19:03:10.190856
158	271	user	23	1	0	2024-08-01 19:03:10.196483
159	269	user	23	1	0	2024-08-01 19:03:10.199781
160	257	user	23	1	0	2024-08-01 19:03:10.203353
161	199	user	23	1	0	2024-08-01 19:03:10.205839
162	150	user	23	1	0	2024-08-01 19:03:10.209471
163	281	user	23	0	1	2024-08-01 19:03:39.402088
164	277	user	23	0	1	2024-08-01 19:03:39.415
165	273	user	23	0	1	2024-08-01 19:03:39.418698
166	271	user	23	0	1	2024-08-01 19:03:39.421011
167	269	user	23	0	1	2024-08-01 19:03:39.422875
168	257	user	23	0	1	2024-08-01 19:03:39.424772
169	241	user	23	0	1	2024-08-01 19:03:39.426874
170	221	user	23	0	1	2024-08-01 19:03:39.430434
171	257	user	23	1	0	2024-08-01 19:09:03.773523
172	281	user	23	1	0	2024-08-01 19:30:59.298783
173	305	user	23	0	1	2024-08-01 23:58:46.172922
174	283	user	23	0	1	2024-08-02 00:11:05.552951
179	279	user	2	0	1	2024-08-02 13:28:40.092386
180	279	user	2	1	0	2024-08-02 13:28:42.537181
181	279	user	2	0	1	2024-08-02 13:36:22.50246
182	279	user	2	1	0	2024-08-02 13:36:29.942871
183	156	user	24	1	0	2024-08-02 13:39:08.950568
184	156	user	24	0	1	2024-08-02 13:39:13.179829
185	323	user	22	0	0	2024-08-09 11:34:31.000164
186	323	user	22	0	1	2024-08-09 11:34:33.576254
187	255	user	22	0	1	2024-08-09 11:34:40.854058
188	255	user	22	1	0	2024-08-09 11:36:12.46553
189	253	user	23	0	1	2024-08-09 16:26:31.62479
190	252	user	23	0	1	2024-08-09 16:26:31.631689
191	251	user	23	0	1	2024-08-09 16:26:31.63512
192	323	user	23	1	0	2024-08-09 16:26:42.449217
193	253	user	23	1	0	2024-08-09 16:26:42.456604
194	249	user	23	0	0	2024-08-09 16:26:42.45881
195	248	user	23	0	0	2024-08-09 16:26:42.460725
196	323	user	23	0	1	2024-08-09 16:28:21.384196
197	324	user	23	0	1	2024-08-09 17:46:08.767299
198	279	user	23	0	1	2024-08-09 17:46:08.771094
199	324	user	23	1	0	2024-08-09 17:46:26.495736
200	168	user	23	1	0	2024-08-09 17:46:26.498514
201	330	user	23	0	1	2024-08-09 18:26:58.505125
202	330	user	23	1	0	2024-08-09 18:27:41.698786
203	156	user	23	1	0	2024-08-09 18:41:28.270923
\.


--
-- Data for Name: user_client_access; Type: TABLE DATA; Schema: public; Owner: pma
--

COPY public.user_client_access (id, client_id, user_id) FROM stdin;
1	3	14
2	3	15
3	3	16
4	3	17
5	12	19
6	3	19
7	10	19
9	3	21
10	3	55
11	3	57
12	3	58
13	3	59
16	77	79
17	76	79
18	3	100
20	53	121
21	52	121
22	50	121
27	3	124
28	3	125
120	314	327
30	3	129
31	3	130
121	315	327
122	304	327
123	282	327
39	120	133
40	127	133
41	119	133
42	3	133
67	134	131
68	3	131
69	127	131
70	120	135
71	127	135
72	3	135
76	3	136
77	3	137
78	3	138
81	3	141
83	3	147
84	3	148
91	3	143
92	3	168
93	166	168
94	155	168
95	170	226
96	218	226
97	127	226
102	127	279
103	315	324
104	304	324
105	314	324
106	300	324
107	283	324
108	3	325
110	3	326
111	315	326
\.


--
-- Data for Name: user_clients; Type: TABLE DATA; Schema: public; Owner: pma
--

COPY public.user_clients (id, user_id, logo, background, background_color, text_color, button_color, button_hover_color, created_at, updated_at, dashboard_positions, levels) FROM stdin;
2	4	https://proxy.happeas.space/file/read/local/1/4768aa1c2e2bf59b17a9607a77e81a6a.jpg	https://proxy.happeas.space/file/read/local/1/4768aa1c2e2bf59b17a9607a77e81a6a.jpg	#000000	#000000	#000000	#000000	2024-07-19 18:11:09.945	2024-07-19 18:11:09.945	\N	\N
5	10	\N	\N	\N	\N	\N	\N	2024-07-20 17:38:08.479314	2024-07-20 17:38:08.479314	\N	\N
6	12	\N	\N	#fafafa	#000000	#ffffff	#fafafa	2024-07-20 17:39:47.997169	2024-07-20 17:39:47.997169	\N	\N
7	24	https://proxy.happeas.space/file/read/local/24/photo_2024-06-15_14-25-09.jpg	https://proxy.happeas.space/file/read/local/24/pngtree-landscape-jpg-wallpapers-free-download-picture-image_2668463.jpg	#2788d3	#f8e40d	#a46a28	#5f4311	2024-07-22 11:39:37.406	2024-07-22 11:39:37.406	\N	\N
8	26	https://upload.wikimedia.org/wikipedia/commons/1/1b/%D0%98%D0%B7%D0%BE%D0%B1%D1%80%D0%B0%D0%B6%D0%B5%D0%BD%D0%B8%D0%B5_307.jpg	https://upload.wikimedia.org/wikipedia/commons/1/1b/%D0%98%D0%B7%D0%BE%D0%B1%D1%80%D0%B0%D0%B6%D0%B5%D0%BD%D0%B8%D0%B5_307.jpg	#fafafa	#000020	#ffffff	#fafafa	2024-07-22 11:55:25.300624	2024-07-22 11:55:25.300624	\N	\N
9	25	https://upload.wikimedia.org/wikipedia/commons/1/1b/%D0%98%D0%B7%D0%BE%D0%B1%D1%80%D0%B0%D0%B6%D0%B5%D0%BD%D0%B8%D0%B5_307.jpg	https://upload.wikimedia.org/wikipedia/commons/1/1b/%D0%98%D0%B7%D0%BE%D0%B1%D1%80%D0%B0%D0%B6%D0%B5%D0%BD%D0%B8%D0%B5_307.jpg	#fafafa	#000000	#ffffff	#fafafa	2024-07-22 11:55:25.2789	2024-07-22 11:55:25.2789	\N	\N
10	27	https://upload.wikimedia.org/wikipedia/commons/1/1b/%D0%98%D0%B7%D0%BE%D0%B1%D1%80%D0%B0%D0%B6%D0%B5%D0%BD%D0%B8%D0%B5_307.jpg	https://upload.wikimedia.org/wikipedia/commons/1/1b/%D0%98%D0%B7%D0%BE%D0%B1%D1%80%D0%B0%D0%B6%D0%B5%D0%BD%D0%B8%D0%B5_307.jpg	#fafafa	#000010	#ffffff	#fafafa	2024-07-22 11:55:25.300506	2024-07-22 11:55:25.300506	\N	\N
11	28	https://upload.wikimedia.org/wikipedia/commons/1/1b/%D0%98%D0%B7%D0%BE%D0%B1%D1%80%D0%B0%D0%B6%D0%B5%D0%BD%D0%B8%D0%B5_307.jpg	https://upload.wikimedia.org/wikipedia/commons/1/1b/%D0%98%D0%B7%D0%BE%D0%B1%D1%80%D0%B0%D0%B6%D0%B5%D0%BD%D0%B8%D0%B5_307.jpg	#fafafa	#000011	#ffffff	#fafafa	2024-07-22 11:55:26.080731	2024-07-22 11:55:26.080731	\N	\N
12	29	https://upload.wikimedia.org/wikipedia/commons/1/1b/%D0%98%D0%B7%D0%BE%D0%B1%D1%80%D0%B0%D0%B6%D0%B5%D0%BD%D0%B8%D0%B5_307.jpg	https://upload.wikimedia.org/wikipedia/commons/1/1b/%D0%98%D0%B7%D0%BE%D0%B1%D1%80%D0%B0%D0%B6%D0%B5%D0%BD%D0%B8%D0%B5_307.jpg	#fafafa	#000001	#ffffff	#fafafa	2024-07-22 11:55:26.104649	2024-07-22 11:55:26.104649	\N	\N
13	30	https://upload.wikimedia.org/wikipedia/commons/1/1b/%D0%98%D0%B7%D0%BE%D0%B1%D1%80%D0%B0%D0%B6%D0%B5%D0%BD%D0%B8%D0%B5_307.jpg	https://upload.wikimedia.org/wikipedia/commons/1/1b/%D0%98%D0%B7%D0%BE%D0%B1%D1%80%D0%B0%D0%B6%D0%B5%D0%BD%D0%B8%D0%B5_307.jpg	#fafafa	#000021	#ffffff	#fafafa	2024-07-22 11:55:26.121357	2024-07-22 11:55:26.121357	\N	\N
14	31	https://upload.wikimedia.org/wikipedia/commons/1/1b/%D0%98%D0%B7%D0%BE%D0%B1%D1%80%D0%B0%D0%B6%D0%B5%D0%BD%D0%B8%D0%B5_307.jpg	https://upload.wikimedia.org/wikipedia/commons/1/1b/%D0%98%D0%B7%D0%BE%D0%B1%D1%80%D0%B0%D0%B6%D0%B5%D0%BD%D0%B8%D0%B5_307.jpg	#fafafa	#000012	#ffffff	#fafafa	2024-07-22 11:55:26.862406	2024-07-22 11:55:26.862406	\N	\N
15	32	https://upload.wikimedia.org/wikipedia/commons/1/1b/%D0%98%D0%B7%D0%BE%D0%B1%D1%80%D0%B0%D0%B6%D0%B5%D0%BD%D0%B8%D0%B5_307.jpg	https://upload.wikimedia.org/wikipedia/commons/1/1b/%D0%98%D0%B7%D0%BE%D0%B1%D1%80%D0%B0%D0%B6%D0%B5%D0%BD%D0%B8%D0%B5_307.jpg	#fafafa	#000002	#ffffff	#fafafa	2024-07-22 11:55:26.930441	2024-07-22 11:55:26.930441	\N	\N
17	34	https://upload.wikimedia.org/wikipedia/commons/1/1b/%D0%98%D0%B7%D0%BE%D0%B1%D1%80%D0%B0%D0%B6%D0%B5%D0%BD%D0%B8%D0%B5_307.jpg	https://upload.wikimedia.org/wikipedia/commons/1/1b/%D0%98%D0%B7%D0%BE%D0%B1%D1%80%D0%B0%D0%B6%D0%B5%D0%BD%D0%B8%D0%B5_307.jpg	#fafafa	#000013	#ffffff	#fafafa	2024-07-22 11:55:27.640964	2024-07-22 11:55:27.640964	\N	\N
18	35	https://upload.wikimedia.org/wikipedia/commons/1/1b/%D0%98%D0%B7%D0%BE%D0%B1%D1%80%D0%B0%D0%B6%D0%B5%D0%BD%D0%B8%D0%B5_307.jpg	https://upload.wikimedia.org/wikipedia/commons/1/1b/%D0%98%D0%B7%D0%BE%D0%B1%D1%80%D0%B0%D0%B6%D0%B5%D0%BD%D0%B8%D0%B5_307.jpg	#fafafa	#000003	#ffffff	#fafafa	2024-07-22 11:55:27.657125	2024-07-22 11:55:27.657125	\N	\N
19	36	https://upload.wikimedia.org/wikipedia/commons/1/1b/%D0%98%D0%B7%D0%BE%D0%B1%D1%80%D0%B0%D0%B6%D0%B5%D0%BD%D0%B8%D0%B5_307.jpg	https://upload.wikimedia.org/wikipedia/commons/1/1b/%D0%98%D0%B7%D0%BE%D0%B1%D1%80%D0%B0%D0%B6%D0%B5%D0%BD%D0%B8%D0%B5_307.jpg	#fafafa	#000023	#ffffff	#fafafa	2024-07-22 11:55:27.723556	2024-07-22 11:55:27.723556	\N	\N
20	37	https://upload.wikimedia.org/wikipedia/commons/1/1b/%D0%98%D0%B7%D0%BE%D0%B1%D1%80%D0%B0%D0%B6%D0%B5%D0%BD%D0%B8%D0%B5_307.jpg	https://upload.wikimedia.org/wikipedia/commons/1/1b/%D0%98%D0%B7%D0%BE%D0%B1%D1%80%D0%B0%D0%B6%D0%B5%D0%BD%D0%B8%D0%B5_307.jpg	#fafafa	#000004	#ffffff	#fafafa	2024-07-22 11:55:28.509145	2024-07-22 11:55:28.509145	\N	\N
21	38	https://upload.wikimedia.org/wikipedia/commons/1/1b/%D0%98%D0%B7%D0%BE%D0%B1%D1%80%D0%B0%D0%B6%D0%B5%D0%BD%D0%B8%D0%B5_307.jpg	https://upload.wikimedia.org/wikipedia/commons/1/1b/%D0%98%D0%B7%D0%BE%D0%B1%D1%80%D0%B0%D0%B6%D0%B5%D0%BD%D0%B8%D0%B5_307.jpg	#fafafa	#000024	#ffffff	#fafafa	2024-07-22 11:55:28.558921	2024-07-22 11:55:28.558921	\N	\N
22	39	https://upload.wikimedia.org/wikipedia/commons/1/1b/%D0%98%D0%B7%D0%BE%D0%B1%D1%80%D0%B0%D0%B6%D0%B5%D0%BD%D0%B8%D0%B5_307.jpg	https://upload.wikimedia.org/wikipedia/commons/1/1b/%D0%98%D0%B7%D0%BE%D0%B1%D1%80%D0%B0%D0%B6%D0%B5%D0%BD%D0%B8%D0%B5_307.jpg	#fafafa	#000014	#ffffff	#fafafa	2024-07-22 11:55:28.530324	2024-07-22 11:55:28.530324	\N	\N
23	40	https://upload.wikimedia.org/wikipedia/commons/1/1b/%D0%98%D0%B7%D0%BE%D0%B1%D1%80%D0%B0%D0%B6%D0%B5%D0%BD%D0%B8%D0%B5_307.jpg	https://upload.wikimedia.org/wikipedia/commons/1/1b/%D0%98%D0%B7%D0%BE%D0%B1%D1%80%D0%B0%D0%B6%D0%B5%D0%BD%D0%B8%D0%B5_307.jpg	#fafafa	#000005	#ffffff	#fafafa	2024-07-22 11:55:29.242773	2024-07-22 11:55:29.242773	\N	\N
24	41	https://upload.wikimedia.org/wikipedia/commons/1/1b/%D0%98%D0%B7%D0%BE%D0%B1%D1%80%D0%B0%D0%B6%D0%B5%D0%BD%D0%B8%D0%B5_307.jpg	https://upload.wikimedia.org/wikipedia/commons/1/1b/%D0%98%D0%B7%D0%BE%D0%B1%D1%80%D0%B0%D0%B6%D0%B5%D0%BD%D0%B8%D0%B5_307.jpg	#fafafa	#000025	#ffffff	#fafafa	2024-07-22 11:55:29.287156	2024-07-22 11:55:29.287156	\N	\N
25	42	https://upload.wikimedia.org/wikipedia/commons/1/1b/%D0%98%D0%B7%D0%BE%D0%B1%D1%80%D0%B0%D0%B6%D0%B5%D0%BD%D0%B8%D0%B5_307.jpg	https://upload.wikimedia.org/wikipedia/commons/1/1b/%D0%98%D0%B7%D0%BE%D0%B1%D1%80%D0%B0%D0%B6%D0%B5%D0%BD%D0%B8%D0%B5_307.jpg	#fafafa	#000015	#ffffff	#fafafa	2024-07-22 11:55:29.293689	2024-07-22 11:55:29.293689	\N	\N
16	33	https://upload.wikimedia.org/wikipedia/commons/1/1b/%D0%98%D0%B7%D0%BE%D0%B1%D1%80%D0%B0%D0%B6%D0%B5%D0%BD%D0%B8%D0%B5_307.jpg	https://upload.wikimedia.org/wikipedia/commons/1/1b/%D0%98%D0%B7%D0%BE%D0%B1%D1%80%D0%B0%D0%B6%D0%B5%D0%BD%D0%B8%D0%B5_307.jpg	#fafafa	#000022	#ffffff	#fafafa	2024-07-22 11:55:26.932661	2024-07-29 14:06:05.424348	\N	\N
1	3	https://proxy.happeas.space/file/read/local/1/Nissan-car-facts-cover-061020211030.jpg	https://proxy.happeas.space/file/read/local/1/4768aa1c2e2bf59b17a9607a77e81a6a.jpg	#14ff92	#ff335c	#281d06	#FFA800	2024-07-19 18:07:01.476	2024-07-25 14:42:28.225597	\N	[1,2,3,4,5]
4	9	https://proxy.happeas.space/file/read/local/1/4768aa1c2e2bf59b17a9607a77e81a6a.jpg	https://proxy.happeas.space/file/read/local/1/4768aa1c2e2bf59b17a9607a77e81a6a.jpg	#fafafa	#000000	#ffffff	#fafafa	2024-07-20 17:27:26.310098	2024-07-29 14:06:05.930658	\N	\N
27	44	https://upload.wikimedia.org/wikipedia/commons/1/1b/%D0%98%D0%B7%D0%BE%D0%B1%D1%80%D0%B0%D0%B6%D0%B5%D0%BD%D0%B8%D0%B5_307.jpg	https://upload.wikimedia.org/wikipedia/commons/1/1b/%D0%98%D0%B7%D0%BE%D0%B1%D1%80%D0%B0%D0%B6%D0%B5%D0%BD%D0%B8%D0%B5_307.jpg	#fafafa	#000026	#ffffff	#fafafa	2024-07-22 11:55:30.011139	2024-07-22 11:55:30.011139	\N	\N
113	206	https://proxy.happeas.space/file/read/local/2/81270979-38b6-4687-a51a-c924e86d8516.png	https://proxy.happeas.space/file/read/local/2/20546769.jpg	#ff0000	#ff00ea	#725e36	#634f62	2024-07-25 18:46:51.817	2024-07-25 22:56:26.462	\N	\N
117	214	https://proxy.happeas.space/file/read/local/169/image.png	https://proxy.happeas.space/file/read/local/169/image.png	#FFA800	#FFA800	#FFA800	#FFA800	2024-07-26 08:39:34.915	2024-07-26 08:39:49.154	\N	\N
122	220	https://proxy.happeas.space/file/read/local/169/image.png	https://proxy.happeas.space/file/read/local/169/image.png	#FFA800	#FFA800	#FFA800	#FFA800	2024-07-26 09:34:24.02	2024-07-26 09:34:24.02	\N	\N
126	224	https://proxy.happeas.space/file/read/local/169/image.png	https://proxy.happeas.space/file/read/local/169/image.png	#FFA800	#FFA800	#FFA800	#FFA800	2024-07-26 09:38:25.325	2024-07-26 09:38:25.325	\N	\N
130	238	https://proxy.happeas.space/file/read/local/169/image.png	https://proxy.happeas.space/file/read/local/169/image.png	#000000	#000000	#000000	#000000	2024-07-26 13:17:30.054	2024-07-26 13:17:30.054	\N	\N
138	250	https://proxy.happeas.space/file/read/local/24/pngtree-landscape-jpg-wallpapers-free-download-picture-image_2668463.jpg	https://proxy.happeas.space/file/read/local/24/pngtree-landscape-jpg-wallpapers-free-download-picture-image_2668463.jpg	#000000	#000000	#000000	#000000	2024-07-29 14:01:36.153	2024-07-29 14:01:58.948	\N	\N
134	258	https://shutok.ru/uploads/posts/2024-06/1717513345_shutok.ru.1.jpg	https://shutok.ru/uploads/posts/2024-06/1717513345_shutok.ru.1.jpg	#fafafa	#000000	#ffffff	#fafafa	2024-07-29 09:43:57.410347	2024-07-31 14:55:08.5999	\N	[1,2,3]
141	273	https://shutok.ru/uploads/posts/2024-06/1717513345_shutok.ru.1.jpg	https://shutok.ru/uploads/posts/2024-06/1717513345_shutok.ru.1.jpg	#ffffff	#000000	#fffff0	#fafafa	2024-07-31 12:11:42.143587	2024-07-31 16:32:25.377	\N	[1,3,4,5]
145	281	https://shutok.ru/uploads/posts/2024-06/1717513345_shutok.ru.1.jpg	https://shutok.ru/uploads/posts/2024-06/1717513345_shutok.ru.1.jpg	#abbcde	#123456	#ghghgh	#fafafa	2024-08-01 18:52:43.553881	2024-08-01 18:52:43.553881	\N	\N
149	304	https://shutok.ru/uploads/posts/2024-06/1717513345_shutok.ru.1.jpg	https://shutok.ru/uploads/posts/2024-06/1717513345_shutok.ru.1.jpg	#abbcde	#123456	#ghghgh	#fafafa	2024-08-01 23:27:56.514138	2024-08-01 23:27:56.514138	\N	\N
153	336	https://proxy.happeas.space/file/read/local/2/IMG_8161.jpg	https://proxy.happeas.space/file/read/local/2/IMG_8163.jpg	#925454	#932f2f	#933434	#974949	2024-08-13 15:39:46.606	2024-08-13 20:18:04.635	\N	\N
28	45	https://upload.wikimedia.org/wikipedia/commons/1/1b/%D0%98%D0%B7%D0%BE%D0%B1%D1%80%D0%B0%D0%B6%D0%B5%D0%BD%D0%B8%D0%B5_307.jpg	https://upload.wikimedia.org/wikipedia/commons/1/1b/%D0%98%D0%B7%D0%BE%D0%B1%D1%80%D0%B0%D0%B6%D0%B5%D0%BD%D0%B8%D0%B5_307.jpg	#fafafa	#000016	#ffffff	#fafafa	2024-07-22 11:55:30.017531	2024-07-22 11:55:30.017531	\N	\N
31	48	https://upload.wikimedia.org/wikipedia/commons/1/1b/%D0%98%D0%B7%D0%BE%D0%B1%D1%80%D0%B0%D0%B6%D0%B5%D0%BD%D0%B8%D0%B5_307.jpg	https://upload.wikimedia.org/wikipedia/commons/1/1b/%D0%98%D0%B7%D0%BE%D0%B1%D1%80%D0%B0%D0%B6%D0%B5%D0%BD%D0%B8%D0%B5_307.jpg	#fafafa	#000017	#ffffff	#fafafa	2024-07-22 11:55:30.858466	2024-07-22 11:55:30.858466	\N	\N
32	49	https://upload.wikimedia.org/wikipedia/commons/1/1b/%D0%98%D0%B7%D0%BE%D0%B1%D1%80%D0%B0%D0%B6%D0%B5%D0%BD%D0%B8%D0%B5_307.jpg	https://upload.wikimedia.org/wikipedia/commons/1/1b/%D0%98%D0%B7%D0%BE%D0%B1%D1%80%D0%B0%D0%B6%D0%B5%D0%BD%D0%B8%D0%B5_307.jpg	#fafafa	#000008	#ffffff	#fafafa	2024-07-22 11:55:31.408202	2024-07-22 11:55:31.408202	\N	\N
114	207	https://proxy.happeas.space/file/read/local/2/81270979-38b6-4687-a51a-c924e86d8516.png	https://proxy.happeas.space/file/read/local/2/20546769.jpg	#937d53	#FFA800	#FFA800	#FFA800	2024-07-25 18:49:02.853	2024-07-25 18:49:02.853	\N	\N
118	215	https://proxy.happeas.space/file/read/local/2/81270979-38b6-4687-a51a-c924e86d8516.png	https://proxy.happeas.space/file/read/local/2/1625502212_24-phonoteka-org-p-monstera-na-rabochii-stol-krasivo-oboi-25.jpg	#FFA800	#FFA800	#FFA800	#FFA800	2024-07-26 08:43:28.902	2024-07-26 08:45:12.463	\N	\N
123	221	https://proxy.happeas.space/file/read/local/169/image.png	https://proxy.happeas.space/file/read/local/169/image.png	#FFA800	#FFA800	#FFA800	#FFA800	2024-07-26 09:36:22.382	2024-07-26 09:36:22.382	\N	\N
127	225	https://proxy.happeas.space/file/read/local/24/pngtree-landscape-jpg-wallpapers-free-download-picture-image_2668463.jpg	https://proxy.happeas.space/file/read/local/24/pngtree-landscape-jpg-wallpapers-free-download-picture-image_2668463.jpg	#000000	#000000	#000000	#000000	2024-07-26 10:08:30.406	2024-07-26 10:08:30.406	\N	\N
121	218	https://proxy.happeas.space/file/read/local/2/81270979-38b6-4687-a51a-c924e86d8516.png	https://proxy.happeas.space/file/read/local/2/829604.jpg	#FFA800	#FFA800	#FFA800	#FFA800	2024-07-26 08:52:08.482	2024-07-29 14:06:01.920337	\N	\N
77	150	https://proxy.happeas.space/file/read/local/23/RobloxScreenShot20230531_194742517.png	https://proxy.happeas.space/file/read/local/23/templom vagott logo.jpg	#f80779	#f5ef0a	#1104fb	#13f807	2024-07-23 20:21:30.965	2024-07-29 14:06:03.427417	\N	\N
26	43	https://upload.wikimedia.org/wikipedia/commons/1/1b/%D0%98%D0%B7%D0%BE%D0%B1%D1%80%D0%B0%D0%B6%D0%B5%D0%BD%D0%B8%D0%B5_307.jpg	https://upload.wikimedia.org/wikipedia/commons/1/1b/%D0%98%D0%B7%D0%BE%D0%B1%D1%80%D0%B0%D0%B6%D0%B5%D0%BD%D0%B8%D0%B5_307.jpg	#fafafa	#000006	#ffffff	#fafafa	2024-07-22 11:55:29.962975	2024-07-29 14:06:04.923782	\N	\N
135	259	https://shutok.ru/uploads/posts/2024-06/1717513345_shutok.ru.1.jpg	https://shutok.ru/uploads/posts/2024-06/1717513345_shutok.ru.1.jpg	#fafafa	#000000	#ffffff	#fafafa	2024-07-29 09:43:57.760789	2024-07-30 16:12:46.431719	\N	[1,2,3,4,5,6,7]
131	241	https://proxy.happeas.space/file/read/local/2/IMG_8276.jpg	https://proxy.happeas.space/file/read/local/2/1715254286335.jpeg	#FFA800	#FFA800	#FFA800	#FFA800	2024-07-26 15:43:36.647	2024-07-31 14:32:45.004885	\N	[1,4,5]
142	276	https://proxy.happeas.space/file/read/local/2/IMG_8276.jpg	https://proxy.happeas.space/file/read/local/2/IMG_8276.jpg	#be9f60	#8f7032	#655f53	#c19c53	2024-07-31 16:22:23.611	2024-07-31 17:08:19.229	\N	\N
146	282	https://proxy.happeas.space/file/read/local/23/mÃÂ©hecske.jpg	https://proxy.happeas.space/file/read/local/23/709px-H&M-Logo.svg.png	#ffffff	#1530ea	#fe6001	#2bd540	2024-08-01 19:25:34.595	2024-08-01 22:50:51.163	\N	\N
150	314	https://shutok.ru/uploads/posts/2024-06/1717513345_shutok.ru.1.jpg	https://shutok.ru/uploads/posts/2024-06/1717513345_shutok.ru.1.jpg	#abbcde	#123456	#ghghgh	#fafafa	2024-08-02 12:07:14.29022	2024-08-02 12:07:14.29022	\N	\N
154	340	https://proxy.happeas.space/file/read/local/2/image (5).png	https://proxy.happeas.space/file/read/local/2/image (4).png	#FFA800	#FFA800	#FFA800	#FFA800	2024-08-14 16:48:45.261	2024-08-14 16:48:45.261	\N	\N
155	332	https://proxy.happeas.space/file/read/local/22/X-Trail-Sunset-Orange-801x375.jpg	https://proxy.happeas.space/file/read/local/22/X-Trail-Sunset-Orange-801x375.jpg	#000000	#000000	#000000	#000000	2024-08-19 13:26:09.804	2024-08-19 13:29:10.472	\N	\N
29	46	https://upload.wikimedia.org/wikipedia/commons/1/1b/%D0%98%D0%B7%D0%BE%D0%B1%D1%80%D0%B0%D0%B6%D0%B5%D0%BD%D0%B8%D0%B5_307.jpg	https://upload.wikimedia.org/wikipedia/commons/1/1b/%D0%98%D0%B7%D0%BE%D0%B1%D1%80%D0%B0%D0%B6%D0%B5%D0%BD%D0%B8%D0%B5_307.jpg	#fafafa	#000007	#ffffff	#fafafa	2024-07-22 11:55:30.69134	2024-07-22 11:55:30.69134	\N	\N
30	47	https://upload.wikimedia.org/wikipedia/commons/1/1b/%D0%98%D0%B7%D0%BE%D0%B1%D1%80%D0%B0%D0%B6%D0%B5%D0%BD%D0%B8%D0%B5_307.jpg	https://upload.wikimedia.org/wikipedia/commons/1/1b/%D0%98%D0%B7%D0%BE%D0%B1%D1%80%D0%B0%D0%B6%D0%B5%D0%BD%D0%B8%D0%B5_307.jpg	#fafafa	#000027	#ffffff	#fafafa	2024-07-22 11:55:30.810113	2024-07-22 11:55:30.810113	\N	\N
33	50	https://upload.wikimedia.org/wikipedia/commons/1/1b/%D0%98%D0%B7%D0%BE%D0%B1%D1%80%D0%B0%D0%B6%D0%B5%D0%BD%D0%B8%D0%B5_307.jpg	https://upload.wikimedia.org/wikipedia/commons/1/1b/%D0%98%D0%B7%D0%BE%D0%B1%D1%80%D0%B0%D0%B6%D0%B5%D0%BD%D0%B8%D0%B5_307.jpg	#fafafa	#000028	#ffffff	#fafafa	2024-07-22 11:55:31.542612	2024-07-22 11:55:31.542612	\N	\N
34	51	https://upload.wikimedia.org/wikipedia/commons/1/1b/%D0%98%D0%B7%D0%BE%D0%B1%D1%80%D0%B0%D0%B6%D0%B5%D0%BD%D0%B8%D0%B5_307.jpg	https://upload.wikimedia.org/wikipedia/commons/1/1b/%D0%98%D0%B7%D0%BE%D0%B1%D1%80%D0%B0%D0%B6%D0%B5%D0%BD%D0%B8%D0%B5_307.jpg	#fafafa	#000018	#ffffff	#fafafa	2024-07-22 11:55:31.599727	2024-07-22 11:55:31.599727	\N	\N
36	53	https://upload.wikimedia.org/wikipedia/commons/1/1b/%D0%98%D0%B7%D0%BE%D0%B1%D1%80%D0%B0%D0%B6%D0%B5%D0%BD%D0%B8%D0%B5_307.jpg	https://upload.wikimedia.org/wikipedia/commons/1/1b/%D0%98%D0%B7%D0%BE%D0%B1%D1%80%D0%B0%D0%B6%D0%B5%D0%BD%D0%B8%D0%B5_307.jpg	#fafafa	#000019	#ffffff	#fafafa	2024-07-22 11:55:32.412993	2024-07-22 11:55:32.412993	\N	\N
115	209	https://proxy.happeas.space/file/read/local/2/81270979-38b6-4687-a51a-c924e86d8516.png	https://proxy.happeas.space/file/read/local/2/20546769.jpg	#ff0000	#ff0000	#f00000	#ff0000	2024-07-25 18:52:05.409124	2024-07-25 19:00:34.599	\N	\N
119	216	https://proxy.happeas.space/file/read/local/2/81270979-38b6-4687-a51a-c924e86d8516.png	https://proxy.happeas.space/file/read/local/2/1625502212_24-phonoteka-org-p-monstera-na-rabochii-stol-krasivo-oboi-25.jpg	#FFA800	#FFA800	#FFA800	#FFA800	2024-07-26 08:49:25.288	2024-07-26 08:49:25.288	\N	\N
124	222	https://proxy.happeas.space/file/read/local/169/image.png	https://proxy.happeas.space/file/read/local/169/image.png	#FFA800	#FFA800	#FFA800	#FFA800	2024-07-26 09:36:55.378	2024-07-26 09:36:55.378	\N	\N
132	256	https://proxy.happeas.space/file/read/local/22/nissan.jpg	https://proxy.happeas.space/file/read/local/22/X-Trail-Sunset-Orange-801x375.jpg	#ff3300	#FFA800	#FFA800	#002aff	2024-07-29 09:38:18.875	2024-07-29 09:38:39.948	\N	\N
136	264	https://proxy.happeas.space/file/read/local/2/81270979-38b6-4687-a51a-c924e86d8516.png	https://proxy.happeas.space/file/read/local/2/20546769.jpg	#000000	#000000	#000000	#000000	2024-07-29 11:35:00.899	2024-07-29 11:35:00.899	\N	\N
139	271	https://proxy.happeas.space/file/read/local/22/nissan.jpg	https://proxy.happeas.space/file/read/local/22/X-Trail-Sunset-Orange-801x375.jpg	#ff1900	#FFA800	#2b00ff	#FFA800	2024-07-29 16:44:03.039	2024-07-29 16:57:21.910736	\N	[1,2,3,4,5,6,7]
143	277	https://proxy.happeas.space/file/read/local/22/nissan.jpg	https://proxy.happeas.space/file/read/local/22/X-Trail-Sunset-Orange-801x375.jpg	#00ffb3	#FFA800	#002aff	#ff0095	2024-08-01 08:56:58.218	2024-08-01 09:54:15.708	\N	\N
147	283	https://proxy.happeas.space/file/read/local/23/sarki roka.jpg	https://proxy.happeas.space/file/read/local/23/SkÃÂ³cia.jpg	#2529c0	#1bf00f	#ff0000	#ffffff	2024-08-01 19:35:39.569	2024-08-01 23:49:10.911401	\N	[1,4,5,6]
151	315	\N	\N	#abbcde	#123456	#ghghgh	#fafafa	2024-08-02 12:07:14.532186	2024-08-02 12:07:14.532186	\N	\N
128	22	https://proxy.happeas.space/file/read/local/22/nissan.jpg	https://proxy.happeas.space/file/read/local/22/nissan.jpg	#e13737	#3b26df	#e12d2d	#d41c1c	2024-07-26 12:06:19.333	2024-08-09 11:22:04.147	\N	\N
35	52	https://upload.wikimedia.org/wikipedia/commons/1/1b/%D0%98%D0%B7%D0%BE%D0%B1%D1%80%D0%B0%D0%B6%D0%B5%D0%BD%D0%B8%D0%B5_307.jpg	https://upload.wikimedia.org/wikipedia/commons/1/1b/%D0%98%D0%B7%D0%BE%D0%B1%D1%80%D0%B0%D0%B6%D0%B5%D0%BD%D0%B8%D0%B5_307.jpg	#fafafa	#000009	#ffffff	#fafafa	2024-07-22 11:55:32.143304	2024-07-22 11:55:32.143304	\N	\N
38	60	\N	\N	\N	\N	\N	\N	2024-07-22 14:41:58.327602	2024-07-22 14:41:58.327602	\N	\N
39	61	\N	\N	\N	\N	\N	\N	2024-07-22 14:41:58.319783	2024-07-22 14:41:58.319783	\N	\N
40	62	\N	\N	\N	\N	\N	\N	2024-07-22 14:41:59.035981	2024-07-22 14:41:59.035981	\N	\N
41	63	\N	\N	\N	\N	\N	\N	2024-07-22 14:41:59.026197	2024-07-22 14:41:59.026197	\N	\N
42	64	\N	\N	\N	\N	\N	\N	2024-07-22 14:41:59.746005	2024-07-22 14:41:59.746005	\N	\N
43	65	\N	\N	\N	\N	\N	\N	2024-07-22 14:42:00.246748	2024-07-22 14:42:00.246748	\N	\N
44	66	\N	\N	\N	\N	\N	\N	2024-07-22 14:42:00.358516	2024-07-22 14:42:00.358516	\N	\N
45	67	\N	\N	\N	\N	\N	\N	2024-07-22 14:42:00.851248	2024-07-22 14:42:00.851248	\N	\N
46	68	\N	\N	\N	\N	\N	\N	2024-07-22 14:42:00.960821	2024-07-22 14:42:00.960821	\N	\N
47	69	\N	\N	\N	\N	\N	\N	2024-07-22 14:42:01.462412	2024-07-22 14:42:01.462412	\N	\N
48	70	\N	\N	\N	\N	\N	\N	2024-07-22 14:42:01.626101	2024-07-22 14:42:01.626101	\N	\N
49	71	\N	\N	\N	\N	\N	\N	2024-07-22 14:42:02.066914	2024-07-22 14:42:02.066914	\N	\N
50	72	\N	\N	\N	\N	\N	\N	2024-07-22 14:42:02.237106	2024-07-22 14:42:02.237106	\N	\N
51	73	\N	\N	\N	\N	\N	\N	2024-07-22 14:42:02.709471	2024-07-22 14:42:02.709471	\N	\N
52	74	\N	\N	\N	\N	\N	\N	2024-07-22 14:42:02.849712	2024-07-22 14:42:02.849712	\N	\N
53	75	\N	\N	\N	\N	\N	\N	2024-07-22 14:42:03.358807	2024-07-22 14:42:03.358807	\N	\N
54	76	\N	\N	\N	\N	\N	\N	2024-07-22 14:42:03.448694	2024-07-22 14:42:03.448694	\N	\N
55	77	\N	\N	\N	\N	\N	\N	2024-07-22 14:42:04.051579	2024-07-22 14:42:04.051579	\N	\N
56	102	\N	\N	\N	\N	\N	\N	2024-07-22 15:44:52.793402	2024-07-22 15:44:52.793402	\N	\N
57	103	\N	\N	\N	\N	\N	\N	2024-07-22 15:44:52.800745	2024-07-22 15:44:52.800745	\N	\N
58	104	\N	\N	\N	\N	\N	\N	2024-07-22 15:44:52.800863	2024-07-22 15:44:52.800863	\N	\N
59	105	\N	\N	\N	\N	\N	\N	2024-07-22 15:44:53.568814	2024-07-22 15:44:53.568814	\N	\N
60	106	\N	\N	\N	\N	\N	\N	2024-07-22 15:44:53.569721	2024-07-22 15:44:53.569721	\N	\N
61	107	\N	\N	\N	\N	\N	\N	2024-07-22 15:44:54.216214	2024-07-22 15:44:54.216214	\N	\N
89	176	https://proxy.happeas.space/file/read/local/2/IMG_8159.jpg	https://proxy.happeas.space/file/read/local/2/IMG_8161.jpg	#FFA800	#FFA800	#FFA800	#FFA800	2024-07-25 11:20:50.399	2024-07-29 14:06:02.923172	\N	[1,2,3]
63	109	\N	\N	\N	\N	\N	\N	2024-07-22 15:44:54.852519	2024-07-22 15:44:54.852519	\N	\N
64	110	\N	\N	\N	\N	\N	\N	2024-07-22 15:44:54.902174	2024-07-22 15:44:54.902174	\N	\N
66	112	\N	\N	\N	\N	\N	\N	2024-07-22 15:44:55.509214	2024-07-22 15:44:55.509214	\N	\N
67	113	\N	\N	\N	\N	\N	\N	2024-07-22 15:44:56.101488	2024-07-22 15:44:56.101488	\N	\N
68	114	\N	\N	\N	\N	\N	\N	2024-07-22 15:44:56.127281	2024-07-22 15:44:56.127281	\N	\N
69	115	\N	\N	\N	\N	\N	\N	2024-07-22 15:44:56.857421	2024-07-22 15:44:56.857421	\N	\N
70	116	\N	\N	\N	\N	\N	\N	2024-07-22 15:44:57.369072	2024-07-22 15:44:57.369072	\N	\N
65	111	\N	\N	\N	\N	\N	\N	2024-07-22 15:44:55.467442	2024-07-29 14:06:03.926759	\N	\N
37	54	https://upload.wikimedia.org/wikipedia/commons/1/1b/%D0%98%D0%B7%D0%BE%D0%B1%D1%80%D0%B0%D0%B6%D0%B5%D0%BD%D0%B8%D0%B5_307.jpg	https://upload.wikimedia.org/wikipedia/commons/1/1b/%D0%98%D0%B7%D0%BE%D0%B1%D1%80%D0%B0%D0%B6%D0%B5%D0%BD%D0%B8%D0%B5_307.jpg	#fafafa	#000029	#ffffff	#fafafa	2024-07-22 11:55:32.402158	2024-07-29 14:06:04.424982	\N	\N
74	120	\N	\N	\N	\N	\N	\N	2024-07-22 15:44:58.729718	2024-07-22 15:44:58.729718	\N	\N
71	117	\N	\N	\N	\N	\N	\N	2024-07-22 15:44:57.493613	2024-07-23 09:36:48.364291	\N	[1,3]
76	134	https://proxy.happeas.space/file/read/local/2/IMG_8161.jpg	https://proxy.happeas.space/file/read/local/2/IMG_8160.jpg	#FFA800	#FFA800	#FFA800	#FFA800	2024-07-23 11:57:09.231	2024-07-23 11:57:49.971	\N	\N
80	149	\N	\N	\N	\N	\N	\N	2024-07-23 21:04:19.829	2024-07-23 21:04:19.829	{"componentsOrder":["AreaChartComponent","Box","BasicTables"],"lineChartData":[{"id":"lineValue1","title":"32.5","subTitle":"Lorem","data":[820,932,901,934,1290,1330,1320,820,932,901,934,1290,1330,1320],"color":"#FFA500"},{"id":"lineValue2","title":"65.0","subTitle":"Lorem","data":[820,932,901,934,1290,1330,1320],"color":"#3F56CB"},{"id":"lineValue3","title":"86.8","subTitle":"Lorem","data":[820,932,901,934,1290,1330,1320],"color":"#0D8F6F"},{"id":"lineValue4","title":"74.8","subTitle":"Lorem","data":[820,932,901,934,1290,1330,1320],"color":"#D82700"}],"sliderValues":[6,5,5,5]}	\N
79	152	\N	\N	#cacaca	#000200	#aaaaaa	#bbbbbb	2024-07-23 20:36:57.734919	2024-07-23 21:11:33.000828	\N	[3,5,6]
81	153	\N	\N	#fafafa	#000000	#ffffff	#fafafa	2024-07-24 09:27:29.877744	2024-07-24 09:27:29.877744	\N	\N
75	127	https://proxy.happeas.space/file/read/local/2/81270979-38b6-4687-a51a-c924e86d8516.png	https://proxy.happeas.space/file/read/local/2/el_vetka_sneg_137167_1600x1200.jpg	#FFA800	#FFA800	#FFA800	#FFA800	2024-07-22 17:20:41.925	2024-07-24 13:11:12.907416	\N	[1,3,6,7]
83	155	https://proxy.happeas.space/file/read/local/23/StarStable 2022-03-06 14-26-13.png	https://proxy.happeas.space/file/read/local/23/StarStable 2022-03-05 15-02-36.png	#fafbbb	#000100	#fff000	#fafccc	2024-07-24 09:32:31.16407	2024-07-24 16:11:37.706	\N	\N
72	118	https://proxy.happeas.space/file/read/local/1/bg.jpg	https://proxy.happeas.space/file/read/local/1/22.png	#994d4d	#cf8181	#772222	#955f5f	2024-07-22 15:44:57.999617	2024-07-24 16:22:12.64	\N	\N
73	119	https://proxy.happeas.space/file/read/local/2/IMG_8161.jpg	https://proxy.happeas.space/file/read/local/2/IMG_8159.jpg	#000000	#000000	#000000	#000000	2024-07-22 15:44:58.141918	2024-07-24 16:40:37.176	\N	\N
84	164	https://proxy.happeas.space/file/read/local/1/4768aa1c2e2bf59b17a9607a77e81a6a.jpg	https://proxy.happeas.space/file/read/local/1/Nissan-car-facts-cover-061020211030.jpg	#6f6b62	#FFA800	#948d7f	#FFA800	2024-07-24 16:42:43.467	2024-07-24 16:42:43.467	\N	\N
78	151	https://proxy.happeas.space/file/read/local/23/templom vagott logo.jpg	https://proxy.happeas.space/file/read/local/23/RobloxScreenShot20230531_194742517.png	#4e48b7	#FFA800	#b7bd42	#cbd926	2024-07-23 20:26:10.998	2024-07-25 09:08:43.252	\N	\N
85	166	https://proxy.happeas.space/file/read/local/1/Nissan-car-facts-cover-061020211030.jpg	https://proxy.happeas.space/file/read/local/1/Nissan-car-facts-cover-061020211030.jpg	#8f5f00	#FFA800	#FFA800	#FFA800	2024-07-25 09:10:48.936	2024-07-25 09:18:33.437	\N	\N
87	171	https://proxy.happeas.space/file/read/local/2/IMG_8163.jpg	https://proxy.happeas.space/file/read/local/2/IMG_8161.jpg	#FFA800	#FFA800	#FFA800	#FFA800	2024-07-25 10:12:13.076	2024-07-25 10:12:27.771	\N	\N
88	174	https://proxy.happeas.space/file/read/local/169/image (2).png	https://proxy.happeas.space/file/read/local/169/image (1).png	#FFA800	#FFA800	#FFA800	#FFA800	2024-07-25 10:31:57.414	2024-07-25 12:00:18.707	\N	\N
62	108	https://proxy.happeas.space/file/read/local/1/bg.jpg	https://proxy.happeas.space/file/read/local/1/Nissan-car-facts-cover-061020211030.jpg	#a32929	#651515	#842a2a	#6b3838	2024-07-22 15:44:54.278165	2024-07-25 12:02:28.824	\N	\N
90	177	https://proxy.happeas.space/file/read/local/1/22.png	https://proxy.happeas.space/file/read/local/1/22.png	#000000	#FFA800	#FFA800	#FFA800	2024-07-25 11:28:43.222	2024-07-25 12:26:26.967	\N	\N
91	23	https://proxy.happeas.space/file/read/local/1/bg.jpg	https://proxy.happeas.space/file/read/local/1/pg-thumb.png	#000000	#000000	#000000	#000000	2024-07-25 14:03:13.664	2024-07-25 14:03:13.664	\N	\N
82	154	\N	\N	#fafafa	#000000	#ffffff	#fafafa	2024-07-24 09:32:30.410485	2024-07-25 14:53:34.150447	\N	[4,5,6,7]
92	182	https://encrypted-tbn0.gstatic.com/images?q=tbn:ANd9GcTWestySFdjEYa_HB1RMZVgx07ds7WXNUpLaQ&s	https://encrypted-tbn0.gstatic.com/images?q=tbn:ANd9GcTWestySFdjEYa_HB1RMZVgx07ds7WXNUpLaQ&s	#fafafa	#000000	#ffffff	#fafafa	2024-07-25 15:46:43.849124	2024-07-25 15:46:43.849124	\N	\N
93	184	https://shutok.ru/uploads/posts/2024-06/1717513345_shutok.ru.1.jpg	https://shutok.ru/uploads/posts/2024-06/1717513345_shutok.ru.1.jpg	#fafafa	#000000	#ffffff	#fafafa	2024-07-25 15:59:59.676405	2024-07-25 15:59:59.676405	\N	\N
95	185	https://shutok.ru/uploads/posts/2024-06/1717513345_shutok.ru.1.jpg	https://shutok.ru/uploads/posts/2024-06/1717513345_shutok.ru.1.jpg	#fafafa	#000000	#ffffff	#fafafa	2024-07-25 16:58:16.769698	2024-07-25 16:58:16.769698	\N	\N
96	186	https://shutok.ru/uploads/posts/2024-06/1717513345_shutok.ru.1.jpg	https://shutok.ru/uploads/posts/2024-06/1717513345_shutok.ru.1.jpg	#fafafa	#000000	#ffffff	#fafafa	2024-07-25 16:58:17.017447	2024-07-25 16:58:17.017447	\N	\N
97	187	https://shutok.ru/uploads/posts/2024-06/1717513345_shutok.ru.1.jpg	https://shutok.ru/uploads/posts/2024-06/1717513345_shutok.ru.1.jpg	#fafafa	#000000	#ffffff	#fafafa	2024-07-25 16:58:17.231134	2024-07-25 16:58:17.231134	\N	\N
98	188	https://shutok.ru/uploads/posts/2024-06/1717513345_shutok.ru.1.jpg	https://shutok.ru/uploads/posts/2024-06/1717513345_shutok.ru.1.jpg	#fafafa	#000000	#ffffff	#fafafa	2024-07-25 17:05:48.979731	2024-07-25 17:05:48.979731	\N	\N
99	189	https://shutok.ru/uploads/posts/2024-06/1717513345_shutok.ru.1.jpg	https://shutok.ru/uploads/posts/2024-06/1717513345_shutok.ru.1.jpg	#fafafa	#000000	#ffffff	#fafafa	2024-07-25 17:05:49.280633	2024-07-25 17:05:49.280633	\N	\N
100	190	https://shutok.ru/uploads/posts/2024-06/1717513345_shutok.ru.1.jpg	https://shutok.ru/uploads/posts/2024-06/1717513345_shutok.ru.1.jpg	#fafafa	#000000	#ffffff	#fafafa	2024-07-25 17:05:49.478358	2024-07-25 17:05:49.478358	\N	\N
101	191	https://shutok.ru/uploads/posts/2024-06/1717513345_shutok.ru.1.jpg	https://shutok.ru/uploads/posts/2024-06/1717513345_shutok.ru.1.jpg	#fafafa	#000000	#ffffff	#fafafa	2024-07-25 17:13:42.295952	2024-07-25 17:13:42.295952	\N	\N
102	192	https://shutok.ru/uploads/posts/2024-06/1717513345_shutok.ru.1.jpg	https://shutok.ru/uploads/posts/2024-06/1717513345_shutok.ru.1.jpg	#fafafa	#000000	#ffffff	#fafafa	2024-07-25 17:13:42.550536	2024-07-25 17:13:42.550536	\N	\N
103	193	https://shutok.ru/uploads/posts/2024-06/1717513345_shutok.ru.1.jpg	https://shutok.ru/uploads/posts/2024-06/1717513345_shutok.ru.1.jpg	#fafafa	#000000	#ffffff	#fafafa	2024-07-25 17:13:42.781717	2024-07-25 17:13:42.781717	\N	\N
104	194	https://shutok.ru/uploads/posts/2024-06/1717513345_shutok.ru.1.jpg	https://shutok.ru/uploads/posts/2024-06/1717513345_shutok.ru.1.jpg	#fafafa	#000000	#ffffff	#fafafa	2024-07-25 17:14:52.548581	2024-07-25 17:14:52.548581	\N	\N
105	195	https://shutok.ru/uploads/posts/2024-06/1717513345_shutok.ru.1.jpg	https://shutok.ru/uploads/posts/2024-06/1717513345_shutok.ru.1.jpg	#fafafa	#000000	#ffffff	#fafafa	2024-07-25 17:14:52.7859	2024-07-25 17:14:52.7859	\N	\N
106	196	https://shutok.ru/uploads/posts/2024-06/1717513345_shutok.ru.1.jpg	https://shutok.ru/uploads/posts/2024-06/1717513345_shutok.ru.1.jpg	#fafafa	#000000	#ffffff	#fafafa	2024-07-25 17:14:52.993685	2024-07-25 17:14:52.993685	\N	\N
116	213	https://proxy.happeas.space/file/read/local/1/pg-thumb.png	https://proxy.happeas.space/file/read/local/1/bg.jpg	#887859	#FFA800	#FFA800	#FFA800	2024-07-25 22:57:42.225	2024-07-26 08:38:11.512	\N	\N
107	199	https://proxy.happeas.space/file/read/local/169/Add_Competitors_pop_up (1).png	https://proxy.happeas.space/file/read/local/169/Add_Competitors_pop_up (1).png	#FFA800	#FFA800	#FFA800	#FFA800	2024-07-25 17:40:30.37	2024-07-25 17:40:30.37	\N	\N
86	170	https://proxy.happeas.space/file/read/local/2/IMG_8163.jpg	https://proxy.happeas.space/file/read/local/2/IMG_8276.jpg	#FFA800	#FFA800	#FFA800	#FFA800	2024-07-25 09:55:41.268	2024-07-25 17:55:16.339475	\N	[1,2,3]
108	201	https://shutok.ru/uploads/posts/2024-06/1717513345_shutok.ru.1.jpg	https://shutok.ru/uploads/posts/2024-06/1717513345_shutok.ru.1.jpg	#fafafa	#000000	#ffffff	#fafafa	2024-07-25 18:10:44.613934	2024-07-25 18:10:44.613934	\N	\N
110	203	https://shutok.ru/uploads/posts/2024-06/1717513345_shutok.ru.1.jpg	https://shutok.ru/uploads/posts/2024-06/1717513345_shutok.ru.1.jpg	#fafafa	#000000	#ffffff	#fafafa	2024-07-25 18:10:45.076583	2024-07-25 18:10:45.076583	\N	\N
120	217	https://proxy.happeas.space/file/read/local/2/81270979-38b6-4687-a51a-c924e86d8516.png	https://proxy.happeas.space/file/read/local/2/20546769.jpg	#FFA800	#FFA800	#FFA800	#FFA800	2024-07-26 08:51:13.637	2024-07-26 08:51:13.637	\N	\N
125	223	https://proxy.happeas.space/file/read/local/169/image.png	https://proxy.happeas.space/file/read/local/169/image.png	#FFA800	#FFA800	#FFA800	#FFA800	2024-07-26 09:37:52.502	2024-07-26 09:37:52.502	\N	\N
94	1	https://proxy.happeas.space/file/read/local/1/bg.jpg	https://proxy.happeas.space/file/read/local/1/bg.jpg	#000000	#000000	#000000	#000000	2024-07-25 16:05:22.877	2024-07-26 09:39:52.191	\N	\N
111	204	https://proxy.happeas.space/file/read/local/2/20546769.jpg	https://proxy.happeas.space/file/read/local/2/81270979-38b6-4687-a51a-c924e86d8516.png	#302f2c	#38352e	#2e2c28	#23221f	2024-07-25 18:31:18.814	2024-07-25 18:35:00.796	\N	\N
129	237	https://proxy.happeas.space/file/read/local/2/81270979-38b6-4687-a51a-c924e86d8516.png	https://proxy.happeas.space/file/read/local/2/1625502212_24-phonoteka-org-p-monstera-na-rabochii-stol-krasivo-oboi-25.jpg	#000000	#e7ac36	#000000	#d9b468	2024-07-26 13:11:07.048	2024-07-26 13:12:12.656	\N	\N
112	205	https://proxy.happeas.space/file/read/local/2/81270979-38b6-4687-a51a-c924e86d8516.png	https://proxy.happeas.space/file/read/local/2/20546769.jpg	#a7997b	#e5af43	#d8ceba	#896d34	2024-07-25 18:45:08.687	2024-07-25 18:45:42.97	\N	\N
109	202	https://shutok.ru/uploads/posts/2024-06/1717513345_shutok.ru.1.jpg	https://shutok.ru/uploads/posts/2024-06/1717513345_shutok.ru.1.jpg	#fafafa	#000000	#ffffff	#fafafa	2024-07-25 18:10:44.87573	2024-07-29 14:06:02.420597	\N	\N
137	269	https://shutok.ru/uploads/posts/2024-06/1717513345_shutok.ru.1.jpg	https://shutok.ru/uploads/posts/2024-06/1717513345_shutok.ru.1.jpg	#fafafa	#000000	#ffffff	#fafafa	2024-07-29 12:26:25.567784	2024-07-30 19:06:12.893	\N	\N
140	272	https://proxy.happeas.space/file/read/local/22/nissan.jpg	https://proxy.happeas.space/file/read/local/22/X-Trail-Sunset-Orange-801x375.jpg	#ff5900	#FFA800	#ff0019	#FFA800	2024-07-31 12:00:03.525	2024-07-31 12:00:03.525	\N	\N
144	278	https://proxy.happeas.space/file/read/local/2/1715254286335.jpeg	https://proxy.happeas.space/file/read/local/2/IMG_8276.jpg	#FFA800	#FFA800	#FFA800	#FFA800	2024-08-01 09:32:12.443	2024-08-01 09:32:12.443	\N	\N
133	257	https://shutok.ru/uploads/posts/2024-06/1717513345_shutok.ru.1.jpg	https://shutok.ru/uploads/posts/2024-06/1717513345_shutok.ru.1.jpg	#fafafa	#000000	#ffffff	#fafafa	2024-07-29 09:43:56.721775	2024-08-01 19:10:05.638	\N	\N
148	300	https://shutok.ru/uploads/posts/2024-06/1717513345_shutok.ru.1.jpg	https://shutok.ru/uploads/posts/2024-06/1717513345_shutok.ru.1.jpg	#fafafa	#000000	#ffffff	#fafafa	2024-08-01 23:18:05.545869	2024-08-01 23:18:05.545869	\N	\N
152	335	https://proxy.happeas.space/file/read/local/2/IMG_8163.jpg	https://proxy.happeas.space/file/read/local/2/IMG_8276.jpg	#862828	#8a2e2e	#571414	#8e1a1a	2024-08-13 15:37:58.7	2024-08-13 15:37:58.7	\N	\N
\.


--
-- Data for Name: user_comments; Type: TABLE DATA; Schema: public; Owner: pma
--

COPY public.user_comments (id, who_created, user_id, comment, created_at, updated_at, deleted_at) FROM stdin;
1	24	23	<p>упс</p>	2024-07-22 11:40:34.892794	2024-07-22 16:22:19.283813	2024-07-22 16:22:19.283813
2	24	23	<p>абр</p>	2024-07-22 16:23:34.836545	2024-07-22 16:23:34.836545	\N
3	225	181	<p>qweqwe</p>	2024-07-26 10:09:16.17605	2024-07-26 10:10:05.344112	2024-07-26 10:10:05.344112
5	225	180	<p>jhgfh</p>	2024-07-26 10:49:18.385815	2024-07-26 10:49:18.385815	\N
4	225	180	<p>ghgh</p>	2024-07-26 10:09:26.357328	2024-07-26 10:53:50.212372	\N
6	225	234	<p>jyhyutyut</p>	2024-07-26 11:57:55.929929	2024-07-26 11:58:17.640473	\N
7	225	234	<p>tyrfurfuiyyi</p>	2024-07-26 11:58:34.099202	2024-07-26 11:58:44.085236	\N
8	22	234	<p>heyheyhey</p>	2024-07-26 12:07:21.916074	2024-07-26 12:07:44.158018	\N
9	22	255	<p>Hey, you're good</p>	2024-08-01 15:21:15.016909	2024-08-01 15:21:15.016909	\N
10	22	253	<p>Any new</p>	2024-08-02 09:46:49.429044	2024-08-02 09:47:10.920588	\N
11	22	254	<p>Nice job!</p>	2024-08-09 11:35:16.068784	2024-08-09 11:35:16.068784	\N
12	23	253	<p>IT seems to overwerite only, we will need add new here</p><p>&nbsp;</p>	2024-08-09 16:43:58.400041	2024-08-09 16:46:18.393736	\N
\.


--
-- Data for Name: user_handbook; Type: TABLE DATA; Schema: public; Owner: pma
--

COPY public.user_handbook (id, name, type, handbook_group_id, sort, status, code) FROM stdin;
2	Where are you willing to visit?	radio	1	1	t	willing_visit
3	Zip code	input	1	1	t	zip_code
4	Language	select	1	2	t	language
6	Office address	input	2	4	t	office_address
7	Contract end date	input	2	5	t	contract_end_date
8	Contract person name	input	2	6	t	contract_person_name
9	Competitor client	input	2	7	t	competitor_client
10	Subdivisions client	multiselect	2	8	t	subdivisions_client
11	Date of birth	date	3	1	t	date_of_birth
12	Reliable transportation	select	4	2	t	reliable_transportation
13	Highest completed educational(optional)	select	4	3	t	completed_educational
14	Current job(optional)	input	4	4	t	current_job
15	Income level	input	4	5	t	income_level
16	Employment type	select	4	6	t	employment_type
17	Partner employment type	input	4	7	t	partner_employment_type
18	Number of children(optional)	select	4	8	t	number_of_children
19	Where did you hear from us?	select	4	9	t	here_from_us
20	Postal code	input	4	10	t	postal_code
21	PayPal address	input	4	11	t	paypal_address
22	Do you like to travel?	select	4	12	t	like_travel
23	Pets(optional)	input	4	13	t	pets
24	Do you have a valid driver’s licence?	select	4	14	t	driver_licence
38	Colour	input	5	2	t	colour_competitor
39	Competitor location	input	5	1	t	location_competitor
25	Driving Experience	select	3	1	t	driving_experience
26	Bank	select	3	2	t	bank
27	Currency	select	3	3	t	currencies
28	MSP Logo	input	6	1	t	logo
29	MSP App Logo	input	6	2	t	app_logo
30	MSP Main Color	input	6	3	t	main_color
31	MSP Text Color	input	6	4	t	text_color
32	MSP Sub Menu Color	input	6	5	t	sub_menu_color
33	MSP Sub Menu Text Color	input	6	6	t	sub_menu_text_color
34	Address	input	1	9	t	address
41	Shopper link	input	1	1	t	shopper_link
42	Manager link	input	1	2	t	manager_link
43	Sub msp name	input	1	3	t	sub_msp_name
1	If you have a car?	radio	1	1	t	have_car
5	Industry	select	2	3	t	industry
\.


--
-- Data for Name: user_handbook_filling; Type: TABLE DATA; Schema: public; Owner: pma
--

COPY public.user_handbook_filling (id, user_id, handbook_id, value, json_value) FROM stdin;
605	140	4	de	\N
606	140	34	dfwdfw	\N
607	140	3	3521	\N
641	148	4	de	\N
642	148	34	dsfd	\N
17	4	1		\N
18	4	2		\N
643	148	3	2213	\N
20	4	3		\N
21	4	12		\N
22	4	11		\N
23	4	17		\N
24	4	19		\N
25	4	18		\N
26	4	20		\N
27	4	21		\N
28	4	14		\N
29	4	16		\N
30	4	23		\N
31	4	24		\N
32	4	25		\N
33	4	26		\N
34	4	27		\N
35	4	22		\N
36	4	13		\N
37	4	15		\N
38	4	34		\N
39	4	4		\N
40	9	6	test addr	\N
41	9	3	690011	\N
42	9	4	de	\N
43	9	5	business_to_business	\N
45	9	8	test upd	\N
46	9	10		["computer_software","customer_service"]
47	10	34	Random address	\N
48	10	4	de	\N
49	12	4	de	\N
50	12	5	business_to_business	\N
51	12	3	690011	\N
52	12	6	test addr	\N
53	12	8	test upd	\N
668	153	4	de	\N
55	12	10		["computer_software","customer_service"]
56	14	34	Test address	\N
57	14	3	1234	\N
58	15	34	asdfasf	\N
59	15	3	2344	\N
60	16	34	asdfad	\N
61	16	3	4255	\N
62	17	34	adcsadv	\N
63	17	3	2468	\N
64	19	34	asdfasfa	\N
65	19	3	2345	\N
760	119	3		\N
763	119	43		\N
774	164	6	ewrwerew	\N
817	166	5	lottery_store	\N
818	166	6	231223werew	\N
819	166	3	3334	\N
820	166	8	deww	\N
821	166	9	232	\N
822	166	10		["wood","life_insurance"]
823	166	7	2024-07-31	\N
824	166	4	de	\N
841	171	5	business_to_business	\N
842	171	6	123	\N
106	21	34	dfcsdf	\N
107	21	3	3245	\N
108	21	4	fr	\N
109	24	1		\N
110	24	3		\N
111	24	11		\N
112	24	17		\N
113	24	18		\N
114	24	2		\N
116	24	13		\N
117	24	15		\N
118	24	12		\N
119	24	21		\N
120	24	23		\N
121	24	24		\N
122	24	14		\N
123	24	22		\N
124	24	27		\N
125	24	34		\N
126	24	19		\N
127	24	20		\N
128	24	26		\N
129	24	25		\N
130	24	16		\N
131	24	4		\N
132	27	3	690011	\N
133	27	6	test addr	\N
134	27	4	de	\N
136	27	8	test upd	\N
137	27	5	business_to_business	\N
138	27	10		["computer_software","customer_service"]
139	25	3	690011	\N
140	25	4	de	\N
141	25	5	business_to_business	\N
143	25	8	test upd	\N
144	25	10		["computer_software","customer_service"]
145	26	6	test addr	\N
146	26	8	test upd	\N
147	26	3	690011	\N
148	26	7	2045-12-21T23:00:00.000Z	\N
149	25	6	test addr	\N
150	26	4	de	\N
151	26	10		["computer_software","customer_service"]
152	26	5	business_to_business	\N
153	28	3	690011	\N
154	28	5	business_to_business	\N
155	28	4	de	\N
156	28	6	test addr	\N
157	28	8	test upd	\N
159	28	10		["computer_software","customer_service"]
160	29	4	de	\N
161	29	3	690011	\N
163	29	5	business_to_business	\N
164	29	10		["computer_software","customer_service"]
165	29	8	test upd	\N
166	30	5	business_to_business	\N
167	30	8	test upd	\N
168	29	6	test addr	\N
170	30	4	de	\N
171	30	10		["computer_software","customer_service"]
172	30	6	test addr	\N
173	30	3	690011	\N
174	31	4	de	\N
175	31	3	690011	\N
177	31	8	test upd	\N
178	31	10		["computer_software","customer_service"]
179	31	5	business_to_business	\N
180	31	6	test addr	\N
181	32	3	690011	\N
182	32	4	de	\N
183	32	5	business_to_business	\N
184	32	7	2027-12-21T23:00:00.000Z	\N
185	32	6	test addr	\N
186	32	10		["computer_software","customer_service"]
187	32	8	test upd	\N
188	33	3	690011	\N
189	33	4	de	\N
190	33	6	test addr	\N
191	33	7	2047-12-21T23:00:00.000Z	\N
192	33	10		["computer_software","customer_service"]
193	33	5	business_to_business	\N
194	33	8	test upd	\N
196	35	4	de	\N
44	9	7	2025-12-21	\N
195	35	3	690011	\N
203	34	4	de	\N
205	34	6	test addr	\N
209	36	4	de	\N
218	37	7	2029-12-21T23:00:00.000Z	\N
225	38	8	test upd	\N
233	39	7	2039-12-21T23:00:00.000Z	\N
240	40	10		["computer_software","customer_service"]
244	41	3	690011	\N
254	42	3	690011	\N
263	43	6	test addr	\N
276	45	5	business_to_business	\N
283	46	8	test upd	\N
286	47	3	690011	\N
306	49	8	test upd	\N
309	50	5	business_to_business	\N
317	51	3	690011	\N
324	52	6	test addr	\N
328	53	3	690011	\N
644	150	5	fmcg	\N
645	150	4	de	\N
646	150	6	Address office	\N
647	150	3	100 00	\N
648	150	7	2038-07-23T00:00:00.000Z	\N
649	150	8	Béla	\N
650	150	9	competitor 	\N
651	150	10		["tiles","electric"]
669	153	6	Bukkos part	\N
761	119	2		\N
764	119	42		\N
775	164	4	de	\N
825	170	4	de	\N
853	174	6	asdasd	\N
863	176	10		["life_insurance"]
873	177	7	2024-07-26	\N
883	184	7	2025-12-22	\N
893	185	10		["customer_service","computer_software"]
896	186	3	690011	\N
907	187	6	test addr	\N
914	188	8	test upd	\N
918	189	4	de	\N
935	191	7	2025-12-22	\N
938	192	4	de	\N
947	193	10		["customer_service","computer_software"]
958	194	10		["customer_service","computer_software"]
969	196	4	fr	\N
979	199	10		["tiles"]
995	203	3	690011	\N
1010	205	3	2222	\N
1020	206	8	2222	\N
1030	207	6	1111	\N
1040	209	8	test	\N
1050	214	6	asdasd	\N
1060	215	6	321	\N
1070	216	8	2222	\N
1080	217	8	2222	\N
1090	220	3	3232	\N
1100	221	5	construction	\N
1110	222	8	asdcfvwdv	\N
1120	223	9	fdfgeg	\N
1130	226	3	3456	\N
1140	229	34	Random address	\N
1147	231	43	Dss3	\N
1154	233	4	en	\N
1160	234	43	Dss6	\N
1167	236	43	Dss9	\N
1172	237	5	business_to_business	\N
1182	238	33	#e65151	\N
1192	247	4	en	\N
1202	249	34	Random address	\N
1213	252	34	Random address	\N
1219	253	43	Dss	\N
1220	254	43	Dss	\N
1230	256	5	fmcg	\N
1242	258	10		["computer_software"]
1248	259	4	de	\N
1261	271	3	239087	\N
1271	272	6	Somewhere	\N
1281	273	7	2025-12-22	\N
1291	277	3	2345	\N
1301	278	5	automotive	\N
1311	281	7	2026-07-31	\N
1321	282	10		["life_insurance","tv_hifi","photo_telecommunication"]
1331	300	3	787878	\N
1341	304	5	car_wash	\N
1354	315	5	financial	\N
1367	327	34	German address	\N
1377	330	43	name	\N
1387	334	3	2222	\N
1397	338	4	en	\N
197	34	3	690011	\N
204	34	5	business_to_business	\N
212	36	6	test addr	\N
242	40	4	de	\N
246	41	10		["computer_software","customer_service"]
256	42	7	2040-12-21T23:00:00.000Z	\N
308	50	4	de	\N
312	50	6	test addr	\N
321	52	3	690011	\N
332	53	8	test upd	\N
337	54	3	690011	\N
670	153	5	automotive	\N
716	3	5	business_to_business	\N
717	3	6	Opero 43	\N
718	3	3	2345	\N
719	3	8	Petro Fyris	\N
720	3	9	11	\N
721	3	10		["customer_service","electric","computer_software"]
722	3	7	2024-10-29	\N
723	3	4	de	\N
762	119	41		\N
776	164	5		["Automotive"]
854	174	9	acfad	\N
865	176	8	2222	\N
874	177	4	de	\N
826	170	5	automotive	\N
884	184	10		["customer_service","computer_software"]
894	185	8	test upd	\N
897	186	4	en	\N
915	188	10		["customer_service","computer_software"]
919	189	5	car_wash	\N
930	190	10		["customer_service","computer_software"]
936	191	10		["customer_service","computer_software"]
940	192	3	690011	\N
950	193	7	2025-12-22	\N
965	195	6	test addr	\N
980	199	8	sdfsadf	\N
1001	203	6	test addr	\N
1011	205	10		["garden"]
1021	206	4	en	\N
1031	207	7	2024-07-26	\N
1041	213	3	5668	\N
1051	214	4	de	\N
1061	215	8	2222	\N
1071	216	9	333	\N
1081	218	3	2222	\N
1091	220	4	fr	\N
1101	221	7	2024-07-31	\N
1111	222	6	vdfkjkwd	\N
1121	224	3	2330	\N
1131	226	4	en	\N
1141	229	43	Dss1	\N
1151	232	4	en	\N
1173	237	9	311	\N
1183	238	31	#ff0000	\N
1193	247	3	1324	\N
1207	250	34	Random address	\N
1218	253	3	1324	\N
1221	254	4	en	\N
1231	256	10		["customer_service"]
1245	258	6	test addr	\N
1249	259	6	test addr	\N
1262	271	7	2024-07-31	\N
1272	272	8	Yan	\N
1282	273	8	test upd	\N
1292	277	5	wholesale	\N
1302	278	6	321	\N
1312	281	10		["customer_service","computer_software"]
1322	282	6	Street 4	\N
1332	300	4	en	\N
1342	304	8	June contactperson	\N
1357	315	10		["tv_hifi"]
1368	327	4	en	\N
1378	330	4	fr	\N
1388	335	3	2222	\N
1398	339	4	en	\N
198	35	7	2028-12-21T23:00:00.000Z	\N
210	36	3	690011	\N
216	37	4	de	\N
228	38	4	de	\N
237	40	3	690011	\N
255	42	10		["computer_software","customer_service"]
258	43	5	business_to_business	\N
270	44	10		["computer_software","customer_service"]
278	45	4	de	\N
296	48	6	test addr	\N
303	49	3	690011	\N
314	51	4	de	\N
326	52	7	2034-12-21T23:00:00.000Z	\N
333	53	6	test addr	\N
336	54	5	business_to_business	\N
578	131	34	222	\N
579	131	3	22222222	\N
580	131	4	de	\N
617	141	34	4fdfsasdfadfa	\N
618	141	3	3453	\N
619	141	4	de	\N
660	152	3	2000	\N
671	153	7	2025-12-22	\N
685	156	43	name	\N
686	156	4	eng	\N
687	156	42		\N
688	156	41		\N
725	155	6	Bukkos part 2	\N
726	155	3	690011	\N
727	155	8	test upd	\N
728	155	9	GÉza	\N
729	155	10		[null]
730	155	7	2025-12-24	\N
731	155	4	en	\N
724	155	5		["automotive"]
765	119	5		\N
777	164	8	4322423	\N
827	170	3	2222	\N
855	174	10		["tiles"]
864	176	9	333	\N
875	182	6	test addr	\N
885	184	4	en	\N
895	185	7	2025-12-22	\N
905	187	5	automotive	\N
916	188	7	2025-12-22	\N
924	190	3	690011	\N
937	191	8	test upd	\N
948	193	6	test addr	\N
966	196	3	690011	\N
981	201	3	690011	\N
994	202	10		["customer_service","computer_software"]
1002	204	3	2222	\N
1012	205	6	321	\N
1022	206	6	1111	\N
1032	207	8	2222	\N
1042	213	4	en	\N
1052	214	5	car_wash	\N
1062	215	9	333	\N
1072	216	7	2024-07-27	\N
1082	218	10		["wood","sanitary","tiles"]
1092	220	6	cdadc	\N
1102	221	9	sdvsdfv	\N
1112	222	10		[]
1122	224	4	en	\N
1132	226	34	any	\N
1143	230	43	Dss2	\N
1146	231	3	1324	\N
1156	233	3	1324	\N
1161	234	34	Random address	\N
1174	237	8	2211	\N
1184	241	3	2222	\N
1194	247	43	Dss	\N
1205	250	3	1324	\N
1212	252	3	1324	\N
1222	254	3	1324	\N
1232	257	4	en	\N
1239	258	3	690033	\N
1247	259	10		["customer_service","computer_software"]
1253	269	5	automotive	\N
1263	271	4	en	\N
1273	272	7	2024-08-03	\N
1283	276	3	222222222222	\N
1293	277	4	en	\N
1303	278	9	333	\N
1313	281	3	4000	\N
1323	283	3	123123	\N
1333	300	5	automotive	\N
1343	304	7	2026-07-31	\N
1359	324	34	ere	\N
1358	324	3	56565	\N
1369	328	3	21300	\N
1379	331	3	2222	\N
1389	335	4	en	\N
1399	339	43	Daria	\N
199	35	10		["computer_software","customer_service"]
207	34	8	test upd	\N
215	36	8	test upd	\N
217	37	3	690011	\N
226	38	10		["computer_software","customer_service"]
234	39	8	test upd	\N
260	43	8	test upd	\N
269	44	4	de	\N
274	45	10		["computer_software","customer_service"]
279	46	4	de	\N
305	49	10		["computer_software","customer_service"]
310	50	10		["computer_software","customer_service"]
320	51	10		["computer_software","customer_service"]
581	135	34	sdfsdf	\N
582	135	3	3456	\N
583	135	4	de	\N
620	142	4	en	\N
621	142	34	222	\N
622	142	3	2222	\N
661	152	5	automotive	\N
672	153	8	test upd	\N
766	119	1		\N
778	164	7	2024-07-25	\N
828	170	7	2024-07-26	\N
856	174	7	2024-07-26	\N
866	176	7	2024-07-26	\N
876	182	5	automotive	\N
886	184	8	test upd	\N
900	186	6	test addr	\N
906	187	10		["customer_service","computer_software"]
923	189	6	test addr	\N
942	192	6	test addr	\N
949	193	5	car_wash	\N
972	196	7	2025-12-22	\N
982	201	4	en	\N
993	202	8	test upd	\N
998	203	8	test upd	\N
1003	204	10		["wood","sanitary","tiles"]
1013	205	4	en	\N
1033	207	9	333	\N
1023	206	10		["sanitary","life_insurance"]
1043	213	5	automotive	\N
1053	214	9	sdfad	\N
1063	215	7	2024-07-27	\N
1073	217	10		["building_material"]
1083	218	6	321	\N
1093	220	9	casdc	\N
1103	221	8	sdvswfbv	\N
1113	223	3	4040	\N
1123	224	5	car_wash	\N
1133	227	34	Random address	\N
1144	230	4	en	\N
1153	232	34	Random address	\N
1158	234	3	1324	\N
1163	235	3	1324	\N
1175	237	6	3211	\N
1185	241	5	business_to_business	\N
1195	247	34	Random address	\N
1203	249	43	Dss	\N
1216	253	4	en	\N
1223	254	34	Random address	\N
1233	257	5	automotive	\N
1244	258	8	test upd	\N
1246	259	3	690044	\N
1254	269	3	690011	\N
1264	271	6	Any	\N
1274	272	9	Any	\N
1284	276	6	321	\N
1294	277	6	Any	\N
1304	278	7	2024-08-02	\N
1314	281	6	July address 4	\N
1325	283	6	Street 8	\N
1334	300	6	test addr	\N
1344	304	10		["customer_service","computer_software"]
1360	324	4	en	\N
1370	328	4	en	\N
1380	331	4	en	\N
1390	335	34	222	\N
1401	340	4	de	\N
1400	340	3	1290	\N
200	35	8	test upd	\N
213	36	5	business_to_business	\N
221	37	5	business_to_business	\N
227	38	3	690011	\N
235	39	10		["computer_software","customer_service"]
239	40	8	test upd	\N
247	41	7	2050-12-21T23:00:00.000Z	\N
253	42	4	de	\N
264	43	4	de	\N
267	44	8	test upd	\N
275	45	6	test addr	\N
285	46	10		["computer_software","customer_service"]
288	47	4	de	\N
295	48	8	test upd	\N
327	52	8	test upd	\N
339	54	6	test addr	\N
623	143	34	Random address	\N
625	143	4	eng	\N
662	152	4	en	\N
673	154	6	Bukkos part	\N
767	119	6		\N
779	164	9	1232343	\N
829	170	9	333	\N
857	174	8	adfadf	\N
867	177	3	2332	\N
877	182	3	690011	\N
887	184	5	automotive	\N
903	187	3	690011	\N
624	143	3	1111	\N
926	190	4	fr	\N
952	194	3	690011	\N
961	195	10		["customer_service","computer_software"]
968	196	5	car_wash	\N
973	199	3	3333	\N
983	201	5	car_wash	\N
990	202	5	car_wash	\N
999	203	10		["customer_service","computer_software"]
1004	204	5	automotive	\N
1014	205	9	333	\N
1024	206	9	333	\N
1034	209	6	test 	\N
1044	213	6	грг87	\N
1054	214	7	2024-07-27	\N
1064	215	10		["photo_telecommunication"]
1074	217	3	2222	\N
1084	218	9	333	\N
1094	220	7	2024-07-27	\N
1104	221	10		["tv_hifi"]
1114	223	4	en	\N
1124	224	10		["vehicle_insurance"]
1134	227	3	1324	\N
1145	230	3	1324	\N
1155	233	34	Random address	\N
1162	235	4	en	\N
1169	236	34	Random address	\N
1176	237	10		["wood","sanitary","tiles"]
1186	241	4	en	\N
1196	248	3	1324	\N
1211	251	4	en	\N
1215	252	43	Dss	\N
1224	256	3	2345	\N
1234	257	3	690022	\N
1243	258	7	2025-12-22	\N
1255	269	4	en	\N
1265	271	5	car_wash	\N
1275	272	10		["garden","customer_service"]
1285	276	4	en	\N
1295	277	7	2024-08-15	\N
1305	278	10		[]
1315	282	5	health_care	\N
1324	283	4	fr	\N
1335	300	8	test upd	\N
1345	314	3	2000	\N
1356	315	8	Oct contactperson	\N
1361	325	3	1324	\N
1371	328	43	Croatia sub msp	\N
1381	331	34	222	\N
1391	336	4	en	\N
1402	340	5	business_to_business	\N
201	35	6	test addr	\N
208	34	7	2038-12-21T23:00:00.000Z	\N
211	36	7	2048-12-21T23:00:00.000Z	\N
219	37	6	test addr	\N
224	38	7	2049-12-21T23:00:00.000Z	\N
232	39	6	test addr	\N
243	40	6	test addr	\N
249	41	5	business_to_business	\N
262	43	10		["computer_software","customer_service"]
271	44	7	2051-12-21T23:00:00.000Z	\N
284	46	6	test addr	\N
292	47	5	business_to_business	\N
298	48	5	business_to_business	\N
302	49	6	test addr	\N
313	50	8	test upd	\N
316	51	6	test addr	\N
325	52	10		["computer_software","customer_service"]
329	53	4	de	\N
340	54	10		["computer_software","customer_service"]
626	144	4	en	\N
627	144	34		\N
628	144	3	225533333	\N
663	152	6	másik address	\N
674	154	4	de	\N
691	158	4	de	\N
768	119	8		\N
780	164	10		["Customer service"]
830	170	8	2222	\N
843	171	3	2222	\N
844	171	8	2222	\N
845	171	9	333	\N
846	171	10		["sanitary"]
847	171	7	2024-07-26	\N
848	171	4	de	\N
858	173	4	en	\N
868	177	5	car_wash	\N
878	182	4	en	\N
888	184	6	test addr	\N
909	187	8	test upd	\N
929	190	6	test addr	\N
953	194	6	test addr	\N
963	195	8	test upd	\N
971	196	8	test upd	\N
974	199	4	de	\N
984	201	6	test addr	\N
991	202	7	2025-12-22	\N
1005	204	4	en	\N
1015	205	5	business_to_business	\N
1025	206	5	automotive	\N
1035	209	4	en	\N
1045	213	7	2024-07-31	\N
1055	214	8	adasd	\N
1065	216	3	2222	\N
1075	217	4	en	\N
1085	218	4	en	\N
1095	220	5	other	\N
1105	222	3	0909	\N
1115	223	6	csdwvwdv	\N
1125	224	9	fwqedfq	\N
1135	228	3	3456	\N
1148	231	4	en	\N
1159	234	4	en	\N
1166	236	4	en	\N
1177	237	7	2024-07-31	\N
1187	241	8	2222	\N
1197	248	43	Dss	\N
1200	249	4	en	\N
1210	251	43	Dss	\N
1225	256	7	2024-07-31	\N
1235	257	7	2025-12-22	\N
1241	258	5	automotive	\N
1250	259	8	test upd	\N
1256	269	7	2025-12-22	\N
1266	271	9	Any	\N
1276	273	3	5678	\N
1286	276	5	automotive	\N
1296	277	9	Any	\N
1306	278	8	2222	\N
1316	282	3	3131	\N
1326	283	5	fmcg	\N
1336	300	10		["customer_service","computer_software"]
1346	314	6	Sept address	\N
1351	315	3	4000	\N
1362	325	34	New random address	\N
1372	329	3	1234	\N
1382	333	3	2222	\N
1392	337	4	en	\N
1403	340	8	wdvewfbv	\N
202	35	5	business_to_business	\N
206	34	10		["computer_software","customer_service"]
214	36	10		["computer_software","customer_service"]
268	44	3	690011	\N
281	46	5	business_to_business	\N
291	47	8	test upd	\N
294	48	4	de	\N
304	49	7	2033-12-21T23:00:00.000Z	\N
307	50	3	690011	\N
315	51	5	business_to_business	\N
322	52	5	business_to_business	\N
331	53	5	business_to_business	\N
341	54	7	2054-12-21T23:00:00.000Z	\N
629	145	4	en	\N
630	145	34	Erosi Manjgaladze	\N
631	145	3	sdf	\N
664	152	7	2025-12-22	\N
675	154	5	automotive	\N
692	159	43	name	\N
693	159	4	eng	\N
694	159	42		\N
695	159	41		\N
769	119	10		\N
813	167	4	fr	\N
831	170	6	321	\N
849	172	4	en	\N
859	176	3	2222	\N
869	177	10		["tv_hifi","photo_telecommunication"]
879	182	10		["customer_service","computer_software"]
889	185	3	690011	\N
899	186	10		["customer_service","computer_software"]
910	188	3	690011	\N
921	189	10		["customer_service","computer_software"]
925	190	5	car_wash	\N
931	191	3	690011	\N
944	192	8	test upd	\N
945	193	3	690011	\N
954	194	4	en	\N
959	195	3	690011	\N
967	196	10		["customer_service","computer_software"]
975	199	6	asdasd	\N
985	201	8	test upd	\N
988	202	3	690011	\N
997	203	7	2025-12-22	\N
1006	204	7	2024-07-26	\N
1016	205	8	2222	\N
1026	207	3	2222	\N
1036	209	3	4444	\N
1046	213	9	31231	\N
1056	214	10		["wood","garden","computer_software"]
1066	216	4	de	\N
1076	217	5	automotive	\N
1086	218	7	2024-07-27	\N
1096	220	8	fbsdfv	\N
1106	222	4	en	\N
1116	223	5	car_wash	\N
1126	224	7	2024-07-27	\N
1137	228	43	Men	\N
1152	232	3	1324	\N
1164	235	34	Random address	\N
1178	238	29	https://proxy.happeas.space/file/read/local/238/image.png	\N
1188	241	10		["wood"]
1198	248	4	en	\N
1226	256	6	Any	\N
1236	257	8	test upd	\N
1257	269	6	test addr	\N
1267	271	10		["building_material","electric"]
1277	273	4	en	\N
1287	276	8	2222	\N
1297	277	8	No	\N
1317	282	4	fr	\N
1327	283	10		["tv_hifi","computer_software","automotive"]
1337	300	7	2025-12-22	\N
1347	314	7	2026-07-31	\N
1353	315	7	2027-10-31	\N
1307	279	3	2228	\N
1363	326	34	Other random address	\N
1373	329	43	Guliverkli	\N
1384	333	4	en	\N
1393	337	34	222	\N
1404	340	9	sfvsf	\N
220	37	10		["computer_software","customer_service"]
230	38	5	business_to_business	\N
238	40	5	business_to_business	\N
250	41	8	test upd	\N
251	42	6	test addr	\N
259	43	7	2031-12-21T23:00:00.000Z	\N
265	44	6	test addr	\N
272	45	3	690011	\N
280	46	3	690011	\N
289	47	10		["computer_software","customer_service"]
297	48	3	690011	\N
301	49	5	business_to_business	\N
318	51	8	test upd	\N
323	52	4	de	\N
330	53	7	2044-12-21T23:00:00.000Z	\N
338	54	8	test upd	\N
593	136	34	adfcasf	\N
594	136	3	3456	\N
595	136	4	de	\N
632	146	4	en	\N
633	146	34	222	\N
634	146	3	2222	\N
665	152	8	New name	\N
676	154	7	2025-12-22	\N
696	161	4	de	\N
697	161	43	adsfas	\N
698	161	41		\N
699	161	42		\N
700	161	3	3233	\N
770	119	9		\N
789	151	5		["Food service"]
790	151	6	address	\N
791	151	3	E16AN	\N
792	151	8	Géza	\N
793	151	9	Other	\N
794	151	10		[null,null]
795	151	7	2025-06-11	\N
796	151	4	de	\N
832	170	10		["wood"]
850	174	3	3333	\N
860	176	4	de	\N
870	177	9	21312	\N
880	182	8	test upd	\N
890	185	6	test addr	\N
901	186	5	automotive	\N
908	187	7	2025-12-22	\N
814	168	3	ffff	\N
911	188	5	car_wash	\N
920	189	8	test upd	\N
927	190	7	2025-12-22	\N
932	191	6	test addr	\N
939	192	5	car_wash	\N
951	193	8	test upd	\N
955	194	5	car_wash	\N
960	195	4	de	\N
970	196	6	test addr	\N
976	199	5	automotive	\N
986	201	7	2025-12-22	\N
989	202	4	de	\N
1007	204	9	333	\N
1017	205	7	2024-07-26	\N
1027	207	10		["property_insurance"]
1037	209	5	automotive	\N
1047	213	10		["life_insurance","vehicle_insurance"]
1057	215	3	2222	\N
1067	216	6	321	\N
1077	217	6	321	\N
1087	218	5	automotive	\N
1097	221	3	1234	\N
1107	222	5	construction	\N
1117	223	7	2024-07-31	\N
1127	224	8	dsdfvsdf	\N
1136	228	4	en	\N
1157	233	43	Dss5	\N
1168	236	3	1324	\N
1179	238	28	https://proxy.happeas.space/file/read/local/238/image.png	\N
1189	241	6	321	\N
1199	248	34	Random address	\N
1201	249	3	1324	\N
1204	250	43	Dss	\N
1208	251	34	Random address	\N
1217	253	34	Random address	\N
1227	256	4	fr	\N
1237	257	6	test addr	\N
1252	259	5	automotive	\N
1258	269	8	test upd	\N
1268	272	3	23456	\N
1278	273	5	business_to_business	\N
1288	276	9	333	\N
1298	277	10		["wood","sanitary","tiles","life_insurance","vehicle_insurance","property_insurance","garden","building_material","electric","customer_service","tv_hifi","photo_telecommunication","computer_software","automotive"]
1318	282	9	Zara	\N
1328	283	8	Mc However	\N
1338	304	3	23401	\N
1348	314	5	car_wash	\N
1355	315	6	Oct address	\N
1308	279	34	2228	\N
1364	326	3	1234	\N
1374	329	4	en	\N
1383	333	34	222	\N
1394	337	3	2222	\N
1405	340	6	dfsdnfv	\N
222	37	8	test upd	\N
229	39	4	de	\N
236	39	3	690011	\N
241	40	7	2030-12-21T23:00:00.000Z	\N
245	41	4	de	\N
252	42	5	business_to_business	\N
261	43	3	690011	\N
266	44	5	business_to_business	\N
277	45	7	2041-12-21T23:00:00.000Z	\N
287	47	6	test addr	\N
299	48	10		["computer_software","customer_service"]
334	53	10		["computer_software","customer_service"]
335	54	4	de	\N
596	137	4	de	\N
597	137	34	asdsd	\N
598	137	3	1111	\N
666	152	10		["alfa","beta","gamma"]
677	154	3	690011	\N
701	162	4	de	\N
702	162	43	Test first sub MSP	\N
703	162	41	https://test.com	\N
704	162	42	https://test.com	\N
705	162	3	0011	\N
747	118	5	automotive	\N
748	118	6	123123	\N
749	118	3	1231	\N
750	118	8	2131231	\N
751	118	9	12312	\N
752	118	10		["property_insurance","vehicle_insurance"]
753	118	7	2024-07-25	\N
754	118	4	en	\N
771	119	7		\N
772	119	4		\N
815	168	4	en	\N
851	174	4	en	\N
861	176	5	automotive	\N
871	177	6	wqeqwewq	\N
881	182	7	2025-12-22	\N
891	185	4	en	\N
902	186	7	2025-12-22	\N
912	188	6	test addr	\N
922	189	7	2025-12-22	\N
933	191	5	car_wash	\N
943	192	7	2025-12-22	\N
956	194	7	2025-12-22	\N
962	195	7	2025-12-22	\N
977	199	7	2024-07-26	\N
987	201	10		["customer_service","computer_software"]
1000	203	4	fr	\N
1008	204	8	2222	\N
1018	206	3	2222	\N
1028	207	5	automotive	\N
1038	209	10		["garden"]
1048	213	8	666	\N
1058	215	5	automotive	\N
1068	216	5	automotive	\N
1078	217	7	2024-07-31	\N
1088	218	8	2222	\N
1098	221	4	en	\N
1108	222	9	aedfwedvq	\N
1118	223	8	sdvswdv	\N
1128	224	6	vwkfmwkejf	\N
1138	229	4	en	\N
1142	230	34	Random address	\N
1150	232	43	Dss2	\N
1170	237	4	de	\N
1180	238	30	#841515	\N
1190	241	7	2024-07-27	\N
1206	250	4	en	\N
1228	256	9	Any	\N
1259	269	10		["customer_service","computer_software"]
1269	272	5	telecommunication	\N
1279	273	6	test addr	\N
1289	276	7	2024-08-01	\N
1299	278	3	2222	\N
1238	257	10		["tv_hifi","computer_software"]
1319	282	8	August Test	\N
1329	283	7	2027-12-31	\N
1339	304	4	en	\N
1349	314	10		["computer_software"]
1352	315	4	en	\N
1309	279	4	de	\N
1365	326	4	fr	\N
1375	329	34	New Random address	\N
1385	334	34	222	\N
1395	338	3	2222	\N
1406	340	7	2024-08-31	\N
223	38	6	test addr	\N
231	39	5	business_to_business	\N
248	41	6	test addr	\N
257	42	8	test upd	\N
273	45	8	test upd	\N
282	46	7	2032-12-21T23:00:00.000Z	\N
290	47	7	2052-12-21T23:00:00.000Z	\N
293	48	7	2042-12-21T23:00:00.000Z	\N
300	49	4	de	\N
311	50	7	2053-12-21T23:00:00.000Z	\N
319	51	7	2043-12-21T23:00:00.000Z	\N
342	55	34	dfwdfw	\N
343	55	3	1234	\N
344	56	34	sdvmfjf	\N
345	56	3	1014	\N
346	57	34	fdsffg	\N
347	57	3	3535	\N
348	58	34	cvfbhgfdsx	\N
349	58	3	3456	\N
350	59	34	fdffd	\N
351	59	3	3423	\N
352	60	4	de	\N
353	60	34	Random address	\N
354	61	34	Random address	\N
355	61	4	de	\N
356	62	4	de	\N
357	62	34	Random address	\N
358	63	34	Random address	\N
359	63	4	de	\N
360	64	4	de	\N
361	64	34	Random address	\N
362	65	4	de	\N
363	65	34	Random address	\N
364	66	4	de	\N
365	66	34	Random address	\N
366	67	4	de	\N
367	67	34	Random address	\N
369	68	4	de	\N
368	68	34	Random address	\N
370	69	4	de	\N
371	69	34	Random address	\N
372	70	34	Random address	\N
373	70	4	de	\N
374	71	34	Random address	\N
375	71	4	de	\N
376	72	4	de	\N
377	72	34	Random address	\N
378	73	4	de	\N
379	73	34	Random address	\N
380	74	4	de	\N
381	74	34	Random address	\N
382	75	4	de	\N
383	75	34	Random address	\N
384	76	34	Random address	\N
385	76	4	de	\N
386	77	34	Random address	\N
387	77	4	de	\N
599	138	4	de	\N
600	138	34	adsfcdsfcas	\N
390	79	34	dfghgfd	\N
391	79	3	4342	\N
392	100	34	dfgd	\N
393	100	3	3453	\N
601	138	3	2222	\N
638	147	34	Erosi Manjgaladze	\N
396	101	34	cxcx	\N
397	101	3	2334	\N
398	101	4	en	\N
399	104	34	Random address	\N
400	102	34	Random address	\N
401	104	4	de	\N
402	102	4	de	\N
403	103	34	Random address	\N
404	103	4	de	\N
405	105	4	de	\N
406	105	34	Random address	\N
407	106	4	de	\N
408	106	34	Random address	\N
409	107	4	de	\N
410	107	34	Random address	\N
411	108	34	Random address	\N
412	108	4	de	\N
413	109	34	Random address	\N
414	109	4	de	\N
415	110	4	de	\N
416	110	34	Random address	\N
417	111	4	de	\N
418	111	34	Random address	\N
419	112	34	Random address	\N
420	112	4	de	\N
421	114	4	de	\N
422	114	34	Random address	\N
423	113	4	de	\N
424	113	34	Random address	\N
425	115	4	de	\N
426	115	34	Random address	\N
427	116	4	de	\N
428	116	34	Random address	\N
429	117	4	de	\N
430	117	34	Random address	\N
432	118	34	Random address	\N
433	119	34	Random address	\N
435	120	4	de	\N
436	120	34	Random address	\N
437	121	34	12121	\N
438	121	3	1222	\N
639	147	3	asdasd	\N
441	122	34	rewerewrew	\N
442	122	3	3232	\N
443	122	4	de	\N
444	20	34	Random address	\N
445	20	3	1324	\N
446	20	4		\N
447	78	34	Yerevan	\N
448	78	3	3333	\N
449	78	4	de	\N
450	124	34	dwdfdgf	\N
451	124	3	4567	\N
452	125	34	dadsv	\N
453	125	3	7890	\N
456	126	34	dadfvdfv	\N
457	126	3	4567	\N
458	126	4		\N
54	12	7	2025-12-21	\N
135	27	7	2035-12-21	\N
142	25	7	2025-12-21	\N
158	28	7	2036-12-21	\N
162	29	7	2026-12-21	\N
169	30	7	2046-12-21	\N
176	31	7	2037-12-21	\N
478	129	4	fr	\N
479	129	34	Test	\N
480	129	3	1111	\N
481	130	4	de	\N
482	130	34	ascadf	\N
483	130	3	5678	\N
501	128	34	222	\N
502	128	3	22	\N
503	128	4	en	\N
527	127	5	automotive	\N
528	127	6	321	\N
529	127	3	2222	\N
530	127	8	2222	\N
531	127	9	333	\N
532	127	10		["tiles","sanitary"]
533	127	7	2024-08-16	\N
534	127	4	en	\N
535	133	34	qerefwqef	\N
536	133	3	4567	\N
537	133	4	de	\N
602	139	4	de	\N
603	139	34	dfdwsf	\N
604	139	3	3324	\N
640	147	4	en	\N
667	153	3	690011	\N
678	154	8	test upd	\N
546	134	5	business_to_business	\N
547	134	6	321	\N
548	134	3	2222	\N
549	134	7	2024-07-24T22:00:00.000Z	\N
550	134	8	2222	\N
551	134	9	333	\N
552	134	10		["sanitary"]
553	134	4	fr	\N
755	163	43	Test 123	\N
756	163	3	5456	\N
757	163	42	https://test.com	\N
758	163	41	https://test.com	\N
759	163	4	en	\N
773	164	3	3334	\N
816	168	34	qweqweqw	\N
852	174	5		["retail"]
862	176	6	321	\N
872	177	8	qweqwe ewqqw	\N
882	184	3	690011	\N
892	185	5	automotive	\N
898	186	8	test upd	\N
904	187	4	en	\N
913	188	4	en	\N
917	189	3	690011	\N
928	190	8	test upd	\N
934	191	4	en	\N
941	192	10		["customer_service","computer_software"]
946	193	4	fr	\N
957	194	8	test upd	\N
964	195	5	car_wash	\N
978	199	9	cadcf	\N
992	202	6	test addr	\N
996	203	5	car_wash	\N
1009	204	6	321	\N
1019	206	7	2024-07-26	\N
1029	207	4	en	\N
1039	209	7	2025-12-18	\N
1049	214	3	1919	\N
1059	215	4	en	\N
1069	216	10		["garden"]
1079	217	9	3656	\N
1089	220	10		["electric"]
1099	221	6	vwdefcwv	\N
1109	222	7	2024-07-31	\N
1119	223	10		["vehicle_insurance","building_material"]
1129	225	3	1234	\N
1139	229	3	1324	\N
1149	231	34	Random address	\N
1165	235	43	Dss8	\N
1171	237	3	2222	\N
1181	238	32	#410606	\N
1191	241	9	333	\N
1209	251	3	1324	\N
1214	252	4	en	\N
1229	256	8	Any	\N
1240	258	4	fr	\N
1251	259	7	2025-12-22	\N
1260	271	8	Alex	\N
1270	272	4	en	\N
1280	273	10		["building_material"]
1290	276	10		["wood","sanitary"]
1300	278	4	en	\N
1310	281	8	July contactperson	\N
1320	282	7	2025-08-01	\N
1340	304	6	June address	\N
1330	283	9	It should be optional!	\N
1350	314	8	Sept contactperson	\N
1366	327	3	76137	\N
1376	330	3	3211	\N
1386	334	4	en	\N
1396	338	34	222	\N
1407	340	10		["wood","automotive"]
\.


--
-- Data for Name: user_handbook_group; Type: TABLE DATA; Schema: public; Owner: pma
--

COPY public.user_handbook_group (id, name, sort, status) FROM stdin;
1	Additional data	1	t
2	Client	1	t
3	Profile(Shopper general)	1	t
4	Profile(Shopper additional)	1	t
5	Competitor	1	t
6	Customizations	1	t
\.


--
-- Data for Name: user_handbook_link; Type: TABLE DATA; Schema: public; Owner: pma
--

COPY public.user_handbook_link (id, handbook_id, handbook_group_id, role_id, group_id) FROM stdin;
4	0	1	3	0
5	0	1	3	0
1	0	2	2	0
3	0	1	2	0
6	0	3	1	0
7	0	4	1	0
2	0	1	1	0
8	0	5	5	0
9	5	0	5	0
10	10	0	5	0
11	0	1	6	0
12	0	6	6	0
15	43	0	6	0
16	3	0	6	0
17	42	0	6	0
18	41	0	6	0
19	34	0	6	0
20	0	6	6	0
21	29	0	6	0
22	30	0	6	0
23	28	0	6	0
24	32	0	6	0
25	33	0	6	0
26	31	0	6	0
\.


--
-- Data for Name: user_handbook_value; Type: TABLE DATA; Schema: public; Owner: pma
--

COPY public.user_handbook_value (id, handbook_id, label, value, sort) FROM stdin;
5	2	in your area	willing_visit_1	2
6	2	city	willing_visit_2	2
7	2	region	willing_visit_3	2
8	12	Yes	reliable_transportation_1	1
9	12	No	reliable_transportation_2	2
10	13	High school	completed_educational_1	1
11	13	College	completed_educational_2	2
12	13	University	completed_educational_3	3
13	13	Master	completed_educational_4	4
14	13	PhD	completed_educational_5	5
15	16	Full-time	employment_type_1	1
16	16	Part-time	employment_type_2	2
17	16	Freelance	employment_type_3	3
18	16	Contract	employment_type_4	4
19	18	0	number_of_children_1	1
20	18	1	number_of_children_2	2
21	18	2	number_of_children_3	3
22	18	3	number_of_children_4	4
23	18	4	number_of_children_5	5
24	18	5	number_of_children_6	6
25	18	6	number_of_children_7	7
26	18	7	number_of_children_8	8
27	18	8	number_of_children_9	9
28	18	9	number_of_children_10	10
29	19	Google	here_from_us_1	1
30	19	Facebook	here_from_us_2	2
31	19	Instagram	here_from_us_3	3
32	19	Friends	here_from_us_4	4
33	19	Other	here_from_us_5	5
34	22	Yes	like_travel_1	1
35	22	No	like_travel_2	2
36	24	Yes	driver_licence_1	1
37	243	No	driver_licence_2	2
38	4	English	en	1
39	4	German	de	2
40	4	French	fr	3
41	10	Wood	wood	1
42	10	Sanitary	sanitary	2
43	10	Tiles	tiles	3
44	10	Life insurance	life_insurance	4
50	10	Vehicle insurance	vehicle_insurance	5
51	10	Property insurance	property_insurance	5
52	10	Garden	garden	5
53	10	Building material	building_material	5
54	10	Electric	electric	5
55	10	Customer service	customer_service	5
56	10	TV-Hifi	tv_hifi	5
57	10	Photo/Telecommunication	photo_telecommunication	5
58	10	Computer Software	computer_software	5
79	25	0-1 year	driving_experience_1	1
80	25	1-3 years	driving_experience_2	2
81	25	3-5 years	driving_experience_3	3
82	25	5-10 years	driving_experience_4	4
83	25	10+ years	driving_experience_5	5
84	26	PrivatBank	bank_1	1
85	26	Monobank	bank_2	2
86	26	Oschadbank	bank_3	3
87	26	Raiffeisen Bank Aval	bank_4	4
88	27	USD	usd	1
89	27	EUR	eur	2
90	27	UAH	uah	3
91	27	HUF	huf	4
92	27	RUB	rub	5
98	1	Yes, the car is on gas	if_car_1	1
99	1	Yes, electric	if_car_3	1
100	1	Yes, petrol car	if_car_2	1
101	1	No	if_car_4	2
102	5	Automotive	automotive	1
103	5	Financial	financial	5
104	5	Convenience Stores	convenience_stores	4
105	5	Food service	food_service	5
106	5	Entertainment	entertainment	5
107	5	Financial consultancy	financial_consultancy	5
108	5	Gas Stations	gas_stations	5
109	5	FMCG	fmcg	5
110	5	Government	government	5
111	5	Grocery	grocery	5
112	5	Business-to-Business	business_to_business	2
113	5	Health Care	health_care	5
115	5	Lodging, accommodation	lodging_accommodation	5
114	5	Construction	construction	5
116	5	Pharmacies	pharmacies	5
117	5	Lottery store	lottery_store	5
118	5	Real estate	real_estate	5
119	5	Car wash	car_wash	3
120	5	Storage	storage	5
121	5	Telecommunication	telecommunication	5
126	5	Other	other	5
123	5	Shipping, transportation	shipping_transportation	5
124	5	Wholesale	wholesale	5
125	5	Training	training	5
127	10	Automotive	automotive	5
122	5	Retail	retail	5
\.


--
-- Data for Name: user_notes; Type: TABLE DATA; Schema: public; Owner: pma
--

COPY public.user_notes (id, user_id, theme, comment, created_at, who_created) FROM stdin;
\.


--
-- Data for Name: user_settings; Type: TABLE DATA; Schema: public; Owner: pma
--

COPY public.user_settings (id, code, value, value_json) FROM stdin;
2	currencies	eur	[]
1	language	en	[]
12	currency	EUR	[]
3	clients_roles		[2]
4	shoppers_roles		[1]
7	manager_roles		[3]
8	worker_roles		[4]
9	competitor_roles		[5]
10	msp_roles		[6]
5	default_role	1	[]
6	time_zone	europe/kiev	[]
\.


--
-- Data for Name: user_workers; Type: TABLE DATA; Schema: public; Owner: pma
--

COPY public.user_workers (id, client_id, user_id, status, created_at, updated_at, "position", department, email_work, phone_work, language) FROM stdin;
1	3	5	0	2024-07-19 18:14:39.121152	2024-07-19 18:14:39.121152	\N	\N	\N	\N	en
2	3	10	0	2024-07-20 17:38:08.479314	2024-07-20 17:38:08.479314	pos	dept	worker@email.ml	123123321	EN
3	3	60	0	2024-07-22 14:41:58.327602	2024-07-22 14:41:58.327602	pos	dept	upd10@worker.wr	5736141234	EN
4	3	61	0	2024-07-22 14:41:58.319783	2024-07-22 14:41:58.319783	pos	dept	upd0@worker.wr	3232141234	EN
5	3	62	0	2024-07-22 14:41:59.035981	2024-07-22 14:41:59.035981	pos	dept	upd1@worker.wr	3232787234	EN
6	3	63	0	2024-07-22 14:41:59.026197	2024-07-22 14:41:59.026197	pos	dept	upd11@worker.wr	7596141234	EN
7	3	64	0	2024-07-22 14:41:59.746005	2024-07-22 14:41:59.746005	pos	dept	upd12@worker.wr	4562141234	EN
8	3	65	0	2024-07-22 14:42:00.246748	2024-07-22 14:42:00.246748	pos	dept	upd3@worker.wr	5462141234	EN
9	3	66	0	2024-07-22 14:42:00.358516	2024-07-22 14:42:00.358516	pos	dept	upd13@worker.wr	1238141234	EN
10	3	67	0	2024-07-22 14:42:00.851248	2024-07-22 14:42:00.851248	pos	dept	upd4@worker.wr	2354141234	EN
11	3	68	0	2024-07-22 14:42:00.960821	2024-07-22 14:42:00.960821	pos	dept	upd14@worker.wr	7562141234	EN
12	3	69	0	2024-07-22 14:42:01.462412	2024-07-22 14:42:01.462412	pos	dept	upd5@worker.wr	1234141234	EN
13	3	70	0	2024-07-22 14:42:01.626101	2024-07-22 14:42:01.626101	pos	dept	upd15@worker.wr	3452341234	EN
14	3	71	0	2024-07-22 14:42:02.066914	2024-07-22 14:42:02.066914	pos	dept	upd6@worker.wr	1235141234	EN
15	3	72	0	2024-07-22 14:42:02.237106	2024-07-22 14:42:02.237106	pos	dept	upd16@worker.wr	3245688634	EN
16	3	73	0	2024-07-22 14:42:02.709471	2024-07-22 14:42:02.709471	pos	dept	upd7@worker.wr	6854141234	EN
17	3	74	0	2024-07-22 14:42:02.849712	2024-07-22 14:42:02.849712	pos	dept	upd17@worker.wr	3245656554	EN
18	3	75	0	2024-07-22 14:42:03.358807	2024-07-22 14:42:03.358807	pos	dept	upd8@worker.wr	9852141234	EN
19	3	76	0	2024-07-22 14:42:03.448694	2024-07-22 14:42:03.448694	pos	dept	upd18@worker.wr	3254152234	EN
20	3	77	0	2024-07-22 14:42:04.051579	2024-07-22 14:42:04.051579	pos	dept	upd19@worker.wr	3254186534	EN
21	3	80	0	2024-07-22 14:48:14.461587	2024-07-22 14:48:14.461587	pos	dept	upd19@worker.com	3254356544	EN
22	3	81	0	2024-07-22 14:48:15.465145	2024-07-22 14:48:15.465145	pos	dept	upd2@worker.com	8962141234	EN
23	3	102	0	2024-07-22 15:44:52.793402	2024-07-22 15:44:52.793402	pos	dept	worker0@worker.com	3233031234	EN
24	3	103	0	2024-07-22 15:44:52.800745	2024-07-22 15:44:52.800745	pos	dept	worker10@worker.com	5733031234	EN
25	3	104	0	2024-07-22 15:44:52.800863	2024-07-22 15:44:52.800863	pos	dept	worker19@worker.com	3254303544	EN
26	3	105	0	2024-07-22 15:44:53.568814	2024-07-22 15:44:53.568814	pos	dept	worker1@worker.com	3233037234	EN
27	3	106	0	2024-07-22 15:44:53.569721	2024-07-22 15:44:53.569721	pos	dept	worker11@worker.com	7593031234	EN
28	3	107	0	2024-07-22 15:44:54.216214	2024-07-22 15:44:54.216214	pos	dept	worker2@worker.com	8963031234	EN
30	3	109	0	2024-07-22 15:44:54.852519	2024-07-22 15:44:54.852519	pos	dept	worker3@worker.com	5463031234	EN
31	3	110	0	2024-07-22 15:44:54.902174	2024-07-22 15:44:54.902174	pos	dept	worker13@worker.com	1238303234	EN
33	3	112	0	2024-07-22 15:44:55.509214	2024-07-22 15:44:55.509214	pos	dept	worker14@worker.com	7562303234	EN
34	3	114	0	2024-07-22 15:44:56.127281	2024-07-22 15:44:56.127281	pos	dept	worker15@worker.com	3452303234	EN
35	3	113	0	2024-07-22 15:44:56.101488	2024-07-22 15:44:56.101488	pos	dept	worker5@worker.com	1233031234	EN
36	3	115	0	2024-07-22 15:44:56.857421	2024-07-22 15:44:56.857421	pos	dept	worker16@worker.com	3245303634	EN
37	3	116	0	2024-07-22 15:44:57.369072	2024-07-22 15:44:57.369072	pos	dept	worker7@worker.com	6853031234	EN
38	3	117	0	2024-07-22 15:44:57.493613	2024-07-22 15:44:57.493613	pos	dept	worker17@worker.com	3245303554	EN
41	3	120	0	2024-07-22 15:44:58.729718	2024-07-22 15:44:58.729718	pos	dept	worker9@worker.com	4563031234	EN
42	154	157	0	2024-07-24 11:04:00.955528	2024-07-24 11:04:00.955528	\N	\N	\N	\N	de
43	154	158	0	2024-07-24 11:07:01.393681	2024-07-24 11:22:57.18835	\N	\N	testuser@mail.hu	+361234567889999	de
52	199	200	0	2024-07-25 17:57:34.959702	2024-07-25 18:02:13.994252	\N	\N	sfgsfgdsfh@gmail.com	+87654324567	de
39	3	118	0	2024-07-22 15:44:57.999617	2024-07-24 16:22:12.636422	pos	dept	worker8@worker.com	9853031234	en
40	3	119	0	2024-07-22 15:44:58.141918	2024-07-24 16:40:37.156521	pos	dept	worker18@worker.com	3254303234	EN
44	166	167	0	2024-07-25 09:13:17.244239	2024-07-25 09:13:31.887095	\N	\N	rewerew@rweer.com	+12342423423	fr
45	170	172	0	2024-07-25 10:14:43.33264	2024-07-25 10:15:23.668568	\N	\N	testtest079@yandex.ru	+19523332214	en
46	170	173	0	2024-07-25 10:26:51.8099	2024-07-25 10:40:58.48951	\N	\N	fa12312312mss09@gmail.com	+11231231321	en
47	170	175	0	2024-07-25 10:49:45.738253	2024-07-25 10:49:45.738253	\N	\N	\N	\N	en
48	176	178	0	2024-07-25 11:28:49.833545	2024-07-25 11:30:56.162077	pos	dept	upd@workker.com	3232456564	de
53	207	210	0	2024-07-25 19:31:28.700344	2024-07-25 19:33:06.625929	\N	\N	ssdfsd00@yandex.ru	13652214700	de
29	3	108	0	2024-07-22 15:44:54.278165	2024-07-25 12:02:28.820652	pos	dept	worker12@worker.com	4562303234	en
54	207	211	0	2024-07-25 19:33:35.758394	2024-07-25 19:33:35.758394	\N	\N	\N	\N	en
55	176	212	0	2024-07-25 19:36:24.531535	2024-07-25 19:36:24.531535	pos	dept	upderer@workrere.com	3232202534	EN
56	216	219	0	2024-07-26 08:56:08.996678	2024-07-26 12:14:32.667159	\N	\N	45456456t@yandex.ru	+11234534543	en
49	176	179	0	2024-07-25 11:31:09.168143	2024-07-25 14:28:35.59609	pos	dept	upd232@workker.com	3232423564	fr
50	194	197	0	2024-07-25 17:37:08.025872	2024-07-25 17:37:08.025872	\N	\N	\N	\N	fr
51	195	198	0	2024-07-25 17:39:30.077301	2024-07-25 17:39:30.077301	\N	\N	\N	\N	de
57	237	239	0	2024-07-26 15:00:59.448455	2024-07-26 15:00:59.448455	\N	\N	\N	\N	en
59	241	242	0	2024-07-26 15:44:19.233273	2024-07-26 15:44:19.233273	\N	\N	\N	\N	en
60	241	243	0	2024-07-26 16:29:05.771234	2024-07-26 16:29:05.771234	\N	\N	\N	\N	de
61	241	244	0	2024-07-26 16:34:36.936527	2024-07-26 16:34:36.936527	\N	\N	\N	\N	en
62	241	245	0	2024-07-26 16:35:39.040275	2024-07-26 16:35:39.040275	\N	\N	\N	\N	en
58	224	240	0	2024-07-26 15:11:47.737516	2024-07-26 16:36:19.210881	\N	\N	dari325656t@yandex.ru	13236595600	en
63	3	261	0	2024-07-29 11:11:05.424924	2024-07-29 11:11:05.424924	pos	dept	worke565r@email.ml	123123320	EN
64	241	262	0	2024-07-29 11:17:23.160097	2024-07-29 11:22:20.573023	pos	dept	upd652@worker.com	3232666634	en
65	3	263	0	2024-07-29 11:23:17.417359	2024-07-29 11:23:40.700557	pos	dept	upd29072465@worker.ru	3272141664	en
67	273	274	0	2024-07-31 16:13:30.377377	2024-07-31 16:13:30.377377	\N	\N	\N	\N	en
68	273	275	0	2024-07-31 16:14:28.022676	2024-07-31 16:14:28.022676	\N	\N	\N	\N	de
32	3	111	0	2024-07-22 15:44:55.467442	2024-07-29 14:06:03.926759	pos	dept	worker4@worker.com	2353031234	EN
69	283	305	0	2024-08-01 23:58:22.118053	2024-08-01 23:58:22.118053	\N	\N	\N	\N	fr
66	283	270	0	2024-07-29 13:35:41.905677	2024-08-02 00:45:25.376841	\N	\N	dar53453565@yandex.ru	15368685555	en
70	283	313	0	2024-08-02 10:39:34.475284	2024-08-02 10:39:34.475284	\N	\N	\N	\N	de
71	\N	316	0	2024-08-02 12:15:19.349306	2024-08-02 12:15:19.349306	pos	dept	worker@email.ml	123123322	EN
72	314	319	0	2024-08-02 12:26:14.511917	2024-08-02 12:26:14.511917	pos	dept	worker@email.hu	133323322	EN
73	314	320	0	2024-08-02 13:46:59.472293	2024-08-02 13:46:59.472293	pos	dept	worker@email888.com	123123789	EN
74	314	321	0	2024-08-02 13:48:24.891826	2024-08-02 13:48:24.891826	pos	dept	worker@email888999.com	123128889	fr
75	314	322	0	2024-08-02 14:06:36.764015	2024-08-02 14:06:36.764015	pos	dept	worker1@sept.hu	3644523548	de
\.



--
-- Name: user_settings PK_00f004f5922a0744d174530d639; Type: CONSTRAINT; Schema: public; Owner: pma
--

ALTER TABLE ONLY public.user_settings
    ADD CONSTRAINT "PK_00f004f5922a0744d174530d639" PRIMARY KEY (id);


--
-- Name: communication_actions PK_05966bef1c137442877ab177d28; Type: CONSTRAINT; Schema: public; Owner: pma
--

ALTER TABLE ONLY public.communication_actions
    ADD CONSTRAINT "PK_05966bef1c137442877ab177d28" PRIMARY KEY (id);


--
-- Name: location_execution_access PK_06421e9620d318a16cf764ff268; Type: CONSTRAINT; Schema: public; Owner: pma
--

ALTER TABLE ONLY public.location_execution_access
    ADD CONSTRAINT "PK_06421e9620d318a16cf764ff268" PRIMARY KEY (id);


--
-- Name: appeal_question_replies PK_11be2e810b2656f4c12028fdbf9; Type: CONSTRAINT; Schema: public; Owner: pma
--

ALTER TABLE ONLY public.appeal_question_replies
    ADD CONSTRAINT "PK_11be2e810b2656f4c12028fdbf9" PRIMARY KEY (id);


--
-- Name: location_execution_user_group_link PK_17a539acebc5e4e2e78ea51ab45; Type: CONSTRAINT; Schema: public; Owner: pma
--

ALTER TABLE ONLY public.location_execution_user_group_link
    ADD CONSTRAINT "PK_17a539acebc5e4e2e78ea51ab45" PRIMARY KEY (id);


--
-- Name: user_handbook_group PK_1c6f944f7b1dfe0b6d290917f69; Type: CONSTRAINT; Schema: public; Owner: pma
--

ALTER TABLE ONLY public.user_handbook_group
    ADD CONSTRAINT "PK_1c6f944f7b1dfe0b6d290917f69" PRIMARY KEY (id);


--
-- Name: file_manager_folders PK_229c742f236b237353ee3d9adc8; Type: CONSTRAINT; Schema: public; Owner: pma
--

ALTER TABLE ONLY public.file_manager_folders
    ADD CONSTRAINT "PK_229c742f236b237353ee3d9adc8" PRIMARY KEY (id);


--
-- Name: location_groups PK_28b724510af407838c620b6b9fc; Type: CONSTRAINT; Schema: public; Owner: pma
--

ALTER TABLE ONLY public.location_groups
    ADD CONSTRAINT "PK_28b724510af407838c620b6b9fc" PRIMARY KEY (id);


--
-- Name: user_comments PK_2d1437dfa86fd64a7a784cd95a8; Type: CONSTRAINT; Schema: public; Owner: pma
--

ALTER TABLE ONLY public.user_comments
    ADD CONSTRAINT "PK_2d1437dfa86fd64a7a784cd95a8" PRIMARY KEY (id);


--
-- Name: questionnaire_answers PK_353fef8e031908634816fa91fd2; Type: CONSTRAINT; Schema: public; Owner: pma
--

ALTER TABLE ONLY public.questionnaire_answers
    ADD CONSTRAINT "PK_353fef8e031908634816fa91fd2" PRIMARY KEY (id);


--
-- Name: client_subdivisions PK_3ba25e44debfad2162263195716; Type: CONSTRAINT; Schema: public; Owner: pma
--

ALTER TABLE ONLY public.client_subdivisions
    ADD CONSTRAINT "PK_3ba25e44debfad2162263195716" PRIMARY KEY (id);


--
-- Name: questionnaire_sections PK_3be4de6403d5f62f5f011923cb7; Type: CONSTRAINT; Schema: public; Owner: pma
--

ALTER TABLE ONLY public.questionnaire_sections
    ADD CONSTRAINT "PK_3be4de6403d5f62f5f011923cb7" PRIMARY KEY (id);


--
-- Name: file_manager_provider PK_3efc546e67f55a37fbf9adc4faa; Type: CONSTRAINT; Schema: public; Owner: pma
--

ALTER TABLE ONLY public.file_manager_provider
    ADD CONSTRAINT "PK_3efc546e67f55a37fbf9adc4faa" PRIMARY KEY (id);


--
-- Name: appeal_questions PK_3ff9a6cda04dcac3cce68537f09; Type: CONSTRAINT; Schema: public; Owner: pma
--

ALTER TABLE ONLY public.appeal_questions
    ADD CONSTRAINT "PK_3ff9a6cda04dcac3cce68537f09" PRIMARY KEY (id);


--
-- Name: program_type_access PK_41ffbe61abd198237d0957dfe3d; Type: CONSTRAINT; Schema: public; Owner: pma
--

ALTER TABLE ONLY public.program_type_access
    ADD CONSTRAINT "PK_41ffbe61abd198237d0957dfe3d" PRIMARY KEY (id);


--
-- Name: location_execution_instructions PK_436ff69465af4fd9a55b3b4f5e4; Type: CONSTRAINT; Schema: public; Owner: pma
--

ALTER TABLE ONLY public.location_execution_instructions
    ADD CONSTRAINT "PK_436ff69465af4fd9a55b3b4f5e4" PRIMARY KEY (id);


--
-- Name: location_execution PK_442b50b56f3d06ce658e5ffe22d; Type: CONSTRAINT; Schema: public; Owner: pma
--

ALTER TABLE ONLY public.location_execution
    ADD CONSTRAINT "PK_442b50b56f3d06ce658e5ffe22d" PRIMARY KEY (id);


--
-- Name: user_handbook_link PK_46b05c7f3a46203a08e0f97abf0; Type: CONSTRAINT; Schema: public; Owner: pma
--

ALTER TABLE ONLY public.user_handbook_link
    ADD CONSTRAINT "PK_46b05c7f3a46203a08e0f97abf0" PRIMARY KEY (id);


--
-- Name: role_rules PK_4a1d1980852b67db5b8dcbc8e6e; Type: CONSTRAINT; Schema: public; Owner: pma
--

ALTER TABLE ONLY public.role_rules
    ADD CONSTRAINT "PK_4a1d1980852b67db5b8dcbc8e6e" PRIMARY KEY (id);


--
-- Name: questionnaire_questions PK_522868371a7e3e08cbd044d71b5; Type: CONSTRAINT; Schema: public; Owner: pma
--

ALTER TABLE ONLY public.questionnaire_questions
    ADD CONSTRAINT "PK_522868371a7e3e08cbd044d71b5" PRIMARY KEY (id);


--
-- Name: client_competitors PK_5553c4d1d6e2085d6c1a779b019; Type: CONSTRAINT; Schema: public; Owner: pma
--

ALTER TABLE ONLY public.client_competitors
    ADD CONSTRAINT "PK_5553c4d1d6e2085d6c1a779b019" PRIMARY KEY (id);


--
-- Name: user_handbook_filling PK_5744e44b1c265c5cbbc95b7b2a5; Type: CONSTRAINT; Schema: public; Owner: pma
--

ALTER TABLE ONLY public.user_handbook_filling
    ADD CONSTRAINT "PK_5744e44b1c265c5cbbc95b7b2a5" PRIMARY KEY (id);


--
-- Name: role_user_link PK_5a40e2449b87daa0c25fe814672; Type: CONSTRAINT; Schema: public; Owner: pma
--

ALTER TABLE ONLY public.role_user_link
    ADD CONSTRAINT "PK_5a40e2449b87daa0c25fe814672" PRIMARY KEY (id);


--
-- Name: role_actions PK_5ee58f1e3c6236c691f190e0781; Type: CONSTRAINT; Schema: public; Owner: pma
--

ALTER TABLE ONLY public.role_actions
    ADD CONSTRAINT "PK_5ee58f1e3c6236c691f190e0781" PRIMARY KEY (id);


--
-- Name: questionnaire_answer_links PK_60e93cdb40c8336ed3b177aa56c; Type: CONSTRAINT; Schema: public; Owner: pma
--

ALTER TABLE ONLY public.questionnaire_answer_links
    ADD CONSTRAINT "PK_60e93cdb40c8336ed3b177aa56c" PRIMARY KEY (id);


--
-- Name: groups PK_659d1483316afb28afd3a90646e; Type: CONSTRAINT; Schema: public; Owner: pma
--

ALTER TABLE ONLY public.groups
    ADD CONSTRAINT "PK_659d1483316afb28afd3a90646e" PRIMARY KEY (id);


--
-- Name: communication_action_users PK_68781403ba22399bdb935fdc7f7; Type: CONSTRAINT; Schema: public; Owner: pma
--

ALTER TABLE ONLY public.communication_action_users
    ADD CONSTRAINT "PK_68781403ba22399bdb935fdc7f7" PRIMARY KEY (id);


--
-- Name: user_client_access PK_6ad0a954ee6226c50c14f089945; Type: CONSTRAINT; Schema: public; Owner: pma
--

ALTER TABLE ONLY public.user_client_access
    ADD CONSTRAINT "PK_6ad0a954ee6226c50c14f089945" PRIMARY KEY (id);


--
-- Name: file_manager_folder_links PK_6df630f7588a4a0bccc45470611; Type: CONSTRAINT; Schema: public; Owner: pma
--

ALTER TABLE ONLY public.file_manager_folder_links
    ADD CONSTRAINT "PK_6df630f7588a4a0bccc45470611" PRIMARY KEY (id);


--
-- Name: scheduling_shops PK_7226202681563692024de8c7024; Type: CONSTRAINT; Schema: public; Owner: pma
--

ALTER TABLE ONLY public.scheduling_shops
    ADD CONSTRAINT "PK_7226202681563692024de8c7024" PRIMARY KEY (id);


--
-- Name: file_manager PK_737201044e826a80ade8f858d81; Type: CONSTRAINT; Schema: public; Owner: pma
--

ALTER TABLE ONLY public.file_manager
    ADD CONSTRAINT "PK_737201044e826a80ade8f858d81" PRIMARY KEY (id);


--
-- Name: location_group_links PK_798e18d70fb56bfd81ca890024d; Type: CONSTRAINT; Schema: public; Owner: pma
--

ALTER TABLE ONLY public.location_group_links
    ADD CONSTRAINT "PK_798e18d70fb56bfd81ca890024d" PRIMARY KEY (id);


--
-- Name: group_user_link PK_7a64f6c4d4725362a2cc17dfa80; Type: CONSTRAINT; Schema: public; Owner: pma
--

ALTER TABLE ONLY public.group_user_link
    ADD CONSTRAINT "PK_7a64f6c4d4725362a2cc17dfa80" PRIMARY KEY (id);


--
-- Name: actions PK_7bfb822f56be449c0b8adbf83cf; Type: CONSTRAINT; Schema: public; Owner: pma
--

ALTER TABLE ONLY public.actions
    ADD CONSTRAINT "PK_7bfb822f56be449c0b8adbf83cf" PRIMARY KEY (id);


--
-- Name: locations PK_7cc1c9e3853b94816c094825e74; Type: CONSTRAINT; Schema: public; Owner: pma
--

ALTER TABLE ONLY public.locations
    ADD CONSTRAINT "PK_7cc1c9e3853b94816c094825e74" PRIMARY KEY (id);


--
-- Name: location_execution_location_link PK_8280508dd420a4d343bb68cf8d1; Type: CONSTRAINT; Schema: public; Owner: pma
--

ALTER TABLE ONLY public.location_execution_location_link
    ADD CONSTRAINT "PK_8280508dd420a4d343bb68cf8d1" PRIMARY KEY (id);


--
-- Name: user_workers PK_84da0f3ecea7da07b1700480d37; Type: CONSTRAINT; Schema: public; Owner: pma
--

ALTER TABLE ONLY public.user_workers
    ADD CONSTRAINT "PK_84da0f3ecea7da07b1700480d37" PRIMARY KEY (id);


--
-- Name: program_type PK_87763b5dc03ea0905b390bc5f9f; Type: CONSTRAINT; Schema: public; Owner: pma
--

ALTER TABLE ONLY public.program_type
    ADD CONSTRAINT "PK_87763b5dc03ea0905b390bc5f9f" PRIMARY KEY (id);


--
-- Name: location_status PK_8aaa0643a11576d67d6a29defc3; Type: CONSTRAINT; Schema: public; Owner: pma
--

ALTER TABLE ONLY public.location_status
    ADD CONSTRAINT "PK_8aaa0643a11576d67d6a29defc3" PRIMARY KEY (id);


--
-- Name: migrations PK_8c82d7f526340ab734260ea46be; Type: CONSTRAINT; Schema: public; Owner: pma
--

ALTER TABLE ONLY public.migrations
    ADD CONSTRAINT "PK_8c82d7f526340ab734260ea46be" PRIMARY KEY (id);


--
-- Name: location_group_parent_link PK_8d16e1360c527edecd5d2a39fc0; Type: CONSTRAINT; Schema: public; Owner: pma
--

ALTER TABLE ONLY public.location_group_parent_link
    ADD CONSTRAINT "PK_8d16e1360c527edecd5d2a39fc0" PRIMARY KEY (id);


--
-- Name: user_clients PK_93fa1b9251af32ddc852b9eb787; Type: CONSTRAINT; Schema: public; Owner: pma
--

ALTER TABLE ONLY public.user_clients
    ADD CONSTRAINT "PK_93fa1b9251af32ddc852b9eb787" PRIMARY KEY (id);


--
-- Name: location_execution_bonus_links PK_94a99afd7a2bce565924e6233dd; Type: CONSTRAINT; Schema: public; Owner: pma
--

ALTER TABLE ONLY public.location_execution_bonus_links
    ADD CONSTRAINT "PK_94a99afd7a2bce565924e6233dd" PRIMARY KEY (id);


--
-- Name: file_manager_user_provider PK_9ac44109307f6c44149bcc73c19; Type: CONSTRAINT; Schema: public; Owner: pma
--

ALTER TABLE ONLY public.file_manager_user_provider
    ADD CONSTRAINT "PK_9ac44109307f6c44149bcc73c19" PRIMARY KEY (id);


--
-- Name: location_group_user_link PK_9c7864b4d9eea42760f6222016e; Type: CONSTRAINT; Schema: public; Owner: pma
--

ALTER TABLE ONLY public.location_group_user_link
    ADD CONSTRAINT "PK_9c7864b4d9eea42760f6222016e" PRIMARY KEY (id);


--
-- Name: role_action_link PK_9d3c0e7b7f8543fdd45cd661b26; Type: CONSTRAINT; Schema: public; Owner: pma
--

ALTER TABLE ONLY public.role_action_link
    ADD CONSTRAINT "PK_9d3c0e7b7f8543fdd45cd661b26" PRIMARY KEY (id);


--
-- Name: mystery_shopper_visit PK_9dfc395172cbf3dd7032a547ac4; Type: CONSTRAINT; Schema: public; Owner: pma
--

ALTER TABLE ONLY public.mystery_shopper_visit
    ADD CONSTRAINT "PK_9dfc395172cbf3dd7032a547ac4" PRIMARY KEY (id);


--
-- Name: user_handbook_value PK_9fa969bd09add83f46b158ed019; Type: CONSTRAINT; Schema: public; Owner: pma
--

ALTER TABLE ONLY public.user_handbook_value
    ADD CONSTRAINT "PK_9fa969bd09add83f46b158ed019" PRIMARY KEY (id);


--
-- Name: questionnaires PK_a01d7cdea895ed9796b29233610; Type: CONSTRAINT; Schema: public; Owner: pma
--

ALTER TABLE ONLY public.questionnaires
    ADD CONSTRAINT "PK_a01d7cdea895ed9796b29233610" PRIMARY KEY (id);


--
-- Name: file_manager_access PK_a2b1f887d9dacb5690b01b8cbba; Type: CONSTRAINT; Schema: public; Owner: pma
--

ALTER TABLE ONLY public.file_manager_access
    ADD CONSTRAINT "PK_a2b1f887d9dacb5690b01b8cbba" PRIMARY KEY (id);


--
-- Name: location_execution_questionnaire_link PK_aec04266b9e952afd0970eb15be; Type: CONSTRAINT; Schema: public; Owner: pma
--

ALTER TABLE ONLY public.location_execution_questionnaire_link
    ADD CONSTRAINT "PK_aec04266b9e952afd0970eb15be" PRIMARY KEY (id);


--
-- Name: questionnaire_answer_statistics PK_af9b8472710414ede3d92ada96e; Type: CONSTRAINT; Schema: public; Owner: pma
--

ALTER TABLE ONLY public.questionnaire_answer_statistics
    ADD CONSTRAINT "PK_af9b8472710414ede3d92ada96e" PRIMARY KEY (id);


--
-- Name: status_changes PK_b09386c7bfe17fbe0b6d24e719e; Type: CONSTRAINT; Schema: public; Owner: pma
--

ALTER TABLE ONLY public.status_changes
    ADD CONSTRAINT "PK_b09386c7bfe17fbe0b6d24e719e" PRIMARY KEY (id);


--
-- Name: bonus_system_location_link PK_b3ec40b7ffd8d5d127b34b63aaf; Type: CONSTRAINT; Schema: public; Owner: pma
--

ALTER TABLE ONLY public.bonus_system_location_link
    ADD CONSTRAINT "PK_b3ec40b7ffd8d5d127b34b63aaf" PRIMARY KEY (id);


--
-- Name: user_handbook PK_b5f08c27bc4d6ee8743905433c4; Type: CONSTRAINT; Schema: public; Owner: pma
--

ALTER TABLE ONLY public.user_handbook
    ADD CONSTRAINT "PK_b5f08c27bc4d6ee8743905433c4" PRIMARY KEY (id);


--
-- Name: location_user PK_ba3b695bc9d4bd35cc12839507f; Type: CONSTRAINT; Schema: public; Owner: pma
--

ALTER TABLE ONLY public.location_user
    ADD CONSTRAINT "PK_ba3b695bc9d4bd35cc12839507f" PRIMARY KEY (id);


--
-- Name: communication_chanel_users PK_bea01a86781f912ba64569c43df; Type: CONSTRAINT; Schema: public; Owner: pma
--

ALTER TABLE ONLY public.communication_chanel_users
    ADD CONSTRAINT "PK_bea01a86781f912ba64569c43df" PRIMARY KEY (id);


--
-- Name: roles PK_c1433d71a4838793a49dcad46ab; Type: CONSTRAINT; Schema: public; Owner: pma
--

ALTER TABLE ONLY public.roles
    ADD CONSTRAINT "PK_c1433d71a4838793a49dcad46ab" PRIMARY KEY (id);


--
-- Name: communication_templates PK_ca5cd6c5ee3127e345e9d30a719; Type: CONSTRAINT; Schema: public; Owner: pma
--

ALTER TABLE ONLY public.communication_templates
    ADD CONSTRAINT "PK_ca5cd6c5ee3127e345e9d30a719" PRIMARY KEY (id);


--
-- Name: location_questionnaire PK_dd79662de1c8daa137817723f98; Type: CONSTRAINT; Schema: public; Owner: pma
--

ALTER TABLE ONLY public.location_questionnaire
    ADD CONSTRAINT "PK_dd79662de1c8daa137817723f98" PRIMARY KEY (location_id, questionnaire_id);


--
-- Name: file_manager_public_link PK_dff253d2ff322eabba153031787; Type: CONSTRAINT; Schema: public; Owner: pma
--

ALTER TABLE ONLY public.file_manager_public_link
    ADD CONSTRAINT "PK_dff253d2ff322eabba153031787" PRIMARY KEY (id);


--
-- Name: user_notes PK_e6cd579b582af97475256da96fb; Type: CONSTRAINT; Schema: public; Owner: pma
--

ALTER TABLE ONLY public.user_notes
    ADD CONSTRAINT "PK_e6cd579b582af97475256da96fb" PRIMARY KEY (id);


--
-- Name: imports PK_ea10c62f5eb1d75e83d8b5225db; Type: CONSTRAINT; Schema: public; Owner: pma
--

ALTER TABLE ONLY public.imports
    ADD CONSTRAINT "PK_ea10c62f5eb1d75e83d8b5225db" PRIMARY KEY (id);


--
-- Name: appeals PK_ebd2050a02aa78081b5346152bc; Type: CONSTRAINT; Schema: public; Owner: pma
--

ALTER TABLE ONLY public.appeals
    ADD CONSTRAINT "PK_ebd2050a02aa78081b5346152bc" PRIMARY KEY (id);


--
-- Name: bonus_system PK_ff0dfde69a957452abfdc62a745; Type: CONSTRAINT; Schema: public; Owner: pma
--

ALTER TABLE ONLY public.bonus_system
    ADD CONSTRAINT "PK_ff0dfde69a957452abfdc62a745" PRIMARY KEY (id);


--
-- Name: cities cities_pkey; Type: CONSTRAINT; Schema: public; Owner: pma
--

ALTER TABLE ONLY public.cities
    ADD CONSTRAINT cities_pkey PRIMARY KEY (id);


--
-- Name: countries countries_pkey; Type: CONSTRAINT; Schema: public; Owner: pma
--

ALTER TABLE ONLY public.countries
    ADD CONSTRAINT countries_pkey PRIMARY KEY (id);


--
-- Name: regions regions_pkey; Type: CONSTRAINT; Schema: public; Owner: pma
--

ALTER TABLE ONLY public.regions
    ADD CONSTRAINT regions_pkey PRIMARY KEY (id);


--
-- Name: IDX_APPEAL_CLIENT_ID; Type: INDEX; Schema: public; Owner: pma
--

CREATE INDEX "IDX_APPEAL_CLIENT_ID" ON public.appeals USING btree (client_id);


--
-- Name: IDX_APPEAL_QUESTIONNAIRE_ID; Type: INDEX; Schema: public; Owner: pma
--

CREATE INDEX "IDX_APPEAL_QUESTIONNAIRE_ID" ON public.appeals USING btree (questionnaire_id);


--
-- Name: IDX_APPEAL_QUESTIONS_ANSWER_ID; Type: INDEX; Schema: public; Owner: pma
--

CREATE INDEX "IDX_APPEAL_QUESTIONS_ANSWER_ID" ON public.appeal_questions USING btree (answer_id);


--
-- Name: IDX_APPEAL_QUESTIONS_APPEAL_ID; Type: INDEX; Schema: public; Owner: pma
--

CREATE INDEX "IDX_APPEAL_QUESTIONS_APPEAL_ID" ON public.appeal_questions USING btree (appeal_id);


--
-- Name: IDX_APPEAL_QUESTIONS_QUESTION_ID; Type: INDEX; Schema: public; Owner: pma
--

CREATE INDEX "IDX_APPEAL_QUESTIONS_QUESTION_ID" ON public.appeal_questions USING btree (question_id);


--
-- Name: IDX_APPEAL_QUESTION_REPLIES_APPEAL_QUESTION_ID; Type: INDEX; Schema: public; Owner: pma
--

CREATE INDEX "IDX_APPEAL_QUESTION_REPLIES_APPEAL_QUESTION_ID" ON public.appeal_question_replies USING btree (appeal_question_id);


--
-- Name: IDX_APPEAL_QUESTION_REPLIES_USER_ID; Type: INDEX; Schema: public; Owner: pma
--

CREATE INDEX "IDX_APPEAL_QUESTION_REPLIES_USER_ID" ON public.appeal_question_replies USING btree (user_id);


--
-- Name: IDX_BONUS_SYSTEM_CLIENT_ID; Type: INDEX; Schema: public; Owner: pma
--

CREATE INDEX "IDX_BONUS_SYSTEM_CLIENT_ID" ON public.bonus_system USING btree (client_id);


--
-- Name: IDX_BONUS_SYSTEM_LOCATION_GROUP_BONUS_SYSTEM_ID; Type: INDEX; Schema: public; Owner: pma
--

CREATE INDEX "IDX_BONUS_SYSTEM_LOCATION_GROUP_BONUS_SYSTEM_ID" ON public.bonus_system_location_link USING btree (bonus_system_id);


--
-- Name: IDX_BONUS_SYSTEM_TYPE; Type: INDEX; Schema: public; Owner: pma
--

CREATE INDEX "IDX_BONUS_SYSTEM_TYPE" ON public.bonus_system USING btree (type);


--
-- Name: IDX_BONUS_SYSTEM_WHO_CREATE; Type: INDEX; Schema: public; Owner: pma
--

CREATE INDEX "IDX_BONUS_SYSTEM_WHO_CREATE" ON public.bonus_system USING btree (who_create);


--
-- Name: IDX_CLIENT_COMPETITORS_CLIENT_ID; Type: INDEX; Schema: public; Owner: pma
--

CREATE INDEX "IDX_CLIENT_COMPETITORS_CLIENT_ID" ON public.client_competitors USING btree (client_id);


--
-- Name: IDX_CLIENT_COMPETITORS_COMPETITOR_ID; Type: INDEX; Schema: public; Owner: pma
--

CREATE INDEX "IDX_CLIENT_COMPETITORS_COMPETITOR_ID" ON public.client_competitors USING btree (competitor_id);


--
-- Name: IDX_CLIENT_SUBDIVISIONS_CLIENT_ID; Type: INDEX; Schema: public; Owner: pma
--

CREATE INDEX "IDX_CLIENT_SUBDIVISIONS_CLIENT_ID" ON public.client_subdivisions USING btree (client_id);


--
-- Name: IDX_HANDBOOK_GROUP_ID; Type: INDEX; Schema: public; Owner: pma
--

CREATE INDEX "IDX_HANDBOOK_GROUP_ID" ON public.user_handbook USING btree (handbook_group_id);


--
-- Name: IDX_LOCATION_CITY_ID; Type: INDEX; Schema: public; Owner: pma
--

CREATE INDEX "IDX_LOCATION_CITY_ID" ON public.locations USING btree (city_id);


--
-- Name: IDX_LOCATION_COUNTRY_ID; Type: INDEX; Schema: public; Owner: pma
--

CREATE INDEX "IDX_LOCATION_COUNTRY_ID" ON public.locations USING btree (country_id);


--
-- Name: IDX_LOCATION_EXECUTION_ACCESS_CLIENT_ID; Type: INDEX; Schema: public; Owner: pma
--

CREATE INDEX "IDX_LOCATION_EXECUTION_ACCESS_CLIENT_ID" ON public.location_execution_access USING btree (user_id);


--
-- Name: IDX_LOCATION_EXECUTION_ACCESS_EXECUTION_ID; Type: INDEX; Schema: public; Owner: pma
--

CREATE INDEX "IDX_LOCATION_EXECUTION_ACCESS_EXECUTION_ID" ON public.location_execution_access USING btree (execution_id);


--
-- Name: IDX_LOCATION_EXECUTION_DATE_END; Type: INDEX; Schema: public; Owner: pma
--

CREATE INDEX "IDX_LOCATION_EXECUTION_DATE_END" ON public.location_execution USING btree (data_end);


--
-- Name: IDX_LOCATION_EXECUTION_DATE_START; Type: INDEX; Schema: public; Owner: pma
--

CREATE INDEX "IDX_LOCATION_EXECUTION_DATE_START" ON public.location_execution USING btree (data_start);


--
-- Name: IDX_LOCATION_EXECUTION_LOCATION_LOCATION_EXECUTION_ID; Type: INDEX; Schema: public; Owner: pma
--

CREATE INDEX "IDX_LOCATION_EXECUTION_LOCATION_LOCATION_EXECUTION_ID" ON public.location_execution_location_link USING btree (location_execution_id);


--
-- Name: IDX_LOCATION_EXECUTION_LOCATION_LOCATION_ID; Type: INDEX; Schema: public; Owner: pma
--

CREATE INDEX "IDX_LOCATION_EXECUTION_LOCATION_LOCATION_ID" ON public.location_execution_location_link USING btree (location_id);


--
-- Name: IDX_LOCATION_EXECUTION_PAYMENT_METHOD; Type: INDEX; Schema: public; Owner: pma
--

CREATE INDEX "IDX_LOCATION_EXECUTION_PAYMENT_METHOD" ON public.location_execution USING btree (payment_method);


--
-- Name: IDX_LOCATION_EXECUTION_QUESTIONNAIRE_ID; Type: INDEX; Schema: public; Owner: pma
--

CREATE INDEX "IDX_LOCATION_EXECUTION_QUESTIONNAIRE_ID" ON public.location_execution USING btree (questionnaire_id);


--
-- Name: IDX_LOCATION_EXECUTION_STATUS; Type: INDEX; Schema: public; Owner: pma
--

CREATE INDEX "IDX_LOCATION_EXECUTION_STATUS" ON public.location_execution USING btree (status);


--
-- Name: IDX_LOCATION_EXECUTION_USER_GROUP_LINK_GROUP_ID; Type: INDEX; Schema: public; Owner: pma
--

CREATE INDEX "IDX_LOCATION_EXECUTION_USER_GROUP_LINK_GROUP_ID" ON public.location_execution_user_group_link USING btree (group_id);


--
-- Name: IDX_LOCATION_EXECUTION_USER_GROUP_LINK_LOCATION_EXECUTION_ID; Type: INDEX; Schema: public; Owner: pma
--

CREATE INDEX "IDX_LOCATION_EXECUTION_USER_GROUP_LINK_LOCATION_EXECUTION_ID" ON public.location_execution_user_group_link USING btree (location_execution_id);


--
-- Name: IDX_LOCATION_EXECUTION_USER_GROUP_USER_ID; Type: INDEX; Schema: public; Owner: pma
--

CREATE INDEX "IDX_LOCATION_EXECUTION_USER_GROUP_USER_ID" ON public.location_execution_user_group_link USING btree (user_id);


--
-- Name: IDX_LOCATION_EXECUTION_WHO_CREATED; Type: INDEX; Schema: public; Owner: pma
--

CREATE INDEX "IDX_LOCATION_EXECUTION_WHO_CREATED" ON public.location_execution USING btree (who_created);


--
-- Name: IDX_LOCATION_GROUP_PARENT_LINK_GROUP_ID; Type: INDEX; Schema: public; Owner: pma
--

CREATE INDEX "IDX_LOCATION_GROUP_PARENT_LINK_GROUP_ID" ON public.location_group_parent_link USING btree (group_id);


--
-- Name: IDX_LOCATION_GROUP_PARENT_LINK_PARENT_ID; Type: INDEX; Schema: public; Owner: pma
--

CREATE INDEX "IDX_LOCATION_GROUP_PARENT_LINK_PARENT_ID" ON public.location_group_parent_link USING btree (parent_id);


--
-- Name: IDX_LOCATION_GROUP_USER_LINK; Type: INDEX; Schema: public; Owner: pma
--

CREATE INDEX "IDX_LOCATION_GROUP_USER_LINK" ON public.location_group_user_link USING btree (client_id, group_id);


--
-- Name: IDX_LOCATION_GROUP_UUID; Type: INDEX; Schema: public; Owner: pma
--

CREATE INDEX "IDX_LOCATION_GROUP_UUID" ON public.location_groups USING btree (uuid);


--
-- Name: IDX_LOCATION_REGION_ID; Type: INDEX; Schema: public; Owner: pma
--

CREATE INDEX "IDX_LOCATION_REGION_ID" ON public.locations USING btree (region_id);


--
-- Name: IDX_LOCATION_STATUS; Type: INDEX; Schema: public; Owner: pma
--

CREATE INDEX "IDX_LOCATION_STATUS" ON public.locations USING btree (status);


--
-- Name: IDX_LOCATION_WHO_CREATE; Type: INDEX; Schema: public; Owner: pma
--

CREATE INDEX "IDX_LOCATION_WHO_CREATE" ON public.locations USING btree (who_create);


--
-- Name: IDX_MYSTERY_SHOPPER_VISIT_LOCATION_EXECUTION_ID; Type: INDEX; Schema: public; Owner: pma
--

CREATE INDEX "IDX_MYSTERY_SHOPPER_VISIT_LOCATION_EXECUTION_ID" ON public.mystery_shopper_visit USING btree (location_execution_id);


--
-- Name: IDX_MYSTERY_SHOPPER_VISIT_LOCATION_ID; Type: INDEX; Schema: public; Owner: pma
--

CREATE INDEX "IDX_MYSTERY_SHOPPER_VISIT_LOCATION_ID" ON public.mystery_shopper_visit USING btree (location_id);


--
-- Name: IDX_MYSTERY_SHOPPER_VISIT_STATUS; Type: INDEX; Schema: public; Owner: pma
--

CREATE INDEX "IDX_MYSTERY_SHOPPER_VISIT_STATUS" ON public.mystery_shopper_visit USING btree (status);


--
-- Name: IDX_MYSTERY_SHOPPER_VISIT_USER_ID; Type: INDEX; Schema: public; Owner: pma
--

CREATE INDEX "IDX_MYSTERY_SHOPPER_VISIT_USER_ID" ON public.mystery_shopper_visit USING btree (user_id);


--
-- Name: IDX_PROGRAM_TYPE_ACCESS_PROGRAM_ID; Type: INDEX; Schema: public; Owner: pma
--

CREATE INDEX "IDX_PROGRAM_TYPE_ACCESS_PROGRAM_ID" ON public.program_type_access USING btree (program_id);


--
-- Name: IDX_PROGRAM_TYPE_ACCESS_USER_ID; Type: INDEX; Schema: public; Owner: pma
--

CREATE INDEX "IDX_PROGRAM_TYPE_ACCESS_USER_ID" ON public.program_type_access USING btree (user_id);


--
-- Name: IDX_PROGRAM_TYPE_CLIENT_ID; Type: INDEX; Schema: public; Owner: pma
--

CREATE INDEX "IDX_PROGRAM_TYPE_CLIENT_ID" ON public.program_type USING btree (client_id);


--
-- Name: IDX_PROGRAM_TYPE_PROGRAM_TYPE; Type: INDEX; Schema: public; Owner: pma
--

CREATE INDEX "IDX_PROGRAM_TYPE_PROGRAM_TYPE" ON public.program_type USING btree (program_type);


--
-- Name: IDX_PUBLIC_LINK_HASH; Type: INDEX; Schema: public; Owner: pma
--

CREATE UNIQUE INDEX "IDX_PUBLIC_LINK_HASH" ON public.file_manager_public_link USING btree (hash);


--
-- Name: IDX_QUESTIONNAIRE_ANSWER_ANSWER_LINK; Type: INDEX; Schema: public; Owner: pma
--

CREATE INDEX "IDX_QUESTIONNAIRE_ANSWER_ANSWER_LINK" ON public.questionnaire_answers USING btree (questionnaire_answer_link);


--
-- Name: IDX_QUESTIONNAIRE_ANSWER_LINK_CITY_ID; Type: INDEX; Schema: public; Owner: pma
--

CREATE INDEX "IDX_QUESTIONNAIRE_ANSWER_LINK_CITY_ID" ON public.questionnaire_answer_links USING btree (city_id);


--
-- Name: IDX_QUESTIONNAIRE_ANSWER_LINK_CUSTOM_NAME; Type: INDEX; Schema: public; Owner: pma
--

CREATE INDEX "IDX_QUESTIONNAIRE_ANSWER_LINK_CUSTOM_NAME" ON public.questionnaire_answer_links USING btree (custom_name);


--
-- Name: IDX_QUESTIONNAIRE_ANSWER_LINK_ID; Type: INDEX; Schema: public; Owner: pma
--

CREATE INDEX "IDX_QUESTIONNAIRE_ANSWER_LINK_ID" ON public.questionnaire_answers USING btree (link_id);


--
-- Name: IDX_QUESTIONNAIRE_ANSWER_LINK_LOCATION_ID; Type: INDEX; Schema: public; Owner: pma
--

CREATE INDEX "IDX_QUESTIONNAIRE_ANSWER_LINK_LOCATION_ID" ON public.questionnaire_answer_links USING btree (location_id);


--
-- Name: IDX_QUESTIONNAIRE_ANSWER_LINK_QUESTIONNAIRE_ID; Type: INDEX; Schema: public; Owner: pma
--

CREATE INDEX "IDX_QUESTIONNAIRE_ANSWER_LINK_QUESTIONNAIRE_ID" ON public.questionnaire_answer_links USING btree (questionnaire_id);


--
-- Name: IDX_QUESTIONNAIRE_ANSWER_LINK_STATUS; Type: INDEX; Schema: public; Owner: pma
--

CREATE INDEX "IDX_QUESTIONNAIRE_ANSWER_LINK_STATUS" ON public.questionnaire_answer_links USING btree (status);


--
-- Name: IDX_QUESTIONNAIRE_ANSWER_LINK_WHO_CREATED; Type: INDEX; Schema: public; Owner: pma
--

CREATE INDEX "IDX_QUESTIONNAIRE_ANSWER_LINK_WHO_CREATED" ON public.questionnaire_answer_links USING btree (who_created);


--
-- Name: IDX_QUESTIONNAIRE_ANSWER_QUESTIONNAIRE_ID; Type: INDEX; Schema: public; Owner: pma
--

CREATE INDEX "IDX_QUESTIONNAIRE_ANSWER_QUESTIONNAIRE_ID" ON public.questionnaire_answers USING btree (questionnaire_id);


--
-- Name: IDX_QUESTIONNAIRE_ANSWER_QUESTIONNAIRE_QUESTION_ID; Type: INDEX; Schema: public; Owner: pma
--

CREATE INDEX "IDX_QUESTIONNAIRE_ANSWER_QUESTIONNAIRE_QUESTION_ID" ON public.questionnaire_answers USING btree (questionnaire_question_id);


--
-- Name: IDX_QUESTIONNAIRE_ANSWER_QUESTIONNAIRE_SECTION_ID; Type: INDEX; Schema: public; Owner: pma
--

CREATE INDEX "IDX_QUESTIONNAIRE_ANSWER_QUESTIONNAIRE_SECTION_ID" ON public.questionnaire_questions USING btree (questionnaire_section_id);


--
-- Name: IDX_QUESTIONNAIRE_ANSWER_STATISTICS_IDENTIFICATION; Type: INDEX; Schema: public; Owner: pma
--

CREATE INDEX "IDX_QUESTIONNAIRE_ANSWER_STATISTICS_IDENTIFICATION" ON public.questionnaire_answer_statistics USING btree (identification);


--
-- Name: IDX_QUESTIONNAIRE_ANSWER_STATISTICS_QUESTIONNAIRE_ID; Type: INDEX; Schema: public; Owner: pma
--

CREATE INDEX "IDX_QUESTIONNAIRE_ANSWER_STATISTICS_QUESTIONNAIRE_ID" ON public.questionnaire_answer_statistics USING btree (questionnaire_id);


--
-- Name: IDX_QUESTIONNAIRE_ANSWER_STATISTICS_TYPE; Type: INDEX; Schema: public; Owner: pma
--

CREATE INDEX "IDX_QUESTIONNAIRE_ANSWER_STATISTICS_TYPE" ON public.questionnaire_answer_statistics USING btree (type);


--
-- Name: IDX_QUESTIONNAIRE_CLIENT_ID; Type: INDEX; Schema: public; Owner: pma
--

CREATE INDEX "IDX_QUESTIONNAIRE_CLIENT_ID" ON public.questionnaires USING btree (client_id);


--
-- Name: IDX_QUESTIONNAIRE_IDENTIFICATION; Type: INDEX; Schema: public; Owner: pma
--

CREATE INDEX "IDX_QUESTIONNAIRE_IDENTIFICATION" ON public.questionnaires USING btree (identification);


--
-- Name: IDX_QUESTIONNAIRE_QUESTION_QUESTIONNAIRE_ID; Type: INDEX; Schema: public; Owner: pma
--

CREATE INDEX "IDX_QUESTIONNAIRE_QUESTION_QUESTIONNAIRE_ID" ON public.questionnaire_questions USING btree (questionnaire_id);


--
-- Name: IDX_QUESTIONNAIRE_SECTION_QUESTIONNAIRE_ID; Type: INDEX; Schema: public; Owner: pma
--

CREATE INDEX "IDX_QUESTIONNAIRE_SECTION_QUESTIONNAIRE_ID" ON public.questionnaire_sections USING btree (questionnaire_id);


--
-- Name: IDX_QUESTIONNAIRE_USER_ID; Type: INDEX; Schema: public; Owner: pma
--

CREATE INDEX "IDX_QUESTIONNAIRE_USER_ID" ON public.questionnaires USING btree (user_id);


--
-- Name: IDX_ROLES_NAME; Type: INDEX; Schema: public; Owner: pma
--

CREATE UNIQUE INDEX "IDX_ROLES_NAME" ON public.roles USING btree (name);


--
-- Name: IDX_ROLE_ACTIONS_ROLE_ID; Type: INDEX; Schema: public; Owner: pma
--

CREATE INDEX "IDX_ROLE_ACTIONS_ROLE_ID" ON public.role_actions USING btree (role_id);


--
-- Name: IDX_ROLE_RULES_ROLE_ID; Type: INDEX; Schema: public; Owner: pma
--

CREATE INDEX "IDX_ROLE_RULES_ROLE_ID" ON public.role_rules USING btree (role_id);


--
-- Name: IDX_SCHEDULING_SHOPS_LOCATION_ID; Type: INDEX; Schema: public; Owner: pma
--

CREATE INDEX "IDX_SCHEDULING_SHOPS_LOCATION_ID" ON public.scheduling_shops USING btree (location_id);


--
-- Name: IDX_SCHEDULING_SHOPS_PROJECT_ID; Type: INDEX; Schema: public; Owner: pma
--

CREATE INDEX "IDX_SCHEDULING_SHOPS_PROJECT_ID" ON public.scheduling_shops USING btree (project_id);


--
-- Name: IDX_SCHEDULING_SHOPS_RESPONDENT_ID; Type: INDEX; Schema: public; Owner: pma
--

CREATE INDEX "IDX_SCHEDULING_SHOPS_RESPONDENT_ID" ON public.scheduling_shops USING btree (respondent_id);


--
-- Name: IDX_SCHEDULING_SHOPS_SCHEDULER_ID; Type: INDEX; Schema: public; Owner: pma
--

CREATE INDEX "IDX_SCHEDULING_SHOPS_SCHEDULER_ID" ON public.scheduling_shops USING btree (scheduler_id);


--
-- Name: IDX_SHOP_ID; Type: INDEX; Schema: public; Owner: pma
--

CREATE INDEX "IDX_SHOP_ID" ON public.mystery_shopper_visit USING btree (shop_id);


--
-- Name: IDX_STATUS_CHANGES_CHANGED_AT; Type: INDEX; Schema: public; Owner: pma
--

CREATE INDEX "IDX_STATUS_CHANGES_CHANGED_AT" ON public.status_changes USING btree (changed_at);


--
-- Name: IDX_STATUS_CHANGES_ENTITY_ID; Type: INDEX; Schema: public; Owner: pma
--

CREATE INDEX "IDX_STATUS_CHANGES_ENTITY_ID" ON public.status_changes USING btree (entity_id);


--
-- Name: IDX_STATUS_CHANGES_ENTITY_TYPE; Type: INDEX; Schema: public; Owner: pma
--

CREATE INDEX "IDX_STATUS_CHANGES_ENTITY_TYPE" ON public.status_changes USING btree (entity_type);


--
-- Name: IDX_STATUS_CHANGES_USER_ID; Type: INDEX; Schema: public; Owner: pma
--

CREATE INDEX "IDX_STATUS_CHANGES_USER_ID" ON public.status_changes USING btree (user_id);


--
-- Name: IDX_USER_CLIENTS_CREATED_AT; Type: INDEX; Schema: public; Owner: pma
--

CREATE INDEX "IDX_USER_CLIENTS_CREATED_AT" ON public.user_clients USING btree (created_at);


--
-- Name: IDX_USER_CLIENTS_UPDATED_AT; Type: INDEX; Schema: public; Owner: pma
--

CREATE INDEX "IDX_USER_CLIENTS_UPDATED_AT" ON public.user_clients USING btree (updated_at);


--
-- Name: IDX_USER_CLIENTS_USER_ID; Type: INDEX; Schema: public; Owner: pma
--

CREATE INDEX "IDX_USER_CLIENTS_USER_ID" ON public.user_clients USING btree (user_id);


--
-- Name: IDX_USER_CLIENT_ACCESS_CLIENT_ID; Type: INDEX; Schema: public; Owner: pma
--

CREATE INDEX "IDX_USER_CLIENT_ACCESS_CLIENT_ID" ON public.user_client_access USING btree (client_id);


--
-- Name: IDX_USER_CLIENT_ACCESS_USER_ID; Type: INDEX; Schema: public; Owner: pma
--

CREATE INDEX "IDX_USER_CLIENT_ACCESS_USER_ID" ON public.user_client_access USING btree (user_id);


--
-- Name: IDX_USER_COMMENTS_USER_ID; Type: INDEX; Schema: public; Owner: pma
--

CREATE INDEX "IDX_USER_COMMENTS_USER_ID" ON public.user_comments USING btree (user_id);


--
-- Name: IDX_USER_COMMENTS_WHO_CREATED; Type: INDEX; Schema: public; Owner: pma
--

CREATE INDEX "IDX_USER_COMMENTS_WHO_CREATED" ON public.user_comments USING btree (who_created);


--
-- Name: IDX_USER_HANDBOOK_CODE; Type: INDEX; Schema: public; Owner: pma
--

CREATE INDEX "IDX_USER_HANDBOOK_CODE" ON public.user_handbook USING btree (code);


--
-- Name: IDX_USER_HANDBOOK_LINK_HANDBOOK_ID; Type: INDEX; Schema: public; Owner: pma
--

CREATE INDEX "IDX_USER_HANDBOOK_LINK_HANDBOOK_ID" ON public.user_handbook_link USING btree (handbook_id);


--
-- Name: IDX_USER_HANDBOOK_LINK_ROLE_ID; Type: INDEX; Schema: public; Owner: pma
--

CREATE INDEX "IDX_USER_HANDBOOK_LINK_ROLE_ID" ON public.user_handbook_link USING btree (role_id);


--
-- Name: IDX_USER_HANDBOOK_NAME; Type: INDEX; Schema: public; Owner: pma
--

CREATE INDEX "IDX_USER_HANDBOOK_NAME" ON public.user_handbook USING btree (name);


--
-- Name: IDX_USER_SETTINGS_CODE; Type: INDEX; Schema: public; Owner: pma
--

CREATE INDEX "IDX_USER_SETTINGS_CODE" ON public.user_settings USING btree (code);


--
-- Name: IDX_USER_WORKERS_CLIENT_ID; Type: INDEX; Schema: public; Owner: pma
--

CREATE INDEX "IDX_USER_WORKERS_CLIENT_ID" ON public.user_workers USING btree (client_id);


--
-- Name: IDX_USER_WORKERS_USER_ID; Type: INDEX; Schema: public; Owner: pma
--

CREATE INDEX "IDX_USER_WORKERS_USER_ID" ON public.user_workers USING btree (user_id);


--
-- Name: IDX_U_NOTES_THEME; Type: INDEX; Schema: public; Owner: pma
--

CREATE INDEX "IDX_U_NOTES_THEME" ON public.user_notes USING btree (theme);


--
-- Name: communication_action_users_index; Type: INDEX; Schema: public; Owner: pma
--

CREATE INDEX communication_action_users_index ON public.communication_action_users USING btree (action_id);


--
-- Name: communication_action_users_user_index; Type: INDEX; Schema: public; Owner: pma
--

CREATE INDEX communication_action_users_user_index ON public.communication_action_users USING btree (user_id);


--
-- Name: group_user_link_group_id; Type: INDEX; Schema: public; Owner: pma
--

CREATE INDEX group_user_link_group_id ON public.group_user_link USING btree (group_id);


--
-- Name: group_user_link_user_id; Type: INDEX; Schema: public; Owner: pma
--

CREATE INDEX group_user_link_user_id ON public.group_user_link USING btree (user_id);


--
-- Name: role_action_link_index; Type: INDEX; Schema: public; Owner: pma
--

CREATE INDEX role_action_link_index ON public.role_action_link USING btree (role_id, action_id);


--
-- Name: role_user_link_role_id; Type: INDEX; Schema: public; Owner: pma
--

CREATE INDEX role_user_link_role_id ON public.role_user_link USING btree (role_id);


--
-- Name: role_user_link_role_user_id; Type: INDEX; Schema: public; Owner: pma
--

CREATE INDEX role_user_link_role_user_id ON public.role_user_link USING btree (user_id);


--
-- Name: user_handbook_filling_handbook_id; Type: INDEX; Schema: public; Owner: pma
--

CREATE INDEX user_handbook_filling_handbook_id ON public.user_handbook_filling USING btree (handbook_id);


--
-- Name: user_handbook_filling_user_id; Type: INDEX; Schema: public; Owner: pma
--

CREATE INDEX user_handbook_filling_user_id ON public.user_handbook_filling USING btree (user_id);


--
-- Name: user_handbook_value_handbook_id; Type: INDEX; Schema: public; Owner: pma
--

CREATE INDEX user_handbook_value_handbook_id ON public.user_handbook_value USING btree (handbook_id);


--
-- Name: file_manager_public_link FK_1e44e2588e21361fc7b9fe9385a; Type: FK CONSTRAINT; Schema: public; Owner: pma
--

ALTER TABLE ONLY public.file_manager_public_link
    ADD CONSTRAINT "FK_1e44e2588e21361fc7b9fe9385a" FOREIGN KEY (file_id) REFERENCES public.file_manager(id) ON DELETE CASCADE;


--
-- Name: file_manager_public_link FK_23b3e5b35974cbb18d46c8184a4; Type: FK CONSTRAINT; Schema: public; Owner: pma
--

ALTER TABLE ONLY public.file_manager_public_link
    ADD CONSTRAINT "FK_23b3e5b35974cbb18d46c8184a4" FOREIGN KEY (provider_id) REFERENCES public.file_manager_provider(id) ON DELETE CASCADE;


--
-- Name: file_manager_folder_links FK_23c4cf479bf726a73866c1b15c5; Type: FK CONSTRAINT; Schema: public; Owner: pma
--

ALTER TABLE ONLY public.file_manager_folder_links
    ADD CONSTRAINT "FK_23c4cf479bf726a73866c1b15c5" FOREIGN KEY ("fileId") REFERENCES public.file_manager(id);


--
-- Name: location_user FK_2a187ea153b876cca3b5d82190b; Type: FK CONSTRAINT; Schema: public; Owner: pma
--

ALTER TABLE ONLY public.location_user
    ADD CONSTRAINT "FK_2a187ea153b876cca3b5d82190b" FOREIGN KEY (user_id) REFERENCES public.users(id) ON DELETE CASCADE;


--
-- Name: role_actions FK_2ed4344d4ad234b70b11e3014ed; Type: FK CONSTRAINT; Schema: public; Owner: pma
--

ALTER TABLE ONLY public.role_actions
    ADD CONSTRAINT "FK_2ed4344d4ad234b70b11e3014ed" FOREIGN KEY (role_id) REFERENCES public.roles(id) ON DELETE CASCADE;


--
-- Name: communication_templates FK_4e2c8a7be2fe078c5f31643340c; Type: FK CONSTRAINT; Schema: public; Owner: pma
--

ALTER TABLE ONLY public.communication_templates
    ADD CONSTRAINT "FK_4e2c8a7be2fe078c5f31643340c" FOREIGN KEY (communication_id) REFERENCES public.communications(id);


--
-- Name: bonus_system_location_link FK_56fe776f8012e10da66ec66a5ea; Type: FK CONSTRAINT; Schema: public; Owner: pma
--

ALTER TABLE ONLY public.bonus_system_location_link
    ADD CONSTRAINT "FK_56fe776f8012e10da66ec66a5ea" FOREIGN KEY (bonus_system_id) REFERENCES public.bonus_system(id) ON DELETE CASCADE;


--
-- Name: file_manager_folder_links FK_5c76f9a5dda6fb1e54bf705743c; Type: FK CONSTRAINT; Schema: public; Owner: pma
--

ALTER TABLE ONLY public.file_manager_folder_links
    ADD CONSTRAINT "FK_5c76f9a5dda6fb1e54bf705743c" FOREIGN KEY ("folderId") REFERENCES public.file_manager_folders(id);


--
-- Name: file_manager_public_link FK_5cb50204074ba724d29efd3228c; Type: FK CONSTRAINT; Schema: public; Owner: pma
--

ALTER TABLE ONLY public.file_manager_public_link
    ADD CONSTRAINT "FK_5cb50204074ba724d29efd3228c" FOREIGN KEY (who_created) REFERENCES public.users(id) ON DELETE SET NULL;


--
-- Name: file_manager_folders FK_7c82e3daaf80678ef0a7880bd15; Type: FK CONSTRAINT; Schema: public; Owner: pma
--

ALTER TABLE ONLY public.file_manager_folders
    ADD CONSTRAINT "FK_7c82e3daaf80678ef0a7880bd15" FOREIGN KEY ("parentsId") REFERENCES public.file_manager_folders(id);


--
-- Name: communication_templates FK_935d10ce1c525dd8032d41619c0; Type: FK CONSTRAINT; Schema: public; Owner: pma
--

ALTER TABLE ONLY public.communication_templates
    ADD CONSTRAINT "FK_935d10ce1c525dd8032d41619c0" FOREIGN KEY (action_id) REFERENCES public.actions(id);


--
-- Name: groups FK_b5ec4f59d8703473034ee7d89b2; Type: FK CONSTRAINT; Schema: public; Owner: pma
--

ALTER TABLE ONLY public.groups
    ADD CONSTRAINT "FK_b5ec4f59d8703473034ee7d89b2" FOREIGN KEY (role_id) REFERENCES public.roles(id) ON DELETE CASCADE;


--
-- Name: role_rules FK_e7d47723580483911e488ac65ba; Type: FK CONSTRAINT; Schema: public; Owner: pma
--

ALTER TABLE ONLY public.role_rules
    ADD CONSTRAINT "FK_e7d47723580483911e488ac65ba" FOREIGN KEY (role_id) REFERENCES public.roles(id) ON DELETE CASCADE;


--
-- Name: location_questionnaire FK_ef5722a445e5a9fdd1c01f0dc2f; Type: FK CONSTRAINT; Schema: public; Owner: pma
--

ALTER TABLE ONLY public.location_questionnaire
    ADD CONSTRAINT "FK_ef5722a445e5a9fdd1c01f0dc2f" FOREIGN KEY (location_id) REFERENCES public.locations(id);


--
-- Name: location_user FK_fe9d703fffbdc0d46e648e59ba3; Type: FK CONSTRAINT; Schema: public; Owner: pma
--

ALTER TABLE ONLY public.location_user
    ADD CONSTRAINT "FK_fe9d703fffbdc0d46e648e59ba3" FOREIGN KEY (location_id) REFERENCES public.locations(id) ON DELETE CASCADE;


--
--

