-- Data for Name: role_action_link; Type: TABLE DATA; Schema: public; Owner: pma
--

COPY public.role_action_link (id, role_id, action_id) FROM stdin;
\.


--
-- Data for Name: role_actions; Type: TABLE DATA; Schema: public; Owner: pma
--

COPY public.role_actions (id, role_id, action) FROM stdin;
\.


--
-- Data for Name: role_rules; Type: TABLE DATA; Schema: public; Owner: pma
--

COPY public.role_rules (id, role_id, action, route, "V", "C", "E", "D") FROM stdin;
6038	2		/user/healthController	t	f	f	f
6039	2		/user/cacheReset	t	f	f	f
6040	2		/user/access	t	f	f	f
6041	2		/user/verify-contact	t	f	f	f
6042	2		/user/check-contact	t	f	f	f
6043	2		/user/auth/sign-up	t	t	f	f
6044	2		/user/auth/sign-in	t	f	f	f
6045	2		/user/auth/forgot-password	t	t	f	f
6046	2		/user/auth/reset-password	t	t	f	f
6047	2		/user/auth/confirm-account	t	t	f	f
6048	2		/user/auth/check-code	t	f	f	f
6049	2		/user/me	t	f	f	f
6050	2		/user/user-additional	t	f	f	f
6051	2		/user/refresh-token	t	f	f	f
6052	2		/user/auth/auto-login	t	f	f	f
6053	2		/user/role	t	f	f	f
6054	2		/user/role/:id	t	f	f	f
6055	2		/user/role/:id/set	t	t	f	f
6056	2		/user/role/:id/unset	t	f	f	t
6057	2		/user/group	t	t	f	f
6058	2		/user/group/:id	t	f	f	f
6059	2		/user/group/:id/set	t	t	f	f
6060	2		/user/group/:id/unset	t	t	f	f
6061	2		/user/action	t	f	f	f
6062	2		/user/action/:id	t	f	f	f
6063	2		/user/handbook/groups	t	f	f	f
6064	2		/user/handbook/groups/:id	t	f	f	f
6065	2		/user/handbook	t	f	f	f
6066	2		/user/handbook/:id	t	f	f	f
6067	2		/user/handbook/code/:code	t	f	f	f
6068	2		/user/handbook/set	t	f	f	f
6069	2		/user/handbook/unset	t	f	f	f
6070	2		/user/users	t	f	f	f
6071	2		/user/shoppers	t	f	f	f
6072	2		/user/users/:id/base	t	f	f	f
6073	2		/user/users/:id/fields	t	f	f	f
6074	2		/user/users/:id	t	f	f	f
6075	2		/user/users/ids	t	f	f	f
6076	2		/user/users/restore	t	f	f	f
6077	2		/user/access/client/set	t	f	f	f
6078	2		/user/access/client/unset	t	f	f	f
6079	2		/user/access/client/flush	t	f	f	f
6080	2		/user/users/:id/activity-status	t	f	f	f
6081	2		/user/settings	t	f	f	f
6082	2		/user/comments	t	t	f	f
6083	2		/user/comments/:id	t	f	t	t
6084	2		/user/competitors	t	t	f	f
6085	2		/user/competitors/:id	t	f	t	t
6086	2		/user/competitors/bind	t	f	t	f
6087	2		/user/competitors/unbind	t	f	t	f
6088	2		/user/clients	t	f	f	f
6089	2		/user/client/:id/settings	t	f	f	f
6090	2		/user/client/settings	t	f	t	f
6091	2		/user/client/:id/workers	t	f	f	f
6092	2		/user/client/:id/worker/:workerId	t	f	f	t
6093	2		/user/client	t	t	f	f
6094	2		/user/client/:id/worker	t	t	f	f
6095	2		/user/client/:id/level	t	t	f	f
6096	2		/user/msp/sub	t	f	f	f
6097	2		/user/msp	t	f	f	f
6098	2		/file/healthController	t	f	f	f
6099	2		/file/providers	t	f	f	f
6100	2		/file/provider/:id	t	f	f	f
6101	2		/file/provider	t	f	f	f
6102	2		/file/provider/set-user-provider	t	f	f	f
6103	2		/file/make-workspace	t	f	f	f
6104	2		/file/upload	t	t	f	f
6105	2		/file/uploads	t	t	f	f
6106	2		/file/read/:provider/*	t	f	f	f
6107	2		/notifications/healthController	t	f	f	f
6108	2		/notifications/actions	t	f	f	f
6109	2		/notifications/action/code/:code	t	f	f	f
6110	2		/notifications/action/:id	t	f	f	f
6111	2		/notifications/action	t	f	f	f
6112	2		/notifications/communication/:id	t	f	f	f
6113	2		/notifications/communications	t	f	f	f
6114	2		/notifications/communication	t	f	f	f
6115	2		/notifications/communication/:id/set	t	f	f	f
6116	2		/notifications/communication/:id/delete	t	f	f	f
6117	2		/notifications/communication/:id/users	t	f	f	f
6118	2		/notifications/communication/:id/update	t	f	f	f
6119	2		/notifications/templates	t	f	f	f
6120	2		/notifications/template/:id	t	f	f	f
6121	2		/notifications/template/communication/:communicationId	t	f	f	f
6122	2		/notifications/template/action/:actionId	t	f	f	f
6123	2		/notifications/template	t	f	f	f
6124	2		/notifications/template/render/:id	t	f	f	f
6125	2		/notifications/send	t	f	f	f
6126	2		/locations/healthController	t	f	f	f
6127	2		/locations/group/change-locations	t	f	f	f
6128	2		/locations/group-client-set	t	f	f	f
6129	2		/locations/groups	t	f	f	f
6130	2		/locations/group/:id	t	f	f	f
6131	2		/locations/group	t	f	f	f
6132	2		/locations/locations	t	f	f	f
6133	2		/locations/location/:id	t	f	f	f
6134	2		/locations/locations/ids	t	f	f	f
6135	2		/locations/location/test	t	f	f	f
6136	2		/locations/location/status	t	f	f	f
6137	2		/locations/location-status/:id	t	f	f	f
6138	2		/locations/countries	t	f	f	f
6139	2		/locations/countries/:countryCode/city	t	f	f	f
6140	2		/locations/countries/:countryCode/regions	t	f	f	f
6141	2		/locations/regions/:regionId/cities	t	f	f	f
6142	2		/locations/countries/:countryCode	t	f	f	f
6143	2		/locations/regions/:regionId	t	f	f	f
6144	2		/locations/cities/:cityId	t	f	f	f
6145	2		/locations/locationInfo	t	f	f	f
6146	2		/locations/shopping/executions	t	f	f	f
6147	2		/locations/shopping/executions-confirm	t	f	f	f
6148	2		/locations/shopping/executions-submit	t	f	f	f
6149	2		/locations/shopping/executions-duplicate	t	f	f	f
6150	2		/locations/shopping/received-visit/:id	t	f	f	f
6151	2		/locations/shopping/visit-list	t	f	f	f
6152	2		/locations/shopping/execution-list	t	f	f	f
6153	2		/locations/shopping/executions/status	t	f	f	f
6154	2		/locations/shopping/executions/:id	t	f	f	f
6155	2		/locations/shopping/executions/delete-all	t	f	f	f
6156	2		/locations/program-types	t	f	f	f
6157	2		/locations/program-type/status	t	f	f	f
6158	2		/locations/program-type/delete-all	t	f	f	f
6159	2		/locations/program-type/:id	t	f	f	f
6160	2		/locations/bonus	t	f	f	f
6161	2		/locations/bonus/delete-all	t	f	f	f
6162	2		/locations/bonus/status	t	f	f	f
6163	2		/locations/bonus/:id	t	f	f	f
6164	2		/locations/client/:id/level	t	f	f	f
6165	2		/locations/access/execution/:user_id	t	f	f	f
6166	2		/locations/access/program/:user_id	t	f	f	f
6167	2		/locations/access/execution/set	t	f	f	f
6168	2		/locations/access/execution/unset	t	f	f	f
6169	2		/locations/access/program/set	t	f	f	f
6170	2		/locations/access/program/unset	t	f	f	f
6171	2		/locations/access/program/flush	t	f	f	f
6172	2		/locations/access/execution/flush	t	f	f	f
6173	2		/import-export/healthController	t	f	f	f
6174	2		/import-export/export/answer-list	t	f	f	f
6175	2		/import-export/export/workers	t	f	f	f
6176	2		/import-export/export/clients	t	f	f	f
6177	2		/import-export/export/shoppers	t	f	f	f
6178	2		/import-export/export/users	t	f	f	f
6179	2		/import-export/export/msp	t	f	f	f
6180	2		/import-export/export/locations	t	f	f	f
6181	2		/import-export/export/location-groups	t	f	f	f
6182	2		/import-export/export/executions	t	f	f	f
6183	2		/import-export/export/program-types	t	f	f	f
6184	2		/import-export/export/pdf/locations	t	f	f	f
6185	2		/import-export/export/pdf/location-groups	t	f	f	f
6186	2		/import-export/export/pdf/workers	t	f	f	f
6187	2		/import-export/export/pdf/clients	t	f	f	f
6188	2		/import-export/export/pdf/shoppers	t	f	f	f
6189	2		/import-export/export/pdf/users	t	f	f	f
6190	2		/import-export/export/pdf/msp	t	f	f	f
6191	2		/import-export/export/pdf/executions	t	f	f	f
6192	2		/import-export/export/pdf/program-types	t	f	f	f
6193	2		/import-export/import/users	t	f	f	f
6194	2		/import-export/import/clients	t	f	f	f
6195	2		/import-export/import/workers	t	f	f	f
6196	2		/import-export/import/msp	t	f	f	f
6197	2		/import-export/import/myMo	t	f	f	f
6198	2		/import-export/import/parse	t	f	f	f
6199	2		/import-export/import/locations	t	f	f	f
6200	2		/import-export/import/programs	t	f	f	f
6201	2		/questionnaire/healthController	t	f	f	f
6202	2		/questionnaire/quest	t	f	f	f
6203	2		/questionnaire/quest/:id	t	f	f	f
6204	2		/questionnaire/test	t	f	f	f
6205	2		/questionnaire/answer/stats	t	f	f	f
6206	2		/questionnaire/answer/stats/sections	t	f	f	f
6207	2		/questionnaire/answers	t	f	f	f
6208	2		/questionnaire/answer/:id	t	f	f	f
6209	2		/questionnaire/answer/:id/:status	t	f	f	f
6210	2		/questionnaire/answer/create-execution-link	t	f	f	f
6211	2		/questionnaire/appeal	t	f	f	f
6212	2		/questionnaire/appeal/:id	t	f	f	f
6213	2		/questionnaire/appeal/reply/:appealId	t	f	f	f
6214	2		/questionnaire/appeal/manager-reply/:appealId	t	f	f	f
6215	2		/questionnaire/integration/v1/sign-in	t	f	f	f
6216	2		/questionnaire/integration/v1/all	t	f	f	f
6217	2		/questionnaire/integration/v1/answer/:id	t	f	f	f
6218	2		/questionnaire/integration/v2/sign-in	t	f	f	f
6219	2		/questionnaire/integration/v2/all	t	f	f	f
6220	2		/questionnaire/integration/v2/answer/:id	t	f	f	f
6221	2		/social-service/healthController	t	f	f	f
6222	2		/social-service/statistics	t	f	f	f
6223	2		/backup/healthController	t	f	f	f
6224	2		/backup/list	t	f	f	f
6225	2		/backup/	t	f	f	f
6226	2		/backup/restore	t	f	f	f
6449	3		/user/client/:id/worker/:workerId	t	t	f	t
6450	3		/user/client	t	t	f	t
6451	3		/user/client/:id/worker	t	t	f	t
6452	3		/user/client/:id/level	t	t	f	t
6453	3		/user/msp/sub	t	t	f	t
6454	3		/user/msp	t	t	f	t
6455	3		/file/healthController	t	t	t	t
6456	3		/file/providers	t	t	t	t
6457	3		/file/provider/:id	t	t	t	t
6458	3		/file/provider	t	t	t	t
6459	3		/file/provider/set-user-provider	t	t	t	t
6460	3		/file/make-workspace	t	t	t	t
6461	3		/file/upload	t	t	t	t
6462	3		/file/uploads	t	t	t	t
6463	3		/file/read/:provider/*	t	t	t	t
6464	3		/notifications/healthController	t	t	t	t
6465	3		/notifications/actions	t	t	t	t
6466	3		/notifications/action/code/:code	t	t	t	t
6467	3		/notifications/action/:id	t	t	t	t
6468	3		/notifications/action	t	t	t	t
6469	3		/locations/shopping/visit-list	t	t	t	t
6470	3		/locations/shopping/execution-list	t	t	t	t
6471	3		/locations/shopping/executions/status	t	t	t	t
6472	3		/locations/shopping/executions/:id	t	t	t	t
6473	3		/locations/shopping/executions/delete-all	t	t	t	t
6474	3		/locations/program-types	t	t	t	t
6475	3		/locations/program-type/status	t	t	t	t
6476	3		/locations/program-type/delete-all	t	t	t	t
6477	3		/locations/program-type/:id	t	t	t	t
6478	3		/locations/bonus	t	t	t	t
6479	3		/locations/bonus/delete-all	t	t	t	t
6480	3		/locations/bonus/status	t	t	t	t
6481	3		/locations/bonus/:id	t	t	t	t
6482	3		/locations/client/:id/level	t	t	t	t
6483	3		/locations/access/execution/:user_id	t	t	t	t
6484	3		/locations/access/program/:user_id	t	t	t	t
6485	3		/locations/access/execution/set	t	t	t	t
6486	3		/locations/access/execution/unset	t	t	t	t
6487	3		/locations/access/program/set	t	t	t	t
6488	3		/locations/access/program/unset	t	t	t	t
6489	3		/locations/access/program/flush	t	t	t	t
6490	3		/locations/access/execution/flush	t	t	t	t
6491	3		/import-export/healthController	t	t	t	t
6492	3		/import-export/export/answer-list	t	t	t	t
6493	3		/import-export/export/workers	t	t	t	t
6494	3		/import-export/export/clients	t	t	t	t
6495	3		/import-export/export/shoppers	t	t	t	t
6496	3		/import-export/export/users	t	t	t	t
6497	3		/import-export/export/msp	t	t	t	t
6498	3		/import-export/export/locations	t	t	t	t
6499	3		/import-export/export/location-groups	t	t	t	t
6500	3		/import-export/export/executions	t	t	t	t
6501	3		/import-export/export/program-types	t	t	t	t
6502	3		/import-export/export/pdf/locations	t	t	t	t
6503	3		/import-export/export/pdf/location-groups	t	t	t	t
6504	3		/import-export/export/pdf/workers	t	t	t	t
6505	3		/import-export/export/pdf/clients	t	t	t	t
6506	3		/import-export/export/pdf/shoppers	t	t	t	t
6507	3		/import-export/export/pdf/users	t	t	t	t
6508	3		/import-export/export/pdf/msp	t	t	t	t
6509	3		/import-export/export/pdf/executions	t	t	t	t
6510	3		/import-export/export/pdf/program-types	t	t	t	t
6511	3		/import-export/import/users	t	t	t	t
6512	3		/import-export/import/clients	t	t	t	t
6513	3		/import-export/import/workers	t	t	t	t
6514	3		/import-export/import/msp	t	t	t	t
6515	3		/import-export/import/myMo	t	t	t	t
6516	3		/import-export/import/parse	t	t	t	t
6517	3		/import-export/import/locations	t	t	t	t
6518	3		/import-export/import/programs	t	t	t	t
6519	3		/questionnaire/healthController	t	t	t	t
6520	3		/questionnaire/quest	t	t	t	t
6521	3		/questionnaire/quest/:id	t	t	t	t
6522	3		/questionnaire/test	t	t	t	t
6523	3		/questionnaire/answer/stats	t	t	t	t
6524	3		/questionnaire/answer/stats/sections	t	t	t	t
6525	3		/questionnaire/answers	t	t	t	t
6526	3		/questionnaire/answer/:id	t	t	t	t
6527	3		/questionnaire/answer/:id/:status	t	t	t	t
6528	3		/questionnaire/answer/create-execution-link	t	t	t	t
6529	3		/questionnaire/appeal	t	t	t	t
6530	3		/questionnaire/appeal/:id	t	t	t	t
6531	3		/questionnaire/appeal/reply/:appealId	t	t	t	t
6532	3		/questionnaire/appeal/manager-reply/:appealId	t	t	t	t
6533	3		/questionnaire/integration/v1/sign-in	t	t	t	t
6534	3		/questionnaire/integration/v1/all	t	t	t	t
6535	3		/questionnaire/integration/v1/answer/:id	t	t	t	t
6536	3		/questionnaire/integration/v2/sign-in	t	t	t	t
6537	3		/questionnaire/integration/v2/all	t	t	t	t
6538	3		/questionnaire/integration/v2/answer/:id	t	t	t	t
6539	3		/social-service/healthController	t	t	t	t
6540	3		/social-service/statistics	t	t	t	t
6541	3		/backup/healthController	t	t	f	t
6542	3		/backup/list	t	t	f	t
6543	3		/backup/	t	t	f	t
6544	3		/backup/restore	t	t	f	t
6545	3		/backup/:fileName	t	t	f	t
6546	3		/locations/shops/set-respondent	t	t	t	t
6547	3		/locations/shops/:id	t	t	t	t
6548	3		/locations/status	t	t	t	t
6549	3		/notifications/communication/:user_id/users	t	t	t	t
6550	3		/notifications/communication/:user_id/clear	t	t	t	t
6551	3		/locations/shops	t	t	t	t
6552	3		/import-export/import/sub-msp	t	t	t	t
6553	3		/import-export/export/pdf/sub-msp	t	t	t	t
6554	3		/import-export/export/sub-msp	t	t	t	t
6555	3		/locations/shopping/executions/connect-questionnaire	t	t	t	t
6556	3		/locations/program-type/connect-questionnaire	t	t	t	t
6557	3		/locations/shops/by-respondent/:respondent_id	t	t	t	t
6558	3		/locations/shops/check-location	t	t	t	t
6559	3		/questionnaire/integration/v2/links/:id	t	t	t	t
6560	3		/questionnaire/integration/v2/store-questionnaire	t	t	t	t
6561	3		/questionnaire/integration/v2/create-link/:id	t	t	t	t
6562	3		/questionnaire/quest/all	t	t	t	t
6563	3		/user/customizations	t	f	f	f
6564	3		/locations/category	f	t	f	f
6565	3		/locations/category/:id	t	f	t	t
6566	3		/locations/categories	t	f	f	f
6567	3		/locations/category/values/:id	f	f	f	t
6568	3		/notifications/communication/:id	t	t	t	t
6569	3		/notifications/communications	t	t	t	t
6570	3		/notifications/communication	t	t	t	t
6571	3		/notifications/communication/:id/set	t	t	t	t
6572	3		/notifications/communication/:id/delete	t	t	t	t
6573	3		/notifications/communication/:id/users	t	t	t	t
6574	3		/notifications/communication/:id/update	t	t	t	t
6575	3		/notifications/templates	t	t	t	t
6576	3		/notifications/template/:id	t	t	t	t
6577	3		/notifications/template/communication/:communicationId	t	t	t	t
6578	3		/notifications/template/action/:actionId	t	t	t	t
6579	3		/notifications/template	t	t	t	t
6580	3		/notifications/template/render/:id	t	t	t	t
6581	3		/notifications/send	t	t	t	t
6582	3		/locations/healthController	t	t	t	t
6583	3		/locations/group/change-locations	t	t	t	t
6584	3		/locations/group-client-set	t	t	t	t
6585	3		/locations/groups	t	t	t	t
6586	3		/locations/group/:id	t	t	t	t
6587	3		/locations/group	t	t	t	t
6588	3		/locations/locations	t	t	t	t
6589	3		/locations/location/:id	t	t	t	t
6590	3		/locations/locations/ids	t	t	t	t
6591	3		/locations/location/test	t	t	t	t
6592	3		/locations/location/status	t	t	f	t
6593	3		/locations/location-status/:id	t	t	t	t
6594	3		/locations/countries	t	t	t	t
6595	3		/locations/countries/:countryCode/city	t	t	t	t
6596	3		/locations/countries/:countryCode/regions	t	t	t	t
6597	3		/locations/regions/:regionId/cities	t	t	t	t
6598	3		/locations/countries/:countryCode	t	t	t	t
6599	3		/locations/regions/:regionId	t	t	t	t
6600	3		/locations/cities/:cityId	t	t	t	t
6601	3		/locations/locationInfo	t	t	t	t
6602	3		/locations/shopping/executions	t	t	t	t
6603	3		/locations/shopping/executions-confirm	t	t	t	t
6604	3		/locations/shopping/executions-submit	t	t	t	t
6605	3		/locations/shopping/executions-duplicate	t	t	t	t
6606	3		/locations/shopping/received-visit/:id	t	t	t	t
6607	3		/user/healthController	t	t	f	t
6608	3		/user/cacheReset	t	t	f	t
6609	3		/user/access	t	t	f	t
6610	3		/user/verify-contact	t	t	f	t
6611	3		/user/check-contact	t	t	f	t
6612	3		/user/auth/sign-up	t	t	f	t
6613	3		/user/auth/sign-in	t	t	f	t
6614	3		/user/auth/forgot-password	t	t	f	t
6615	3		/user/auth/reset-password	t	t	f	t
6616	3		/user/auth/confirm-account	t	t	f	t
6617	3		/user/auth/check-code	t	t	f	t
6618	3		/user/me	t	t	f	t
6619	3		/user/user-additional	t	t	f	t
6620	3		/user/refresh-token	t	t	f	t
6621	3		/user/auth/auto-login	t	t	f	t
6622	3		/user/role	t	t	f	t
6623	3		/user/role/:id	t	t	t	t
6624	3		/user/role/:id/set	t	t	f	t
6625	3		/user/role/:id/unset	t	t	f	t
6626	3		/user/group	t	t	f	t
6627	3		/user/group/:id	t	t	t	t
6628	3		/user/group/:id/set	t	t	f	t
6629	3		/user/group/:id/unset	t	t	f	t
6630	3		/user/action	t	t	f	t
2451	1		/user/healthController	t	t	f	t
2452	1		/user/cacheReset	f	t	f	t
2453	1		/user/access	t	t	f	t
2454	1		/user/verify-contact	t	t	f	t
2455	1		/user/check-contact	t	t	f	t
2456	1		/user/auth/sign-up	t	t	f	t
2457	1		/user/auth/sign-in	t	t	f	t
2458	1		/user/auth/forgot-password	t	t	f	t
2459	1		/user/auth/reset-password	t	t	f	t
2460	1		/user/auth/confirm-account	t	t	f	t
2461	1		/user/auth/check-code	t	t	f	t
2462	1		/user/me	t	t	f	t
2463	1		/user/user-additional	t	t	f	t
2464	1		/user/refresh-token	t	t	f	t
2465	1		/user/auth/auto-login	f	t	f	t
2466	1		/user/role/:id	t	t	f	f
2467	1		/user/role/:id/unset	t	t	f	f
2468	1		/user/group/:id	t	t	f	f
2469	1		/user/action/:id	t	t	f	f
2470	1		/user/handbook/groups/:id	t	t	f	f
2471	1		/user/handbook/:id	t	t	f	f
2472	1		/user/handbook/code/:code	t	t	f	t
2473	1		/user/users	t	t	f	f
2474	1		/user/shoppers	t	t	f	t
2475	1		/user/users/:id/base	t	t	f	t
2476	1		/user/users/:id/fields	t	t	f	t
2477	1		/user/users/:id	t	t	f	t
2478	1		/user/users/ids	t	t	f	f
2479	1		/user/users/restore	t	t	f	t
2480	1		/user/access/client/set	t	t	f	t
2481	1		/user/access/client/unset	t	t	f	t
2482	1		/user/access/client/flush	t	t	f	f
2483	1		/user/users/:id/activity-status	t	t	f	t
2484	1		/user/settings	t	t	f	t
2485	1		/user/comments/:id	t	t	f	t
2486	1		/user/competitors/:id	t	t	f	f
2487	1		/user/competitors/bind	t	t	f	t
2488	1		/user/competitors/unbind	t	t	f	t
2489	1		/user/clients	t	t	f	t
2490	1		/user/client/:id/settings	t	t	f	t
2491	1		/user/client/settings	t	t	f	t
2492	1		/user/client/:id/workers	t	t	f	t
2493	1		/user/client/:id/worker/:workerId	t	t	f	f
2494	1		/file/healthController	f	t	f	t
2495	1		/file/providers	f	t	f	t
2496	1		/file/provider/:id	f	t	f	f
2497	1		/file/upload	t	t	f	t
2498	1		/file/uploads	t	t	f	t
2499	1		/file/read/:provider/*	t	t	f	t
2500	1		/notifications/healthController	t	t	f	t
2501	1		/notifications/actions	t	t	f	t
2502	1		/notifications/action/code/:code	t	t	f	t
2503	1		/notifications/action/:id	t	t	f	f
2504	1		/notifications/communication/:id	t	t	f	f
2505	1		/notifications/communications	t	t	f	t
2506	1		/notifications/communication/:id/delete	t	t	f	f
2507	1		/notifications/communication/:id/users	t	t	f	t
2508	1		/notifications/communication/:id/update	t	t	f	t
2509	1		/notifications/templates	t	t	f	t
2510	1		/notifications/template/:id	t	t	f	f
2511	1		/notifications/template/communication/:communicationId	t	t	f	t
2512	1		/notifications/template/action/:actionId	t	t	f	t
2513	1		/notifications/template/render/:id	t	t	f	t
2514	1		/notifications/send	t	t	f	t
2515	1		/locations/healthController	t	t	f	t
2516	1		/locations/group/change-locations	t	t	f	t
2517	1		/locations/group-client-set	t	t	f	t
2518	1		/locations/group/:id	t	t	f	t
2519	1		/locations/group	t	t	f	t
2520	1		/locations/location/:id	t	t	f	t
2521	1		/locations/locations/ids	t	t	f	t
2522	1		/locations/location/test	t	t	f	t
2523	1		/locations/location/status	t	t	f	t
2524	1		/locations/location-status/:id	t	t	f	t
2525	1		/locations/countries	t	t	f	t
2526	1		/locations/countries/:countryCode/city	t	t	f	t
2527	1		/locations/countries/:countryCode/regions	t	t	f	t
2528	1		/locations/regions/:regionId/cities	t	t	f	t
2529	1		/locations/countries/:countryCode	t	t	f	t
6631	3		/user/action/:id	t	t	t	t
6632	3		/user/handbook/groups	t	t	f	t
6633	3		/user/handbook/groups/:id	t	t	t	t
2530	1		/locations/regions/:regionId	t	t	f	t
2531	1		/locations/cities/:cityId	t	t	f	t
2532	1		/locations/locationInfo	t	t	f	t
2533	1		/locations/shopping/visit-list	t	t	f	t
2534	1		/locations/shopping/execution-list	t	t	f	t
2535	1		/locations/shopping/executions/status	t	t	f	t
2536	1		/locations/shopping/executions/:id	t	t	f	f
2537	1		/locations/shopping/executions/delete-all	t	t	f	f
2538	1		/locations/program-type/status	t	t	f	t
2539	1		/locations/program-type/delete-all	t	t	f	f
2540	1		/locations/program-type/:id	t	t	f	f
2541	1		/locations/bonus/delete-all	t	t	f	f
2542	1		/locations/bonus/status	t	t	f	t
2543	1		/locations/bonus/:id	t	t	f	f
2544	1		/locations/client/:id/level	t	t	f	t
2545	1		/locations/access/execution/:user_id	t	t	f	t
2546	1		/locations/access/program/:user_id	t	t	f	t
2547	1		/locations/access/execution/set	t	t	f	t
2548	1		/locations/access/execution/unset	t	t	f	t
2549	1		/locations/access/program/set	t	t	f	t
2550	1		/locations/access/program/unset	t	t	f	t
2551	1		/locations/access/program/flush	t	t	f	t
2552	1		/locations/access/execution/flush	t	t	f	t
2553	1		/import-export/healthController	f	t	f	t
2554	1		/import-export/export/answer-list	f	t	f	t
2555	1		/import-export/export/workers	f	t	f	t
2556	1		/import-export/export/clients	f	t	f	t
2557	1		/import-export/export/shoppers	f	t	f	t
2558	1		/import-export/export/users	f	t	f	t
2559	1		/import-export/export/msp	f	t	f	t
2560	1		/import-export/export/locations	f	t	f	t
2561	1		/import-export/export/location-groups	f	t	f	t
2562	1		/import-export/export/executions	f	t	f	t
2563	1		/import-export/export/program-types	f	t	f	t
2564	1		/import-export/export/pdf/locations	f	t	f	t
2565	1		/import-export/export/pdf/location-groups	f	t	f	t
2566	1		/import-export/export/pdf/workers	f	t	f	t
2567	1		/import-export/export/pdf/clients	f	t	f	t
2568	1		/import-export/export/pdf/shoppers	f	t	f	t
2569	1		/import-export/export/pdf/users	f	t	f	t
2570	1		/import-export/export/pdf/msp	f	t	f	t
2571	1		/import-export/export/pdf/executions	f	t	f	t
2572	1		/import-export/export/pdf/program-types	f	t	f	t
2573	1		/import-export/import/users	f	t	f	t
2574	1		/import-export/import/clients	f	t	f	t
2575	1		/import-export/import/workers	f	t	f	t
2576	1		/import-export/import/msp	f	t	f	t
2577	1		/import-export/import/myMo	f	t	f	t
2578	1		/import-export/import/parse	f	t	f	t
2579	1		/import-export/import/locations	f	t	f	t
2580	1		/import-export/import/programs	f	t	f	t
2581	1		/questionnaire/healthController	t	t	f	t
2582	1		/questionnaire/quest	t	t	f	t
2583	1		/questionnaire/quest/:id	t	t	f	t
2584	1		/questionnaire/test	t	t	f	t
2585	1		/questionnaire/answer/stats	t	t	f	t
2586	1		/questionnaire/answer/stats/sections	t	t	f	t
2587	1		/questionnaire/answers	t	t	f	t
2588	1		/questionnaire/answer/:id	t	t	f	t
2589	1		/questionnaire/answer/:id/:status	t	t	f	t
2590	1		/questionnaire/appeal/:id	t	t	f	f
2591	1		/questionnaire/integration/v1/sign-in	t	t	f	t
2592	1		/questionnaire/integration/v1/all	t	t	f	t
2593	1		/questionnaire/integration/v1/answer/:id	t	t	f	t
2594	1		/questionnaire/integration/v2/sign-in	t	t	f	t
2595	1		/questionnaire/integration/v2/all	t	t	f	t
2596	1		/questionnaire/integration/v2/answer/:id	t	t	f	t
2597	1		/social-service/healthController	f	t	f	t
2598	1		/social-service/statistics	f	t	f	t
2599	1		/backup/healthController	f	t	f	f
2600	1		/backup/list	f	t	f	f
2601	1		/backup/	t	t	f	f
2602	1		/backup/restore	t	t	f	f
2603	1		/backup/:fileName	t	t	f	f
2604	1		/questionnaire/answer/create-execution-link	t	f	f	t
2605	1		/questionnaire/appeal	t	f	f	t
2606	1		/questionnaire/appeal/reply/:appealId	t	f	f	t
2607	1		/questionnaire/appeal/manager-reply/:appealId	t	f	f	t
2608	1		/notifications/action	t	f	f	t
2609	1		/notifications/communication	t	f	f	t
2610	1		/notifications/communication/:id/set	t	f	f	t
2611	1		/notifications/template	t	f	f	t
2612	1		/locations/groups	t	f	f	t
2613	1		/locations/locations	t	f	f	t
2614	1		/locations/shopping/executions	t	f	f	t
2615	1		/locations/shopping/executions-confirm	t	f	f	t
2616	1		/locations/shopping/executions-submit	t	f	f	t
2617	1		/locations/shopping/executions-duplicate	t	f	f	t
2618	1		/locations/shopping/received-visit/:id	t	f	f	t
2619	1		/locations/program-types	t	f	f	t
2620	1		/locations/bonus	t	f	f	t
2621	1		/file/provider	t	f	f	t
2622	1		/file/provider/set-user-provider	t	f	f	t
2623	1		/file/make-workspace	t	f	f	t
2624	1		/user/role	t	f	f	t
2625	1		/user/role/:id/set	t	f	f	t
2626	1		/user/group	t	f	f	t
2627	1		/user/group/:id/set	t	f	f	t
2628	1		/user/group/:id/unset	t	f	f	t
2629	1		/user/action	t	f	f	t
2630	1		/user/handbook/groups	t	f	f	t
2631	1		/user/handbook	t	f	f	t
2632	1		/user/handbook/set	t	f	f	t
2633	1		/user/handbook/unset	t	f	f	t
2634	1		/user/comments	t	f	f	t
2635	1		/user/competitors	t	f	f	t
2636	1		/user/client	t	f	f	t
2637	1		/user/client/:id/worker	t	f	f	t
2638	1		/user/client/:id/level	t	f	f	t
2639	1		/user/msp/sub	t	f	f	t
2640	1		/user/msp	t	f	f	t
6227	2		/backup/:fileName	t	f	f	f
6228	2		/import-export/export/sub-msp	t	f	f	f
6229	2		/import-export/export/pdf/sub-msp	t	f	f	f
6230	2		/import-export/import/sub-msp	t	f	f	f
6231	2		/locations/shops/:id	t	f	f	f
6232	2		/locations/shops/by-respondent/:respondent_id	t	f	f	f
6233	2		/locations/shops/check-location	t	f	f	f
6234	2		/locations/shops	t	f	f	f
6235	5		/user/healthController	t	f	f	f
6236	5		/user/cacheReset	t	f	f	f
6634	3		/user/handbook	t	t	f	t
6635	3		/user/handbook/:id	t	t	t	t
6636	3		/user/handbook/code/:code	t	t	f	t
6637	3		/user/handbook/set	t	t	f	t
6638	3		/user/handbook/unset	t	t	f	t
6639	3		/user/users	t	t	t	t
6640	3		/user/shoppers	t	t	f	t
6641	3		/user/users/:id/base	t	t	f	t
6642	3		/user/users/:id/fields	t	t	f	t
6643	3		/user/users/:id	t	t	t	t
6644	3		/user/users/ids	t	t	f	t
6645	3		/user/users/restore	t	t	t	t
6646	3		/user/access/client/set	t	t	t	t
6647	3		/user/access/client/unset	t	t	t	t
6648	3		/user/access/client/flush	t	t	f	t
6649	3		/user/users/:id/activity-status	t	t	f	t
6650	3		/user/settings	t	t	t	t
6651	3		/user/comments	t	t	f	t
6652	3		/user/comments/:id	t	t	t	t
6653	3		/user/competitors	t	t	f	t
6654	3		/user/competitors/:id	t	t	t	t
6655	3		/user/competitors/bind	t	t	t	t
6656	3		/user/competitors/unbind	t	t	t	t
6657	3		/user/clients	t	t	f	t
6658	3		/user/client/:id/settings	t	t	f	t
6659	3		/user/client/settings	t	t	t	t
6660	3		/user/client/:id/workers	t	t	f	t
4830	7		/user/healthController	t	t	t	t
4831	7		/user/cacheReset	t	t	t	t
4832	7		/user/access	t	t	t	t
4833	7		/user/verify-contact	t	t	t	t
4834	7		/user/check-contact	t	t	t	t
4835	7		/user/auth/sign-up	t	t	t	t
4836	7		/user/auth/sign-in	t	t	t	t
4837	7		/user/auth/forgot-password	t	t	t	t
4838	7		/user/auth/reset-password	t	t	t	t
4839	7		/user/auth/confirm-account	t	t	t	t
4840	7		/user/auth/check-code	t	t	t	t
4841	7		/user/me	t	t	t	t
4842	7		/user/user-additional	t	t	t	t
4843	7		/user/refresh-token	t	t	t	t
4844	7		/user/auth/auto-login	t	t	t	t
4845	7		/user/role	t	t	t	t
4846	7		/user/role/:id	t	t	t	t
4847	7		/user/role/:id/set	t	t	t	t
4848	7		/user/role/:id/unset	t	t	t	t
4849	7		/user/group	t	t	t	t
4850	7		/user/group/:id	t	t	t	t
4851	7		/user/group/:id/set	t	t	t	t
4852	7		/user/group/:id/unset	t	t	t	t
4853	7		/user/action	t	t	t	t
4854	7		/user/action/:id	t	t	t	t
4855	7		/user/handbook/groups	t	t	t	t
4856	7		/user/handbook/groups/:id	t	t	t	t
4857	7		/user/handbook	t	t	t	t
4858	7		/user/handbook/:id	t	t	t	t
4859	7		/user/handbook/code/:code	t	t	t	t
4860	7		/user/handbook/set	t	t	t	t
4861	7		/user/handbook/unset	t	t	t	t
4862	7		/user/users	t	t	t	t
4863	7		/user/shoppers	t	t	t	t
4864	7		/user/users/:id/base	t	t	t	t
4865	7		/user/users/:id/fields	t	t	t	t
4866	7		/user/users/:id	t	t	t	t
4867	7		/user/users/ids	t	t	t	t
4868	7		/user/users/restore	t	t	t	t
4869	7		/user/access/client/set	t	t	t	t
4870	7		/user/access/client/unset	t	t	t	t
4871	7		/user/access/client/flush	t	t	t	t
4872	7		/user/users/:id/activity-status	t	t	t	t
4873	7		/user/settings	t	t	t	t
4874	7		/user/customizations	t	t	t	t
4875	7		/user/comments	t	t	t	t
4876	7		/user/comments/:id	t	t	t	t
4877	7		/user/competitors	t	t	t	t
4878	7		/user/competitors/:id	t	t	t	t
4879	7		/user/competitors/bind	t	t	t	t
4880	7		/user/competitors/unbind	t	t	t	t
4881	7		/user/clients	t	t	t	t
4882	7		/user/client/:id/settings	t	t	t	t
4883	7		/user/client/settings	t	t	t	t
4884	7		/user/client/:id/workers	t	t	t	t
4885	7		/user/client/:id/worker/:workerId	t	t	t	t
4886	7		/user/client	t	t	t	t
4887	7		/user/client/:id/worker	t	t	t	t
4888	7		/user/client/:id/level	t	t	t	t
4889	7		/user/msp/sub	t	t	t	t
4890	7		/user/msp	t	t	t	t
4891	7		/file/healthController	t	t	t	t
4892	7		/file/providers	t	t	t	t
4893	7		/file/provider/:id	t	t	t	t
4894	7		/file/provider	t	t	t	t
4895	7		/file/provider/set-user-provider	t	t	t	t
4896	7		/file/make-workspace	t	t	t	t
4897	7		/file/upload	t	t	t	t
4898	7		/file/uploads	t	t	t	t
4899	7		/file/read/:provider/*	t	t	t	t
4900	7		/notifications/healthController	t	t	t	t
4901	7		/notifications/actions	t	t	t	t
4902	7		/notifications/action/code/:code	t	t	t	t
4903	7		/notifications/action/:id	t	t	t	t
4904	7		/notifications/action	t	t	t	t
4905	7		/notifications/communication/:id	t	t	t	t
4906	7		/notifications/communications	t	t	t	t
4907	7		/notifications/communication	t	t	t	t
4908	7		/notifications/communication/:user_id/users	t	t	t	t
4909	7		/notifications/communication/:id/set	t	t	t	t
4910	7		/notifications/communication/:id/delete	t	t	t	t
4911	7		/notifications/communication/:id/users	t	t	t	t
4912	7		/notifications/communication/:user_id/clear	t	t	t	t
4913	7		/notifications/communication/:id/update	t	t	t	t
4914	7		/notifications/templates	t	t	t	t
4915	7		/notifications/template/:id	t	t	t	t
4916	7		/notifications/template/communication/:communicationId	t	t	t	t
4917	7		/notifications/template/action/:actionId	t	t	t	t
4918	7		/notifications/template	t	t	t	t
4919	7		/notifications/template/render/:id	t	t	t	t
4920	7		/notifications/send	t	t	t	t
4921	7		/locations/healthController	t	t	t	t
4922	7		/locations/group/change-locations	t	t	t	t
4923	7		/locations/status	t	t	t	t
4924	7		/locations/group-client-set	t	t	t	t
4925	7		/locations/groups	t	t	t	t
4926	7		/locations/group/:id	t	t	t	t
4927	7		/locations/group	t	t	t	t
4928	7		/locations/locations	t	t	t	t
4929	7		/locations/location/:id	t	t	t	t
4930	7		/locations/locations/ids	t	t	t	t
4931	7		/locations/location/test	t	t	t	t
4932	7		/locations/location-status/:id	t	t	t	t
4933	7		/locations/countries	t	t	t	t
4934	7		/locations/countries/:countryCode/city	t	t	t	t
4935	7		/locations/countries/:countryCode/regions	t	t	t	t
4936	7		/locations/regions/:regionId/cities	t	t	t	t
4937	7		/locations/countries/:countryCode	t	t	t	t
4938	7		/locations/regions/:regionId	t	t	t	t
4939	7		/locations/cities/:cityId	t	t	t	t
4940	7		/locations/locationInfo	t	t	t	t
4941	7		/locations/shopping/executions	t	t	t	t
4942	7		/locations/shopping/executions-confirm	t	t	t	t
4943	7		/locations/shopping/executions-submit	t	t	t	t
4944	7		/locations/shopping/executions-duplicate	t	t	t	t
4945	7		/locations/shopping/received-visit/:id	t	t	t	t
4946	7		/locations/shopping/visit-list	t	t	t	t
4947	7		/locations/shopping/execution-list	t	t	t	t
4948	7		/locations/shopping/executions/status	t	t	t	t
4949	7		/locations/shopping/executions/:id	t	t	t	t
4950	7		/locations/shopping/executions/delete-all	t	t	t	t
4951	7		/locations/shopping/executions/connect-questionnaire	t	t	t	t
4952	7		/locations/program-types	t	t	t	t
4953	7		/locations/program-type/status	t	t	t	t
4954	7		/locations/program-type/delete-all	t	t	t	t
4955	7		/locations/program-type/:id	t	t	t	t
4956	7		/locations/program-type/connect-questionnaire	t	t	t	t
4957	7		/locations/bonus	t	t	t	t
4958	7		/locations/bonus/delete-all	t	t	t	t
4959	7		/locations/bonus/status	t	t	t	t
4960	7		/locations/bonus/:id	t	t	t	t
4961	7		/locations/client/:id/level	t	t	t	t
4962	7		/locations/access/execution/:user_id	t	t	t	t
4963	7		/locations/access/program/:user_id	t	t	t	t
4964	7		/locations/access/execution/set	t	t	t	t
4965	7		/locations/access/execution/unset	t	t	t	t
4966	7		/locations/access/program/set	t	t	t	t
4967	7		/locations/access/program/unset	t	t	t	t
4968	7		/locations/access/program/flush	t	t	t	t
4969	7		/locations/access/execution/flush	t	t	t	t
4970	7		/locations/shops	t	t	t	t
4971	7		/locations/shops/:id	t	t	t	t
4972	7		/locations/shops/set-respondent	t	t	t	t
4973	7		/locations/shops/by-respondent/:respondent_id	t	t	t	t
4974	7		/locations/shops/check-location	t	t	t	t
4975	7		/import-export/healthController	t	t	t	t
4976	7		/import-export/export/answer-list	t	t	t	t
4977	7		/import-export/export/workers	t	t	t	t
4978	7		/import-export/export/clients	t	t	t	t
4979	7		/import-export/export/shoppers	t	t	t	t
4980	7		/import-export/export/users	t	t	t	t
4981	7		/import-export/export/msp	t	t	t	t
4982	7		/import-export/export/sub-msp	t	t	t	t
4983	7		/import-export/export/locations	t	t	t	t
4984	7		/import-export/export/location-groups	t	t	t	t
4985	7		/import-export/export/executions	t	t	t	t
4986	7		/import-export/export/program-types	t	t	t	t
4987	7		/import-export/export/pdf/locations	t	t	t	t
4988	7		/import-export/export/pdf/location-groups	t	t	t	t
4989	7		/import-export/export/pdf/workers	t	t	t	t
4990	7		/import-export/export/pdf/clients	t	t	t	t
4991	7		/import-export/export/pdf/shoppers	t	t	t	t
4992	7		/import-export/export/pdf/users	t	t	t	t
4993	7		/import-export/export/pdf/msp	t	t	t	t
4994	7		/import-export/export/pdf/sub-msp	t	t	t	t
4995	7		/import-export/export/pdf/executions	t	t	t	t
4996	7		/import-export/export/pdf/program-types	t	t	t	t
4997	7		/import-export/import/users	t	t	t	t
4998	7		/import-export/import/clients	t	t	t	t
4999	7		/import-export/import/workers	t	t	t	t
5000	7		/import-export/import/msp	t	t	t	t
5001	7		/import-export/import/sub-msp	t	t	t	t
5002	7		/import-export/import/myMo	t	t	t	t
5003	7		/import-export/import/parse	t	t	t	t
5004	7		/import-export/import/locations	t	t	t	t
5005	7		/import-export/import/programs	t	t	t	t
5006	7		/questionnaire/healthController	t	t	t	t
5007	7		/questionnaire/quest	t	t	t	t
5008	7		/questionnaire/quest/:id	t	t	t	t
5009	7		/questionnaire/quest/all	t	t	t	t
5010	7		/questionnaire/test	t	t	t	t
5011	7		/questionnaire/answer/stats	t	t	t	t
5012	7		/questionnaire/answer/stats/sections	t	t	t	t
5013	7		/questionnaire/answers	t	t	t	t
5014	7		/questionnaire/answer/:id	t	t	t	t
5015	7		/questionnaire/answer/:id/:status	t	t	t	t
5016	7		/questionnaire/answer/create-execution-link	t	t	t	t
5017	7		/questionnaire/appeal	t	t	t	t
5018	7		/questionnaire/appeal/:id	t	t	t	t
5019	7		/questionnaire/appeal/reply/:appealId	t	t	t	t
5020	7		/questionnaire/appeal/manager-reply/:appealId	t	t	t	t
5021	7		/questionnaire/integration/v1/sign-in	t	t	t	t
5022	7		/questionnaire/integration/v1/all	t	t	t	t
5023	7		/questionnaire/integration/v1/answer/:id	t	t	t	t
5024	7		/questionnaire/integration/v2/sign-in	t	t	t	t
5025	7		/questionnaire/integration/v2/all	t	t	t	t
5026	7		/questionnaire/integration/v2/answer/:id	t	t	t	t
5027	7		/questionnaire/integration/v2/links/:id	t	t	t	t
5028	7		/questionnaire/integration/v2/create-link/:id	t	t	t	t
5029	7		/questionnaire/integration/v2/store-questionnaire	t	t	t	t
5030	7		/social-service/healthController	t	t	t	t
5031	7		/social-service/statistics	t	t	t	t
5032	7		/backup/healthController	t	t	t	t
5033	7		/backup/list	t	t	t	t
5034	7		/backup/	t	t	t	t
5035	7		/backup/restore	t	t	t	t
5036	7		/backup/:fileName	t	t	t	t
5434	4		/user/healthController	t	f	f	f
5435	4		/user/access	t	f	f	f
5436	4		/user/verify-contact	t	f	f	f
5437	4		/user/check-contact	t	f	f	f
5438	4		/user/auth/sign-up	t	f	f	f
5439	4		/user/auth/sign-in	t	f	f	f
5440	4		/user/auth/forgot-password	t	f	f	f
5441	4		/user/auth/reset-password	t	f	f	f
5442	4		/user/auth/confirm-account	t	f	f	f
5443	4		/user/auth/check-code	t	f	f	f
5444	4		/user/me	t	f	f	f
5445	4		/user/user-additional	t	f	f	f
5446	4		/user/refresh-token	t	f	f	f
5447	4		/user/role	t	f	f	f
5448	4		/user/role/:id	t	f	f	f
5449	4		/user/role/:id/set	t	f	f	f
5450	4		/user/role/:id/unset	t	f	f	f
5451	4		/user/group	t	f	f	f
5452	4		/user/group/:id	t	f	f	f
5453	4		/user/group/:id/set	t	f	f	f
5454	4		/user/group/:id/unset	t	f	f	f
5455	4		/user/action	t	f	f	f
5456	4		/user/action/:id	t	f	f	f
5457	4		/user/handbook/groups	t	f	f	f
5458	4		/user/handbook/groups/:id	t	f	f	f
5459	4		/user/handbook	t	f	f	f
5460	4		/user/handbook/:id	t	f	f	f
5461	4		/user/handbook/code/:code	t	f	f	f
5462	4		/user/handbook/set	t	f	f	f
5463	4		/user/handbook/unset	t	f	f	f
5464	4		/user/users	t	f	f	f
5465	4		/user/shoppers	t	f	f	f
5466	4		/user/users/:id/base	t	f	f	f
5467	4		/user/users/:id/fields	t	f	f	f
5468	4		/user/users/:id	t	f	f	f
5469	4		/user/users/ids	t	f	f	f
5470	4		/user/users/restore	t	f	f	f
5471	4		/user/access/client/set	t	f	f	f
5472	4		/user/access/client/unset	t	f	f	f
5473	4		/user/access/client/flush	t	f	f	f
5474	4		/user/users/:id/activity-status	t	f	f	f
5475	4		/user/settings	t	f	f	f
5476	4		/user/comments	t	f	f	f
5477	4		/user/comments/:id	t	f	f	f
5478	4		/user/competitors	t	f	f	f
5479	4		/user/competitors/:id	t	f	f	f
5480	4		/user/competitors/bind	t	f	f	f
5481	4		/user/competitors/unbind	t	f	f	f
5482	4		/user/clients	t	f	f	f
5483	4		/user/client/:id/settings	t	f	f	f
5484	4		/user/client/settings	t	f	f	f
5485	4		/user/client/:id/workers	t	f	f	f
5486	4		/user/client/:id/worker/:workerId	t	f	f	f
5487	4		/user/client	t	f	f	f
5488	4		/user/client/:id/worker	t	f	f	f
5489	4		/user/client/:id/level	t	f	f	f
5490	4		/user/msp/sub	t	f	f	f
5491	4		/user/msp	t	f	f	f
5492	4		/file/provider	t	f	f	f
5493	4		/file/provider/set-user-provider	t	f	f	f
5494	4		/file/make-workspace	t	t	f	f
5495	4		/file/upload	t	t	f	f
5496	4		/file/uploads	t	t	f	f
5497	4		/file/read/:provider/*	t	f	f	f
5498	4		/notifications/healthController	t	f	f	f
5499	4		/notifications/actions	t	f	f	f
5500	4		/notifications/action/code/:code	t	f	f	f
5501	4		/notifications/action/:id	t	f	f	f
5502	4		/notifications/action	t	f	f	f
5503	4		/notifications/communication/:id	t	f	f	f
5504	4		/notifications/communications	t	f	f	f
5505	4		/notifications/communication	t	f	f	f
5506	4		/notifications/communication/:id/set	t	f	f	f
5507	4		/notifications/communication/:id/delete	t	f	f	f
5508	4		/notifications/communication/:id/users	t	f	f	f
5509	4		/notifications/communication/:id/update	t	f	f	f
5510	4		/notifications/templates	t	f	f	f
5511	4		/notifications/template/:id	t	f	f	f
5512	4		/notifications/template/communication/:communicationId	t	f	f	f
5513	4		/notifications/template/action/:actionId	t	f	f	f
5037	6		/backup/	t	t	t	t
5038	6		/user/healthController	t	t	f	t
5039	6		/user/cacheReset	t	t	f	t
5040	6		/user/access	t	t	f	t
5041	6		/user/verify-contact	t	t	f	t
5042	6		/user/check-contact	t	t	f	t
5043	6		/user/auth/sign-up	t	t	f	t
5044	6		/user/auth/sign-in	t	t	f	t
5045	6		/user/auth/forgot-password	t	t	f	t
5046	6		/user/auth/reset-password	t	t	f	t
5047	6		/user/auth/confirm-account	t	t	f	t
5048	6		/user/auth/check-code	t	t	f	t
5049	6		/user/me	t	t	f	t
5050	6		/user/user-additional	t	t	f	t
5051	6		/user/refresh-token	t	t	f	t
5052	6		/user/auth/auto-login	t	t	f	t
5053	6		/user/role	t	t	f	t
5054	6		/user/role/:id	t	t	t	t
5055	6		/user/role/:id/set	t	t	f	t
5056	6		/user/role/:id/unset	t	t	f	t
5057	6		/user/group	t	t	f	t
5058	6		/user/group/:id	t	t	t	t
5059	6		/user/group/:id/set	t	t	f	t
5060	6		/user/group/:id/unset	t	t	f	t
5061	6		/user/action	t	t	f	t
5062	6		/user/action/:id	t	t	t	t
5063	6		/user/handbook/groups	t	t	f	t
5064	6		/user/handbook/groups/:id	t	t	t	t
5065	6		/user/handbook	t	t	f	t
5066	6		/user/handbook/:id	t	t	t	t
5067	6		/user/handbook/code/:code	t	t	f	t
5068	6		/user/handbook/set	t	t	f	t
5069	6		/user/handbook/unset	t	t	f	t
5070	6		/user/users	t	t	t	t
5071	6		/user/shoppers	t	t	f	t
5072	6		/user/users/:id/base	t	t	f	t
5073	6		/user/users/:id/fields	t	t	f	t
5074	6		/user/users/:id	t	t	t	t
5075	6		/user/users/ids	t	t	f	t
5076	6		/user/users/restore	t	t	t	t
5077	6		/user/access/client/set	t	t	t	t
5078	6		/user/access/client/unset	t	t	t	t
5079	6		/user/access/client/flush	t	t	f	t
5080	6		/user/users/:id/activity-status	t	t	f	t
5081	6		/user/settings	t	t	t	t
5082	6		/user/comments	t	t	f	t
5083	6		/user/comments/:id	t	t	t	t
5084	6		/user/competitors	t	t	f	t
5085	6		/user/competitors/:id	t	t	t	t
5086	6		/user/competitors/bind	t	t	t	t
5087	6		/user/competitors/unbind	t	t	t	t
5088	6		/user/clients	t	t	f	t
5089	6		/user/client/:id/settings	t	t	f	t
5090	6		/user/client/settings	t	t	t	t
5091	6		/user/client/:id/workers	t	t	f	t
5092	6		/user/client/:id/worker/:workerId	t	t	f	t
5093	6		/user/client	t	t	f	t
5094	6		/user/client/:id/worker	t	t	f	t
5095	6		/user/client/:id/level	t	t	f	t
5096	6		/user/msp/sub	t	t	f	t
5097	6		/user/msp	t	t	f	t
5098	6		/file/healthController	t	t	t	t
5099	6		/file/providers	t	t	t	t
5100	6		/file/provider/:id	t	t	t	t
5101	6		/file/provider	t	t	t	t
5102	6		/file/provider/set-user-provider	t	t	t	t
5103	6		/file/make-workspace	t	t	t	t
5104	6		/file/upload	t	t	t	t
5105	6		/file/uploads	t	t	t	t
5106	6		/file/read/:provider/*	t	t	t	t
5107	6		/notifications/healthController	t	t	t	t
5108	6		/notifications/actions	t	t	t	t
5109	6		/notifications/action/code/:code	t	t	t	t
5110	6		/notifications/action/:id	t	t	t	t
5111	6		/notifications/action	t	t	t	t
5112	6		/notifications/communication/:id	t	t	t	t
5113	6		/notifications/communications	t	t	t	t
5114	6		/notifications/communication	t	t	t	t
5115	6		/notifications/communication/:user_id/users	t	t	t	t
5116	6		/notifications/communication/:id/set	t	t	t	t
5117	6		/notifications/communication/:id/delete	t	t	t	t
5118	6		/notifications/communication/:id/users	t	t	t	t
5119	6		/notifications/communication/:user_id/clear	t	t	t	t
5120	6		/notifications/communication/:id/update	t	t	t	t
5121	6		/notifications/templates	t	t	t	t
5122	6		/notifications/template/:id	t	t	t	t
5123	6		/notifications/template/communication/:communicationId	t	t	t	t
5124	6		/notifications/template/action/:actionId	t	t	t	t
5125	6		/notifications/template	t	t	t	t
5126	6		/notifications/template/render/:id	t	t	t	t
5127	6		/notifications/send	t	t	t	t
5128	6		/locations/healthController	t	t	t	t
5129	6		/locations/group/change-locations	t	t	t	t
5130	6		/locations/status	t	t	t	t
5131	6		/locations/group-client-set	t	t	t	t
5132	6		/locations/groups	t	t	t	t
5133	6		/locations/group/:id	t	t	t	t
5134	6		/locations/group	t	t	t	t
5135	6		/locations/locations	t	t	t	t
5136	6		/locations/location/:id	t	t	t	t
5137	6		/locations/locations/ids	t	t	t	t
5138	6		/locations/location/test	t	t	t	t
5139	6		/locations/location-status/:id	t	t	t	t
5140	6		/locations/countries	t	t	t	t
5141	6		/locations/countries/:countryCode/city	t	t	t	t
5142	6		/locations/countries/:countryCode/regions	t	t	t	t
5143	6		/locations/regions/:regionId/cities	t	t	t	t
5144	6		/locations/countries/:countryCode	t	t	t	t
5145	6		/locations/regions/:regionId	t	t	t	t
5146	6		/locations/cities/:cityId	t	t	t	t
5147	6		/locations/locationInfo	t	t	t	t
5148	6		/locations/shopping/executions	t	t	t	t
5149	6		/locations/shopping/executions-confirm	t	t	t	t
5150	6		/locations/shopping/executions-submit	t	t	t	t
5151	6		/locations/shopping/executions-duplicate	t	t	t	t
5152	6		/locations/shopping/received-visit/:id	t	t	t	t
5153	6		/locations/shopping/visit-list	t	t	t	t
5154	6		/locations/shopping/execution-list	t	t	t	t
5155	6		/locations/shopping/executions/status	t	t	t	t
5156	6		/locations/shopping/executions/:id	t	t	t	t
5157	6		/locations/shopping/executions/delete-all	t	t	t	t
5158	6		/locations/program-types	t	t	t	t
5159	6		/locations/program-type/status	t	t	t	t
5160	6		/locations/program-type/delete-all	t	t	t	t
5161	6		/locations/program-type/:id	t	t	t	t
5162	6		/locations/bonus	t	t	t	t
5163	6		/locations/bonus/delete-all	t	t	t	t
5164	6		/locations/bonus/status	t	t	t	t
5165	6		/locations/bonus/:id	t	t	t	t
5166	6		/locations/client/:id/level	t	t	t	t
5167	6		/locations/access/execution/:user_id	t	t	t	t
5168	6		/locations/access/program/:user_id	t	t	t	t
5169	6		/locations/access/execution/set	t	t	t	t
5170	6		/locations/access/execution/unset	t	t	t	t
5171	6		/locations/access/program/set	t	t	t	t
5172	6		/locations/access/program/unset	t	t	t	t
5173	6		/locations/access/program/flush	t	t	t	t
5174	6		/locations/access/execution/flush	t	t	t	t
5175	6		/import-export/healthController	t	t	t	t
5176	6		/import-export/export/answer-list	t	t	t	t
5177	6		/import-export/export/workers	t	t	t	t
5178	6		/import-export/export/clients	t	t	t	t
5179	6		/import-export/export/shoppers	t	t	t	t
5180	6		/import-export/export/users	t	t	t	t
5181	6		/import-export/export/msp	t	t	t	t
5182	6		/import-export/export/sub-msp	t	t	t	t
5183	6		/import-export/export/locations	t	t	t	t
5184	6		/import-export/export/location-groups	t	t	t	t
5185	6		/import-export/export/executions	t	t	t	t
5186	6		/import-export/export/program-types	t	t	t	t
5187	6		/import-export/export/pdf/locations	t	t	t	t
5188	6		/import-export/export/pdf/location-groups	t	t	t	t
5189	6		/import-export/export/pdf/workers	t	t	t	t
5190	6		/import-export/export/pdf/clients	t	t	t	t
5191	6		/import-export/export/pdf/shoppers	t	t	t	t
5192	6		/import-export/export/pdf/users	t	t	t	t
5193	6		/import-export/export/pdf/msp	t	t	t	t
5194	6		/import-export/export/pdf/sub-msp	t	t	t	t
5195	6		/import-export/export/pdf/executions	t	t	t	t
5196	6		/import-export/export/pdf/program-types	t	t	t	t
5197	6		/import-export/import/users	t	t	t	t
5198	6		/import-export/import/clients	t	t	t	t
5199	6		/import-export/import/workers	t	t	t	t
5200	6		/import-export/import/msp	t	t	t	t
5201	6		/import-export/import/sub-msp	t	t	t	t
5202	6		/import-export/import/myMo	t	t	t	t
5203	6		/import-export/import/parse	t	t	t	t
5204	6		/import-export/import/locations	t	t	t	t
5205	6		/import-export/import/programs	t	t	t	t
5206	6		/questionnaire/healthController	t	t	t	t
5207	6		/questionnaire/quest	t	t	t	t
5208	6		/questionnaire/quest/:id	t	t	t	t
5209	6		/questionnaire/test	t	t	t	t
5210	6		/questionnaire/answer/stats	t	t	t	t
5211	6		/questionnaire/answer/stats/sections	t	t	t	t
5212	6		/questionnaire/answers	t	t	t	t
5213	6		/questionnaire/answer/:id	t	t	t	t
5214	6		/questionnaire/answer/:id/:status	t	t	t	t
5215	6		/questionnaire/answer/create-execution-link	t	t	t	t
5216	6		/questionnaire/appeal	t	t	t	t
5217	6		/questionnaire/appeal/:id	t	t	t	t
5218	6		/questionnaire/appeal/reply/:appealId	t	t	t	t
5219	6		/questionnaire/appeal/manager-reply/:appealId	t	t	t	t
5220	6		/questionnaire/integration/v1/sign-in	t	t	t	t
5221	6		/questionnaire/integration/v1/all	t	t	t	t
5222	6		/questionnaire/integration/v1/answer/:id	t	t	t	t
5223	6		/questionnaire/integration/v2/sign-in	t	t	t	t
5224	6		/questionnaire/integration/v2/all	t	t	t	t
5225	6		/questionnaire/integration/v2/answer/:id	t	t	t	t
5226	6		/social-service/healthController	t	t	t	t
5227	6		/social-service/statistics	t	t	t	t
5228	6		/backup/healthController	t	t	t	t
5229	6		/backup/list	t	t	t	t
5230	6		/backup/restore	t	t	t	t
5231	6		/backup/:fileName	t	t	t	t
5232	6		/user/customizations	t	f	f	f
5233	6		/locations/shopping/executions/connect-questionnaire	t	t	t	t
5234	6		/locations/program-type/connect-questionnaire	t	t	t	t
5235	6		/locations/shops	t	t	t	t
5236	6		/locations/shops/:id	t	t	t	t
5237	6		/locations/shops/set-respondent	t	t	t	t
5238	6		/locations/shops/by-respondent/:respondent_id	t	t	t	t
5239	6		/locations/shops/check-location	t	t	t	t
5240	6		/questionnaire/quest/all	t	t	t	t
5241	6		/questionnaire/integration/v2/links/:id	t	t	t	t
5242	6		/questionnaire/integration/v2/create-link/:id	t	t	t	t
5243	6		/questionnaire/integration/v2/store-questionnaire	t	t	t	t
5514	4		/notifications/template	t	f	f	f
5515	4		/notifications/template/render/:id	t	f	f	f
5516	4		/notifications/send	t	f	f	f
5517	4		/locations/healthController	t	f	f	f
5518	4		/locations/group/change-locations	t	f	f	f
5519	4		/locations/group-client-set	t	f	f	f
5520	4		/locations/groups	t	f	f	f
5521	4		/locations/group/:id	t	f	f	f
5522	4		/locations/group	t	f	f	f
5523	4		/locations/locations	t	f	f	f
5524	4		/locations/location/:id	t	f	f	f
5525	4		/locations/locations/ids	t	f	f	f
5526	4		/locations/location/test	t	f	f	f
5527	4		/locations/location/status	t	f	f	f
5528	4		/locations/location-status/:id	t	f	f	f
5529	4		/locations/countries	t	f	f	f
5530	4		/locations/countries/:countryCode/city	t	f	f	f
5531	4		/locations/countries/:countryCode/regions	t	f	f	f
5532	4		/locations/regions/:regionId/cities	t	f	f	f
5533	4		/locations/countries/:countryCode	t	f	f	f
5534	4		/locations/regions/:regionId	t	f	f	f
5535	4		/locations/cities/:cityId	t	f	f	f
5536	4		/locations/locationInfo	t	f	f	f
5537	4		/locations/shopping/executions	t	f	f	f
5538	4		/locations/shopping/executions-confirm	t	f	f	f
5539	4		/locations/shopping/executions-submit	t	f	f	f
5540	4		/locations/shopping/executions-duplicate	t	f	f	f
5541	4		/locations/shopping/received-visit/:id	t	f	f	f
5542	4		/locations/shopping/visit-list	t	f	f	f
5543	4		/locations/shopping/execution-list	t	f	f	f
5544	4		/locations/shopping/executions/status	t	f	f	f
5545	4		/locations/shopping/executions/:id	t	f	f	f
5546	4		/locations/shopping/executions/delete-all	t	f	f	f
5547	4		/locations/program-types	t	f	f	f
5548	4		/locations/program-type/status	t	f	f	f
5549	4		/locations/program-type/delete-all	t	f	f	f
5550	4		/locations/program-type/:id	t	f	f	f
5551	4		/locations/bonus	t	f	f	f
5552	4		/locations/bonus/delete-all	t	f	f	f
5553	4		/locations/bonus/status	t	f	f	f
5554	4		/locations/bonus/:id	t	f	f	f
5555	4		/locations/client/:id/level	t	f	f	f
5556	4		/locations/access/execution/:user_id	t	f	f	f
5557	4		/locations/access/program/:user_id	t	f	f	f
5558	4		/locations/access/execution/set	t	f	f	f
5559	4		/locations/access/execution/unset	t	f	f	f
5560	4		/locations/access/program/set	t	f	f	f
5561	4		/locations/access/program/unset	t	f	f	f
5562	4		/locations/access/program/flush	t	f	f	f
5563	4		/locations/access/execution/flush	t	f	f	f
5564	4		/import-export/healthController	t	f	f	f
5565	4		/import-export/export/answer-list	t	f	f	f
5566	4		/import-export/export/workers	t	f	f	f
5567	4		/import-export/export/clients	t	f	f	f
5568	4		/import-export/export/shoppers	t	f	f	f
5569	4		/import-export/export/users	t	f	f	f
5570	4		/import-export/export/msp	t	f	f	f
5571	4		/import-export/export/locations	t	f	f	f
5572	4		/import-export/export/location-groups	t	f	f	f
5573	4		/import-export/export/executions	t	f	f	f
5574	4		/import-export/export/program-types	t	f	f	f
5575	4		/import-export/export/pdf/locations	t	f	f	f
5576	4		/import-export/export/pdf/location-groups	t	f	f	f
5577	4		/import-export/export/pdf/workers	t	f	f	f
5578	4		/import-export/export/pdf/clients	t	f	f	f
5579	4		/import-export/export/pdf/shoppers	t	f	f	f
5580	4		/import-export/export/pdf/users	t	f	f	f
5581	4		/import-export/export/pdf/msp	t	f	f	f
5582	4		/import-export/export/pdf/executions	t	f	f	f
5583	4		/import-export/export/pdf/program-types	t	f	f	f
5584	4		/import-export/import/users	t	f	f	f
5585	4		/import-export/import/clients	t	f	f	f
5586	4		/import-export/import/workers	t	f	f	f
5587	4		/import-export/import/msp	t	f	f	f
5588	4		/import-export/import/myMo	t	f	f	f
5589	4		/import-export/import/parse	t	f	f	f
5590	4		/import-export/import/locations	t	f	f	f
5591	4		/import-export/import/programs	t	f	f	f
5592	4		/questionnaire/healthController	t	f	f	f
5593	4		/questionnaire/quest	t	f	f	f
5594	4		/questionnaire/quest/:id	t	f	f	f
5595	4		/questionnaire/test	t	f	f	f
5596	4		/questionnaire/answer/stats	t	f	f	f
5597	4		/questionnaire/answer/stats/sections	t	f	f	f
5598	4		/questionnaire/answers	t	f	f	f
5599	4		/questionnaire/answer/:id	t	f	f	f
5600	4		/questionnaire/answer/:id/:status	t	f	f	f
5601	4		/questionnaire/answer/create-execution-link	t	f	f	f
5602	4		/questionnaire/appeal	t	f	f	f
5603	4		/questionnaire/appeal/:id	t	f	f	f
5604	4		/questionnaire/appeal/reply/:appealId	t	f	f	f
5605	4		/questionnaire/appeal/manager-reply/:appealId	t	f	f	f
5606	4		/questionnaire/integration/v1/sign-in	t	f	f	f
5607	4		/questionnaire/integration/v1/all	t	f	f	f
5608	4		/questionnaire/integration/v1/answer/:id	t	f	f	f
5609	4		/questionnaire/integration/v2/sign-in	t	f	f	f
5610	4		/questionnaire/integration/v2/all	t	f	f	f
5611	4		/questionnaire/integration/v2/answer/:id	t	f	f	f
5612	4		/social-service/healthController	t	f	f	f
5613	4		/social-service/statistics	t	f	f	f
5614	4		/backup/healthController	t	f	f	f
5615	4		/backup/	t	f	f	f
5616	4		/backup/restore	t	f	f	f
5617	4		/backup/:fileName	t	f	f	f
5618	4		/user/cacheReset	t	f	f	f
5619	4		/user/auth/auto-login	t	f	f	f
5620	4		/user/customizations	t	f	f	f
5621	4		/import-export/import/sub-msp	t	f	f	f
5622	4		/import-export/export/sub-msp	t	f	f	f
\.


--
-- Data for Name: role_user_link; Type: TABLE DATA; Schema: public; Owner: pma
--

COPY public.role_user_link (id, role_id, user_id) FROM stdin;
3	2	3
6	4	5
7	1	6
8	1	7
10	2	10
11	4	11
12	2	12
13	1	13
14	6	14
15	6	15
16	6	16
17	6	17
18	1	18
19	6	19
20	6	20
21	6	21
25	3	24
26	2	26
27	2	25
28	2	27
29	2	28
30	2	29
31	2	30
32	2	31
33	2	32
35	2	34
36	2	35
37	2	36
38	2	37
39	2	38
40	2	39
41	2	40
42	2	41
43	2	42
45	2	44
46	2	45
47	2	46
48	2	47
49	2	48
50	2	49
51	2	50
52	2	51
53	2	52
54	2	53
56	6	55
57	6	56
58	6	57
59	6	58
60	6	59
61	2	61
62	2	60
63	2	62
64	2	63
65	2	64
66	2	65
67	2	66
68	2	67
69	2	68
70	2	69
71	2	70
72	2	71
73	2	72
74	2	73
75	2	74
76	2	75
77	2	76
78	2	77
79	6	78
80	6	79
81	4	80
82	4	81
83	6	100
84	6	101
85	2	102
86	2	103
87	2	104
88	2	105
89	2	106
90	2	107
91	2	108
92	2	109
93	2	110
95	2	112
96	2	114
97	2	113
98	2	115
99	2	116
100	2	117
101	2	118
103	2	120
104	6	121
105	6	122
106	1	123
107	6	124
108	6	125
109	6	126
110	2	127
111	6	128
112	6	129
113	6	130
114	6	131
115	1	132
116	6	133
117	2	134
118	6	135
119	6	136
120	6	137
121	6	138
122	6	139
123	6	140
124	6	141
125	6	142
126	6	143
127	6	144
128	6	145
129	6	146
130	6	147
131	6	148
132	1	149
134	2	151
135	2	152
136	2	153
137	2	154
138	2	155
139	6	156
140	4	157
141	4	158
142	6	159
143	1	160
144	6	161
145	6	162
146	6	163
147	3	119
148	2	164
149	1	165
150	2	166
151	4	167
152	6	168
153	1	169
154	2	170
155	2	171
156	4	172
157	4	173
158	2	174
159	4	175
161	2	177
162	4	178
164	1	180
165	7	23
163	4	179
166	1	181
167	2	182
168	2	184
170	2	185
171	2	186
172	2	187
173	2	188
174	2	189
175	2	190
176	2	191
177	2	192
178	2	193
179	2	194
180	2	195
181	2	196
182	4	197
183	4	198
184	2	199
185	4	200
186	2	201
188	2	203
189	2	204
190	2	205
187	2	202
160	2	176
133	2	150
94	2	111
55	2	54
44	2	43
34	2	33
9	2	9
5	3	4
191	2	206
192	2	207
193	2	209
194	4	210
195	4	211
196	4	212
169	7	1
197	2	213
198	2	214
199	2	215
200	2	216
201	2	217
203	4	219
204	2	220
205	2	221
206	2	222
207	2	223
208	2	224
211	3	225
212	6	226
213	6	227
214	6	228
215	1	229
216	1	230
217	1	231
218	1	232
219	1	233
220	1	234
221	1	235
222	1	236
226	2	237
229	6	238
230	4	239
231	4	240
232	2	241
233	4	242
234	4	243
235	4	244
236	4	245
237	1	246
238	1	247
239	1	248
240	1	249
242	1	251
243	1	252
244	1	253
245	1	254
246	1	255
247	2	256
248	2	257
249	2	258
250	2	259
251	4	261
252	4	262
253	4	263
256	3	264
258	4	270
260	3	250
257	2	269
202	2	218
261	2	271
262	2	272
263	2	273
264	4	274
265	4	275
266	2	276
267	2	277
268	2	278
269	6	279
270	2	281
271	2	282
272	2	283
273	2	300
274	2	304
275	4	305
276	4	307
277	4	308
278	4	313
279	2	314
280	2	315
281	4	316
282	4	319
283	4	320
284	4	321
285	4	322
288	1	323
290	7	22
291	6	324
292	6	325
293	6	326
294	6	327
295	6	328
296	1	329
297	6	330
298	6	331
299	1	332
300	6	333
301	6	334
302	6	335
305	6	336
306	6	337
307	6	338
308	6	339
309	2	340
310	1	2
312	2	342
313	4	343
314	4	344
315	2	345
311	7	341
316	1	346
317	7	347
318	1	349
\.


--
-- Data for Name: roles; Type: TABLE DATA; Schema: public; Owner: pma
--

COPY public.roles (id, name, default_role, access_pages, deleted_at, delete_at) FROM stdin;
5	Competitor	f	[{"name": "User", "path": "/crm/users", "view": true, "routes": [{"name": "User List", "path": "/crm/users", "view": true}, {"name": "Clients", "path": "/crm/users/clients", "view": true}, {"name": "Shoppers", "path": "/crm/users/shoppers", "view": true}, {"name": "Group", "path": "/crm/users/groups", "view": true}, {"name": "Role", "path": "/crm/users/role", "view": true}, {"name": "Settings", "path": "/crm/users/settings/edit", "view": true}]}, {"name": "Handbook", "path": "/crm/handbook", "view": true, "routes": [{"name": "Group", "path": "/crm/handbook/group", "view": true}, {"name": "Handbook", "path": "/crm/handbook", "view": true}]}, {"name": "Notifications", "path": "/notifications", "view": true, "routes": [{"name": "Providers", "path": "/crm/notifications/providers", "view": true}, {"name": "Templates", "path": "/crm/notifications/templates", "view": true}, {"name": "Action", "path": "/crm/notifications/actions", "view": true}]}, {"name": "Locations", "path": "/crm/locations", "view": true, "routes": [{"name": "Locations Group", "path": "/crm/locations/groups", "view": true}, {"name": "Locations", "path": "/crm/locations", "view": true}]}, {"name": "Backup", "path": "/crm/backup-service", "view": true, "routes": [{"name": "Backup List", "path": "/crm/backup-service", "view": true}]}]	\N	\N
4	Worker	f	[{"name": "User", "path": "/crm/users", "view": true, "routes": [{"name": "User List", "path": "/crm/users", "view": true}, {"name": "Clients", "path": "/crm/users/clients", "view": true}, {"name": "Shoppers", "path": "/crm/users/shoppers", "view": true}, {"name": "Group", "path": "/crm/users/groups", "view": true}, {"name": "Role", "path": "/crm/users/role", "view": true}, {"name": "Settings", "path": "/crm/users/settings/edit", "view": true}]}, {"name": "Handbook", "path": "/crm/handbook", "view": true, "routes": [{"name": "Group", "path": "/crm/handbook/group", "view": true}, {"name": "Handbook", "path": "/crm/handbook", "view": true}]}, {"name": "Notifications", "path": "/notifications", "view": true, "routes": [{"name": "Providers", "path": "/crm/notifications/providers", "view": true}, {"name": "Templates", "path": "/crm/notifications/templates", "view": true}, {"name": "Action", "path": "/crm/notifications/actions", "view": true}]}, {"name": "Locations", "path": "/crm/locations", "view": true, "routes": [{"name": "Locations Group", "path": "/crm/locations/groups", "view": true}, {"name": "Locations", "path": "/crm/locations", "view": true}]}, {"name": "Backup", "path": "/crm/backup-service", "view": true, "routes": [{"name": "Backup List", "path": "/crm/backup-service", "view": true}]}]	\N	\N
6	MSP	f	[{"name": "User", "path": "/crm/users", "view": true, "routes": [{"name": "User List", "path": "/crm/users", "view": true}, {"name": "Clients", "path": "/crm/users/clients", "view": true}, {"name": "Shoppers", "path": "/crm/users/shoppers", "view": true}, {"name": "Group", "path": "/crm/users/groups", "view": true}, {"name": "Role", "path": "/crm/users/role", "view": true}, {"name": "Settings", "path": "/crm/users/settings/edit", "view": true}]}, {"name": "Handbook", "path": "/crm/handbook", "view": true, "routes": [{"name": "Group", "path": "/crm/handbook/group", "view": true}, {"name": "Handbook", "path": "/crm/handbook", "view": true}]}, {"name": "Notifications", "path": "/notifications", "view": true, "routes": [{"name": "Providers", "path": "/crm/notifications/providers", "view": true}, {"name": "Templates", "path": "/crm/notifications/templates", "view": true}, {"name": "Action", "path": "/crm/notifications/actions", "view": true}]}, {"name": "Locations", "path": "/crm/locations", "view": true, "routes": [{"name": "Locations Group", "path": "/crm/locations/groups", "view": true}, {"name": "Locations", "path": "/crm/locations", "view": true}]}, {"name": "Backup", "path": "/crm/backup-service", "view": true, "routes": [{"name": "Backup List", "path": "/crm/backup-service", "view": true}]}]	\N	\N
2	Client	f	[{"name": "User", "path": "/crm/users", "view": true, "routes": [{"name": "User List", "path": "/crm/users", "view": true}, {"name": "Clients", "path": "/crm/users/clients", "view": true}, {"name": "Shoppers", "path": "/crm/users/shoppers", "view": true}, {"name": "Group", "path": "/crm/users/groups", "view": true}, {"name": "Role", "path": "/crm/users/role", "view": true}, {"name": "Settings", "path": "/crm/users/settings/edit", "view": true}]}, {"name": "Handbook", "path": "/crm/handbook", "view": true, "routes": [{"name": "Group", "path": "/crm/handbook/group", "view": true}, {"name": "Handbook", "path": "/crm/handbook", "view": true}]}, {"name": "Notifications", "path": "/notifications", "view": true, "routes": [{"name": "Providers", "path": "/crm/notifications/providers", "view": true}, {"name": "Templates", "path": "/crm/notifications/templates", "view": true}, {"name": "Action", "path": "/crm/notifications/actions", "view": true}]}, {"name": "Locations", "path": "/crm/locations", "view": true, "routes": [{"name": "Locations Group", "path": "/crm/locations/groups", "view": true}, {"name": "Locations", "path": "/crm/locations", "view": true}]}, {"name": "Backup", "path": "/crm/backup-service", "view": true, "routes": [{"name": "Backup List", "path": "/crm/backup-service", "view": true}]}]	\N	\N
7	Admin	f	[{"name": "User", "path": "/crm/users", "view": true, "routes": [{"name": "User List", "path": "/crm/users", "view": true}, {"name": "Clients", "path": "/crm/users/clients", "view": true}, {"name": "Shoppers", "path": "/crm/users/shoppers", "view": true}, {"name": "Group", "path": "/crm/users/groups", "view": true}, {"name": "Role", "path": "/crm/users/role", "view": true}, {"name": "Settings", "path": "/crm/users/settings/edit", "view": true}]}, {"name": "Handbook", "path": "/crm/handbook", "view": true, "routes": [{"name": "Group", "path": "/crm/handbook/group", "view": true}, {"name": "Handbook", "path": "/crm/handbook", "view": true}]}, {"name": "Notifications", "path": "/notifications", "view": true, "routes": [{"name": "Providers", "path": "/crm/notifications/providers", "view": true}, {"name": "Templates", "path": "/crm/notifications/templates", "view": true}, {"name": "Action", "path": "/crm/notifications/actions", "view": true}]}, {"name": "Locations", "path": "/crm/locations", "view": true, "routes": [{"name": "Locations Group", "path": "/crm/locations/groups", "view": true}, {"name": "Locations", "path": "/crm/locations", "view": true}]}, {"name": "Backup", "path": "/crm/backup-service", "view": true, "routes": [{"name": "Backup List", "path": "/crm/backup-service", "view": true}]}]	\N	\N
3	Manager	f	[{"name": "User", "path": "/crm/users", "view": true, "routes": [{"name": "User List", "path": "/crm/users", "view": true}, {"name": "Clients", "path": "/crm/users/clients", "view": true}, {"name": "Shoppers", "path": "/crm/users/shoppers", "view": true}, {"name": "Group", "path": "/crm/users/groups", "view": true}, {"name": "Role", "path": "/crm/users/role", "view": true}, {"name": "Settings", "path": "/crm/users/settings/edit", "view": true}]}, {"name": "Handbook", "path": "/crm/handbook", "view": true, "routes": [{"name": "Group", "path": "/crm/handbook/group", "view": true}, {"name": "Handbook", "path": "/crm/handbook", "view": true}]}, {"name": "Notifications", "path": "/notifications", "view": true, "routes": [{"name": "Providers", "path": "/crm/notifications/providers", "view": true}, {"name": "Templates", "path": "/crm/notifications/templates", "view": true}, {"name": "Action", "path": "/crm/notifications/actions", "view": true}]}, {"name": "Locations", "path": "/crm/locations", "view": true, "routes": [{"name": "Locations Group", "path": "/crm/locations/groups", "view": true}, {"name": "Locations", "path": "/crm/locations", "view": true}]}, {"name": "Backup", "path": "/crm/backup-service", "view": true, "routes": [{"name": "Backup List", "path": "/crm/backup-service", "view": true}]}]	\N	\N
1	Shopper	t	[{"name": "User", "path": "/crm/users", "view": true, "routes": [{"name": "User List", "path": "/crm/users", "view": true}, {"name": "Clients", "path": "/crm/users/clients", "view": true}, {"name": "Shoppers", "path": "/crm/users/shoppers", "view": true}, {"name": "Group", "path": "/crm/users/groups", "view": true}, {"name": "Role", "path": "/crm/users/role", "view": true}, {"name": "Settings", "path": "/crm/users/settings/edit", "view": true}]}, {"name": "Handbook", "path": "/crm/handbook", "view": true, "routes": [{"name": "Group", "path": "/crm/handbook/group", "view": true}, {"name": "Handbook", "path": "/crm/handbook", "view": true}]}, {"name": "Notifications", "path": "/notifications", "view": true, "routes": [{"name": "Providers", "path": "/crm/notifications/providers", "view": true}, {"name": "Templates", "path": "/crm/notifications/templates", "view": true}, {"name": "Action", "path": "/crm/notifications/actions", "view": true}]}, {"name": "Locations", "path": "/crm/locations", "view": true, "routes": [{"name": "Locations Group", "path": "/crm/locations/groups", "view": true}, {"name": "Locations", "path": "/crm/locations", "view": true}]}, {"name": "Backup", "path": "/crm/backup-service", "view": true, "routes": [{"name": "Backup List", "path": "/crm/backup-service", "view": true}]}]	\N	\N
\.


--
-- Data for Name: scheduling_shops; Type: TABLE DATA; Schema: public; Owner: pma
--

COPY public.scheduling_shops (id, name, location_name, project_id, location_id, respondent_id, status, scheduler_id, visit_date, visit_date_time, visit_start, visit_start_time, visit_price, bank, course, expense_price, expense_bank, expense_course, incentive_price, incentive_bank, incentive_course, reimbursement_price, reimbursement_bank, reimbursement_course, special_price, special_bank, special_course, special_description) FROM stdin;
14	Daria_2	Daria	47	26	\N	1	4	2025-04-30	13:12:36	2024-08-30	13:12:36	50	bank_1	usd	0	bank_1	usd	0	bank_1	usd	0	bank_1	usd	20	bank_1	usd	
15	Test123_2	Test123	47	48	160	2	4	2024-08-30	11:48:41	2025-04-30	11:48:41	50	bank_1	usd	0	bank_1	usd	0	bank_1	usd	0	bank_1	usd	20	bank_1	usd	
16	Test59_2	Test59	47	49	160	2	4	2024-08-30	11:48:41	2025-04-30	11:48:41	50	bank_1	usd	0	bank_1	usd	0	bank_1	usd	0	bank_1	usd	20	bank_1	usd	
17	тьфу_2	тьфу	48	140	160	2	1	2024-09-15	11:48:41	2024-09-15	11:48:41	50	bank_2	usd	12	bank_1	usd	43	bank_1	usd	0	bank_1	usd	34	bank_3	usd	12
\.


--
-- Data for Name: status_changes; Type: TABLE DATA; Schema: public; Owner: pma
--

COPY public.status_changes (id, entity_id, entity_type, user_id, old_status, new_status, changed_at) FROM stdin;
1	19	user	18	0	0	2024-07-22 09:40:28.453607
2	19	user	18	0	1	2024-07-22 09:40:30.760138
3	19	user	18	1	0	2024-07-22 09:40:32.757744
4	19	user	18	0	1	2024-07-22 09:40:35.022134
5	19	user	18	1	0	2024-07-22 09:40:37.399977
6	19	user	18	0	1	2024-07-22 09:41:18.0461
7	19	user	18	1	0	2024-07-22 09:42:24.399665
8	19	user	18	0	1	2024-07-22 10:01:28.492916
9	23	user	24	0	1	2024-07-22 11:41:15.977373
10	23	user	24	1	1	2024-07-22 11:41:23.425445
11	23	user	24	1	0	2024-07-22 11:41:30.379827
12	23	user	24	0	1	2024-07-22 11:49:32.182781
13	23	user	24	1	0	2024-07-22 11:49:37.099177
14	121	user	2	0	1	2024-07-22 17:27:14.305299
15	121	user	2	1	0	2024-07-22 17:27:18.083939
16	121	user	2	0	1	2024-07-22 17:30:18.277328
17	121	user	2	1	0	2024-07-22 17:30:25.764587
18	118	user	24	0	1	2024-07-23 10:38:22.885907
19	118	user	24	1	0	2024-07-23 10:39:03.364102
20	118	user	24	0	0	2024-07-23 10:39:18.179636
21	116	user	24	0	1	2024-07-23 10:47:11.066752
22	116	user	24	1	0	2024-07-23 10:47:15.738534
23	116	user	24	0	1	2024-07-23 10:47:49.693348
24	116	user	24	1	0	2024-07-23 10:47:53.511792
25	155	user	24	0	1	2024-07-24 10:14:22.003695
26	155	user	24	1	0	2024-07-24 10:14:25.97367
27	120	user	24	0	1	2024-07-24 10:17:01.590145
28	120	user	24	1	0	2024-07-24 10:17:06.225378
29	120	user	24	0	1	2024-07-24 11:02:29.423154
30	158	user	24	0	1	2024-07-24 12:23:29.782967
31	158	user	24	1	0	2024-07-24 12:24:06.580858
32	155	user	24	0	1	2024-07-24 12:24:13.625908
33	155	user	24	1	0	2024-07-24 12:24:19.673052
34	160	user	24	0	1	2024-07-24 12:25:49.66899
35	148	user	24	0	1	2024-07-24 12:30:08.581894
36	150	user	24	0	1	2024-07-24 12:48:00.807851
37	158	user	24	0	1	2024-07-24 12:52:11.202848
38	158	user	24	1	0	2024-07-24 12:52:21.108675
39	156	user	123	0	1	2024-07-24 15:24:50.995732
40	130	user	123	0	1	2024-07-24 15:24:51.01409
41	130	user	123	1	0	2024-07-24 15:24:57.20391
42	156	user	123	1	0	2024-07-24 15:24:57.209488
43	162	user	1	0	0	2024-07-24 15:45:42.157322
44	162	user	1	0	1	2024-07-24 15:45:45.533751
45	163	user	4	0	0	2024-07-25 09:00:31.269877
46	163	user	4	0	1	2024-07-25 09:00:34.579733
47	167	user	24	0	1	2024-07-25 12:25:55.988349
48	167	user	24	1	0	2024-07-25 12:26:01.544359
49	112	user	24	0	1	2024-07-25 12:26:08.370897
50	112	user	24	1	0	2024-07-25 12:26:43.750254
51	173	user	24	0	1	2024-07-25 14:29:52.762218
52	173	user	24	1	0	2024-07-25 14:30:02.028684
53	199	user	24	0	1	2024-07-25 17:56:50.60856
54	13	user	22	0	1	2024-07-25 17:56:50.836027
55	181	user	24	0	1	2024-07-25 18:03:26.360246
56	181	user	24	1	0	2024-07-25 18:03:28.495923
57	181	user	24	0	1	2024-07-25 18:03:30.384404
58	181	user	24	1	0	2024-07-25 18:03:39.207012
59	200	user	24	0	1	2024-07-25 18:06:06.458597
60	204	user	2	0	1	2024-07-25 18:43:36.043163
61	204	user	2	1	0	2024-07-25 18:43:48.073084
62	212	user	2	0	1	2024-07-25 19:39:39.199814
63	165	user	22	0	1	2024-07-26 09:56:21.482385
64	168	user	22	0	1	2024-07-26 10:00:29.989318
65	159	user	22	0	1	2024-07-26 11:00:03.410991
66	159	user	22	1	0	2024-07-26 11:00:10.851483
67	228	user	22	0	1	2024-07-26 11:08:14.614948
68	236	user	22	0	1	2024-07-26 11:12:35.189831
69	235	user	22	0	1	2024-07-26 11:13:20.709663
70	237	user	2	0	1	2024-07-26 13:12:39.321558
71	237	user	2	1	0	2024-07-26 14:49:23.289196
72	163	user	22	1	0	2024-07-26 17:48:02.807098
73	156	user	22	0	1	2024-07-26 17:48:06.69405
74	256	user	22	0	1	2024-07-29 09:38:49.960236
75	245	user	22	0	1	2024-07-29 11:01:40.238495
76	271	user	22	0	1	2024-07-29 16:44:18.180226
77	272	user	22	0	1	2024-07-31 12:00:30.136327
78	272	user	22	1	0	2024-07-31 12:00:34.334933
79	276	user	264	0	0	2024-07-31 16:32:31.50302
80	276	user	264	0	1	2024-07-31 16:32:33.724345
81	276	user	264	1	0	2024-07-31 16:32:35.923346
82	279	user	22	0	0	2024-08-01 15:01:01.459991
83	279	user	22	0	1	2024-08-01 15:02:02.58902
84	279	user	2	1	0	2024-08-01 15:08:56.019178
85	255	user	22	0	1	2024-08-01 15:20:39.043418
86	255	user	22	1	0	2024-08-01 15:21:01.30649
87	281	user	23	0	1	2024-08-01 18:59:31.656586
88	273	user	23	0	1	2024-08-01 19:00:00.204893
89	269	user	23	0	1	2024-08-01 19:00:00.21034
90	257	user	23	0	1	2024-08-01 19:00:00.213556
91	281	user	23	1	0	2024-08-01 19:00:11.120174
92	277	user	23	0	0	2024-08-01 19:00:11.124825
93	276	user	23	0	0	2024-08-01 19:00:11.127932
94	273	user	23	1	0	2024-08-01 19:00:11.130887
95	272	user	23	0	0	2024-08-01 19:00:11.134802
96	271	user	23	1	0	2024-08-01 19:00:11.137867
97	269	user	23	1	0	2024-08-01 19:00:11.140268
98	258	user	23	0	0	2024-08-01 19:00:11.142715
99	257	user	23	1	0	2024-08-01 19:00:11.145908
100	256	user	23	1	0	2024-08-01 19:00:11.148405
101	241	user	23	0	0	2024-08-01 19:00:11.151119
102	223	user	23	0	0	2024-08-01 19:00:11.153037
103	222	user	23	0	0	2024-08-01 19:00:11.154853
104	221	user	23	0	0	2024-08-01 19:00:11.156653
105	220	user	23	0	0	2024-08-01 19:00:11.158843
106	218	user	23	0	0	2024-08-01 19:00:11.161252
107	217	user	23	0	0	2024-08-01 19:00:11.163298
108	216	user	23	0	0	2024-08-01 19:00:11.165707
109	215	user	23	0	0	2024-08-01 19:00:11.167909
110	214	user	23	0	0	2024-08-01 19:00:11.170008
111	213	user	23	0	0	2024-08-01 19:00:11.172228
112	207	user	23	0	0	2024-08-01 19:00:11.174191
113	206	user	23	0	0	2024-08-01 19:00:11.176206
114	204	user	23	0	0	2024-08-01 19:00:11.178129
115	203	user	23	0	0	2024-08-01 19:00:11.179868
116	281	user	23	0	1	2024-08-01 19:00:28.788642
117	277	user	23	0	1	2024-08-01 19:00:28.795772
118	273	user	23	0	1	2024-08-01 19:00:28.799454
119	271	user	23	0	1	2024-08-01 19:00:28.803812
120	269	user	23	0	1	2024-08-01 19:00:28.832383
121	257	user	23	0	1	2024-08-01 19:00:28.838821
122	241	user	23	0	1	2024-08-01 19:00:28.843646
123	223	user	23	0	1	2024-08-01 19:00:28.85322
124	281	user	23	1	0	2024-08-01 19:00:48.744947
125	277	user	23	1	0	2024-08-01 19:00:48.74782
126	276	user	23	0	0	2024-08-01 19:00:48.749758
127	273	user	23	1	0	2024-08-01 19:00:48.752503
128	272	user	23	0	0	2024-08-01 19:00:48.754874
129	271	user	23	1	0	2024-08-01 19:00:48.757077
130	269	user	23	1	0	2024-08-01 19:00:48.758778
131	258	user	23	0	0	2024-08-01 19:00:48.760423
132	257	user	23	1	0	2024-08-01 19:00:48.762234
133	256	user	23	0	0	2024-08-01 19:00:48.764729
134	241	user	23	1	0	2024-08-01 19:00:48.767055
135	223	user	23	1	0	2024-08-01 19:00:48.769369
136	222	user	23	0	0	2024-08-01 19:00:48.775012
137	221	user	23	0	0	2024-08-01 19:00:48.782799
138	220	user	23	0	0	2024-08-01 19:00:48.793126
139	218	user	23	0	0	2024-08-01 19:00:48.797225
140	217	user	23	0	0	2024-08-01 19:00:48.800034
141	216	user	23	0	0	2024-08-01 19:00:48.802889
142	215	user	23	0	0	2024-08-01 19:00:48.805604
143	214	user	23	0	0	2024-08-01 19:00:48.807638
144	213	user	23	0	0	2024-08-01 19:00:48.809621
145	207	user	23	0	0	2024-08-01 19:00:48.811665
146	206	user	23	0	0	2024-08-01 19:00:48.81356
147	204	user	23	0	0	2024-08-01 19:00:48.815312
148	203	user	23	0	0	2024-08-01 19:00:48.817478
149	281	user	23	0	1	2024-08-01 19:02:17.538879
150	277	user	23	0	1	2024-08-01 19:02:17.554298
151	273	user	23	0	1	2024-08-01 19:02:17.558732
152	271	user	23	0	1	2024-08-01 19:02:17.561907
153	269	user	23	0	1	2024-08-01 19:02:17.564484
154	257	user	23	0	1	2024-08-01 19:02:17.567564
155	281	user	23	1	0	2024-08-01 19:03:10.180044
156	277	user	23	1	0	2024-08-01 19:03:10.185824
157	273	user	23	1	0	2024-08-01 19:03:10.190856
158	271	user	23	1	0	2024-08-01 19:03:10.196483
159	269	user	23	1	0	2024-08-01 19:03:10.199781
160	257	user	23	1	0	2024-08-01 19:03:10.203353
161	199	user	23	1	0	2024-08-01 19:03:10.205839
162	150	user	23	1	0	2024-08-01 19:03:10.209471
163	281	user	23	0	1	2024-08-01 19:03:39.402088
164	277	user	23	0	1	2024-08-01 19:03:39.415
165	273	user	23	0	1	2024-08-01 19:03:39.418698
166	271	user	23	0	1	2024-08-01 19:03:39.421011
167	269	user	23	0	1	2024-08-01 19:03:39.422875
168	257	user	23	0	1	2024-08-01 19:03:39.424772
169	241	user	23	0	1	2024-08-01 19:03:39.426874
170	221	user	23	0	1	2024-08-01 19:03:39.430434
171	257	user	23	1	0	2024-08-01 19:09:03.773523
172	281	user	23	1	0	2024-08-01 19:30:59.298783
173	305	user	23	0	1	2024-08-01 23:58:46.172922
174	283	user	23	0	1	2024-08-02 00:11:05.552951
179	279	user	2	0	1	2024-08-02 13:28:40.092386
180	279	user	2	1	0	2024-08-02 13:28:42.537181
181	279	user	2	0	1	2024-08-02 13:36:22.50246
182	279	user	2	1	0	2024-08-02 13:36:29.942871
183	156	user	24	1	0	2024-08-02 13:39:08.950568
184	156	user	24	0	1	2024-08-02 13:39:13.179829
185	323	user	22	0	0	2024-08-09 11:34:31.000164
186	323	user	22	0	1	2024-08-09 11:34:33.576254
187	255	user	22	0	1	2024-08-09 11:34:40.854058
188	255	user	22	1	0	2024-08-09 11:36:12.46553
189	253	user	23	0	1	2024-08-09 16:26:31.62479
190	252	user	23	0	1	2024-08-09 16:26:31.631689
191	251	user	23	0	1	2024-08-09 16:26:31.63512
192	323	user	23	1	0	2024-08-09 16:26:42.449217
193	253	user	23	1	0	2024-08-09 16:26:42.456604
194	249	user	23	0	0	2024-08-09 16:26:42.45881
195	248	user	23	0	0	2024-08-09 16:26:42.460725
196	323	user	23	0	1	2024-08-09 16:28:21.384196
197	324	user	23	0	1	2024-08-09 17:46:08.767299
198	279	user	23	0	1	2024-08-09 17:46:08.771094
199	324	user	23	1	0	2024-08-09 17:46:26.495736
200	168	user	23	1	0	2024-08-09 17:46:26.498514
201	330	user	23	0	1	2024-08-09 18:26:58.505125
202	330	user	23	1	0	2024-08-09 18:27:41.698786
203	156	user	23	1	0	2024-08-09 18:41:28.270923
\.


--
-- Data for Name: user_client_access; Type: TABLE DATA; Schema: public; Owner: pma
--

COPY public.user_client_access (id, client_id, user_id) FROM stdin;
1	3	14
2	3	15
3	3	16
4	3	17
5	12	19
6	3	19
7	10	19
9	3	21
10	3	55
11	3	57
12	3	58
13	3	59
16	77	79
17	76	79
18	3	100
20	53	121
21	52	121
22	50	121
27	3	124
28	3	125
120	314	327
30	3	129
31	3	130
121	315	327
122	304	327
123	282	327
39	120	133
40	127	133
41	119	133
42	3	133
67	134	131
68	3	131
69	127	131
70	120	135
71	127	135
72	3	135
76	3	136
77	3	137
78	3	138
81	3	141
83	3	147
84	3	148
91	3	143
92	3	168
93	166	168
94	155	168
95	170	226
96	218	226
97	127	226
102	127	279
103	315	324
104	304	324
105	314	324
106	300	324
107	283	324
108	3	325
110	3	326
111	315	326
\.


--
-- Data for Name: user_clients; Type: TABLE DATA; Schema: public; Owner: pma
--

COPY public.user_clients (id, user_id, logo, background, background_color, text_color, button_color, button_hover_color, created_at, updated_at, dashboard_positions, levels) FROM stdin;
2	4	https://proxy.happeas.space/file/read/local/1/4768aa1c2e2bf59b17a9607a77e81a6a.jpg	https://proxy.happeas.space/file/read/local/1/4768aa1c2e2bf59b17a9607a77e81a6a.jpg	#000000	#000000	#000000	#000000	2024-07-19 18:11:09.945	2024-07-19 18:11:09.945	\N	\N
5	10	\N	\N	\N	\N	\N	\N	2024-07-20 17:38:08.479314	2024-07-20 17:38:08.479314	\N	\N
6	12	\N	\N	#fafafa	#000000	#ffffff	#fafafa	2024-07-20 17:39:47.997169	2024-07-20 17:39:47.997169	\N	\N
7	24	https://proxy.happeas.space/file/read/local/24/photo_2024-06-15_14-25-09.jpg	https://proxy.happeas.space/file/read/local/24/pngtree-landscape-jpg-wallpapers-free-download-picture-image_2668463.jpg	#2788d3	#f8e40d	#a46a28	#5f4311	2024-07-22 11:39:37.406	2024-07-22 11:39:37.406	\N	\N
8	26	https://upload.wikimedia.org/wikipedia/commons/1/1b/%D0%98%D0%B7%D0%BE%D0%B1%D1%80%D0%B0%D0%B6%D0%B5%D0%BD%D0%B8%D0%B5_307.jpg	https://upload.wikimedia.org/wikipedia/commons/1/1b/%D0%98%D0%B7%D0%BE%D0%B1%D1%80%D0%B0%D0%B6%D0%B5%D0%BD%D0%B8%D0%B5_307.jpg	#fafafa	#000020	#ffffff	#fafafa	2024-07-22 11:55:25.300624	2024-07-22 11:55:25.300624	\N	\N
9	25	https://upload.wikimedia.org/wikipedia/commons/1/1b/%D0%98%D0%B7%D0%BE%D0%B1%D1%80%D0%B0%D0%B6%D0%B5%D0%BD%D0%B8%D0%B5_307.jpg	https://upload.wikimedia.org/wikipedia/commons/1/1b/%D0%98%D0%B7%D0%BE%D0%B1%D1%80%D0%B0%D0%B6%D0%B5%D0%BD%D0%B8%D0%B5_307.jpg	#fafafa	#000000	#ffffff	#fafafa	2024-07-22 11:55:25.2789	2024-07-22 11:55:25.2789	\N	\N
10	27	https://upload.wikimedia.org/wikipedia/commons/1/1b/%D0%98%D0%B7%D0%BE%D0%B1%D1%80%D0%B0%D0%B6%D0%B5%D0%BD%D0%B8%D0%B5_307.jpg	https://upload.wikimedia.org/wikipedia/commons/1/1b/%D0%98%D0%B7%D0%BE%D0%B1%D1%80%D0%B0%D0%B6%D0%B5%D0%BD%D0%B8%D0%B5_307.jpg	#fafafa	#000010	#ffffff	#fafafa	2024-07-22 11:55:25.300506	2024-07-22 11:55:25.300506	\N	\N
11	28	https://upload.wikimedia.org/wikipedia/commons/1/1b/%D0%98%D0%B7%D0%BE%D0%B1%D1%80%D0%B0%D0%B6%D0%B5%D0%BD%D0%B8%D0%B5_307.jpg	https://upload.wikimedia.org/wikipedia/commons/1/1b/%D0%98%D0%B7%D0%BE%D0%B1%D1%80%D0%B0%D0%B6%D0%B5%D0%BD%D0%B8%D0%B5_307.jpg	#fafafa	#000011	#ffffff	#fafafa	2024-07-22 11:55:26.080731	2024-07-22 11:55:26.080731	\N	\N
12	29	https://upload.wikimedia.org/wikipedia/commons/1/1b/%D0%98%D0%B7%D0%BE%D0%B1%D1%80%D0%B0%D0%B6%D0%B5%D0%BD%D0%B8%D0%B5_307.jpg	https://upload.wikimedia.org/wikipedia/commons/1/1b/%D0%98%D0%B7%D0%BE%D0%B1%D1%80%D0%B0%D0%B6%D0%B5%D0%BD%D0%B8%D0%B5_307.jpg	#fafafa	#000001	#ffffff	#fafafa	2024-07-22 11:55:26.104649	2024-07-22 11:55:26.104649	\N	\N
13	30	https://upload.wikimedia.org/wikipedia/commons/1/1b/%D0%98%D0%B7%D0%BE%D0%B1%D1%80%D0%B0%D0%B6%D0%B5%D0%BD%D0%B8%D0%B5_307.jpg	https://upload.wikimedia.org/wikipedia/commons/1/1b/%D0%98%D0%B7%D0%BE%D0%B1%D1%80%D0%B0%D0%B6%D0%B5%D0%BD%D0%B8%D0%B5_307.jpg	#fafafa	#000021	#ffffff	#fafafa	2024-07-22 11:55:26.121357	2024-07-22 11:55:26.121357	\N	\N
14	31	https://upload.wikimedia.org/wikipedia/commons/1/1b/%D0%98%D0%B7%D0%BE%D0%B1%D1%80%D0%B0%D0%B6%D0%B5%D0%BD%D0%B8%D0%B5_307.jpg	https://upload.wikimedia.org/wikipedia/commons/1/1b/%D0%98%D0%B7%D0%BE%D0%B1%D1%80%D0%B0%D0%B6%D0%B5%D0%BD%D0%B8%D0%B5_307.jpg	#fafafa	#000012	#ffffff	#fafafa	2024-07-22 11:55:26.862406	2024-07-22 11:55:26.862406	\N	\N
15	32	https://upload.wikimedia.org/wikipedia/commons/1/1b/%D0%98%D0%B7%D0%BE%D0%B1%D1%80%D0%B0%D0%B6%D0%B5%D0%BD%D0%B8%D0%B5_307.jpg	https://upload.wikimedia.org/wikipedia/commons/1/1b/%D0%98%D0%B7%D0%BE%D0%B1%D1%80%D0%B0%D0%B6%D0%B5%D0%BD%D0%B8%D0%B5_307.jpg	#fafafa	#000002	#ffffff	#fafafa	2024-07-22 11:55:26.930441	2024-07-22 11:55:26.930441	\N	\N
17	34	https://upload.wikimedia.org/wikipedia/commons/1/1b/%D0%98%D0%B7%D0%BE%D0%B1%D1%80%D0%B0%D0%B6%D0%B5%D0%BD%D0%B8%D0%B5_307.jpg	https://upload.wikimedia.org/wikipedia/commons/1/1b/%D0%98%D0%B7%D0%BE%D0%B1%D1%80%D0%B0%D0%B6%D0%B5%D0%BD%D0%B8%D0%B5_307.jpg	#fafafa	#000013	#ffffff	#fafafa	2024-07-22 11:55:27.640964	2024-07-22 11:55:27.640964	\N	\N
18	35	https://upload.wikimedia.org/wikipedia/commons/1/1b/%D0%98%D0%B7%D0%BE%D0%B1%D1%80%D0%B0%D0%B6%D0%B5%D0%BD%D0%B8%D0%B5_307.jpg	https://upload.wikimedia.org/wikipedia/commons/1/1b/%D0%98%D0%B7%D0%BE%D0%B1%D1%80%D0%B0%D0%B6%D0%B5%D0%BD%D0%B8%D0%B5_307.jpg	#fafafa	#000003	#ffffff	#fafafa	2024-07-22 11:55:27.657125	2024-07-22 11:55:27.657125	\N	\N
19	36	https://upload.wikimedia.org/wikipedia/commons/1/1b/%D0%98%D0%B7%D0%BE%D0%B1%D1%80%D0%B0%D0%B6%D0%B5%D0%BD%D0%B8%D0%B5_307.jpg	https://upload.wikimedia.org/wikipedia/commons/1/1b/%D0%98%D0%B7%D0%BE%D0%B1%D1%80%D0%B0%D0%B6%D0%B5%D0%BD%D0%B8%D0%B5_307.jpg	#fafafa	#000023	#ffffff	#fafafa	2024-07-22 11:55:27.723556	2024-07-22 11:55:27.723556	\N	\N
20	37	https://upload.wikimedia.org/wikipedia/commons/1/1b/%D0%98%D0%B7%D0%BE%D0%B1%D1%80%D0%B0%D0%B6%D0%B5%D0%BD%D0%B8%D0%B5_307.jpg	https://upload.wikimedia.org/wikipedia/commons/1/1b/%D0%98%D0%B7%D0%BE%D0%B1%D1%80%D0%B0%D0%B6%D0%B5%D0%BD%D0%B8%D0%B5_307.jpg	#fafafa	#000004	#ffffff	#fafafa	2024-07-22 11:55:28.509145	2024-07-22 11:55:28.509145	\N	\N
21	38	https://upload.wikimedia.org/wikipedia/commons/1/1b/%D0%98%D0%B7%D0%BE%D0%B1%D1%80%D0%B0%D0%B6%D0%B5%D0%BD%D0%B8%D0%B5_307.jpg	https://upload.wikimedia.org/wikipedia/commons/1/1b/%D0%98%D0%B7%D0%BE%D0%B1%D1%80%D0%B0%D0%B6%D0%B5%D0%BD%D0%B8%D0%B5_307.jpg	#fafafa	#000024	#ffffff	#fafafa	2024-07-22 11:55:28.558921	2024-07-22 11:55:28.558921	\N	\N
22	39	https://upload.wikimedia.org/wikipedia/commons/1/1b/%D0%98%D0%B7%D0%BE%D0%B1%D1%80%D0%B0%D0%B6%D0%B5%D0%BD%D0%B8%D0%B5_307.jpg	https://upload.wikimedia.org/wikipedia/commons/1/1b/%D0%98%D0%B7%D0%BE%D0%B1%D1%80%D0%B0%D0%B6%D0%B5%D0%BD%D0%B8%D0%B5_307.jpg	#fafafa	#000014	#ffffff	#fafafa	2024-07-22 11:55:28.530324	2024-07-22 11:55:28.530324	\N	\N
23	40	https://upload.wikimedia.org/wikipedia/commons/1/1b/%D0%98%D0%B7%D0%BE%D0%B1%D1%80%D0%B0%D0%B6%D0%B5%D0%BD%D0%B8%D0%B5_307.jpg	https://upload.wikimedia.org/wikipedia/commons/1/1b/%D0%98%D0%B7%D0%BE%D0%B1%D1%80%D0%B0%D0%B6%D0%B5%D0%BD%D0%B8%D0%B5_307.jpg	#fafafa	#000005	#ffffff	#fafafa	2024-07-22 11:55:29.242773	2024-07-22 11:55:29.242773	\N	\N
24	41	https://upload.wikimedia.org/wikipedia/commons/1/1b/%D0%98%D0%B7%D0%BE%D0%B1%D1%80%D0%B0%D0%B6%D0%B5%D0%BD%D0%B8%D0%B5_307.jpg	https://upload.wikimedia.org/wikipedia/commons/1/1b/%D0%98%D0%B7%D0%BE%D0%B1%D1%80%D0%B0%D0%B6%D0%B5%D0%BD%D0%B8%D0%B5_307.jpg	#fafafa	#000025	#ffffff	#fafafa	2024-07-22 11:55:29.287156	2024-07-22 11:55:29.287156	\N	\N
25	42	https://upload.wikimedia.org/wikipedia/commons/1/1b/%D0%98%D0%B7%D0%BE%D0%B1%D1%80%D0%B0%D0%B6%D0%B5%D0%BD%D0%B8%D0%B5_307.jpg	https://upload.wikimedia.org/wikipedia/commons/1/1b/%D0%98%D0%B7%D0%BE%D0%B1%D1%80%D0%B0%D0%B6%D0%B5%D0%BD%D0%B8%D0%B5_307.jpg	#fafafa	#000015	#ffffff	#fafafa	2024-07-22 11:55:29.293689	2024-07-22 11:55:29.293689	\N	\N
16	33	https://upload.wikimedia.org/wikipedia/commons/1/1b/%D0%98%D0%B7%D0%BE%D0%B1%D1%80%D0%B0%D0%B6%D0%B5%D0%BD%D0%B8%D0%B5_307.jpg	https://upload.wikimedia.org/wikipedia/commons/1/1b/%D0%98%D0%B7%D0%BE%D0%B1%D1%80%D0%B0%D0%B6%D0%B5%D0%BD%D0%B8%D0%B5_307.jpg	#fafafa	#000022	#ffffff	#fafafa	2024-07-22 11:55:26.932661	2024-07-29 14:06:05.424348	\N	\N
1	3	https://proxy.happeas.space/file/read/local/1/Nissan-car-facts-cover-061020211030.jpg	https://proxy.happeas.space/file/read/local/1/4768aa1c2e2bf59b17a9607a77e81a6a.jpg	#14ff92	#ff335c	#281d06	#FFA800	2024-07-19 18:07:01.476	2024-07-25 14:42:28.225597	\N	[1,2,3,4,5]
4	9	https://proxy.happeas.space/file/read/local/1/4768aa1c2e2bf59b17a9607a77e81a6a.jpg	https://proxy.happeas.space/file/read/local/1/4768aa1c2e2bf59b17a9607a77e81a6a.jpg	#fafafa	#000000	#ffffff	#fafafa	2024-07-20 17:27:26.310098	2024-07-29 14:06:05.930658	\N	\N
27	44	https://upload.wikimedia.org/wikipedia/commons/1/1b/%D0%98%D0%B7%D0%BE%D0%B1%D1%80%D0%B0%D0%B6%D0%B5%D0%BD%D0%B8%D0%B5_307.jpg	https://upload.wikimedia.org/wikipedia/commons/1/1b/%D0%98%D0%B7%D0%BE%D0%B1%D1%80%D0%B0%D0%B6%D0%B5%D0%BD%D0%B8%D0%B5_307.jpg	#fafafa	#000026	#ffffff	#fafafa	2024-07-22 11:55:30.011139	2024-07-22 11:55:30.011139	\N	\N
113	206	https://proxy.happeas.space/file/read/local/2/81270979-38b6-4687-a51a-c924e86d8516.png	https://proxy.happeas.space/file/read/local/2/20546769.jpg	#ff0000	#ff00ea	#725e36	#634f62	2024-07-25 18:46:51.817	2024-07-25 22:56:26.462	\N	\N
117	214	https://proxy.happeas.space/file/read/local/169/image.png	https://proxy.happeas.space/file/read/local/169/image.png	#FFA800	#FFA800	#FFA800	#FFA800	2024-07-26 08:39:34.915	2024-07-26 08:39:49.154	\N	\N
122	220	https://proxy.happeas.space/file/read/local/169/image.png	https://proxy.happeas.space/file/read/local/169/image.png	#FFA800	#FFA800	#FFA800	#FFA800	2024-07-26 09:34:24.02	2024-07-26 09:34:24.02	\N	\N
126	224	https://proxy.happeas.space/file/read/local/169/image.png	https://proxy.happeas.space/file/read/local/169/image.png	#FFA800	#FFA800	#FFA800	#FFA800	2024-07-26 09:38:25.325	2024-07-26 09:38:25.325	\N	\N
130	238	https://proxy.happeas.space/file/read/local/169/image.png	https://proxy.happeas.space/file/read/local/169/image.png	#000000	#000000	#000000	#000000	2024-07-26 13:17:30.054	2024-07-26 13:17:30.054	\N	\N
138	250	https://proxy.happeas.space/file/read/local/24/pngtree-landscape-jpg-wallpapers-free-download-picture-image_2668463.jpg	https://proxy.happeas.space/file/read/local/24/pngtree-landscape-jpg-wallpapers-free-download-picture-image_2668463.jpg	#000000	#000000	#000000	#000000	2024-07-29 14:01:36.153	2024-07-29 14:01:58.948	\N	\N
134	258	https://shutok.ru/uploads/posts/2024-06/1717513345_shutok.ru.1.jpg	https://shutok.ru/uploads/posts/2024-06/1717513345_shutok.ru.1.jpg	#fafafa	#000000	#ffffff	#fafafa	2024-07-29 09:43:57.410347	2024-07-31 14:55:08.5999	\N	[1,2,3]
141	273	https://shutok.ru/uploads/posts/2024-06/1717513345_shutok.ru.1.jpg	https://shutok.ru/uploads/posts/2024-06/1717513345_shutok.ru.1.jpg	#ffffff	#000000	#fffff0	#fafafa	2024-07-31 12:11:42.143587	2024-07-31 16:32:25.377	\N	[1,3,4,5]
145	281	https://shutok.ru/uploads/posts/2024-06/1717513345_shutok.ru.1.jpg	https://shutok.ru/uploads/posts/2024-06/1717513345_shutok.ru.1.jpg	#abbcde	#123456	#ghghgh	#fafafa	2024-08-01 18:52:43.553881	2024-08-01 18:52:43.553881	\N	\N
149	304	https://shutok.ru/uploads/posts/2024-06/1717513345_shutok.ru.1.jpg	https://shutok.ru/uploads/posts/2024-06/1717513345_shutok.ru.1.jpg	#abbcde	#123456	#ghghgh	#fafafa	2024-08-01 23:27:56.514138	2024-08-01 23:27:56.514138	\N	\N
153	336	https://proxy.happeas.space/file/read/local/2/IMG_8161.jpg	https://proxy.happeas.space/file/read/local/2/IMG_8163.jpg	#925454	#932f2f	#933434	#974949	2024-08-13 15:39:46.606	2024-08-13 20:18:04.635	\N	\N
28	45	https://upload.wikimedia.org/wikipedia/commons/1/1b/%D0%98%D0%B7%D0%BE%D0%B1%D1%80%D0%B0%D0%B6%D0%B5%D0%BD%D0%B8%D0%B5_307.jpg	https://upload.wikimedia.org/wikipedia/commons/1/1b/%D0%98%D0%B7%D0%BE%D0%B1%D1%80%D0%B0%D0%B6%D0%B5%D0%BD%D0%B8%D0%B5_307.jpg	#fafafa	#000016	#ffffff	#fafafa	2024-07-22 11:55:30.017531	2024-07-22 11:55:30.017531	\N	\N
31	48	https://upload.wikimedia.org/wikipedia/commons/1/1b/%D0%98%D0%B7%D0%BE%D0%B1%D1%80%D0%B0%D0%B6%D0%B5%D0%BD%D0%B8%D0%B5_307.jpg	https://upload.wikimedia.org/wikipedia/commons/1/1b/%D0%98%D0%B7%D0%BE%D0%B1%D1%80%D0%B0%D0%B6%D0%B5%D0%BD%D0%B8%D0%B5_307.jpg	#fafafa	#000017	#ffffff	#fafafa	2024-07-22 11:55:30.858466	2024-07-22 11:55:30.858466	\N	\N
32	49	https://upload.wikimedia.org/wikipedia/commons/1/1b/%D0%98%D0%B7%D0%BE%D0%B1%D1%80%D0%B0%D0%B6%D0%B5%D0%BD%D0%B8%D0%B5_307.jpg	https://upload.wikimedia.org/wikipedia/commons/1/1b/%D0%98%D0%B7%D0%BE%D0%B1%D1%80%D0%B0%D0%B6%D0%B5%D0%BD%D0%B8%D0%B5_307.jpg	#fafafa	#000008	#ffffff	#fafafa	2024-07-22 11:55:31.408202	2024-07-22 11:55:31.408202	\N	\N
114	207	https://proxy.happeas.space/file/read/local/2/81270979-38b6-4687-a51a-c924e86d8516.png	https://proxy.happeas.space/file/read/local/2/20546769.jpg	#937d53	#FFA800	#FFA800	#FFA800	2024-07-25 18:49:02.853	2024-07-25 18:49:02.853	\N	\N
118	215	https://proxy.happeas.space/file/read/local/2/81270979-38b6-4687-a51a-c924e86d8516.png	https://proxy.happeas.space/file/read/local/2/1625502212_24-phonoteka-org-p-monstera-na-rabochii-stol-krasivo-oboi-25.jpg	#FFA800	#FFA800	#FFA800	#FFA800	2024-07-26 08:43:28.902	2024-07-26 08:45:12.463	\N	\N
123	221	https://proxy.happeas.space/file/read/local/169/image.png	https://proxy.happeas.space/file/read/local/169/image.png	#FFA800	#FFA800	#FFA800	#FFA800	2024-07-26 09:36:22.382	2024-07-26 09:36:22.382	\N	\N
127	225	https://proxy.happeas.space/file/read/local/24/pngtree-landscape-jpg-wallpapers-free-download-picture-image_2668463.jpg	https://proxy.happeas.space/file/read/local/24/pngtree-landscape-jpg-wallpapers-free-download-picture-image_2668463.jpg	#000000	#000000	#000000	#000000	2024-07-26 10:08:30.406	2024-07-26 10:08:30.406	\N	\N
121	218	https://proxy.happeas.space/file/read/local/2/81270979-38b6-4687-a51a-c924e86d8516.png	https://proxy.happeas.space/file/read/local/2/829604.jpg	#FFA800	#FFA800	#FFA800	#FFA800	2024-07-26 08:52:08.482	2024-07-29 14:06:01.920337	\N	\N
77	150	https://proxy.happeas.space/file/read/local/23/RobloxScreenShot20230531_194742517.png	https://proxy.happeas.space/file/read/local/23/templom vagott logo.jpg	#f80779	#f5ef0a	#1104fb	#13f807	2024-07-23 20:21:30.965	2024-07-29 14:06:03.427417	\N	\N
26	43	https://upload.wikimedia.org/wikipedia/commons/1/1b/%D0%98%D0%B7%D0%BE%D0%B1%D1%80%D0%B0%D0%B6%D0%B5%D0%BD%D0%B8%D0%B5_307.jpg	https://upload.wikimedia.org/wikipedia/commons/1/1b/%D0%98%D0%B7%D0%BE%D0%B1%D1%80%D0%B0%D0%B6%D0%B5%D0%BD%D0%B8%D0%B5_307.jpg	#fafafa	#000006	#ffffff	#fafafa	2024-07-22 11:55:29.962975	2024-07-29 14:06:04.923782	\N	\N
135	259	https://shutok.ru/uploads/posts/2024-06/1717513345_shutok.ru.1.jpg	https://shutok.ru/uploads/posts/2024-06/1717513345_shutok.ru.1.jpg	#fafafa	#000000	#ffffff	#fafafa	2024-07-29 09:43:57.760789	2024-07-30 16:12:46.431719	\N	[1,2,3,4,5,6,7]
131	241	https://proxy.happeas.space/file/read/local/2/IMG_8276.jpg	https://proxy.happeas.space/file/read/local/2/1715254286335.jpeg	#FFA800	#FFA800	#FFA800	#FFA800	2024-07-26 15:43:36.647	2024-07-31 14:32:45.004885	\N	[1,4,5]
142	276	https://proxy.happeas.space/file/read/local/2/IMG_8276.jpg	https://proxy.happeas.space/file/read/local/2/IMG_8276.jpg	#be9f60	#8f7032	#655f53	#c19c53	2024-07-31 16:22:23.611	2024-07-31 17:08:19.229	\N	\N
146	282	https://proxy.happeas.space/file/read/local/23/mÃÂ©hecske.jpg	https://proxy.happeas.space/file/read/local/23/709px-H&M-Logo.svg.png	#ffffff	#1530ea	#fe6001	#2bd540	2024-08-01 19:25:34.595	2024-08-01 22:50:51.163	\N	\N
150	314	https://shutok.ru/uploads/posts/2024-06/1717513345_shutok.ru.1.jpg	https://shutok.ru/uploads/posts/2024-06/1717513345_shutok.ru.1.jpg	#abbcde	#123456	#ghghgh	#fafafa	2024-08-02 12:07:14.29022	2024-08-02 12:07:14.29022	\N	\N
154	340	https://proxy.happeas.space/file/read/local/2/image (5).png	https://proxy.happeas.space/file/read/local/2/image (4).png	#FFA800	#FFA800	#FFA800	#FFA800	2024-08-14 16:48:45.261	2024-08-14 16:48:45.261	\N	\N
155	332	https://proxy.happeas.space/file/read/local/22/X-Trail-Sunset-Orange-801x375.jpg	https://proxy.happeas.space/file/read/local/22/X-Trail-Sunset-Orange-801x375.jpg	#000000	#000000	#000000	#000000	2024-08-19 13:26:09.804	2024-08-19 13:29:10.472	\N	\N
156	2	https://proxy.happeas.space/file/read/local/2/81270979-38b6-4687-a51a-c924e86d8516.png	https://proxy.happeas.space/file/read/local/2/1612579005_139-p-khvoinii-fon-226.jpg	#695454	#564343	#533636	#584141	2024-09-04 14:25:38.687	2024-09-04 14:25:38.687	\N	\N
29	46	https://upload.wikimedia.org/wikipedia/commons/1/1b/%D0%98%D0%B7%D0%BE%D0%B1%D1%80%D0%B0%D0%B6%D0%B5%D0%BD%D0%B8%D0%B5_307.jpg	https://upload.wikimedia.org/wikipedia/commons/1/1b/%D0%98%D0%B7%D0%BE%D0%B1%D1%80%D0%B0%D0%B6%D0%B5%D0%BD%D0%B8%D0%B5_307.jpg	#fafafa	#000007	#ffffff	#fafafa	2024-07-22 11:55:30.69134	2024-07-22 11:55:30.69134	\N	\N
30	47	https://upload.wikimedia.org/wikipedia/commons/1/1b/%D0%98%D0%B7%D0%BE%D0%B1%D1%80%D0%B0%D0%B6%D0%B5%D0%BD%D0%B8%D0%B5_307.jpg	https://upload.wikimedia.org/wikipedia/commons/1/1b/%D0%98%D0%B7%D0%BE%D0%B1%D1%80%D0%B0%D0%B6%D0%B5%D0%BD%D0%B8%D0%B5_307.jpg	#fafafa	#000027	#ffffff	#fafafa	2024-07-22 11:55:30.810113	2024-07-22 11:55:30.810113	\N	\N
33	50	https://upload.wikimedia.org/wikipedia/commons/1/1b/%D0%98%D0%B7%D0%BE%D0%B1%D1%80%D0%B0%D0%B6%D0%B5%D0%BD%D0%B8%D0%B5_307.jpg	https://upload.wikimedia.org/wikipedia/commons/1/1b/%D0%98%D0%B7%D0%BE%D0%B1%D1%80%D0%B0%D0%B6%D0%B5%D0%BD%D0%B8%D0%B5_307.jpg	#fafafa	#000028	#ffffff	#fafafa	2024-07-22 11:55:31.542612	2024-07-22 11:55:31.542612	\N	\N
34	51	https://upload.wikimedia.org/wikipedia/commons/1/1b/%D0%98%D0%B7%D0%BE%D0%B1%D1%80%D0%B0%D0%B6%D0%B5%D0%BD%D0%B8%D0%B5_307.jpg	https://upload.wikimedia.org/wikipedia/commons/1/1b/%D0%98%D0%B7%D0%BE%D0%B1%D1%80%D0%B0%D0%B6%D0%B5%D0%BD%D0%B8%D0%B5_307.jpg	#fafafa	#000018	#ffffff	#fafafa	2024-07-22 11:55:31.599727	2024-07-22 11:55:31.599727	\N	\N
36	53	https://upload.wikimedia.org/wikipedia/commons/1/1b/%D0%98%D0%B7%D0%BE%D0%B1%D1%80%D0%B0%D0%B6%D0%B5%D0%BD%D0%B8%D0%B5_307.jpg	https://upload.wikimedia.org/wikipedia/commons/1/1b/%D0%98%D0%B7%D0%BE%D0%B1%D1%80%D0%B0%D0%B6%D0%B5%D0%BD%D0%B8%D0%B5_307.jpg	#fafafa	#000019	#ffffff	#fafafa	2024-07-22 11:55:32.412993	2024-07-22 11:55:32.412993	\N	\N
115	209	https://proxy.happeas.space/file/read/local/2/81270979-38b6-4687-a51a-c924e86d8516.png	https://proxy.happeas.space/file/read/local/2/20546769.jpg	#ff0000	#ff0000	#f00000	#ff0000	2024-07-25 18:52:05.409124	2024-07-25 19:00:34.599	\N	\N
119	216	https://proxy.happeas.space/file/read/local/2/81270979-38b6-4687-a51a-c924e86d8516.png	https://proxy.happeas.space/file/read/local/2/1625502212_24-phonoteka-org-p-monstera-na-rabochii-stol-krasivo-oboi-25.jpg	#FFA800	#FFA800	#FFA800	#FFA800	2024-07-26 08:49:25.288	2024-07-26 08:49:25.288	\N	\N
124	222	https://proxy.happeas.space/file/read/local/169/image.png	https://proxy.happeas.space/file/read/local/169/image.png	#FFA800	#FFA800	#FFA800	#FFA800	2024-07-26 09:36:55.378	2024-07-26 09:36:55.378	\N	\N
132	256	https://proxy.happeas.space/file/read/local/22/nissan.jpg	https://proxy.happeas.space/file/read/local/22/X-Trail-Sunset-Orange-801x375.jpg	#ff3300	#FFA800	#FFA800	#002aff	2024-07-29 09:38:18.875	2024-07-29 09:38:39.948	\N	\N
136	264	https://proxy.happeas.space/file/read/local/2/81270979-38b6-4687-a51a-c924e86d8516.png	https://proxy.happeas.space/file/read/local/2/20546769.jpg	#000000	#000000	#000000	#000000	2024-07-29 11:35:00.899	2024-07-29 11:35:00.899	\N	\N
139	271	https://proxy.happeas.space/file/read/local/22/nissan.jpg	https://proxy.happeas.space/file/read/local/22/X-Trail-Sunset-Orange-801x375.jpg	#ff1900	#FFA800	#2b00ff	#FFA800	2024-07-29 16:44:03.039	2024-07-29 16:57:21.910736	\N	[1,2,3,4,5,6,7]
143	277	https://proxy.happeas.space/file/read/local/22/nissan.jpg	https://proxy.happeas.space/file/read/local/22/X-Trail-Sunset-Orange-801x375.jpg	#00ffb3	#FFA800	#002aff	#ff0095	2024-08-01 08:56:58.218	2024-08-01 09:54:15.708	\N	\N
147	283	https://proxy.happeas.space/file/read/local/23/sarki roka.jpg	https://proxy.happeas.space/file/read/local/23/SkÃÂ³cia.jpg	#2529c0	#1bf00f	#ff0000	#ffffff	2024-08-01 19:35:39.569	2024-08-01 23:49:10.911401	\N	[1,4,5,6]
151	315	\N	\N	#abbcde	#123456	#ghghgh	#fafafa	2024-08-02 12:07:14.532186	2024-08-02 12:07:14.532186	\N	\N
128	22	https://proxy.happeas.space/file/read/local/22/nissan.jpg	https://proxy.happeas.space/file/read/local/22/nissan.jpg	#e13737	#3b26df	#e12d2d	#d41c1c	2024-07-26 12:06:19.333	2024-08-09 11:22:04.147	\N	\N
157	342	https://proxy.happeas.space/file/read/local/1/4JkeC.jpg	https://proxy.happeas.space/file/read/local/1/4JkeC.jpg	#837a67	#101623	#b58421	#ffcf70	2024-09-12 09:21:32.214	2024-09-12 09:22:57.968681	\N	[1,3]
35	52	https://upload.wikimedia.org/wikipedia/commons/1/1b/%D0%98%D0%B7%D0%BE%D0%B1%D1%80%D0%B0%D0%B6%D0%B5%D0%BD%D0%B8%D0%B5_307.jpg	https://upload.wikimedia.org/wikipedia/commons/1/1b/%D0%98%D0%B7%D0%BE%D0%B1%D1%80%D0%B0%D0%B6%D0%B5%D0%BD%D0%B8%D0%B5_307.jpg	#fafafa	#000009	#ffffff	#fafafa	2024-07-22 11:55:32.143304	2024-07-22 11:55:32.143304	\N	\N
38	60	\N	\N	\N	\N	\N	\N	2024-07-22 14:41:58.327602	2024-07-22 14:41:58.327602	\N	\N
39	61	\N	\N	\N	\N	\N	\N	2024-07-22 14:41:58.319783	2024-07-22 14:41:58.319783	\N	\N
40	62	\N	\N	\N	\N	\N	\N	2024-07-22 14:41:59.035981	2024-07-22 14:41:59.035981	\N	\N
41	63	\N	\N	\N	\N	\N	\N	2024-07-22 14:41:59.026197	2024-07-22 14:41:59.026197	\N	\N
42	64	\N	\N	\N	\N	\N	\N	2024-07-22 14:41:59.746005	2024-07-22 14:41:59.746005	\N	\N
43	65	\N	\N	\N	\N	\N	\N	2024-07-22 14:42:00.246748	2024-07-22 14:42:00.246748	\N	\N
44	66	\N	\N	\N	\N	\N	\N	2024-07-22 14:42:00.358516	2024-07-22 14:42:00.358516	\N	\N
45	67	\N	\N	\N	\N	\N	\N	2024-07-22 14:42:00.851248	2024-07-22 14:42:00.851248	\N	\N
46	68	\N	\N	\N	\N	\N	\N	2024-07-22 14:42:00.960821	2024-07-22 14:42:00.960821	\N	\N
47	69	\N	\N	\N	\N	\N	\N	2024-07-22 14:42:01.462412	2024-07-22 14:42:01.462412	\N	\N
48	70	\N	\N	\N	\N	\N	\N	2024-07-22 14:42:01.626101	2024-07-22 14:42:01.626101	\N	\N
49	71	\N	\N	\N	\N	\N	\N	2024-07-22 14:42:02.066914	2024-07-22 14:42:02.066914	\N	\N
50	72	\N	\N	\N	\N	\N	\N	2024-07-22 14:42:02.237106	2024-07-22 14:42:02.237106	\N	\N
51	73	\N	\N	\N	\N	\N	\N	2024-07-22 14:42:02.709471	2024-07-22 14:42:02.709471	\N	\N
52	74	\N	\N	\N	\N	\N	\N	2024-07-22 14:42:02.849712	2024-07-22 14:42:02.849712	\N	\N
53	75	\N	\N	\N	\N	\N	\N	2024-07-22 14:42:03.358807	2024-07-22 14:42:03.358807	\N	\N
54	76	\N	\N	\N	\N	\N	\N	2024-07-22 14:42:03.448694	2024-07-22 14:42:03.448694	\N	\N
55	77	\N	\N	\N	\N	\N	\N	2024-07-22 14:42:04.051579	2024-07-22 14:42:04.051579	\N	\N
56	102	\N	\N	\N	\N	\N	\N	2024-07-22 15:44:52.793402	2024-07-22 15:44:52.793402	\N	\N
57	103	\N	\N	\N	\N	\N	\N	2024-07-22 15:44:52.800745	2024-07-22 15:44:52.800745	\N	\N
58	104	\N	\N	\N	\N	\N	\N	2024-07-22 15:44:52.800863	2024-07-22 15:44:52.800863	\N	\N
59	105	\N	\N	\N	\N	\N	\N	2024-07-22 15:44:53.568814	2024-07-22 15:44:53.568814	\N	\N
60	106	\N	\N	\N	\N	\N	\N	2024-07-22 15:44:53.569721	2024-07-22 15:44:53.569721	\N	\N
61	107	\N	\N	\N	\N	\N	\N	2024-07-22 15:44:54.216214	2024-07-22 15:44:54.216214	\N	\N
63	109	\N	\N	\N	\N	\N	\N	2024-07-22 15:44:54.852519	2024-07-22 15:44:54.852519	\N	\N
64	110	\N	\N	\N	\N	\N	\N	2024-07-22 15:44:54.902174	2024-07-22 15:44:54.902174	\N	\N
66	112	\N	\N	\N	\N	\N	\N	2024-07-22 15:44:55.509214	2024-07-22 15:44:55.509214	\N	\N
67	113	\N	\N	\N	\N	\N	\N	2024-07-22 15:44:56.101488	2024-07-22 15:44:56.101488	\N	\N
68	114	\N	\N	\N	\N	\N	\N	2024-07-22 15:44:56.127281	2024-07-22 15:44:56.127281	\N	\N
69	115	\N	\N	\N	\N	\N	\N	2024-07-22 15:44:56.857421	2024-07-22 15:44:56.857421	\N	\N
70	116	\N	\N	\N	\N	\N	\N	2024-07-22 15:44:57.369072	2024-07-22 15:44:57.369072	\N	\N
65	111	\N	\N	\N	\N	\N	\N	2024-07-22 15:44:55.467442	2024-07-29 14:06:03.926759	\N	\N
37	54	https://upload.wikimedia.org/wikipedia/commons/1/1b/%D0%98%D0%B7%D0%BE%D0%B1%D1%80%D0%B0%D0%B6%D0%B5%D0%BD%D0%B8%D0%B5_307.jpg	https://upload.wikimedia.org/wikipedia/commons/1/1b/%D0%98%D0%B7%D0%BE%D0%B1%D1%80%D0%B0%D0%B6%D0%B5%D0%BD%D0%B8%D0%B5_307.jpg	#fafafa	#000029	#ffffff	#fafafa	2024-07-22 11:55:32.402158	2024-07-29 14:06:04.424982	\N	\N
89	176	https://proxy.happeas.space/file/read/local/2/IMG_8159.jpg	https://proxy.happeas.space/file/read/local/2/IMG_8161.jpg	#FFA800	#FFA800	#FFA800	#FFA800	2024-07-25 11:20:50.399	2024-09-09 16:45:07.602	\N	[1,2,3]
74	120	\N	\N	\N	\N	\N	\N	2024-07-22 15:44:58.729718	2024-07-22 15:44:58.729718	\N	\N
71	117	\N	\N	\N	\N	\N	\N	2024-07-22 15:44:57.493613	2024-07-23 09:36:48.364291	\N	[1,3]
76	134	https://proxy.happeas.space/file/read/local/2/IMG_8161.jpg	https://proxy.happeas.space/file/read/local/2/IMG_8160.jpg	#FFA800	#FFA800	#FFA800	#FFA800	2024-07-23 11:57:09.231	2024-07-23 11:57:49.971	\N	\N
80	149	\N	\N	\N	\N	\N	\N	2024-07-23 21:04:19.829	2024-07-23 21:04:19.829	{"componentsOrder":["AreaChartComponent","Box","BasicTables"],"lineChartData":[{"id":"lineValue1","title":"32.5","subTitle":"Lorem","data":[820,932,901,934,1290,1330,1320,820,932,901,934,1290,1330,1320],"color":"#FFA500"},{"id":"lineValue2","title":"65.0","subTitle":"Lorem","data":[820,932,901,934,1290,1330,1320],"color":"#3F56CB"},{"id":"lineValue3","title":"86.8","subTitle":"Lorem","data":[820,932,901,934,1290,1330,1320],"color":"#0D8F6F"},{"id":"lineValue4","title":"74.8","subTitle":"Lorem","data":[820,932,901,934,1290,1330,1320],"color":"#D82700"}],"sliderValues":[6,5,5,5]}	\N
79	152	\N	\N	#cacaca	#000200	#aaaaaa	#bbbbbb	2024-07-23 20:36:57.734919	2024-07-23 21:11:33.000828	\N	[3,5,6]
81	153	\N	\N	#fafafa	#000000	#ffffff	#fafafa	2024-07-24 09:27:29.877744	2024-07-24 09:27:29.877744	\N	\N
75	127	https://proxy.happeas.space/file/read/local/2/81270979-38b6-4687-a51a-c924e86d8516.png	https://proxy.happeas.space/file/read/local/2/el_vetka_sneg_137167_1600x1200.jpg	#FFA800	#FFA800	#FFA800	#FFA800	2024-07-22 17:20:41.925	2024-07-24 13:11:12.907416	\N	[1,3,6,7]
83	155	https://proxy.happeas.space/file/read/local/23/StarStable 2022-03-06 14-26-13.png	https://proxy.happeas.space/file/read/local/23/StarStable 2022-03-05 15-02-36.png	#fafbbb	#000100	#fff000	#fafccc	2024-07-24 09:32:31.16407	2024-07-24 16:11:37.706	\N	\N
72	118	https://proxy.happeas.space/file/read/local/1/bg.jpg	https://proxy.happeas.space/file/read/local/1/22.png	#994d4d	#cf8181	#772222	#955f5f	2024-07-22 15:44:57.999617	2024-07-24 16:22:12.64	\N	\N
73	119	https://proxy.happeas.space/file/read/local/2/IMG_8161.jpg	https://proxy.happeas.space/file/read/local/2/IMG_8159.jpg	#000000	#000000	#000000	#000000	2024-07-22 15:44:58.141918	2024-07-24 16:40:37.176	\N	\N
84	164	https://proxy.happeas.space/file/read/local/1/4768aa1c2e2bf59b17a9607a77e81a6a.jpg	https://proxy.happeas.space/file/read/local/1/Nissan-car-facts-cover-061020211030.jpg	#6f6b62	#FFA800	#948d7f	#FFA800	2024-07-24 16:42:43.467	2024-07-24 16:42:43.467	\N	\N
78	151	https://proxy.happeas.space/file/read/local/23/templom vagott logo.jpg	https://proxy.happeas.space/file/read/local/23/RobloxScreenShot20230531_194742517.png	#4e48b7	#FFA800	#b7bd42	#cbd926	2024-07-23 20:26:10.998	2024-07-25 09:08:43.252	\N	\N
85	166	https://proxy.happeas.space/file/read/local/1/Nissan-car-facts-cover-061020211030.jpg	https://proxy.happeas.space/file/read/local/1/Nissan-car-facts-cover-061020211030.jpg	#8f5f00	#FFA800	#FFA800	#FFA800	2024-07-25 09:10:48.936	2024-07-25 09:18:33.437	\N	\N
87	171	https://proxy.happeas.space/file/read/local/2/IMG_8163.jpg	https://proxy.happeas.space/file/read/local/2/IMG_8161.jpg	#FFA800	#FFA800	#FFA800	#FFA800	2024-07-25 10:12:13.076	2024-07-25 10:12:27.771	\N	\N
88	174	https://proxy.happeas.space/file/read/local/169/image (2).png	https://proxy.happeas.space/file/read/local/169/image (1).png	#FFA800	#FFA800	#FFA800	#FFA800	2024-07-25 10:31:57.414	2024-07-25 12:00:18.707	\N	\N
62	108	https://proxy.happeas.space/file/read/local/1/bg.jpg	https://proxy.happeas.space/file/read/local/1/Nissan-car-facts-cover-061020211030.jpg	#a32929	#651515	#842a2a	#6b3838	2024-07-22 15:44:54.278165	2024-07-25 12:02:28.824	\N	\N
90	177	https://proxy.happeas.space/file/read/local/1/22.png	https://proxy.happeas.space/file/read/local/1/22.png	#000000	#FFA800	#FFA800	#FFA800	2024-07-25 11:28:43.222	2024-07-25 12:26:26.967	\N	\N
91	23	https://proxy.happeas.space/file/read/local/1/bg.jpg	https://proxy.happeas.space/file/read/local/1/pg-thumb.png	#000000	#000000	#000000	#000000	2024-07-25 14:03:13.664	2024-07-25 14:03:13.664	\N	\N
82	154	\N	\N	#fafafa	#000000	#ffffff	#fafafa	2024-07-24 09:32:30.410485	2024-07-25 14:53:34.150447	\N	[4,5,6,7]
92	182	https://encrypted-tbn0.gstatic.com/images?q=tbn:ANd9GcTWestySFdjEYa_HB1RMZVgx07ds7WXNUpLaQ&s	https://encrypted-tbn0.gstatic.com/images?q=tbn:ANd9GcTWestySFdjEYa_HB1RMZVgx07ds7WXNUpLaQ&s	#fafafa	#000000	#ffffff	#fafafa	2024-07-25 15:46:43.849124	2024-07-25 15:46:43.849124	\N	\N
93	184	https://shutok.ru/uploads/posts/2024-06/1717513345_shutok.ru.1.jpg	https://shutok.ru/uploads/posts/2024-06/1717513345_shutok.ru.1.jpg	#fafafa	#000000	#ffffff	#fafafa	2024-07-25 15:59:59.676405	2024-07-25 15:59:59.676405	\N	\N
95	185	https://shutok.ru/uploads/posts/2024-06/1717513345_shutok.ru.1.jpg	https://shutok.ru/uploads/posts/2024-06/1717513345_shutok.ru.1.jpg	#fafafa	#000000	#ffffff	#fafafa	2024-07-25 16:58:16.769698	2024-07-25 16:58:16.769698	\N	\N
96	186	https://shutok.ru/uploads/posts/2024-06/1717513345_shutok.ru.1.jpg	https://shutok.ru/uploads/posts/2024-06/1717513345_shutok.ru.1.jpg	#fafafa	#000000	#ffffff	#fafafa	2024-07-25 16:58:17.017447	2024-07-25 16:58:17.017447	\N	\N
97	187	https://shutok.ru/uploads/posts/2024-06/1717513345_shutok.ru.1.jpg	https://shutok.ru/uploads/posts/2024-06/1717513345_shutok.ru.1.jpg	#fafafa	#000000	#ffffff	#fafafa	2024-07-25 16:58:17.231134	2024-07-25 16:58:17.231134	\N	\N
98	188	https://shutok.ru/uploads/posts/2024-06/1717513345_shutok.ru.1.jpg	https://shutok.ru/uploads/posts/2024-06/1717513345_shutok.ru.1.jpg	#fafafa	#000000	#ffffff	#fafafa	2024-07-25 17:05:48.979731	2024-07-25 17:05:48.979731	\N	\N
99	189	https://shutok.ru/uploads/posts/2024-06/1717513345_shutok.ru.1.jpg	https://shutok.ru/uploads/posts/2024-06/1717513345_shutok.ru.1.jpg	#fafafa	#000000	#ffffff	#fafafa	2024-07-25 17:05:49.280633	2024-07-25 17:05:49.280633	\N	\N
100	190	https://shutok.ru/uploads/posts/2024-06/1717513345_shutok.ru.1.jpg	https://shutok.ru/uploads/posts/2024-06/1717513345_shutok.ru.1.jpg	#fafafa	#000000	#ffffff	#fafafa	2024-07-25 17:05:49.478358	2024-07-25 17:05:49.478358	\N	\N
101	191	https://shutok.ru/uploads/posts/2024-06/1717513345_shutok.ru.1.jpg	https://shutok.ru/uploads/posts/2024-06/1717513345_shutok.ru.1.jpg	#fafafa	#000000	#ffffff	#fafafa	2024-07-25 17:13:42.295952	2024-07-25 17:13:42.295952	\N	\N
102	192	https://shutok.ru/uploads/posts/2024-06/1717513345_shutok.ru.1.jpg	https://shutok.ru/uploads/posts/2024-06/1717513345_shutok.ru.1.jpg	#fafafa	#000000	#ffffff	#fafafa	2024-07-25 17:13:42.550536	2024-07-25 17:13:42.550536	\N	\N
103	193	https://shutok.ru/uploads/posts/2024-06/1717513345_shutok.ru.1.jpg	https://shutok.ru/uploads/posts/2024-06/1717513345_shutok.ru.1.jpg	#fafafa	#000000	#ffffff	#fafafa	2024-07-25 17:13:42.781717	2024-07-25 17:13:42.781717	\N	\N
104	194	https://shutok.ru/uploads/posts/2024-06/1717513345_shutok.ru.1.jpg	https://shutok.ru/uploads/posts/2024-06/1717513345_shutok.ru.1.jpg	#fafafa	#000000	#ffffff	#fafafa	2024-07-25 17:14:52.548581	2024-07-25 17:14:52.548581	\N	\N
105	195	https://shutok.ru/uploads/posts/2024-06/1717513345_shutok.ru.1.jpg	https://shutok.ru/uploads/posts/2024-06/1717513345_shutok.ru.1.jpg	#fafafa	#000000	#ffffff	#fafafa	2024-07-25 17:14:52.7859	2024-07-25 17:14:52.7859	\N	\N
106	196	https://shutok.ru/uploads/posts/2024-06/1717513345_shutok.ru.1.jpg	https://shutok.ru/uploads/posts/2024-06/1717513345_shutok.ru.1.jpg	#fafafa	#000000	#ffffff	#fafafa	2024-07-25 17:14:52.993685	2024-07-25 17:14:52.993685	\N	\N
116	213	https://proxy.happeas.space/file/read/local/1/pg-thumb.png	https://proxy.happeas.space/file/read/local/1/bg.jpg	#887859	#FFA800	#FFA800	#FFA800	2024-07-25 22:57:42.225	2024-07-26 08:38:11.512	\N	\N
107	199	https://proxy.happeas.space/file/read/local/169/Add_Competitors_pop_up (1).png	https://proxy.happeas.space/file/read/local/169/Add_Competitors_pop_up (1).png	#FFA800	#FFA800	#FFA800	#FFA800	2024-07-25 17:40:30.37	2024-07-25 17:40:30.37	\N	\N
108	201	https://shutok.ru/uploads/posts/2024-06/1717513345_shutok.ru.1.jpg	https://shutok.ru/uploads/posts/2024-06/1717513345_shutok.ru.1.jpg	#fafafa	#000000	#ffffff	#fafafa	2024-07-25 18:10:44.613934	2024-07-25 18:10:44.613934	\N	\N
110	203	https://shutok.ru/uploads/posts/2024-06/1717513345_shutok.ru.1.jpg	https://shutok.ru/uploads/posts/2024-06/1717513345_shutok.ru.1.jpg	#fafafa	#000000	#ffffff	#fafafa	2024-07-25 18:10:45.076583	2024-07-25 18:10:45.076583	\N	\N
120	217	https://proxy.happeas.space/file/read/local/2/81270979-38b6-4687-a51a-c924e86d8516.png	https://proxy.happeas.space/file/read/local/2/20546769.jpg	#FFA800	#FFA800	#FFA800	#FFA800	2024-07-26 08:51:13.637	2024-07-26 08:51:13.637	\N	\N
125	223	https://proxy.happeas.space/file/read/local/169/image.png	https://proxy.happeas.space/file/read/local/169/image.png	#FFA800	#FFA800	#FFA800	#FFA800	2024-07-26 09:37:52.502	2024-07-26 09:37:52.502	\N	\N
94	1	https://proxy.happeas.space/file/read/local/1/bg.jpg	https://proxy.happeas.space/file/read/local/1/bg.jpg	#000000	#000000	#000000	#000000	2024-07-25 16:05:22.877	2024-07-26 09:39:52.191	\N	\N
111	204	https://proxy.happeas.space/file/read/local/2/20546769.jpg	https://proxy.happeas.space/file/read/local/2/81270979-38b6-4687-a51a-c924e86d8516.png	#302f2c	#38352e	#2e2c28	#23221f	2024-07-25 18:31:18.814	2024-07-25 18:35:00.796	\N	\N
129	237	https://proxy.happeas.space/file/read/local/2/81270979-38b6-4687-a51a-c924e86d8516.png	https://proxy.happeas.space/file/read/local/2/1625502212_24-phonoteka-org-p-monstera-na-rabochii-stol-krasivo-oboi-25.jpg	#000000	#e7ac36	#000000	#d9b468	2024-07-26 13:11:07.048	2024-07-26 13:12:12.656	\N	\N
112	205	https://proxy.happeas.space/file/read/local/2/81270979-38b6-4687-a51a-c924e86d8516.png	https://proxy.happeas.space/file/read/local/2/20546769.jpg	#a7997b	#e5af43	#d8ceba	#896d34	2024-07-25 18:45:08.687	2024-07-25 18:45:42.97	\N	\N
109	202	https://shutok.ru/uploads/posts/2024-06/1717513345_shutok.ru.1.jpg	https://shutok.ru/uploads/posts/2024-06/1717513345_shutok.ru.1.jpg	#fafafa	#000000	#ffffff	#fafafa	2024-07-25 18:10:44.87573	2024-07-29 14:06:02.420597	\N	\N
137	269	https://shutok.ru/uploads/posts/2024-06/1717513345_shutok.ru.1.jpg	https://shutok.ru/uploads/posts/2024-06/1717513345_shutok.ru.1.jpg	#fafafa	#000000	#ffffff	#fafafa	2024-07-29 12:26:25.567784	2024-07-30 19:06:12.893	\N	\N
140	272	https://proxy.happeas.space/file/read/local/22/nissan.jpg	https://proxy.happeas.space/file/read/local/22/X-Trail-Sunset-Orange-801x375.jpg	#ff5900	#FFA800	#ff0019	#FFA800	2024-07-31 12:00:03.525	2024-07-31 12:00:03.525	\N	\N
144	278	https://proxy.happeas.space/file/read/local/2/1715254286335.jpeg	https://proxy.happeas.space/file/read/local/2/IMG_8276.jpg	#FFA800	#FFA800	#FFA800	#FFA800	2024-08-01 09:32:12.443	2024-08-01 09:32:12.443	\N	\N
133	257	https://shutok.ru/uploads/posts/2024-06/1717513345_shutok.ru.1.jpg	https://shutok.ru/uploads/posts/2024-06/1717513345_shutok.ru.1.jpg	#fafafa	#000000	#ffffff	#fafafa	2024-07-29 09:43:56.721775	2024-08-01 19:10:05.638	\N	\N
148	300	https://shutok.ru/uploads/posts/2024-06/1717513345_shutok.ru.1.jpg	https://shutok.ru/uploads/posts/2024-06/1717513345_shutok.ru.1.jpg	#fafafa	#000000	#ffffff	#fafafa	2024-08-01 23:18:05.545869	2024-08-01 23:18:05.545869	\N	\N
152	335	https://proxy.happeas.space/file/read/local/2/IMG_8163.jpg	https://proxy.happeas.space/file/read/local/2/IMG_8276.jpg	#862828	#8a2e2e	#571414	#8e1a1a	2024-08-13 15:37:58.7	2024-08-13 15:37:58.7	\N	\N
86	170	https://proxy.happeas.space/file/read/local/2/IMG_8163.jpg	https://proxy.happeas.space/file/read/local/2/IMG_8276.jpg	#FFA800	#FFA800	#FFA800	#FFA800	2024-07-25 09:55:41.268	2024-09-09 16:45:17.326	\N	[1,2,3]
158	345	https://proxy.happeas.space/file/read/local/1/4JkeC.jpg	https://proxy.happeas.space/file/read/local/1/4JkeC.jpg	#4e4762	#90856f	#a58750	#9c8c6d	2024-09-12 13:01:33.83	2024-09-16 20:07:18.729	\N	[1,2,3,4,5,6,7]
\.


--
-- Data for Name: user_comments; Type: TABLE DATA; Schema: public; Owner: pma
--

COPY public.user_comments (id, who_created, user_id, comment, created_at, updated_at, deleted_at) FROM stdin;
1	24	23	<p>упс</p>	2024-07-22 11:40:34.892794	2024-07-22 16:22:19.283813	2024-07-22 16:22:19.283813
2	24	23	<p>абр</p>	2024-07-22 16:23:34.836545	2024-07-22 16:23:34.836545	\N
3	225	181	<p>qweqwe</p>	2024-07-26 10:09:16.17605	2024-07-26 10:10:05.344112	2024-07-26 10:10:05.344112
5	225	180	<p>jhgfh</p>	2024-07-26 10:49:18.385815	2024-07-26 10:49:18.385815	\N
4	225	180	<p>ghgh</p>	2024-07-26 10:09:26.357328	2024-07-26 10:53:50.212372	\N
6	225	234	<p>jyhyutyut</p>	2024-07-26 11:57:55.929929	2024-07-26 11:58:17.640473	\N
7	225	234	<p>tyrfurfuiyyi</p>	2024-07-26 11:58:34.099202	2024-07-26 11:58:44.085236	\N
8	22	234	<p>heyheyhey</p>	2024-07-26 12:07:21.916074	2024-07-26 12:07:44.158018	\N
9	22	255	<p>Hey, you're good</p>	2024-08-01 15:21:15.016909	2024-08-01 15:21:15.016909	\N
10	22	253	<p>Any new</p>	2024-08-02 09:46:49.429044	2024-08-02 09:47:10.920588	\N
11	22	254	<p>Nice job!</p>	2024-08-09 11:35:16.068784	2024-08-09 11:35:16.068784	\N
12	23	253	<p>IT seems to overwerite only, we will need add new here</p><p>&nbsp;</p>	2024-08-09 16:43:58.400041	2024-08-09 16:46:18.393736	\N
\.


--
-- Data for Name: user_handbook; Type: TABLE DATA; Schema: public; Owner: pma
--

COPY public.user_handbook (id, name, type, handbook_group_id, sort, status, code) FROM stdin;
2	Where are you willing to visit?	radio	1	1	t	willing_visit
3	Zip code	input	1	1	t	zip_code
4	Language	select	1	2	t	language
6	Office address	input	2	4	t	office_address
7	Contract end date	input	2	5	t	contract_end_date
8	Contract person name	input	2	6	t	contract_person_name
9	Competitor client	input	2	7	t	competitor_client
10	Subdivisions client	multiselect	2	8	t	subdivisions_client
11	Date of birth	date	3	1	t	date_of_birth
12	Reliable transportation	select	4	2	t	reliable_transportation
13	Highest completed educational(optional)	select	4	3	t	completed_educational
14	Current job(optional)	input	4	4	t	current_job
15	Income level	input	4	5	t	income_level
16	Employment type	select	4	6	t	employment_type
17	Partner employment type	input	4	7	t	partner_employment_type
18	Number of children(optional)	select	4	8	t	number_of_children
19	Where did you hear from us?	select	4	9	t	here_from_us
20	Postal code	input	4	10	t	postal_code
21	PayPal address	input	4	11	t	paypal_address
22	Do you like to travel?	select	4	12	t	like_travel
23	Pets(optional)	input	4	13	t	pets
24	Do you have a valid driver’s licence?	select	4	14	t	driver_licence
38	Colour	input	5	2	t	colour_competitor
39	Competitor location	input	5	1	t	location_competitor
25	Driving Experience	select	3	1	t	driving_experience
26	Bank	select	3	2	t	bank
27	Currency	select	3	3	t	currencies
28	MSP Logo	input	6	1	t	logo
29	MSP App Logo	input	6	2	t	app_logo
30	MSP Main Color	input	6	3	t	main_color
31	MSP Text Color	input	6	4	t	text_color
32	MSP Sub Menu Color	input	6	5	t	sub_menu_color
33	MSP Sub Menu Text Color	input	6	6	t	sub_menu_text_color
34	Address	input	1	9	t	address
41	Shopper link	input	1	1	t	shopper_link
42	Manager link	input	1	2	t	manager_link
43	Sub msp name	input	1	3	t	sub_msp_name
1	If you have a car?	radio	1	1	t	have_car
5	Industry	select	2	3	t	industry
\.


--
-- Data for Name: user_handbook_filling; Type: TABLE DATA; Schema: public; Owner: pma
--

COPY public.user_handbook_filling (id, user_id, handbook_id, value, json_value) FROM stdin;
605	140	4	de	\N
606	140	34	dfwdfw	\N
607	140	3	3521	\N
641	148	4	de	\N
642	148	34	dsfd	\N
17	4	1		\N
18	4	2		\N
643	148	3	2213	\N
20	4	3		\N
21	4	12		\N
22	4	11		\N
23	4	17		\N
24	4	19		\N
25	4	18		\N
26	4	20		\N
27	4	21		\N
28	4	14		\N
29	4	16		\N
30	4	23		\N
31	4	24		\N
32	4	25		\N
33	4	26		\N
34	4	27		\N
35	4	22		\N
36	4	13		\N
37	4	15		\N
38	4	34		\N
39	4	4		\N
40	9	6	test addr	\N
41	9	3	690011	\N
42	9	4	de	\N
43	9	5	business_to_business	\N
45	9	8	test upd	\N
46	9	10		["computer_software","customer_service"]
47	10	34	Random address	\N
48	10	4	de	\N
49	12	4	de	\N
50	12	5	business_to_business	\N
51	12	3	690011	\N
52	12	6	test addr	\N
53	12	8	test upd	\N
668	153	4	de	\N
55	12	10		["computer_software","customer_service"]
56	14	34	Test address	\N
57	14	3	1234	\N
58	15	34	asdfasf	\N
59	15	3	2344	\N
60	16	34	asdfad	\N
61	16	3	4255	\N
62	17	34	adcsadv	\N
63	17	3	2468	\N
64	19	34	asdfasfa	\N
65	19	3	2345	\N
760	119	3		\N
763	119	43		\N
774	164	6	ewrwerew	\N
817	166	5	lottery_store	\N
818	166	6	231223werew	\N
819	166	3	3334	\N
820	166	8	deww	\N
821	166	9	232	\N
822	166	10		["wood","life_insurance"]
823	166	7	2024-07-31	\N
824	166	4	de	\N
841	171	5	business_to_business	\N
842	171	6	123	\N
106	21	34	dfcsdf	\N
107	21	3	3245	\N
108	21	4	fr	\N
109	24	1		\N
110	24	3		\N
111	24	11		\N
112	24	17		\N
113	24	18		\N
114	24	2		\N
116	24	13		\N
117	24	15		\N
118	24	12		\N
119	24	21		\N
120	24	23		\N
121	24	24		\N
122	24	14		\N
123	24	22		\N
124	24	27		\N
125	24	34		\N
126	24	19		\N
127	24	20		\N
128	24	26		\N
129	24	25		\N
130	24	16		\N
131	24	4		\N
132	27	3	690011	\N
133	27	6	test addr	\N
134	27	4	de	\N
136	27	8	test upd	\N
137	27	5	business_to_business	\N
138	27	10		["computer_software","customer_service"]
139	25	3	690011	\N
140	25	4	de	\N
141	25	5	business_to_business	\N
143	25	8	test upd	\N
144	25	10		["computer_software","customer_service"]
145	26	6	test addr	\N
146	26	8	test upd	\N
147	26	3	690011	\N
148	26	7	2045-12-21T23:00:00.000Z	\N
149	25	6	test addr	\N
150	26	4	de	\N
151	26	10		["computer_software","customer_service"]
152	26	5	business_to_business	\N
153	28	3	690011	\N
154	28	5	business_to_business	\N
155	28	4	de	\N
156	28	6	test addr	\N
157	28	8	test upd	\N
159	28	10		["computer_software","customer_service"]
160	29	4	de	\N
161	29	3	690011	\N
163	29	5	business_to_business	\N
164	29	10		["computer_software","customer_service"]
165	29	8	test upd	\N
166	30	5	business_to_business	\N
167	30	8	test upd	\N
168	29	6	test addr	\N
170	30	4	de	\N
171	30	10		["computer_software","customer_service"]
172	30	6	test addr	\N
173	30	3	690011	\N
174	31	4	de	\N
175	31	3	690011	\N
177	31	8	test upd	\N
178	31	10		["computer_software","customer_service"]
179	31	5	business_to_business	\N
180	31	6	test addr	\N
181	32	3	690011	\N
182	32	4	de	\N
183	32	5	business_to_business	\N
184	32	7	2027-12-21T23:00:00.000Z	\N
185	32	6	test addr	\N
186	32	10		["computer_software","customer_service"]
187	32	8	test upd	\N
188	33	3	690011	\N
189	33	4	de	\N
190	33	6	test addr	\N
191	33	7	2047-12-21T23:00:00.000Z	\N
192	33	10		["computer_software","customer_service"]
193	33	5	business_to_business	\N
194	33	8	test upd	\N
196	35	4	de	\N
44	9	7	2025-12-21	\N
195	35	3	690011	\N
203	34	4	de	\N
205	34	6	test addr	\N
209	36	4	de	\N
218	37	7	2029-12-21T23:00:00.000Z	\N
225	38	8	test upd	\N
233	39	7	2039-12-21T23:00:00.000Z	\N
240	40	10		["computer_software","customer_service"]
244	41	3	690011	\N
254	42	3	690011	\N
263	43	6	test addr	\N
276	45	5	business_to_business	\N
283	46	8	test upd	\N
286	47	3	690011	\N
306	49	8	test upd	\N
309	50	5	business_to_business	\N
317	51	3	690011	\N
324	52	6	test addr	\N
328	53	3	690011	\N
644	150	5	fmcg	\N
645	150	4	de	\N
646	150	6	Address office	\N
647	150	3	100 00	\N
648	150	7	2038-07-23T00:00:00.000Z	\N
649	150	8	Béla	\N
650	150	9	competitor 	\N
651	150	10		["tiles","electric"]
669	153	6	Bukkos part	\N
761	119	2		\N
764	119	42		\N
775	164	4	de	\N
825	170	4	de	\N
853	174	6	asdasd	\N
863	176	10		["life_insurance"]
873	177	7	2024-07-26	\N
883	184	7	2025-12-22	\N
893	185	10		["customer_service","computer_software"]
896	186	3	690011	\N
907	187	6	test addr	\N
914	188	8	test upd	\N
918	189	4	de	\N
935	191	7	2025-12-22	\N
938	192	4	de	\N
947	193	10		["customer_service","computer_software"]
958	194	10		["customer_service","computer_software"]
969	196	4	fr	\N
979	199	10		["tiles"]
995	203	3	690011	\N
1010	205	3	2222	\N
1020	206	8	2222	\N
1030	207	6	1111	\N
1040	209	8	test	\N
1050	214	6	asdasd	\N
1060	215	6	321	\N
1070	216	8	2222	\N
1080	217	8	2222	\N
1090	220	3	3232	\N
1100	221	5	construction	\N
1110	222	8	asdcfvwdv	\N
1120	223	9	fdfgeg	\N
1130	226	3	3456	\N
1140	229	34	Random address	\N
1147	231	43	Dss3	\N
1154	233	4	en	\N
1160	234	43	Dss6	\N
1167	236	43	Dss9	\N
1172	237	5	business_to_business	\N
1182	238	33	#e65151	\N
1192	247	4	en	\N
1202	249	34	Random address	\N
1213	252	34	Random address	\N
1219	253	43	Dss	\N
1220	254	43	Dss	\N
1230	256	5	fmcg	\N
1242	258	10		["computer_software"]
1248	259	4	de	\N
1261	271	3	239087	\N
1271	272	6	Somewhere	\N
1281	273	7	2025-12-22	\N
1291	277	3	2345	\N
1301	278	5	automotive	\N
1311	281	7	2026-07-31	\N
1321	282	10		["life_insurance","tv_hifi","photo_telecommunication"]
1331	300	3	787878	\N
1341	304	5	car_wash	\N
1354	315	5	financial	\N
1367	327	34	German address	\N
1377	330	43	name	\N
1387	334	3	2222	\N
1397	338	4	en	\N
1412	342	7	2024-09-30	\N
1422	345	10		["electric","customer_service"]
197	34	3	690011	\N
204	34	5	business_to_business	\N
212	36	6	test addr	\N
242	40	4	de	\N
246	41	10		["computer_software","customer_service"]
256	42	7	2040-12-21T23:00:00.000Z	\N
308	50	4	de	\N
312	50	6	test addr	\N
321	52	3	690011	\N
332	53	8	test upd	\N
337	54	3	690011	\N
670	153	5	automotive	\N
716	3	5	business_to_business	\N
717	3	6	Opero 43	\N
718	3	3	2345	\N
719	3	8	Petro Fyris	\N
720	3	9	11	\N
721	3	10		["customer_service","electric","computer_software"]
722	3	7	2024-10-29	\N
723	3	4	de	\N
762	119	41		\N
776	164	5		["Automotive"]
854	174	9	acfad	\N
865	176	8	2222	\N
874	177	4	de	\N
826	170	5	automotive	\N
884	184	10		["customer_service","computer_software"]
894	185	8	test upd	\N
897	186	4	en	\N
915	188	10		["customer_service","computer_software"]
919	189	5	car_wash	\N
930	190	10		["customer_service","computer_software"]
936	191	10		["customer_service","computer_software"]
940	192	3	690011	\N
950	193	7	2025-12-22	\N
965	195	6	test addr	\N
980	199	8	sdfsadf	\N
1001	203	6	test addr	\N
1011	205	10		["garden"]
1021	206	4	en	\N
1031	207	7	2024-07-26	\N
1041	213	3	5668	\N
1051	214	4	de	\N
1061	215	8	2222	\N
1071	216	9	333	\N
1081	218	3	2222	\N
1091	220	4	fr	\N
1101	221	7	2024-07-31	\N
1111	222	6	vdfkjkwd	\N
1121	224	3	2330	\N
1131	226	4	en	\N
1141	229	43	Dss1	\N
1151	232	4	en	\N
1173	237	9	311	\N
1183	238	31	#ff0000	\N
1193	247	3	1324	\N
1207	250	34	Random address	\N
1218	253	3	1324	\N
1221	254	4	en	\N
1231	256	10		["customer_service"]
1245	258	6	test addr	\N
1249	259	6	test addr	\N
1262	271	7	2024-07-31	\N
1272	272	8	Yan	\N
1282	273	8	test upd	\N
1292	277	5	wholesale	\N
1302	278	6	321	\N
1312	281	10		["customer_service","computer_software"]
1322	282	6	Street 4	\N
1332	300	4	en	\N
1342	304	8	June contactperson	\N
1357	315	10		["tv_hifi"]
1368	327	4	en	\N
1378	330	4	fr	\N
1388	335	3	2222	\N
1398	339	4	en	\N
1413	342	9	1	\N
1423	345	9	reer	\N
198	35	7	2028-12-21T23:00:00.000Z	\N
210	36	3	690011	\N
216	37	4	de	\N
228	38	4	de	\N
237	40	3	690011	\N
255	42	10		["computer_software","customer_service"]
258	43	5	business_to_business	\N
270	44	10		["computer_software","customer_service"]
278	45	4	de	\N
296	48	6	test addr	\N
303	49	3	690011	\N
314	51	4	de	\N
326	52	7	2034-12-21T23:00:00.000Z	\N
333	53	6	test addr	\N
336	54	5	business_to_business	\N
578	131	34	222	\N
579	131	3	22222222	\N
580	131	4	de	\N
617	141	34	4fdfsasdfadfa	\N
618	141	3	3453	\N
619	141	4	de	\N
660	152	3	2000	\N
671	153	7	2025-12-22	\N
685	156	43	name	\N
686	156	4	eng	\N
687	156	42		\N
688	156	41		\N
725	155	6	Bukkos part 2	\N
726	155	3	690011	\N
727	155	8	test upd	\N
728	155	9	GÉza	\N
729	155	10		[null]
730	155	7	2025-12-24	\N
731	155	4	en	\N
724	155	5		["automotive"]
765	119	5		\N
777	164	8	4322423	\N
827	170	3	2222	\N
855	174	10		["tiles"]
864	176	9	333	\N
875	182	6	test addr	\N
885	184	4	en	\N
895	185	7	2025-12-22	\N
905	187	5	automotive	\N
916	188	7	2025-12-22	\N
924	190	3	690011	\N
937	191	8	test upd	\N
948	193	6	test addr	\N
966	196	3	690011	\N
981	201	3	690011	\N
994	202	10		["customer_service","computer_software"]
1002	204	3	2222	\N
1012	205	6	321	\N
1022	206	6	1111	\N
1032	207	8	2222	\N
1042	213	4	en	\N
1052	214	5	car_wash	\N
1062	215	9	333	\N
1072	216	7	2024-07-27	\N
1082	218	10		["wood","sanitary","tiles"]
1092	220	6	cdadc	\N
1102	221	9	sdvsdfv	\N
1112	222	10		[]
1122	224	4	en	\N
1132	226	34	any	\N
1143	230	43	Dss2	\N
1146	231	3	1324	\N
1156	233	3	1324	\N
1161	234	34	Random address	\N
1174	237	8	2211	\N
1184	241	3	2222	\N
1194	247	43	Dss	\N
1205	250	3	1324	\N
1212	252	3	1324	\N
1222	254	3	1324	\N
1232	257	4	en	\N
1239	258	3	690033	\N
1247	259	10		["customer_service","computer_software"]
1253	269	5	automotive	\N
1263	271	4	en	\N
1273	272	7	2024-08-03	\N
1283	276	3	222222222222	\N
1293	277	4	en	\N
1303	278	9	333	\N
1313	281	3	4000	\N
1323	283	3	123123	\N
1333	300	5	automotive	\N
1343	304	7	2026-07-31	\N
1359	324	34	ere	\N
1358	324	3	56565	\N
1369	328	3	21300	\N
1379	331	3	2222	\N
1389	335	4	en	\N
1399	339	43	Daria	\N
1414	342	8	Dima	\N
1424	348	38	#fafafa	\N
199	35	10		["computer_software","customer_service"]
207	34	8	test upd	\N
215	36	8	test upd	\N
217	37	3	690011	\N
226	38	10		["computer_software","customer_service"]
234	39	8	test upd	\N
260	43	8	test upd	\N
269	44	4	de	\N
274	45	10		["computer_software","customer_service"]
279	46	4	de	\N
305	49	10		["computer_software","customer_service"]
310	50	10		["computer_software","customer_service"]
320	51	10		["computer_software","customer_service"]
581	135	34	sdfsdf	\N
582	135	3	3456	\N
583	135	4	de	\N
620	142	4	en	\N
621	142	34	222	\N
622	142	3	2222	\N
661	152	5	automotive	\N
672	153	8	test upd	\N
766	119	1		\N
778	164	7	2024-07-25	\N
828	170	7	2024-07-26	\N
856	174	7	2024-07-26	\N
866	176	7	2024-07-26	\N
876	182	5	automotive	\N
886	184	8	test upd	\N
900	186	6	test addr	\N
906	187	10		["customer_service","computer_software"]
923	189	6	test addr	\N
942	192	6	test addr	\N
949	193	5	car_wash	\N
972	196	7	2025-12-22	\N
982	201	4	en	\N
993	202	8	test upd	\N
998	203	8	test upd	\N
1003	204	10		["wood","sanitary","tiles"]
1013	205	4	en	\N
1033	207	9	333	\N
1023	206	10		["sanitary","life_insurance"]
1043	213	5	automotive	\N
1053	214	9	sdfad	\N
1063	215	7	2024-07-27	\N
1073	217	10		["building_material"]
1083	218	6	321	\N
1093	220	9	casdc	\N
1103	221	8	sdvswfbv	\N
1113	223	3	4040	\N
1123	224	5	car_wash	\N
1133	227	34	Random address	\N
1144	230	4	en	\N
1153	232	34	Random address	\N
1158	234	3	1324	\N
1163	235	3	1324	\N
1175	237	6	3211	\N
1185	241	5	business_to_business	\N
1195	247	34	Random address	\N
1203	249	43	Dss	\N
1216	253	4	en	\N
1223	254	34	Random address	\N
1233	257	5	automotive	\N
1244	258	8	test upd	\N
1246	259	3	690044	\N
1254	269	3	690011	\N
1264	271	6	Any	\N
1274	272	9	Any	\N
1284	276	6	321	\N
1294	277	6	Any	\N
1304	278	7	2024-08-02	\N
1314	281	6	July address 4	\N
1325	283	6	Street 8	\N
1334	300	6	test addr	\N
1344	304	10		["customer_service","computer_software"]
1360	324	4	en	\N
1370	328	4	en	\N
1380	331	4	en	\N
1390	335	34	222	\N
1401	340	4	de	\N
1400	340	3	1290	\N
1415	342	10		["electric"]
200	35	8	test upd	\N
213	36	5	business_to_business	\N
221	37	5	business_to_business	\N
227	38	3	690011	\N
235	39	10		["computer_software","customer_service"]
239	40	8	test upd	\N
247	41	7	2050-12-21T23:00:00.000Z	\N
253	42	4	de	\N
264	43	4	de	\N
267	44	8	test upd	\N
275	45	6	test addr	\N
285	46	10		["computer_software","customer_service"]
288	47	4	de	\N
295	48	8	test upd	\N
327	52	8	test upd	\N
339	54	6	test addr	\N
623	143	34	Random address	\N
625	143	4	eng	\N
662	152	4	en	\N
673	154	6	Bukkos part	\N
767	119	6		\N
779	164	9	1232343	\N
829	170	9	333	\N
857	174	8	adfadf	\N
867	177	3	2332	\N
877	182	3	690011	\N
887	184	5	automotive	\N
903	187	3	690011	\N
624	143	3	1111	\N
926	190	4	fr	\N
952	194	3	690011	\N
961	195	10		["customer_service","computer_software"]
968	196	5	car_wash	\N
973	199	3	3333	\N
983	201	5	car_wash	\N
990	202	5	car_wash	\N
999	203	10		["customer_service","computer_software"]
1004	204	5	automotive	\N
1014	205	9	333	\N
1024	206	9	333	\N
1034	209	6	test 	\N
1044	213	6	грг87	\N
1054	214	7	2024-07-27	\N
1064	215	10		["photo_telecommunication"]
1074	217	3	2222	\N
1084	218	9	333	\N
1094	220	7	2024-07-27	\N
1104	221	10		["tv_hifi"]
1114	223	4	en	\N
1124	224	10		["vehicle_insurance"]
1134	227	3	1324	\N
1145	230	3	1324	\N
1155	233	34	Random address	\N
1162	235	4	en	\N
1169	236	34	Random address	\N
1176	237	10		["wood","sanitary","tiles"]
1186	241	4	en	\N
1196	248	3	1324	\N
1211	251	4	en	\N
1215	252	43	Dss	\N
1224	256	3	2345	\N
1234	257	3	690022	\N
1243	258	7	2025-12-22	\N
1255	269	4	en	\N
1265	271	5	car_wash	\N
1275	272	10		["garden","customer_service"]
1285	276	4	en	\N
1295	277	7	2024-08-15	\N
1305	278	10		[]
1315	282	5	health_care	\N
1324	283	4	fr	\N
1335	300	8	test upd	\N
1345	314	3	2000	\N
1356	315	8	Oct contactperson	\N
1361	325	3	1324	\N
1371	328	43	Croatia sub msp	\N
1381	331	34	222	\N
1391	336	4	en	\N
1402	340	5	business_to_business	\N
1416	345	3	3233	\N
201	35	6	test addr	\N
208	34	7	2038-12-21T23:00:00.000Z	\N
211	36	7	2048-12-21T23:00:00.000Z	\N
219	37	6	test addr	\N
224	38	7	2049-12-21T23:00:00.000Z	\N
232	39	6	test addr	\N
243	40	6	test addr	\N
249	41	5	business_to_business	\N
262	43	10		["computer_software","customer_service"]
271	44	7	2051-12-21T23:00:00.000Z	\N
284	46	6	test addr	\N
292	47	5	business_to_business	\N
298	48	5	business_to_business	\N
302	49	6	test addr	\N
313	50	8	test upd	\N
316	51	6	test addr	\N
325	52	10		["computer_software","customer_service"]
329	53	4	de	\N
340	54	10		["computer_software","customer_service"]
626	144	4	en	\N
627	144	34		\N
628	144	3	225533333	\N
663	152	6	másik address	\N
674	154	4	de	\N
691	158	4	de	\N
768	119	8		\N
780	164	10		["Customer service"]
830	170	8	2222	\N
843	171	3	2222	\N
844	171	8	2222	\N
845	171	9	333	\N
846	171	10		["sanitary"]
847	171	7	2024-07-26	\N
848	171	4	de	\N
858	173	4	en	\N
868	177	5	car_wash	\N
878	182	4	en	\N
888	184	6	test addr	\N
909	187	8	test upd	\N
929	190	6	test addr	\N
953	194	6	test addr	\N
963	195	8	test upd	\N
971	196	8	test upd	\N
974	199	4	de	\N
984	201	6	test addr	\N
991	202	7	2025-12-22	\N
1005	204	4	en	\N
1015	205	5	business_to_business	\N
1025	206	5	automotive	\N
1035	209	4	en	\N
1045	213	7	2024-07-31	\N
1055	214	8	adasd	\N
1065	216	3	2222	\N
1075	217	4	en	\N
1085	218	4	en	\N
1095	220	5	other	\N
1105	222	3	0909	\N
1115	223	6	csdwvwdv	\N
1125	224	9	fwqedfq	\N
1135	228	3	3456	\N
1148	231	4	en	\N
1159	234	4	en	\N
1166	236	4	en	\N
1177	237	7	2024-07-31	\N
1187	241	8	2222	\N
1197	248	43	Dss	\N
1200	249	4	en	\N
1210	251	43	Dss	\N
1225	256	7	2024-07-31	\N
1235	257	7	2025-12-22	\N
1241	258	5	automotive	\N
1250	259	8	test upd	\N
1256	269	7	2025-12-22	\N
1266	271	9	Any	\N
1276	273	3	5678	\N
1286	276	5	automotive	\N
1296	277	9	Any	\N
1306	278	8	2222	\N
1316	282	3	3131	\N
1326	283	5	fmcg	\N
1336	300	10		["customer_service","computer_software"]
1346	314	6	Sept address	\N
1351	315	3	4000	\N
1362	325	34	New random address	\N
1372	329	3	1234	\N
1382	333	3	2222	\N
1392	337	4	en	\N
1403	340	8	wdvewfbv	\N
1417	345	4	en	\N
202	35	5	business_to_business	\N
206	34	10		["computer_software","customer_service"]
214	36	10		["computer_software","customer_service"]
268	44	3	690011	\N
281	46	5	business_to_business	\N
291	47	8	test upd	\N
294	48	4	de	\N
304	49	7	2033-12-21T23:00:00.000Z	\N
307	50	3	690011	\N
315	51	5	business_to_business	\N
322	52	5	business_to_business	\N
331	53	5	business_to_business	\N
341	54	7	2054-12-21T23:00:00.000Z	\N
629	145	4	en	\N
630	145	34	Erosi Manjgaladze	\N
631	145	3	sdf	\N
664	152	7	2025-12-22	\N
675	154	5	automotive	\N
692	159	43	name	\N
693	159	4	eng	\N
694	159	42		\N
695	159	41		\N
769	119	10		\N
813	167	4	fr	\N
831	170	6	321	\N
849	172	4	en	\N
859	176	3	2222	\N
869	177	10		["tv_hifi","photo_telecommunication"]
879	182	10		["customer_service","computer_software"]
889	185	3	690011	\N
899	186	10		["customer_service","computer_software"]
910	188	3	690011	\N
921	189	10		["customer_service","computer_software"]
925	190	5	car_wash	\N
931	191	3	690011	\N
944	192	8	test upd	\N
945	193	3	690011	\N
954	194	4	en	\N
959	195	3	690011	\N
967	196	10		["customer_service","computer_software"]
975	199	6	asdasd	\N
985	201	8	test upd	\N
988	202	3	690011	\N
997	203	7	2025-12-22	\N
1006	204	7	2024-07-26	\N
1016	205	8	2222	\N
1026	207	3	2222	\N
1036	209	3	4444	\N
1046	213	9	31231	\N
1056	214	10		["wood","garden","computer_software"]
1066	216	4	de	\N
1076	217	5	automotive	\N
1086	218	7	2024-07-27	\N
1096	220	8	fbsdfv	\N
1106	222	4	en	\N
1116	223	5	car_wash	\N
1126	224	7	2024-07-27	\N
1137	228	43	Men	\N
1152	232	3	1324	\N
1164	235	34	Random address	\N
1178	238	29	https://proxy.happeas.space/file/read/local/238/image.png	\N
1188	241	10		["wood"]
1198	248	4	en	\N
1226	256	6	Any	\N
1236	257	8	test upd	\N
1257	269	6	test addr	\N
1267	271	10		["building_material","electric"]
1277	273	4	en	\N
1287	276	8	2222	\N
1297	277	8	No	\N
1317	282	4	fr	\N
1327	283	10		["tv_hifi","computer_software","automotive"]
1337	300	7	2025-12-22	\N
1347	314	7	2026-07-31	\N
1353	315	7	2027-10-31	\N
1307	279	3	2228	\N
1363	326	34	Other random address	\N
1373	329	43	Guliverkli	\N
1384	333	4	en	\N
1393	337	34	222	\N
1404	340	9	sfvsf	\N
1410	342	5	financial_consultancy	\N
1418	345	5	convenience_stores	\N
220	37	10		["computer_software","customer_service"]
230	38	5	business_to_business	\N
238	40	5	business_to_business	\N
250	41	8	test upd	\N
251	42	6	test addr	\N
259	43	7	2031-12-21T23:00:00.000Z	\N
265	44	6	test addr	\N
272	45	3	690011	\N
280	46	3	690011	\N
289	47	10		["computer_software","customer_service"]
297	48	3	690011	\N
301	49	5	business_to_business	\N
318	51	8	test upd	\N
323	52	4	de	\N
330	53	7	2044-12-21T23:00:00.000Z	\N
338	54	8	test upd	\N
593	136	34	adfcasf	\N
594	136	3	3456	\N
595	136	4	de	\N
632	146	4	en	\N
633	146	34	222	\N
634	146	3	2222	\N
665	152	8	New name	\N
676	154	7	2025-12-22	\N
696	161	4	de	\N
697	161	43	adsfas	\N
698	161	41		\N
699	161	42		\N
700	161	3	3233	\N
770	119	9		\N
789	151	5		["Food service"]
790	151	6	address	\N
791	151	3	E16AN	\N
792	151	8	Géza	\N
793	151	9	Other	\N
794	151	10		[null,null]
795	151	7	2025-06-11	\N
796	151	4	de	\N
832	170	10		["wood"]
850	174	3	3333	\N
860	176	4	de	\N
870	177	9	21312	\N
880	182	8	test upd	\N
890	185	6	test addr	\N
901	186	5	automotive	\N
908	187	7	2025-12-22	\N
814	168	3	ffff	\N
911	188	5	car_wash	\N
920	189	8	test upd	\N
927	190	7	2025-12-22	\N
932	191	6	test addr	\N
939	192	5	car_wash	\N
951	193	8	test upd	\N
955	194	5	car_wash	\N
960	195	4	de	\N
970	196	6	test addr	\N
976	199	5	automotive	\N
986	201	7	2025-12-22	\N
989	202	4	de	\N
1007	204	9	333	\N
1017	205	7	2024-07-26	\N
1027	207	10		["property_insurance"]
1037	209	5	automotive	\N
1047	213	10		["life_insurance","vehicle_insurance"]
1057	215	3	2222	\N
1067	216	6	321	\N
1077	217	6	321	\N
1087	218	5	automotive	\N
1097	221	3	1234	\N
1107	222	5	construction	\N
1117	223	7	2024-07-31	\N
1127	224	8	dsdfvsdf	\N
1136	228	4	en	\N
1157	233	43	Dss5	\N
1168	236	3	1324	\N
1179	238	28	https://proxy.happeas.space/file/read/local/238/image.png	\N
1189	241	6	321	\N
1199	248	34	Random address	\N
1201	249	3	1324	\N
1204	250	43	Dss	\N
1208	251	34	Random address	\N
1217	253	34	Random address	\N
1227	256	4	fr	\N
1237	257	6	test addr	\N
1252	259	5	automotive	\N
1258	269	8	test upd	\N
1268	272	3	23456	\N
1278	273	5	business_to_business	\N
1288	276	9	333	\N
1298	277	10		["wood","sanitary","tiles","life_insurance","vehicle_insurance","property_insurance","garden","building_material","electric","customer_service","tv_hifi","photo_telecommunication","computer_software","automotive"]
1318	282	9	Zara	\N
1328	283	8	Mc However	\N
1338	304	3	23401	\N
1348	314	5	car_wash	\N
1355	315	6	Oct address	\N
1308	279	34	2228	\N
1364	326	3	1234	\N
1374	329	4	en	\N
1383	333	34	222	\N
1394	337	3	2222	\N
1405	340	6	dfsdnfv	\N
1408	342	3	73000	\N
1419	345	6	wewqq	\N
222	37	8	test upd	\N
229	39	4	de	\N
236	39	3	690011	\N
241	40	7	2030-12-21T23:00:00.000Z	\N
245	41	4	de	\N
252	42	5	business_to_business	\N
261	43	3	690011	\N
266	44	5	business_to_business	\N
277	45	7	2041-12-21T23:00:00.000Z	\N
287	47	6	test addr	\N
299	48	10		["computer_software","customer_service"]
334	53	10		["computer_software","customer_service"]
335	54	4	de	\N
596	137	4	de	\N
597	137	34	asdsd	\N
598	137	3	1111	\N
666	152	10		["alfa","beta","gamma"]
677	154	3	690011	\N
701	162	4	de	\N
702	162	43	Test first sub MSP	\N
703	162	41	https://test.com	\N
704	162	42	https://test.com	\N
705	162	3	0011	\N
747	118	5	automotive	\N
748	118	6	123123	\N
749	118	3	1231	\N
750	118	8	2131231	\N
751	118	9	12312	\N
752	118	10		["property_insurance","vehicle_insurance"]
753	118	7	2024-07-25	\N
754	118	4	en	\N
771	119	7		\N
772	119	4		\N
815	168	4	en	\N
851	174	4	en	\N
861	176	5	automotive	\N
871	177	6	wqeqwewq	\N
881	182	7	2025-12-22	\N
891	185	4	en	\N
902	186	7	2025-12-22	\N
912	188	6	test addr	\N
922	189	7	2025-12-22	\N
933	191	5	car_wash	\N
943	192	7	2025-12-22	\N
956	194	7	2025-12-22	\N
962	195	7	2025-12-22	\N
977	199	7	2024-07-26	\N
987	201	10		["customer_service","computer_software"]
1000	203	4	fr	\N
1008	204	8	2222	\N
1018	206	3	2222	\N
1028	207	5	automotive	\N
1038	209	10		["garden"]
1048	213	8	666	\N
1058	215	5	automotive	\N
1068	216	5	automotive	\N
1078	217	7	2024-07-31	\N
1088	218	8	2222	\N
1098	221	4	en	\N
1108	222	9	aedfwedvq	\N
1118	223	8	sdvswdv	\N
1128	224	6	vwkfmwkejf	\N
1138	229	4	en	\N
1142	230	34	Random address	\N
1150	232	43	Dss2	\N
1170	237	4	de	\N
1180	238	30	#841515	\N
1190	241	7	2024-07-27	\N
1206	250	4	en	\N
1228	256	9	Any	\N
1259	269	10		["customer_service","computer_software"]
1269	272	5	telecommunication	\N
1279	273	6	test addr	\N
1289	276	7	2024-08-01	\N
1299	278	3	2222	\N
1238	257	10		["tv_hifi","computer_software"]
1319	282	8	August Test	\N
1329	283	7	2027-12-31	\N
1339	304	4	en	\N
1349	314	10		["computer_software"]
1352	315	4	en	\N
1309	279	4	de	\N
1365	326	4	fr	\N
1375	329	34	New Random address	\N
1385	334	34	222	\N
1395	338	3	2222	\N
1406	340	7	2024-08-31	\N
1409	342	4	en	\N
1420	345	7	2024-09-30	\N
223	38	6	test addr	\N
231	39	5	business_to_business	\N
248	41	6	test addr	\N
257	42	8	test upd	\N
273	45	8	test upd	\N
282	46	7	2032-12-21T23:00:00.000Z	\N
290	47	7	2052-12-21T23:00:00.000Z	\N
293	48	7	2042-12-21T23:00:00.000Z	\N
300	49	4	de	\N
311	50	7	2053-12-21T23:00:00.000Z	\N
319	51	7	2043-12-21T23:00:00.000Z	\N
342	55	34	dfwdfw	\N
343	55	3	1234	\N
344	56	34	sdvmfjf	\N
345	56	3	1014	\N
346	57	34	fdsffg	\N
347	57	3	3535	\N
348	58	34	cvfbhgfdsx	\N
349	58	3	3456	\N
350	59	34	fdffd	\N
351	59	3	3423	\N
352	60	4	de	\N
353	60	34	Random address	\N
354	61	34	Random address	\N
355	61	4	de	\N
356	62	4	de	\N
357	62	34	Random address	\N
358	63	34	Random address	\N
359	63	4	de	\N
360	64	4	de	\N
361	64	34	Random address	\N
362	65	4	de	\N
363	65	34	Random address	\N
364	66	4	de	\N
365	66	34	Random address	\N
366	67	4	de	\N
367	67	34	Random address	\N
369	68	4	de	\N
368	68	34	Random address	\N
370	69	4	de	\N
371	69	34	Random address	\N
372	70	34	Random address	\N
373	70	4	de	\N
374	71	34	Random address	\N
375	71	4	de	\N
376	72	4	de	\N
377	72	34	Random address	\N
378	73	4	de	\N
379	73	34	Random address	\N
380	74	4	de	\N
381	74	34	Random address	\N
382	75	4	de	\N
383	75	34	Random address	\N
384	76	34	Random address	\N
385	76	4	de	\N
386	77	34	Random address	\N
387	77	4	de	\N
599	138	4	de	\N
600	138	34	adsfcdsfcas	\N
390	79	34	dfghgfd	\N
391	79	3	4342	\N
392	100	34	dfgd	\N
393	100	3	3453	\N
601	138	3	2222	\N
638	147	34	Erosi Manjgaladze	\N
396	101	34	cxcx	\N
397	101	3	2334	\N
398	101	4	en	\N
399	104	34	Random address	\N
400	102	34	Random address	\N
401	104	4	de	\N
402	102	4	de	\N
403	103	34	Random address	\N
404	103	4	de	\N
405	105	4	de	\N
406	105	34	Random address	\N
407	106	4	de	\N
408	106	34	Random address	\N
409	107	4	de	\N
410	107	34	Random address	\N
411	108	34	Random address	\N
412	108	4	de	\N
413	109	34	Random address	\N
414	109	4	de	\N
415	110	4	de	\N
416	110	34	Random address	\N
417	111	4	de	\N
418	111	34	Random address	\N
419	112	34	Random address	\N
420	112	4	de	\N
421	114	4	de	\N
422	114	34	Random address	\N
423	113	4	de	\N
424	113	34	Random address	\N
425	115	4	de	\N
426	115	34	Random address	\N
427	116	4	de	\N
428	116	34	Random address	\N
429	117	4	de	\N
430	117	34	Random address	\N
432	118	34	Random address	\N
433	119	34	Random address	\N
435	120	4	de	\N
436	120	34	Random address	\N
437	121	34	12121	\N
438	121	3	1222	\N
639	147	3	asdasd	\N
441	122	34	rewerewrew	\N
442	122	3	3232	\N
443	122	4	de	\N
444	20	34	Random address	\N
445	20	3	1324	\N
446	20	4		\N
447	78	34	Yerevan	\N
448	78	3	3333	\N
449	78	4	de	\N
450	124	34	dwdfdgf	\N
451	124	3	4567	\N
452	125	34	dadsv	\N
453	125	3	7890	\N
456	126	34	dadfvdfv	\N
457	126	3	4567	\N
458	126	4		\N
54	12	7	2025-12-21	\N
135	27	7	2035-12-21	\N
142	25	7	2025-12-21	\N
158	28	7	2036-12-21	\N
162	29	7	2026-12-21	\N
169	30	7	2046-12-21	\N
176	31	7	2037-12-21	\N
478	129	4	fr	\N
479	129	34	Test	\N
480	129	3	1111	\N
481	130	4	de	\N
482	130	34	ascadf	\N
483	130	3	5678	\N
501	128	34	222	\N
502	128	3	22	\N
503	128	4	en	\N
527	127	5	automotive	\N
528	127	6	321	\N
529	127	3	2222	\N
530	127	8	2222	\N
531	127	9	333	\N
532	127	10		["tiles","sanitary"]
533	127	7	2024-08-16	\N
534	127	4	en	\N
535	133	34	qerefwqef	\N
536	133	3	4567	\N
537	133	4	de	\N
602	139	4	de	\N
603	139	34	dfdwsf	\N
604	139	3	3324	\N
640	147	4	en	\N
667	153	3	690011	\N
678	154	8	test upd	\N
546	134	5	business_to_business	\N
547	134	6	321	\N
548	134	3	2222	\N
549	134	7	2024-07-24T22:00:00.000Z	\N
550	134	8	2222	\N
551	134	9	333	\N
552	134	10		["sanitary"]
553	134	4	fr	\N
755	163	43	Test 123	\N
756	163	3	5456	\N
757	163	42	https://test.com	\N
758	163	41	https://test.com	\N
759	163	4	en	\N
773	164	3	3334	\N
816	168	34	qweqweqw	\N
852	174	5		["retail"]
862	176	6	321	\N
872	177	8	qweqwe ewqqw	\N
882	184	3	690011	\N
892	185	5	automotive	\N
898	186	8	test upd	\N
904	187	4	en	\N
913	188	4	en	\N
917	189	3	690011	\N
928	190	8	test upd	\N
934	191	4	en	\N
941	192	10		["customer_service","computer_software"]
946	193	4	fr	\N
957	194	8	test upd	\N
964	195	5	car_wash	\N
978	199	9	cadcf	\N
992	202	6	test addr	\N
996	203	5	car_wash	\N
1009	204	6	321	\N
1019	206	7	2024-07-26	\N
1029	207	4	en	\N
1039	209	7	2025-12-18	\N
1049	214	3	1919	\N
1059	215	4	en	\N
1069	216	10		["garden"]
1079	217	9	3656	\N
1089	220	10		["electric"]
1099	221	6	vwdefcwv	\N
1109	222	7	2024-07-31	\N
1119	223	10		["vehicle_insurance","building_material"]
1129	225	3	1234	\N
1139	229	3	1324	\N
1149	231	34	Random address	\N
1165	235	43	Dss8	\N
1171	237	3	2222	\N
1181	238	32	#410606	\N
1191	241	9	333	\N
1209	251	3	1324	\N
1214	252	4	en	\N
1229	256	8	Any	\N
1240	258	4	fr	\N
1251	259	7	2025-12-22	\N
1260	271	8	Alex	\N
1270	272	4	en	\N
1280	273	10		["building_material"]
1290	276	10		["wood","sanitary"]
1300	278	4	en	\N
1310	281	8	July contactperson	\N
1320	282	7	2025-08-01	\N
1340	304	6	June address	\N
1330	283	9	It should be optional!	\N
1350	314	8	Sept contactperson	\N
1366	327	3	76137	\N
1376	330	3	3211	\N
1386	334	4	en	\N
1396	338	34	222	\N
1407	340	10		["wood","automotive"]
1411	342	6	200 let Kherson 32	\N
1421	345	8	Vael	\N
\.


--
-- Data for Name: user_handbook_group; Type: TABLE DATA; Schema: public; Owner: pma
--

COPY public.user_handbook_group (id, name, sort, status) FROM stdin;
1	Additional data	1	t
2	Client	1	t
3	Profile(Shopper general)	1	t
4	Profile(Shopper additional)	1	t
5	Competitor	1	t
6	Customizations	1	t
\.


--
-- Data for Name: user_handbook_link; Type: TABLE DATA; Schema: public; Owner: pma
--

COPY public.user_handbook_link (id, handbook_id, handbook_group_id, role_id, group_id) FROM stdin;
4	0	1	3	0
5	0	1	3	0
1	0	2	2	0
3	0	1	2	0
6	0	3	1	0
7	0	4	1	0
2	0	1	1	0
8	0	5	5	0
9	5	0	5	0
10	10	0	5	0
11	0	1	6	0
12	0	6	6	0
15	43	0	6	0
16	3	0	6	0
17	42	0	6	0
18	41	0	6	0
19	34	0	6	0
20	0	6	6	0
21	29	0	6	0
22	30	0	6	0
23	28	0	6	0
24	32	0	6	0
25	33	0	6	0
26	31	0	6	0
\.


--
-- Data for Name: user_handbook_value; Type: TABLE DATA; Schema: public; Owner: pma
--

COPY public.user_handbook_value (id, handbook_id, label, value, sort) FROM stdin;
5	2	in your area	willing_visit_1	2
6	2	city	willing_visit_2	2
7	2	region	willing_visit_3	2
8	12	Yes	reliable_transportation_1	1
9	12	No	reliable_transportation_2	2
10	13	High school	completed_educational_1	1
11	13	College	completed_educational_2	2
12	13	University	completed_educational_3	3
13	13	Master	completed_educational_4	4
14	13	PhD	completed_educational_5	5
15	16	Full-time	employment_type_1	1
16	16	Part-time	employment_type_2	2
17	16	Freelance	employment_type_3	3
18	16	Contract	employment_type_4	4
19	18	0	number_of_children_1	1
20	18	1	number_of_children_2	2
21	18	2	number_of_children_3	3
22	18	3	number_of_children_4	4
23	18	4	number_of_children_5	5
24	18	5	number_of_children_6	6
25	18	6	number_of_children_7	7
26	18	7	number_of_children_8	8
27	18	8	number_of_children_9	9
28	18	9	number_of_children_10	10
29	19	Google	here_from_us_1	1
30	19	Facebook	here_from_us_2	2
31	19	Instagram	here_from_us_3	3
32	19	Friends	here_from_us_4	4
33	19	Other	here_from_us_5	5
34	22	Yes	like_travel_1	1
35	22	No	like_travel_2	2
36	24	Yes	driver_licence_1	1
37	243	No	driver_licence_2	2
38	4	English	en	1
39	4	German	de	2
40	4	French	fr	3
41	10	Wood	wood	1
42	10	Sanitary	sanitary	2
43	10	Tiles	tiles	3
44	10	Life insurance	life_insurance	4
50	10	Vehicle insurance	vehicle_insurance	5
51	10	Property insurance	property_insurance	5
52	10	Garden	garden	5
53	10	Building material	building_material	5
54	10	Electric	electric	5
55	10	Customer service	customer_service	5
56	10	TV-Hifi	tv_hifi	5
57	10	Photo/Telecommunication	photo_telecommunication	5
58	10	Computer Software	computer_software	5
79	25	0-1 year	driving_experience_1	1
80	25	1-3 years	driving_experience_2	2
81	25	3-5 years	driving_experience_3	3
82	25	5-10 years	driving_experience_4	4
83	25	10+ years	driving_experience_5	5
84	26	PrivatBank	bank_1	1
85	26	Monobank	bank_2	2
86	26	Oschadbank	bank_3	3
87	26	Raiffeisen Bank Aval	bank_4	4
88	27	USD	usd	1
89	27	EUR	eur	2
90	27	UAH	uah	3
91	27	HUF	huf	4
92	27	RUB	rub	5
98	1	Yes, the car is on gas	if_car_1	1
99	1	Yes, electric	if_car_3	1
100	1	Yes, petrol car	if_car_2	1
101	1	No	if_car_4	2
102	5	Automotive	automotive	1
103	5	Financial	financial	5
104	5	Convenience Stores	convenience_stores	4
105	5	Food service	food_service	5
106	5	Entertainment	entertainment	5
107	5	Financial consultancy	financial_consultancy	5
108	5	Gas Stations	gas_stations	5
109	5	FMCG	fmcg	5
110	5	Government	government	5
111	5	Grocery	grocery	5
112	5	Business-to-Business	business_to_business	2
113	5	Health Care	health_care	5
115	5	Lodging, accommodation	lodging_accommodation	5
114	5	Construction	construction	5
116	5	Pharmacies	pharmacies	5
117	5	Lottery store	lottery_store	5
118	5	Real estate	real_estate	5
119	5	Car wash	car_wash	3
120	5	Storage	storage	5
121	5	Telecommunication	telecommunication	5
126	5	Other	other	5
123	5	Shipping, transportation	shipping_transportation	5
124	5	Wholesale	wholesale	5
125	5	Training	training	5
127	10	Automotive	automotive	5
122	5	Retail	retail	5
\.


--
-- Data for Name: user_integrations; Type: TABLE DATA; Schema: public; Owner: pma
--

COPY public.user_integrations (id, user_id, service, token, data, created_at, updated_at) FROM stdin;
1	4	sbor_idea		{"link": "", "type": "auto", "token": ""}	2024-08-27 10:21:33.297	2024-08-27 10:21:33.297
\.


--
-- Data for Name: user_notes; Type: TABLE DATA; Schema: public; Owner: pma
--

COPY public.user_notes (id, user_id, theme, comment, created_at, who_created) FROM stdin;
\.


--
-- Data for Name: user_notifications; Type: TABLE DATA; Schema: public; Owner: pma
--

COPY public.user_notifications (id, user_id, action_id, notification, status, created_at, updated_at) FROM stdin;
\.


--
-- Data for Name: user_settings; Type: TABLE DATA; Schema: public; Owner: pma
--

COPY public.user_settings (id, code, value, value_json) FROM stdin;
2	currencies	eur	[]
1	language	en	[]
12	currency	EUR	[]
3	clients_roles		[2]
4	shoppers_roles		[1]
7	manager_roles		[3]
8	worker_roles		[4]
9	competitor_roles		[5]
10	msp_roles		[6]
5	default_role	1	[]
6	time_zone	europe/kiev	[]
13	live_chat	18562533	[]
\.


--
-- Data for Name: user_workers; Type: TABLE DATA; Schema: public; Owner: pma
--

COPY public.user_workers (id, client_id, user_id, status, created_at, updated_at, "position", department, email_work, phone_work, language) FROM stdin;
1	3	5	0	2024-07-19 18:14:39.121152	2024-07-19 18:14:39.121152	\N	\N	\N	\N	en
2	3	10	0	2024-07-20 17:38:08.479314	2024-07-20 17:38:08.479314	pos	dept	worker@email.ml	123123321	EN
3	3	60	0	2024-07-22 14:41:58.327602	2024-07-22 14:41:58.327602	pos	dept	upd10@worker.wr	5736141234	EN
4	3	61	0	2024-07-22 14:41:58.319783	2024-07-22 14:41:58.319783	pos	dept	upd0@worker.wr	3232141234	EN
5	3	62	0	2024-07-22 14:41:59.035981	2024-07-22 14:41:59.035981	pos	dept	upd1@worker.wr	3232787234	EN
6	3	63	0	2024-07-22 14:41:59.026197	2024-07-22 14:41:59.026197	pos	dept	upd11@worker.wr	7596141234	EN
7	3	64	0	2024-07-22 14:41:59.746005	2024-07-22 14:41:59.746005	pos	dept	upd12@worker.wr	4562141234	EN
8	3	65	0	2024-07-22 14:42:00.246748	2024-07-22 14:42:00.246748	pos	dept	upd3@worker.wr	5462141234	EN
9	3	66	0	2024-07-22 14:42:00.358516	2024-07-22 14:42:00.358516	pos	dept	upd13@worker.wr	1238141234	EN
10	3	67	0	2024-07-22 14:42:00.851248	2024-07-22 14:42:00.851248	pos	dept	upd4@worker.wr	2354141234	EN
11	3	68	0	2024-07-22 14:42:00.960821	2024-07-22 14:42:00.960821	pos	dept	upd14@worker.wr	7562141234	EN
12	3	69	0	2024-07-22 14:42:01.462412	2024-07-22 14:42:01.462412	pos	dept	upd5@worker.wr	1234141234	EN
13	3	70	0	2024-07-22 14:42:01.626101	2024-07-22 14:42:01.626101	pos	dept	upd15@worker.wr	3452341234	EN
14	3	71	0	2024-07-22 14:42:02.066914	2024-07-22 14:42:02.066914	pos	dept	upd6@worker.wr	1235141234	EN
15	3	72	0	2024-07-22 14:42:02.237106	2024-07-22 14:42:02.237106	pos	dept	upd16@worker.wr	3245688634	EN
16	3	73	0	2024-07-22 14:42:02.709471	2024-07-22 14:42:02.709471	pos	dept	upd7@worker.wr	6854141234	EN
17	3	74	0	2024-07-22 14:42:02.849712	2024-07-22 14:42:02.849712	pos	dept	upd17@worker.wr	3245656554	EN
18	3	75	0	2024-07-22 14:42:03.358807	2024-07-22 14:42:03.358807	pos	dept	upd8@worker.wr	9852141234	EN
19	3	76	0	2024-07-22 14:42:03.448694	2024-07-22 14:42:03.448694	pos	dept	upd18@worker.wr	3254152234	EN
20	3	77	0	2024-07-22 14:42:04.051579	2024-07-22 14:42:04.051579	pos	dept	upd19@worker.wr	3254186534	EN
21	3	80	0	2024-07-22 14:48:14.461587	2024-07-22 14:48:14.461587	pos	dept	upd19@worker.com	3254356544	EN
22	3	81	0	2024-07-22 14:48:15.465145	2024-07-22 14:48:15.465145	pos	dept	upd2@worker.com	8962141234	EN
23	3	102	0	2024-07-22 15:44:52.793402	2024-07-22 15:44:52.793402	pos	dept	worker0@worker.com	3233031234	EN
24	3	103	0	2024-07-22 15:44:52.800745	2024-07-22 15:44:52.800745	pos	dept	worker10@worker.com	5733031234	EN
25	3	104	0	2024-07-22 15:44:52.800863	2024-07-22 15:44:52.800863	pos	dept	worker19@worker.com	3254303544	EN
26	3	105	0	2024-07-22 15:44:53.568814	2024-07-22 15:44:53.568814	pos	dept	worker1@worker.com	3233037234	EN
27	3	106	0	2024-07-22 15:44:53.569721	2024-07-22 15:44:53.569721	pos	dept	worker11@worker.com	7593031234	EN
28	3	107	0	2024-07-22 15:44:54.216214	2024-07-22 15:44:54.216214	pos	dept	worker2@worker.com	8963031234	EN
30	3	109	0	2024-07-22 15:44:54.852519	2024-07-22 15:44:54.852519	pos	dept	worker3@worker.com	5463031234	EN
31	3	110	0	2024-07-22 15:44:54.902174	2024-07-22 15:44:54.902174	pos	dept	worker13@worker.com	1238303234	EN
33	3	112	0	2024-07-22 15:44:55.509214	2024-07-22 15:44:55.509214	pos	dept	worker14@worker.com	7562303234	EN
34	3	114	0	2024-07-22 15:44:56.127281	2024-07-22 15:44:56.127281	pos	dept	worker15@worker.com	3452303234	EN
35	3	113	0	2024-07-22 15:44:56.101488	2024-07-22 15:44:56.101488	pos	dept	worker5@worker.com	1233031234	EN
36	3	115	0	2024-07-22 15:44:56.857421	2024-07-22 15:44:56.857421	pos	dept	worker16@worker.com	3245303634	EN
37	3	116	0	2024-07-22 15:44:57.369072	2024-07-22 15:44:57.369072	pos	dept	worker7@worker.com	6853031234	EN
38	3	117	0	2024-07-22 15:44:57.493613	2024-07-22 15:44:57.493613	pos	dept	worker17@worker.com	3245303554	EN
41	3	120	0	2024-07-22 15:44:58.729718	2024-07-22 15:44:58.729718	pos	dept	worker9@worker.com	4563031234	EN
42	154	157	0	2024-07-24 11:04:00.955528	2024-07-24 11:04:00.955528	\N	\N	\N	\N	de
43	154	158	0	2024-07-24 11:07:01.393681	2024-07-24 11:22:57.18835	\N	\N	testuser@mail.hu	+361234567889999	de
52	199	200	0	2024-07-25 17:57:34.959702	2024-07-25 18:02:13.994252	\N	\N	sfgsfgdsfh@gmail.com	+87654324567	de
39	3	118	0	2024-07-22 15:44:57.999617	2024-07-24 16:22:12.636422	pos	dept	worker8@worker.com	9853031234	en
40	3	119	0	2024-07-22 15:44:58.141918	2024-07-24 16:40:37.156521	pos	dept	worker18@worker.com	3254303234	EN
44	166	167	0	2024-07-25 09:13:17.244239	2024-07-25 09:13:31.887095	\N	\N	rewerew@rweer.com	+12342423423	fr
45	170	172	0	2024-07-25 10:14:43.33264	2024-07-25 10:15:23.668568	\N	\N	testtest079@yandex.ru	+19523332214	en
46	170	173	0	2024-07-25 10:26:51.8099	2024-07-25 10:40:58.48951	\N	\N	fa12312312mss09@gmail.com	+11231231321	en
47	170	175	0	2024-07-25 10:49:45.738253	2024-07-25 10:49:45.738253	\N	\N	\N	\N	en
48	176	178	0	2024-07-25 11:28:49.833545	2024-07-25 11:30:56.162077	pos	dept	upd@workker.com	3232456564	de
53	207	210	0	2024-07-25 19:31:28.700344	2024-07-25 19:33:06.625929	\N	\N	ssdfsd00@yandex.ru	13652214700	de
29	3	108	0	2024-07-22 15:44:54.278165	2024-07-25 12:02:28.820652	pos	dept	worker12@worker.com	4562303234	en
54	207	211	0	2024-07-25 19:33:35.758394	2024-07-25 19:33:35.758394	\N	\N	\N	\N	en
55	176	212	0	2024-07-25 19:36:24.531535	2024-07-25 19:36:24.531535	pos	dept	upderer@workrere.com	3232202534	EN
56	216	219	0	2024-07-26 08:56:08.996678	2024-07-26 12:14:32.667159	\N	\N	45456456t@yandex.ru	+11234534543	en
49	176	179	0	2024-07-25 11:31:09.168143	2024-07-25 14:28:35.59609	pos	dept	upd232@workker.com	3232423564	fr
50	194	197	0	2024-07-25 17:37:08.025872	2024-07-25 17:37:08.025872	\N	\N	\N	\N	fr
51	195	198	0	2024-07-25 17:39:30.077301	2024-07-25 17:39:30.077301	\N	\N	\N	\N	de
57	237	239	0	2024-07-26 15:00:59.448455	2024-07-26 15:00:59.448455	\N	\N	\N	\N	en
59	241	242	0	2024-07-26 15:44:19.233273	2024-07-26 15:44:19.233273	\N	\N	\N	\N	en
60	241	243	0	2024-07-26 16:29:05.771234	2024-07-26 16:29:05.771234	\N	\N	\N	\N	de
61	241	244	0	2024-07-26 16:34:36.936527	2024-07-26 16:34:36.936527	\N	\N	\N	\N	en
62	241	245	0	2024-07-26 16:35:39.040275	2024-07-26 16:35:39.040275	\N	\N	\N	\N	en
58	224	240	0	2024-07-26 15:11:47.737516	2024-07-26 16:36:19.210881	\N	\N	dari325656t@yandex.ru	13236595600	en
63	3	261	0	2024-07-29 11:11:05.424924	2024-07-29 11:11:05.424924	pos	dept	worke565r@email.ml	123123320	EN
64	241	262	0	2024-07-29 11:17:23.160097	2024-07-29 11:22:20.573023	pos	dept	upd652@worker.com	3232666634	en
65	3	263	0	2024-07-29 11:23:17.417359	2024-07-29 11:23:40.700557	pos	dept	upd29072465@worker.ru	3272141664	en
67	273	274	0	2024-07-31 16:13:30.377377	2024-07-31 16:13:30.377377	\N	\N	\N	\N	en
68	273	275	0	2024-07-31 16:14:28.022676	2024-07-31 16:14:28.022676	\N	\N	\N	\N	de
32	3	111	0	2024-07-22 15:44:55.467442	2024-07-29 14:06:03.926759	pos	dept	worker4@worker.com	2353031234	EN
69	283	305	0	2024-08-01 23:58:22.118053	2024-08-01 23:58:22.118053	\N	\N	\N	\N	fr
66	283	270	0	2024-07-29 13:35:41.905677	2024-08-02 00:45:25.376841	\N	\N	dar53453565@yandex.ru	15368685555	en
70	283	313	0	2024-08-02 10:39:34.475284	2024-08-02 10:39:34.475284	\N	\N	\N	\N	de
71	\N	316	0	2024-08-02 12:15:19.349306	2024-08-02 12:15:19.349306	pos	dept	worker@email.ml	123123322	EN
72	314	319	0	2024-08-02 12:26:14.511917	2024-08-02 12:26:14.511917	pos	dept	worker@email.hu	133323322	EN
73	314	320	0	2024-08-02 13:46:59.472293	2024-08-02 13:46:59.472293	pos	dept	worker@email888.com	123123789	EN
74	314	321	0	2024-08-02 13:48:24.891826	2024-08-02 13:48:24.891826	pos	dept	worker@email888999.com	123128889	fr
75	314	322	0	2024-08-02 14:06:36.764015	2024-08-02 14:06:36.764015	pos	dept	worker1@sept.hu	3644523548	de
76	342	343	0	2024-09-12 09:24:11.570979	2024-09-12 09:24:11.570979	\N	\N	\N	\N	en
77	315	344	0	2024-09-12 12:32:50.027448	2024-09-12 12:32:50.027448	\N	\N	\N	\N	en
\.


--
-- Data for Name: users; Type: TABLE DATA; Schema: public; Owner: pma
--

COPY public.users (id, email, phone, activation, password, role_id, created_at, updated_at, last_activity, password_recovery_hash, password_recovery_date, password_recovery_type, name, last_name, country, region, city, address, is_worker, gender, deleted_at, "handbookFillings2Id", status, delete_at) FROM stdin;
34	tes13@client.com	123692115	f	$2b$10$5r3kw4mKGt5CH.5Lz1Vp1O/fxPueDebsaCtFMI.XBG8tF5SaMF./y	2	2024-07-22 11:55:27.640964	2024-07-22 11:55:27.640964	\N	\N	\N	\N	Test client 14	\N	RU	Moscow City	36557	\N	f	\N	\N	\N	0	\N
35	tes3@client.com	123692105	f	$2b$10$dg8GMyAc2WHrmhpEoBpMjO1EpOYVhyMT0xv8j/MQgW95T3RoHHrrq	2	2024-07-22 11:55:27.657125	2024-07-22 11:55:27.657125	\N	\N	\N	\N	Test client 4	\N	RU	Moscow City	36557	\N	f	\N	\N	\N	0	\N
36	tes23@client.com	123692125	f	$2b$10$Zs2TT/jWPV3.crXPUeeSl.nbHmL/Ye8hIBCxOaRsCjL0awkhy8PR2	2	2024-07-22 11:55:27.723556	2024-07-22 11:55:27.723556	\N	\N	\N	\N	Test client 24	\N	RU	Moscow City	36557	\N	f	\N	\N	\N	0	\N
5	alanbop@gmail.com	+12332233232	f	$2b$10$udyt9rP0PoXHpdxPfAwO0ueowgl7/GMZ4gmpkNSKSe/TutaiTyqS2	4	2024-07-19 18:14:39.014343	2024-07-19 18:14:39.014343	\N	3DEB	2024-07-19 18:14:39.012	\N	Alan	Pols	AL	\N	\N	\N	t	\N	\N	\N	0	\N
6	niswsa22522@gmail.com	792272132	f	$2b$10$3NFh7DLVoIjZHnX9zYC7keNWu.p6WNcI0lph8/6nzPOqHtbwi7Y4G	1	2024-07-19 18:31:59.155525	2024-07-19 18:31:59.155525	\N	F5F4	2024-07-19 18:31:59.154	\N	Nissan	Tucan	UA	\N	12	\N	f	\N	\N	\N	0	\N
322	sept1@sept.hu	7354698216	f	$2b$10$qNiA75ACERZDBdX.qAS75OtkjAXscoYAjyuWxWq4Cgij6Mf5WAccK	4	2024-08-02 14:06:36.764015	2024-08-02 14:06:36.764015	\N	\N	\N	\N	Sept Worker	\N	RU	\N	\N	\N	t	\N	\N	\N	0	\N
7	niswsa22425@gmail.com	792271132	f	$2b$10$AaIvgSMW4XwjV1kvVn3bleCnOKj9OrE5hbOZ9MpsaWYFegIT9rNIq	1	2024-07-20 14:10:30.112362	2024-07-20 14:10:30.112362	\N	F95A	2024-07-20 14:10:30.107	\N	Nissan	Tucan	UA	\N	12	\N	f	\N	\N	\N	0	\N
1	famss09@gmail.com	38066338838484	t	$2b$10$xO7Gixp0mDqm0OBf13NW7u9kdjisM3alPeCE6zPVBd8rCIwWCY6mq	7	2024-07-19 17:25:46.28654	2024-09-26 15:22:42.803188	2024-09-26 15:22:42.801	\N	\N	\N	Dima	Lider	UA	UA-08	39492	\N	f	\N	\N	\N	0	\N
282	August@test.hu	541321231233	f	$2b$10$DdRtcMR2xyrXqwB.f5hCU.7JdCsDhEUMtvFwn5COF2oe0CkQaNxoy	2	2024-08-01 19:25:34.569619	2024-08-01 22:50:51.148783	\N	789C	2024-08-01 19:25:34.568	\N	August		AR	\N	140	\N	f	\N	\N	\N	0	\N
11	uplo3adtest@client.cl	43243323	f	$2b$10$vLKfSOp5AQmR2ThDgHzDR.fN4qqLWkRCGPdf8Uyjcsx69JPCfgHAe	4	2024-07-20 17:38:40.201923	2024-07-20 17:38:40.201923	\N	\N	\N	\N	Upload client	\N	RU	Moscow City	36557	\N	f	\N	\N	\N	0	\N
12	5uplo3adtest@client.cl	435543434	f	$2b$10$51Zn.hSDzhohhVL7sAQH2ugZGYQAKxpapHCQp.DzZP0lvhx/IXqdi	2	2024-07-20 17:39:47.997169	2024-07-20 17:39:47.997169	\N	\N	\N	\N	Upload client	\N	RU	Moscow City	36557	\N	f	\N	\N	\N	0	\N
304	june@client.hu	1654654654	f	$2b$10$XbwljhyF70xhP9x1enaDIe9hOIPaJZVyAs1V8Lse6pe8Q0SmP353O	2	2024-08-01 23:27:56.514138	2024-08-01 23:27:56.514138	\N	\N	\N	\N	June	\N	PL	Malopolskie	35085	\N	f	\N	\N	\N	0	\N
19	sfadgv@gmail.com	13124245675	f	$2b$10$hsWxflbFrb1Y54xNPz/dh.SAk7gjXwSb99Pf7mC5MheM/P7Odbh4K	6	2024-07-22 08:42:42.209685	2024-07-22 10:01:28.501505	\N	3803	2024-07-22 08:42:42.206	\N	fsdf	adfwef	AL	\N	55	\N	f	\N	\N	\N	1	\N
16	sffs@gmail.com	13524367678	f	$2b$10$nEw5W2beXkqJSBMGfufgzuYszqEz0o6HlgxT/wSJ2YGcydt2MBiYq	6	2024-07-21 12:11:19.536501	2024-07-21 15:53:53.239588	\N	3234	2024-07-21 12:11:19.535	\N	fndkvgjs	dfsdf	AL	\N	54	\N	f	\N	2024-07-21 15:53:53.239588	\N	3	\N
4	herczegz@yahoo.com	79222322232	t	$2b$10$IGy.gfEiYyi/RZ1gLNMpDufFNa68yZP3jjKNGbMyMKGhmJUrCmXbW	3	2024-07-19 18:09:50.004276	2024-09-20 10:12:59.538528	2024-09-20 10:12:59.537	500BEB	2024-08-12 22:00:21.378	\N	Zoltan	Herczegz	UA	\N	12	\N	f	\N	\N	\N	0	\N
13	niswsa22426@gmail.com	792271139	f	$2b$10$1AX4ZHZgxGlRUQs6Qur5le05AlW0fDhrILkXcGGpdclc.LOja8W0q	1	2024-07-21 11:29:09.610767	2024-07-25 17:56:50.838788	\N	9143	2024-07-21 11:29:09.607	\N	Nissan	Tucan	UA	\N	12	\N	f	\N	\N	\N	1	\N
17	fwrf@gmail.com	12345678897	f	$2b$10$XS.rpImBGHZ7Q5oIiWX9we83n6gJmmvzwUPDDduyEPey7EqAfJpQm	6	2024-07-21 15:54:55.639787	2024-07-21 15:56:41.276526	\N	68E0	2024-07-21 15:54:55.617	\N	ljkdfkjldf	dfbdbff	AL	\N	54	\N	f	\N	2024-07-21 15:56:41.276526	\N	3	\N
18	niswsa224210@gmail.com	792273139	f	$2b$10$q6lRNjp/ph0P982RekzEx.JmSNO41ehuWMgpYrrDlJy3Zbbz6QUju	1	2024-07-22 08:25:56.166843	2024-07-22 08:25:56.166843	\N	32A1	2024-07-22 08:25:56.164	\N	Nissan	Tucan	UA	\N	12	\N	f	\N	\N	\N	0	\N
37	tes4@client.com	123692106	f	$2b$10$vczrXYv6WlZb8cCtILXqeOH2h.IDzcGLwWmXH2rJgCrQEim1NKMqy	2	2024-07-22 11:55:28.509145	2024-07-22 11:55:28.509145	\N	\N	\N	\N	Test client 5	\N	RU	Moscow City	36557	\N	f	\N	\N	\N	0	\N
21	wefsfdg@gmail.com	13546542314	f	$2b$10$xvM2Z.K9m9nzUPsRWJnGQu7LnLtypz19q6e9w0bCB4L6CKPQ85PbW	7	2024-07-22 10:08:31.673994	2024-07-22 10:37:02.085943	\N	FA08	2024-07-22 10:08:31.672	\N	sdvfsdfv1234	wsdfgvwfgw	AL	\N	55	\N	f	\N	\N	\N	0	\N
3	petro.fury@gmail.com	13223323225	f	$2b$10$z2bcnB89jWs.Ql7G90TfjOUMEZ40BKguNQysY98N0fbXpBzuPsg3m	2	2024-07-19 18:07:01.45699	2024-07-24 16:05:44.526882	\N	6B5E	2024-07-19 18:07:01.452	\N	TestCompaner		AL	\N	53	\N	f	\N	\N	\N	0	\N
25	tes0@client.com	123692102	f	$2b$10$72K1nOAtroPhf7EHCf6nre8ahxrjRSNJ2tjcxC99NGX5kiscR8niS	2	2024-07-22 11:55:25.2789	2024-07-22 11:55:25.2789	\N	\N	\N	\N	Test client 1	\N	RU	Moscow City	36557	\N	f	\N	\N	\N	0	\N
26	tes20@client.com	123692122	f	$2b$10$1tlUdonnr2xacV5yVzVvpO9zYyNnWaiBGuFGVIh78u/9p/QmYMPAK	2	2024-07-22 11:55:25.300624	2024-07-22 11:55:25.300624	\N	\N	\N	\N	Test client 21	\N	RU	Moscow City	36557	\N	f	\N	\N	\N	0	\N
38	tes24@client.com	123692126	f	$2b$10$/iZO3qT06OVvVWeFriVfl.fXxEj0JXsd/jLfa0dEpdDK63W411kE6	2	2024-07-22 11:55:28.558921	2024-07-22 11:55:28.558921	\N	\N	\N	\N	Test client 25	\N	RU	Moscow City	36557	\N	f	\N	\N	\N	0	\N
27	tes10@client.com	123692112	f	$2b$10$lEQtdIhRihpG28txzzoUz.kyghjPtc8uR4DUZtjlBeTI.Q5u/bKQy	2	2024-07-22 11:55:25.300506	2024-07-22 11:55:25.300506	\N	\N	\N	\N	Test client 11	\N	RU	Moscow City	36557	\N	f	\N	\N	\N	0	\N
33	tes22@client.com	123692124	f	$2b$10$pMrEBaCIycQ06yT4dI1cp.Y/WgDAd5wcflQmuOZqRdK7ZbR.hflqy	2	2024-07-22 11:55:26.932661	2024-07-29 14:06:05.424348	\N	\N	\N	\N	Test client 23	\N	RU	Moscow City	36557	\N	f	\N	\N	\N	0	\N
28	tes11@client.com	123692113	f	$2b$10$jUCk6vGJA16xJbMl/Yo5aukC/2rP3gKqygykZIvjRz0wjikNYJGmW	2	2024-07-22 11:55:26.080731	2024-07-22 11:55:26.080731	\N	\N	\N	\N	Test client 12	\N	RU	Moscow City	36557	\N	f	\N	\N	\N	0	\N
29	tes1@client.com	123692103	f	$2b$10$kUV601LdPImBg25WBrwvG.7yi7qs5XekO2OmV.7nqCqUjEGNZUfYq	2	2024-07-22 11:55:26.104649	2024-07-22 11:55:26.104649	\N	\N	\N	\N	Test client 2	\N	RU	Moscow City	36557	\N	f	\N	\N	\N	0	\N
30	tes21@client.com	123692123	f	$2b$10$n0ubGRNX2BPjoLJLeJug3.Dqzbp8uGfwNbAcDBqU.ZT62/VeZS68e	2	2024-07-22 11:55:26.121357	2024-07-22 11:55:26.121357	\N	\N	\N	\N	Test client 22	\N	RU	Moscow City	36557	\N	f	\N	\N	\N	0	\N
31	tes12@client.com	123692114	f	$2b$10$wf29AJ.fdFLI5fcCCMlJ1.SlEks57S41mmNcHSKQ.MYOwa5I1jq72	2	2024-07-22 11:55:26.862406	2024-07-22 11:55:26.862406	\N	\N	\N	\N	Test client 13	\N	RU	Moscow City	36557	\N	f	\N	\N	\N	0	\N
32	tes2@client.com	123692104	f	$2b$10$Wo.GxKRT7WUamzUzb.Tw6.E1GEN34WR0/kzl4dc2Mk8zTdCIGOmve	2	2024-07-22 11:55:26.930441	2024-07-22 11:55:26.930441	\N	\N	\N	\N	Test client 3	\N	RU	Moscow City	36557	\N	f	\N	\N	\N	0	\N
39	tes14@client.com	123692116	f	$2b$10$BI4HQetkALZwRzQOEaMigue3hwGVV7ucNzRjjMTPVDSXcyc6Evqru	2	2024-07-22 11:55:28.530324	2024-07-22 11:55:28.530324	\N	\N	\N	\N	Test client 15	\N	RU	Moscow City	36557	\N	f	\N	\N	\N	0	\N
40	tes5@client.com	123692107	f	$2b$10$T5RonqdDHPyCNgyhNGXqBeNXtFvZl88oV5B/eB2MXw/oTs9o64Khu	2	2024-07-22 11:55:29.242773	2024-07-22 11:55:29.242773	\N	\N	\N	\N	Test client 6	\N	RU	Moscow City	36557	\N	f	\N	\N	\N	0	\N
41	tes25@client.com	123692127	f	$2b$10$mNgonhy1UOVFs1feBit/QuG9JHgQKILtMKX.u9tJC5Ks.NTcjL1AS	2	2024-07-22 11:55:29.287156	2024-07-22 11:55:29.287156	\N	\N	\N	\N	Test client 26	\N	RU	Moscow City	36557	\N	f	\N	\N	\N	0	\N
20	testmsp@user.com	1231231213	f	$2b$10$/eYpbIalWqqgoc8l2OyJWOc5LOwBdaNLOZqZYhSSrWlSI3icG0GR6	6	2024-07-22 10:01:12.837635	2024-07-22 16:16:36.29499	\N	61BA	2024-07-22 10:01:12.835	\N	New	MSP	HU	\N	25919	\N	f	\N	\N	\N	0	\N
314	sept@client.hu	1654654653	f	$2b$10$05.HaQDTSXFezocZNburWe5mWZYkP37R0fDucrEiC4em8yaU75n6C	2	2024-08-02 12:07:14.29022	2024-08-02 12:07:14.29022	\N	\N	\N	\N	Sept	\N	HU	Szeged	25916	\N	f	\N	\N	\N	0	\N
23	basq@bitklub.hu	36305692431	t	$2b$10$zLI1N1mlPF4fJI/RDEBFIuPxyr6KSeX3b5gfApPFxQY18yUlitkUG	7	2024-07-22 10:37:41.086156	2024-08-13 11:38:34.501435	2024-08-13 11:38:34.498	\N	\N	\N	Balazs	Kovacs	HU	HU-16	25801	\N	f	\N	\N	\N	0	\N
15	sdfsg@gmail.com	12346677889	f	$2b$10$.AwACH1W/s1OxUM4DpOzpezr4kuLRs.Nrd9VXnaMhLRrbk.8vCbRa	6	2024-07-21 12:10:10.3108	2024-07-24 15:31:05.186513	\N	B412	2024-07-21 12:10:10.308	\N	dfadf	adaqdf	AL	\N	55	\N	f	\N	2024-07-24 15:31:05.186513	\N	3	\N
9	uploadtest@client.cl	432432423	f	$2b$10$G4gHsv7BhAdWAeJwJmcLeeiEckn2QMbv0WMtdqMa1LyrUr1ryzhn6	2	2024-07-20 17:27:26.310098	2024-07-29 14:06:05.930658	\N	\N	\N	\N	Upload client	\N	RU	Moscow City	36557	\N	f	\N	\N	\N	0	\N
42	tes15@client.com	123692117	f	$2b$10$7MPSWF02LgpyW3DYSlBH6uWdMbxCLUf2IBRYawyrGyhSWA7nRxmSq	2	2024-07-22 11:55:29.293689	2024-07-22 11:55:29.293689	\N	\N	\N	\N	Test client 16	\N	RU	Moscow City	36557	\N	f	\N	\N	\N	0	\N
43	tes6@client.com	123692108	f	$2b$10$68g5ED4/Xggp34mkkykCqO.2km1B6bnq.RO0KWj3kRVEzDT8Rl0OG	2	2024-07-22 11:55:29.962975	2024-07-29 14:06:04.923782	\N	\N	\N	\N	Test client 7	\N	RU	Moscow City	36557	\N	f	\N	\N	\N	0	\N
340	fvskmf@gmail.com	76543234567	f	$2b$10$EuIv15PlLkHtnegWO3Z0V.0dQimGKmLw24p5fgA7OzO19w9RaHGty	2	2024-08-14 16:48:45.221896	2024-08-14 16:48:45.244133	\N	CA13	2024-08-14 16:48:45.22	\N	fjsjkdlfsjkvjnkldvfkljdvjlkdlnjkvlwdv		AL	\N	54	\N	f	\N	\N	\N	0	\N
305	Franciakapcsolat@emil.hu	+33123123123	f	$2b$10$KAsWKlyVHdnS8QF9CGHAVORP8s25ynqGFiCc4GG.6/SL1EmuwBZL6	4	2024-08-01 23:58:21.961404	2024-08-01 23:58:46.180285	\N	9A9E	2024-08-01 23:58:21.959	\N	Francia	Kapcsolat	FR	\N	\N	\N	t	\N	\N	\N	1	\N
283	McHowever@mail.uk	441231231232	f	$2b$10$oDmWMSOCYIJVkalcYX9.Re.pp/Yc07UhkVn5nAJP1rzagPA4zpHJO	2	2024-08-01 19:35:39.547508	2024-08-02 00:11:05.558988	\N	3EF9	2024-08-01 19:35:39.546	\N	July		GB	\N	22357	\N	f	\N	\N	\N	1	\N
315	oct@client.hu	1654654652	f	$2b$10$0XAsWzEbObj9Hw7vnoejUO.bXKTXAHE.bIiUzP1ftghBbQ6kCBnC6	2	2024-08-02 12:07:14.532186	2024-08-02 12:07:14.532186	\N	\N	\N	\N	Oct	\N	HU	Debrecen	25917	\N	f	\N	\N	\N	0	\N
330	basq9@bitklub.hu	16546546548	f	$2b$10$aLj2XX577gLKb68S/DZgEOzWTdN5Toja.gQLjjWF39IU2Y3v601Ma	6	2024-08-09 18:25:50.675307	2024-08-09 18:46:19.048231	\N	1B65	2024-08-09 18:25:50.673	\N	John		AL	\N	54	\N	f	\N	2024-08-09 18:46:19.048231	\N	3	\N
2	daryapristavkina@yandex.ru	9618950953	f	$2b$10$WUod9XvqvZiKKgQgx0pKZeCs3HBkeZXUIMgQROkXuRvrI4kWWUjoi	1	2024-07-19 17:44:59.101111	2024-09-04 14:25:38.684192	2024-09-04 14:24:51.879	E8B3	2024-07-19 17:44:59.099	\N	Daria	Pristavkina	AF	AF-03	34	\N	f	\N	\N	\N	0	\N
339	testte2@yandex.ru	03536566565	f	$2b$10$AXKlrS.gyTPjhkihy26kYeymaaoOIvJtpnW5A85xMT7Py5BTwRTtS	6	2024-08-13 16:30:56.020468	2024-08-13 20:18:00.816392	\N	B6A8	2024-08-13 16:30:56.019	\N	Daria		AF	\N	34	\N	f	\N	\N	\N	0	\N
44	tes26@client.com	123692128	f	$2b$10$IrfCxb5tERi5gEELnnSHuOQn0XKfMAz/Pmh2rnsrvHl9n26cXebrS	2	2024-07-22 11:55:30.011139	2024-07-22 11:55:30.011139	\N	\N	\N	\N	Test client 27	\N	RU	Moscow City	36557	\N	f	\N	\N	\N	0	\N
307	franciagéza@july.hu	3232142340	f	$2b$10$3Mi8uRKRgK4W2XX8rr2bd.w0Hc0sJNg3znf5o09FeRm4ShDnehFhK	4	2024-08-02 00:07:59.301221	2024-08-02 00:07:59.301221	\N	\N	\N	\N	Francia Géza	\N	\N	\N	\N	\N	f	\N	\N	\N	0	\N
316	upd@worker.wr	3232141230	f	$2b$10$Xw/9v/HIy03jm0C2NJcWX.XBxU0BwgBO902iHB0RD.4IG4mbI7AmC	4	2024-08-02 12:15:19.349306	2024-08-02 12:18:33.109827	\N	\N	\N	\N	New worker	\N	HU	\N	\N	\N	t	\N	2024-08-02 12:18:33.109827	\N	3	\N
341	radisavljevic.alexander@gmail.com	8184752196	f	$2b$10$Uv4QTk515swF7R/ehKq17u./VFFxIP2TPdtm59lJ3CKH2n.O9kXFO	7	2024-09-10 11:02:51.640259	2024-09-16 19:48:34.039157	2024-09-16 19:48:34.033	CF52	2024-09-10 11:02:51.637	\N	Aleksandar	Radisavljevic	DZ	DZ-01	14783	\N	f	\N	\N	\N	0	\N
349	lionshilov@yandex.ru	79996193287	f	$2b$10$yCmLsT3kSyAKZfZMFHCcs.WZetqhyQQHoqs8EJ1i6qUd81DUARaT2	1	2024-09-26 14:15:15.698068	2024-09-26 14:15:15.723189	\N	2EF4	2024-09-26 14:15:15.693	\N	Lion	Shilov	RU	RU-75	37824	\N	f	\N	\N	\N	0	\N
331	da4564556@yandex.ru	15656556555	f	$2b$10$mKRJ.Dk3LiT5zoeW5NBChec.pkn4NSUVWcr04Gsk0Myi1cJk5.jO6	6	2024-08-13 12:07:20.926442	2024-08-13 12:07:30.013495	\N	FF73	2024-08-13 12:07:20.924	\N	Daria	Pristavkina	AF	\N	34	\N	f	\N	2024-08-13 12:07:30.013495	\N	3	\N
323	zh@phantomshopping.hu	0036309063737	t	$2b$10$38XOk6H7/IHzrKs5yMN2mukJxGOlG7kSUTZdmfak/h4vQh5w3F5tG	1	2024-08-06 09:58:06.005518	2024-08-13 12:31:39.888433	2024-08-13 12:31:39.885	\N	\N	\N	Zoltan	Herczeg	HU	HU-05	25919	\N	f	\N	\N	\N	1	\N
45	tes16@client.com	123692118	f	$2b$10$8qkWNUQ4eLWPa./Gpz.0.upJ7SVeXFigfWr8vPz3zM8oEPbZIdM7O	2	2024-07-22 11:55:30.017531	2024-07-22 11:55:30.017531	\N	\N	\N	\N	Test client 17	\N	RU	Moscow City	36557	\N	f	\N	\N	\N	0	\N
48	tes17@client.com	123692119	f	$2b$10$LJ44WaZ6IJWfn3qWcpi8cuJBxXfv8rHZo8TaMg/7hcLFfhpCwIqxC	2	2024-07-22 11:55:30.858466	2024-07-22 11:55:30.858466	\N	\N	\N	\N	Test client 18	\N	RU	Moscow City	36557	\N	f	\N	\N	\N	0	\N
49	tes8@client.com	123692110	f	$2b$10$otZDJJQcnzb2B9wVGs7nN./XOwQU/lLeqdrUBuvbsD6rpjwNdn0vS	2	2024-07-22 11:55:31.408202	2024-07-22 11:55:31.408202	\N	\N	\N	\N	Test client 9	\N	RU	Moscow City	36557	\N	f	\N	\N	\N	0	\N
308	franciakulcs@july.hu	1231231234	f	$2b$10$c5NS4zY6iYjIX1cMlRh3EOaTnhNh7zFRrBU9dqF1rR4p1ebpA3VxK	4	2024-08-02 00:07:59.415328	2024-08-02 00:07:59.415328	\N	\N	\N	\N	Francia Kulcs	\N	HU	\N	\N	\N	f	\N	\N	\N	0	\N
170	dariamist@yandex.ru	13214569888	f	$2b$10$Lb9I5EnvYW0kqTF5y27ySuDY/AshmEYIVzuw0Y6WyB5B0oyLfyyma	2	2024-07-25 09:55:41.252887	2024-09-09 16:45:17.32414	2024-08-09 08:55:03.537	6CB6	2024-07-25 09:55:41.251	\N	Daria		AL	\N	56	\N	f	\N	\N	\N	0	\N
332	zoltan.herczeg@activate.hu	0036309063718	t	$2b$10$Uc52K.2twnD/VmQJLjnCy.UwUXgFF5tmpwAXMfqYZnqQsfJk/n9jS	1	2024-08-13 12:35:38.637123	2024-09-27 12:07:51.662673	2024-09-27 12:07:51.66	\N	\N	\N	Zoltan	Herczeg	HU	HU-05	25919	\N	f	\N	\N	\N	0	\N
46	tes7@client.com	123692109	f	$2b$10$ZOKXEVAQe3PHuJW/MEvIjuVKbBuln/.iVwDkQ18DiZClPUPFe6Qsi	2	2024-07-22 11:55:30.69134	2024-07-22 11:55:30.69134	\N	\N	\N	\N	Test client 8	\N	RU	Moscow City	36557	\N	f	\N	\N	\N	0	\N
47	tes27@client.com	123692129	f	$2b$10$.KcyCRWPZjfa8i83Va3kb.EYLPA/R42ZpbehFBIydypzrdgi4umZi	2	2024-07-22 11:55:30.810113	2024-07-22 11:55:30.810113	\N	\N	\N	\N	Test client 28	\N	RU	Moscow City	36557	\N	f	\N	\N	\N	0	\N
50	tes28@client.com	123692130	f	$2b$10$cZNW5SI3UEy6Rq2BwrAOMu.cxb9Amx3yTNDBJ9Ou6C8RA5a2bQ0Zm	2	2024-07-22 11:55:31.542612	2024-07-22 11:55:31.542612	\N	\N	\N	\N	Test client 29	\N	RU	Moscow City	36557	\N	f	\N	\N	\N	0	\N
51	tes18@client.com	123692120	f	$2b$10$VM3zd7Ay9nFrC.yaiHQ6H.dHo7NIc57MBUHVUEUXaBx0RfUuhYNSq	2	2024-07-22 11:55:31.599727	2024-07-22 11:55:31.599727	\N	\N	\N	\N	Test client 19	\N	RU	Moscow City	36557	\N	f	\N	\N	\N	0	\N
53	tes19@client.com	123692121	f	$2b$10$xhAvkT16BPoQBHoEP4qfU.bYu0AJ07/hltB/Dy1TBu2ulhqeHN/ri	2	2024-07-22 11:55:32.412993	2024-07-22 11:55:32.412993	\N	\N	\N	\N	Test client 20	\N	RU	Moscow City	36557	\N	f	\N	\N	\N	0	\N
324	quantum@ya.com	14345656565	f	$2b$10$A6gW8zSSWByd6Cx/4QusPOS6dv12nz6RsUaGQHCeGGKhVnbfWKtQm	6	2024-08-09 11:22:37.652693	2024-08-09 17:46:26.500248	\N	327C	2024-08-09 11:22:37.651	\N	erer	erer	AX	\N	4572	\N	f	\N	\N	\N	0	\N
333	d545454@yandex.ru	16565421211	f	$2b$10$Sz/p/QYEiZOX9PdOiGn9wOS5BJT1KlMUMEewqSoc5pn7HhpCNafMm	6	2024-08-13 12:42:50.646212	2024-08-13 13:59:42.959275	\N	7132	2024-08-13 12:42:50.644	\N	Daria	Pristavkina	AF	\N	34	\N	f	\N	\N	\N	0	\N
52	tes9@client.com	123692111	f	$2b$10$gA.6zrzmI0MnH/En3SxQbOZgzpqFw8w4XKRnxT9IH.hGnT8Ajj1pm	2	2024-07-22 11:55:32.143304	2024-07-22 11:55:32.143304	\N	\N	\N	\N	Test client 10	\N	RU	Moscow City	36557	\N	f	\N	\N	\N	0	\N
55	fgd@gmail.com	1345643245	f	$2b$10$3I9D7v13V4EW3YTVhlkbSewkt2/VYuhJWHpfIZGwrTqY/FYkaaLSy	6	2024-07-22 13:29:14.75991	2024-07-22 13:29:14.75991	\N	996E	2024-07-22 13:29:14.75	\N	sdvfsdf	adfaf	AL	\N	54	\N	f	\N	\N	\N	0	\N
56	fgrfgewd@gmail.com	14565432456	f	$2b$10$fMrn37ELTRvAQRtJuloIqOYv0AzYWHqteypmGlSoqzAioDEX2/t0u	6	2024-07-22 14:14:55.727502	2024-07-22 14:14:55.727502	\N	666D	2024-07-22 14:14:55.723	\N	fjhvhe	dfjfjhf	AL	\N	54	\N	f	\N	\N	\N	0	\N
57	fghgfds@gmail.com	13453255435	f	$2b$10$ZmIsY/7BDc8QJiTZsp25cuo8S0GsnsgpLKwXCe95ahDSKx9Jsq/I6	6	2024-07-22 14:16:04.714381	2024-07-22 14:16:04.714381	\N	9AF6	2024-07-22 14:16:04.71	\N	dfsvca	csdvf	AL	\N	54	\N	f	\N	\N	\N	0	\N
58	df@fgmail.com	76543212345	f	$2b$10$HAcaa198pmedgsmrUUYwrOxaT9tUA9LXkqY6zLZR1D9JVHT33fiYC	6	2024-07-22 14:33:07.513769	2024-07-22 14:33:07.513769	\N	C1A9	2024-07-22 14:33:07.509	\N	sdvsfvsdvv	sdvsfvd	AL	\N	54	\N	f	\N	\N	\N	0	\N
59	fghgfd@gmail.com	678765432345678	f	$2b$10$eTO4ZysLfiCswje6Ia9JfOXU4Xq1CyY.TeuEkREtVt9B/1DIeIOpG	6	2024-07-22 14:36:00.739818	2024-07-22 14:36:00.739818	\N	A8E8	2024-07-22 14:36:00.737	\N	fdsdfsdf	sdfsdf	AL	\N	55	\N	f	\N	\N	\N	0	\N
344	fdgsdg@gmail.com	+15959959599	f	$2b$10$56PbS8YZ30Cm3NGKN8DsRey2LNdVfKO1DGNEmZW8RZgRZjlA4bVdC	4	2024-09-12 12:32:49.925675	2024-09-12 12:32:49.946146	\N	315D	2024-09-12 12:32:49.923	\N	ertgsdg	dgsdg	DZ	\N	\N	\N	t	\N	\N	\N	0	\N
319	upd@july.hu	3232141440	f	$2b$10$nwpWxk1FMIRyarX1odmHEuiJEPbB4jICumf.6Dl.vl76qu.Ug7ZMy	4	2024-08-02 12:26:14.511917	2024-08-02 12:26:14.511917	\N	\N	\N	\N	New worker	\N	HU	\N	\N	\N	t	\N	\N	\N	0	\N
325	mezgageza@user.com	1236541213	f	$2b$10$WT0DIhOBSkndHnOKsYzc.uSIw9yoj/eATYHcskFnm6YziEZ.VX1ym	6	2024-08-09 17:32:16.554778	2024-08-09 17:32:16.565162	\N	84E1	2024-08-09 17:32:16.553	\N	Géza	Mézga	HU	\N	25919	\N	f	\N	\N	\N	0	\N
79	ertyhjhgf@gmail.com	15678765432	f	$2b$10$gU/lFGzYXx4qZFZWtoKvE.MBvL.tOtALTbCoJaPcOW1O69Ado4uW6	6	2024-07-22 14:44:17.810365	2024-07-22 14:44:17.810365	\N	EF88	2024-07-22 14:44:17.808	\N	Test creat	dghgfds	AL	\N	55	\N	f	\N	\N	\N	0	\N
80	upd19@worker.com	3254356544	f	$2b$10$OhJ5AXpCNnWjzHi50FnuWuh178ZxZMdX/pQ.gc8QtDE75jYXkm8lK	4	2024-07-22 14:48:14.461587	2024-07-22 14:48:14.461587	\N	\N	\N	\N	New worker 20	\N	HU	\N	\N	\N	t	\N	\N	\N	0	\N
81	upd2@worker.com	8962141234	f	$2b$10$f0qsU9lxEw3gmoE/FqKuRuhl3j0Rr2s6f3anwxhOYvt4DGBnsXK5W	4	2024-07-22 14:48:15.465145	2024-07-22 14:48:15.465145	\N	\N	\N	\N	New worker 2	\N	HU	\N	\N	\N	t	\N	\N	\N	0	\N
78	rtgf@gmail.com	14565434567	f	$2b$10$M9zLms0YJHl9QOZyF4u7DubL5lbZ0gT.41EMFpGhsQW6eTNr2.TUO	6	2024-07-22 14:42:22.679752	2024-07-22 16:17:17.924191	\N	1B53	2024-07-22 14:42:22.676	\N	sdfsdf	sdfsdf	AL	\N	55	\N	f	\N	\N	\N	0	\N
54	tes29@client.com	123692131	f	$2b$10$FWFwhix7tyPODwzQtD9Co.E6dcF0TPFuM2WIbf63S7pxkH82jfWZC	2	2024-07-22 11:55:32.402158	2024-07-29 14:06:04.424982	\N	\N	\N	\N	Test client 30	\N	RU	Moscow City	36557	\N	f	\N	\N	\N	0	\N
334	da546455@yandex.ru	12355666888	f	$2b$10$m2G2ReJtToXCFU7cLOnuieBUop2VX6SNs/.97TZRh7h6eL.C8wHCO	6	2024-08-13 14:01:13.383252	2024-08-13 15:32:21.632998	\N	A02E	2024-08-13 14:01:13.381	\N	Daria	Pristavkina	AF	\N	34	\N	f	\N	2024-08-13 15:32:21.632998	\N	3	\N
61	upd0@worker.wr	3232141234	f	$2b$10$4VvEfnEIuSb9ZsA5Np1pVurvKs4yX26EwrkyXgMe9a/NvI07LFBvG	2	2024-07-22 14:41:58.319783	2024-07-22 14:50:12.790045	\N	\N	\N	\N	New worker 1	\N	HU	\N	\N	\N	t	\N	2024-07-22 14:50:12.790045	\N	3	\N
60	upd10@worker.wr	5736141234	f	$2b$10$OECJ4YA.TOy0igRa6AP4nuVSk/t0UAH7OU0wFUp54PheaFzn3BKUe	2	2024-07-22 14:41:58.327602	2024-07-22 14:50:12.790045	\N	\N	\N	\N	New worker 11	\N	HU	\N	\N	\N	t	\N	2024-07-22 14:50:12.790045	\N	3	\N
63	upd11@worker.wr	7596141234	f	$2b$10$R0TLD.NthcTFZBTLgf/phO2ky1z7Cz/DWl5xyzJ/hFUW4DBpep7Jq	2	2024-07-22 14:41:59.026197	2024-07-22 14:50:12.790045	\N	\N	\N	\N	New worker 12	\N	HU	\N	\N	\N	t	\N	2024-07-22 14:50:12.790045	\N	3	\N
62	upd1@worker.wr	3232787234	f	$2b$10$lvOsr6/YuGGc94esx5etGuL9UpCFJ2DCqRBLDSNveCaYKaE8krkom	2	2024-07-22 14:41:59.035981	2024-07-22 14:50:12.790045	\N	\N	\N	\N	New worker 2	\N	HU	\N	\N	\N	t	\N	2024-07-22 14:50:12.790045	\N	3	\N
64	upd12@worker.wr	4562141234	f	$2b$10$lEpjcboiezw1k0ybmKGPj.fi/Hgc4rTK8kul5FmcV/SMuN5lbiEo.	2	2024-07-22 14:41:59.746005	2024-07-22 14:50:12.790045	\N	\N	\N	\N	New worker 13	\N	HU	\N	\N	\N	t	\N	2024-07-22 14:50:12.790045	\N	3	\N
66	upd13@worker.wr	1238141234	f	$2b$10$AKZftxqOusW1Hlbvel1k8..eNl7okPVOPH0wSdGOv5a8ePU3JdcnG	2	2024-07-22 14:42:00.358516	2024-07-22 14:50:12.790045	\N	\N	\N	\N	New worker 14	\N	HU	\N	\N	\N	t	\N	2024-07-22 14:50:12.790045	\N	3	\N
65	upd3@worker.wr	5462141234	f	$2b$10$C6lM8I5QSgsomwxF8Cn3..IkkeKep0GeXtbyqLzDWxK9aS0alHLkK	2	2024-07-22 14:42:00.246748	2024-07-22 14:50:12.790045	\N	\N	\N	\N	New worker 4	\N	HU	\N	\N	\N	t	\N	2024-07-22 14:50:12.790045	\N	3	\N
67	upd4@worker.wr	2354141234	f	$2b$10$qUZRS7qgsXi8K/5BjGc5T.5KegO/4UKoOEFZMuzbkA2x3pUjic2Kq	2	2024-07-22 14:42:00.851248	2024-07-22 14:50:12.790045	\N	\N	\N	\N	New worker 5	\N	HU	\N	\N	\N	t	\N	2024-07-22 14:50:12.790045	\N	3	\N
68	upd14@worker.wr	7562141234	f	$2b$10$zV4kTTS/PuIX6PY/xK9zpemOIv8Ty2Hyc9pi2ly0qktwdJazAPEcq	2	2024-07-22 14:42:00.960821	2024-07-22 14:50:12.790045	\N	\N	\N	\N	New worker 15	\N	HU	\N	\N	\N	t	\N	2024-07-22 14:50:12.790045	\N	3	\N
69	upd5@worker.wr	1234141234	f	$2b$10$HwLHbx8aWVET2g4RcIrCGO8vpVs/o.w4ajipxrBmqSPBB.1JT3O2m	2	2024-07-22 14:42:01.462412	2024-07-22 14:50:12.790045	\N	\N	\N	\N	New worker 6	\N	HU	\N	\N	\N	t	\N	2024-07-22 14:50:12.790045	\N	3	\N
70	upd15@worker.wr	3452341234	f	$2b$10$NAvK1V3RfHilFz3WJNze9u3xe3SNVpBYEE9mlaHndAXp9vMtTdsT.	2	2024-07-22 14:42:01.626101	2024-07-22 14:50:12.790045	\N	\N	\N	\N	New worker 16	\N	HU	\N	\N	\N	t	\N	2024-07-22 14:50:12.790045	\N	3	\N
71	upd6@worker.wr	1235141234	f	$2b$10$jwsu07krSH0PZebAmCLqFuasuNF.4poRbt5Xofi3SrRPdhsuKzWje	2	2024-07-22 14:42:02.066914	2024-07-22 14:50:12.790045	\N	\N	\N	\N	New worker 7	\N	HU	\N	\N	\N	t	\N	2024-07-22 14:50:12.790045	\N	3	\N
72	upd16@worker.wr	3245688634	f	$2b$10$RW4gT0X.d8qQnKrqAFwPku2qp/SEM5iaSpHwohpB8vTpaeCMekqbO	2	2024-07-22 14:42:02.237106	2024-07-22 14:50:12.790045	\N	\N	\N	\N	New worker 17	\N	HU	\N	\N	\N	t	\N	2024-07-22 14:50:12.790045	\N	3	\N
73	upd7@worker.wr	6854141234	f	$2b$10$uD1zbrJzDs.V.g1UgGDuUO2qlMujJV.SRB536hJjzvv0xqOJey.2e	2	2024-07-22 14:42:02.709471	2024-07-22 14:50:12.790045	\N	\N	\N	\N	New worker 8	\N	HU	\N	\N	\N	t	\N	2024-07-22 14:50:12.790045	\N	3	\N
74	upd17@worker.wr	3245656554	f	$2b$10$sJ.22PgWByrVNXGWm1yCOOnaB1B/Qi6iuWlqMoffBTwkaY1g8RKii	2	2024-07-22 14:42:02.849712	2024-07-22 14:50:12.790045	\N	\N	\N	\N	New worker 18	\N	HU	\N	\N	\N	t	\N	2024-07-22 14:50:12.790045	\N	3	\N
75	upd8@worker.wr	9852141234	f	$2b$10$b1iA3Ah69ZSfqlA9d62KqeUEskqsohx25M/zu5WCC0hWugSNESAX6	2	2024-07-22 14:42:03.358807	2024-07-22 14:50:12.790045	\N	\N	\N	\N	New worker 9	\N	HU	\N	\N	\N	t	\N	2024-07-22 14:50:12.790045	\N	3	\N
76	upd18@worker.wr	3254152234	f	$2b$10$ts7CSBiSNCKolHG71RK5hO3RxuDWToUVIQUN2oYo8POPKaSGZ34La	2	2024-07-22 14:42:03.448694	2024-07-22 14:50:12.790045	\N	\N	\N	\N	New worker 19	\N	HU	\N	\N	\N	t	\N	2024-07-22 14:50:12.790045	\N	3	\N
77	upd19@worker.wr	3254186534	f	$2b$10$DYBu2GzBp9f8Goe.qzK9FetRLh0k/M5MxI5ZWSYqXC1R9MEqvEfRy	2	2024-07-22 14:42:04.051579	2024-07-22 14:50:12.790045	\N	\N	\N	\N	New worker 20	\N	HU	\N	\N	\N	t	\N	2024-07-22 14:50:12.790045	\N	3	\N
345	bondarenkosergey1950@gmail.com	33222343243	f	$2b$10$f5ptyFKU1.i8Sr1FFId7D.DaYxwCbJKJjdVMi9BDxmZmgpRu3JG52	2	2024-09-12 13:01:33.807137	2024-09-16 20:07:18.720365	\N	658E	2024-09-12 13:01:33.805	\N	CompanyNew12.09		AL	\N	63	\N	f	\N	\N	\N	0	\N
10	upd2@worker.wr	234234234234	f	$2b$10$.sdbUQEOhmwxyBjqUrwpVOvQEd0XtEiv958UyTFA/Zk2KlP0Wn9rC	2	2024-07-20 17:38:08.479314	2024-07-22 14:51:46.167966	\N	\N	\N	\N	New worker	\N	HU	\N	\N	\N	t	\N	2024-07-22 14:51:46.167966	\N	3	\N
100	dfg@gmail.com	14567654345	f	$2b$10$qNG/KilieQLnKj.3zdlkGeRiUYhZrU663jU34eXdqP4q3ydqf/I4W	6	2024-07-22 15:38:23.850223	2024-07-22 15:38:23.850223	\N	D37A	2024-07-22 15:38:23.848	\N	dfgfdcv	cvfdcvf	AL	\N	56	\N	f	\N	\N	\N	0	\N
101	dfgddd@gmail.com	14567876543	f	$2b$10$zxNKBsACWzPZMsQ7njca7uoXYqe6J4H5hsa/kVThquExr3xzoe7hm	6	2024-07-22 15:39:56.868085	2024-07-23 16:39:56.451546	\N	3028	2024-07-22 15:39:56.867	\N	fdf	cfd	AL	\N	55	\N	f	\N	2024-07-23 16:39:56.451546	\N	3	\N
102	worker0@worker.com	3233031234	f	$2b$10$wTXFGeal/HjuWkrwDayYOeEizChBXl1Hqe4GYb5gCY6KhAKdhSNZW	2	2024-07-22 15:44:52.793402	2024-07-22 15:44:52.793402	\N	\N	\N	\N	New worker 	\N	HU	\N	\N	\N	t	\N	\N	\N	0	\N
103	worker10@worker.com	5733031234	f	$2b$10$Ce5GVHkTtb5y.9IFwdjbtu9ESdTHqFvTzjfeSWjiANmM77pRkiF4y	2	2024-07-22 15:44:52.800745	2024-07-22 15:44:52.800745	\N	\N	\N	\N	New worker 10	\N	HU	\N	\N	\N	t	\N	\N	\N	0	\N
104	worker19@worker.com	3254303544	f	$2b$10$5ucvQE6M79itcsLtDrRb/uPQs4D/QAp8sMW0q5KcCGpxZUU98rF8G	2	2024-07-22 15:44:52.800863	2024-07-22 15:44:52.800863	\N	\N	\N	\N	New worker 20	\N	HU	\N	\N	\N	t	\N	\N	\N	0	\N
105	worker1@worker.com	3233037234	f	$2b$10$dNNpLXB0PNB.DlCQxmm3ru8wUXruSbAGWtFnRYgUVggS/FtbC9jIi	2	2024-07-22 15:44:53.568814	2024-07-22 15:44:53.568814	\N	\N	\N	\N	New worker 1	\N	HU	\N	\N	\N	t	\N	\N	\N	0	\N
106	worker11@worker.com	7593031234	f	$2b$10$U0SDFgQr4u/qc7WWsPmoeeaqp0JNcsdIhQnWIMNK2EshcwIe9C2Pm	2	2024-07-22 15:44:53.569721	2024-07-22 15:44:53.569721	\N	\N	\N	\N	New worker 11	\N	HU	\N	\N	\N	t	\N	\N	\N	0	\N
107	worker2@worker.com	8963031234	f	$2b$10$70vHm77gCn8mDPjLWxVRZuembbHPay4rw8d1V8V8NqA.ztOiDzRyG	2	2024-07-22 15:44:54.216214	2024-07-22 15:44:54.216214	\N	\N	\N	\N	New worker 2	\N	HU	\N	\N	\N	t	\N	\N	\N	0	\N
109	worker3@worker.com	5463031234	f	$2b$10$Fketn2LkGsIVvDdD23LcAerddVWyfR7CIKHCNks4YqjOCAo23aCca	2	2024-07-22 15:44:54.852519	2024-07-22 15:44:54.852519	\N	\N	\N	\N	New worker 3	\N	HU	\N	\N	\N	t	\N	\N	\N	0	\N
113	worker5@worker.com	1233031234	f	$2b$10$unf6VEj2HFQpDflCZ0b7cODrPiD41gdgsk3fdBin9n2W5r9kEWH2S	2	2024-07-22 15:44:56.101488	2024-07-22 15:44:56.101488	\N	\N	\N	\N	New worker 5	\N	HU	\N	\N	\N	t	\N	\N	\N	0	\N
114	worker15@worker.com	3452303234	f	$2b$10$fDF/ICDQxujgEZtiFM9Rz.KLbcGWFdCqzyX2XTwWYGDjNejWgDnHC	2	2024-07-22 15:44:56.127281	2024-07-22 15:44:56.127281	\N	\N	\N	\N	New worker 15	\N	HU	\N	\N	\N	t	\N	\N	\N	0	\N
115	worker16@worker.com	3245303634	f	$2b$10$SaGQFdA4ITvYvKSVubzVLugTxTweVmb8HHbm3ALqDCqgULMb1RDSq	2	2024-07-22 15:44:56.857421	2024-07-22 15:44:56.857421	\N	\N	\N	\N	New worker 16	\N	HU	\N	\N	\N	t	\N	\N	\N	0	\N
117	worker17@worker.com	3245303554	f	$2b$10$A208gtmJDNjkG/9IAuDTMe/jRxDsB2hyum3ZZhLQHWoQmYyB0QF4.	2	2024-07-22 15:44:57.493613	2024-07-22 15:44:57.493613	\N	\N	\N	\N	New worker 17	\N	HU	\N	\N	\N	t	\N	\N	\N	0	\N
121	11ewrwe21@madk.com	11232233232	f	$2b$10$wki.WKeqhDYH4LbOLeHmQOj2dM8qPp58N0XVS2/WnPTfTNoC.w/.S	6	2024-07-22 15:45:10.180677	2024-07-23 14:31:21.80758	\N	E04E	2024-07-22 15:45:10.179	\N	Ttett	weewwe	AL	\N	56	\N	f	\N	2024-07-23 14:31:21.80758	\N	3	\N
118	worker8@worker.com	9853031234	f	$2b$10$yMqTgYmuc/YYfSBFlXCQJOOh//6dvp1ii0nyDyTpZFzJVO6ZhIkLC	2	2024-07-22 15:44:57.999617	2024-07-24 16:22:12.632563	\N	\N	\N	\N	New worker 8		HU	\N	25663	\N	t	\N	\N	\N	0	\N
126	fvsdlkjnmvsjk@gmail.com	567564352411345	f	$2b$10$JOLQcqBwPjfXTuOQbvHfEe2N6L5GfTTMDc9qHF4ejPoRh0rm3qk/G	6	2024-07-22 16:35:20.596031	2024-07-22 16:48:20.716055	\N	3934	2024-07-22 16:35:20.594	\N	New	adfcad	AL	\N	54	\N	f	\N	2024-07-22 16:48:20.716055	\N	3	\N
122	werewrw@mail.com	12342343223	f	$2b$10$BPobQ6EtwW8wQyHpDkF3NejxLv8H1pzfeymOAbU7fyctIvC.yzZoy	6	2024-07-22 15:59:53.427146	2024-07-22 16:48:20.716055	\N	B3C7	2024-07-22 15:59:53.425	\N	ewrrew	werewr	AL	\N	58	\N	f	\N	2024-07-22 16:48:20.716055	\N	3	\N
119	worker18@worker.com	3254303234	f	$2b$10$XGoLlC1ZdqDYiZ.M/3zhs.3PPf4uENv3nam44aA.au8Ii4zMT8YkS	3	2024-07-22 15:44:58.141918	2024-07-24 16:40:37.142001	\N	\N	\N	\N	New worker 18		HU	\N	\N	\N	t	\N	\N	\N	0	\N
128	sdfsdf@yandex.ru	15555522222	f	$2b$10$hsforUFqJxA5c73XzU0Wte6DdR4AS3OUgGeNb6kQiimPqR5vQPMkm	6	2024-07-22 17:27:48.159529	2024-07-23 14:31:17.454913	\N	442A	2024-07-22 17:27:48.157	\N	Darya	Pristavkina	AF	\N	34	\N	f	\N	2024-07-23 14:31:17.454913	\N	3	\N
120	worker9@worker.com	4563031234	f	$2b$10$PUETeJAUlc2AOmI81LR5Nu7rFGBlQoQp604zJ57xJbnSLEg5ybd/O	2	2024-07-22 15:44:58.729718	2024-07-24 11:28:41.769409	\N	\N	\N	\N	New worker 9	\N	HU	\N	\N	\N	t	\N	2024-07-24 11:28:41.769409	\N	3	\N
116	worker7@worker.com	6853031234	f	$2b$10$8bwc8sU37ASZuxIpy2qli.eOKKLo1gN2YI6RuWJN8akV.yGcnsDSa	2	2024-07-22 15:44:57.369072	2024-07-23 10:47:53.523559	\N	\N	\N	\N	New worker 7	\N	HU	\N	\N	\N	t	\N	\N	\N	0	\N
129	cfwf@gmail.com	673243534634523	f	$2b$10$WS65X.y9i3eql7g9ccbaFew5J4BfeRcCQiV0GJr9Xu3sP7BSVwuhO	6	2024-07-23 08:51:54.163452	2024-07-23 14:30:50.259232	\N	A60B	2024-07-23 08:51:54.159	\N	Groups	Test	AL	\N	53	\N	f	\N	2024-07-23 14:30:50.259232	\N	3	\N
123	herczegeeez@yahoo.com	79221322232	f	$2b$10$PKVHG62R5IEafLtr5HCcpuW5lTgC9kcrkZFiS7.qcVLygnhw26j66	7	2024-07-22 16:26:20.821862	2024-07-24 09:19:07.725016	2024-07-24 09:19:07.722	121E	2024-07-22 16:26:20.82	\N	Zoltan	Herczegz	UA	\N	12	\N	f	\N	\N	\N	0	\N
111	worker4@worker.com	2353031234	f	$2b$10$BEQpDs84FB5FxxYJb83xx.M0vECzlqfDNRilLiAZv5lGuXFmpRFCe	2	2024-07-22 15:44:55.467442	2024-07-29 14:06:03.926759	\N	\N	\N	\N	New worker 4	\N	HU	\N	\N	\N	t	\N	\N	\N	0	\N
125	csdvsv@gmail.com	6573464542	f	$2b$10$7JufcUxiccgKBPvFTUKFN.jRZlOcbFc5HxwTpde4RfclW6kMS9OqS	6	2024-07-22 16:30:39.986393	2024-07-24 15:31:05.186513	\N	93DE	2024-07-22 16:30:39.978	\N	sdvsdv	sfdvsdfgv	AL	\N	58	\N	f	\N	2024-07-24 15:31:05.186513	\N	3	\N
108	worker12@worker.com	4562303234	f	$2b$10$4uok7.RysVsiCyAWzyZT7eZxMkVQYSs50z9DmnBLX0tSM/s05s/le	2	2024-07-22 15:44:54.278165	2024-07-25 12:02:28.81669	\N	\N	\N	\N	New worker 12		HU	\N	25662	\N	t	\N	\N	\N	0	\N
112	worker14@worker.com	7562303234	f	$2b$10$lc/ZI31rPLgr1gbqKQaAVOBi5SaOF9WeuGOfB3UnTrt9flbgR.X92	2	2024-07-22 15:44:55.509214	2024-07-25 12:26:43.75369	\N	\N	\N	\N	New worker 14	\N	HU	\N	\N	\N	t	\N	\N	\N	0	\N
110	worker13@worker.com	1238303234	f	$2b$10$6BIJC9MDTwd2H.wmcViM.ujpRLozSzR7zalV.OyGZ1Qw04XBB/CMa	2	2024-07-22 15:44:54.902174	2024-07-29 11:04:34.173798	\N	\N	\N	\N	New worker 13	\N	HU	\N	\N	\N	t	\N	2024-07-29 11:04:34.173798	\N	3	\N
138	sdfsdf@gmail.com	15643643861	f	$2b$10$DPfcnsqGoYEz95KoqD4jZeggKyZg4sZcylQcejEg0jrmto9M62AN2	6	2024-07-23 14:28:35.893917	2024-07-23 14:30:22.194646	\N	F169	2024-07-23 14:28:35.891	\N	xzczxcsadvc	sdcvsdvcsad	AL	\N	54	\N	f	\N	2024-07-23 14:30:22.194646	\N	3	\N
137	adfdsgvad@gmail.com	356452413453645	f	$2b$10$5eH1U5HdGTRcbav7x3xBJeIqhzXnfiVSeZXlZhi6lcNLNMcCigbRG	6	2024-07-23 14:23:14.515898	2024-07-23 14:30:22.194646	\N	4BE4	2024-07-23 14:23:14.514	\N	fadsdfasd	sdfadsfa	AL	\N	55	\N	f	\N	2024-07-23 14:30:22.194646	\N	3	\N
136	dfvadf@gmail.com	645352145675	f	$2b$10$bst0JyU/SqIIVeES53opUOo.oiIFV0a0aeuqTjiTwkvG4jW7OEz8i	6	2024-07-23 14:02:17.798092	2024-07-23 14:30:22.194646	\N	72E2	2024-07-23 14:02:17.796	\N	Group updated	Test	AL	\N	56	\N	f	\N	2024-07-23 14:30:22.194646	\N	3	\N
135	fdfdsf@gmail.com	4563456434	f	$2b$10$ND4U0xFzsQK2PxxhVRuMF.F24rx/6zQkNsNUb3iVP7g/hqJ5bOpcS	6	2024-07-23 13:44:52.087855	2024-07-23 14:30:22.194646	\N	2545	2024-07-23 13:44:52.085	\N	csdcfsdf123	adssfdsdf	AL	\N	57	\N	f	\N	2024-07-23 14:30:22.194646	\N	3	\N
132	oteke0447@gmail.com	79146776627	f	$2b$10$ilyCBcQNCXinQxByCSySBufThP8idU4RRKR.cxUe0/09e9..pqcWe	1	2024-07-23 10:20:40.959309	2024-07-23 10:20:40.959309	\N	3032	2024-07-23 10:20:40.954	\N	Vasya	Vasin	RU	RU-59	36556	\N	f	\N	\N	\N	0	\N
131	5646456@yandex.ru	14475725523	f	$2b$10$MzvDyKrr7z37A48WTrn9KO2MAXpSeCawAeqTVdGTxSXHCN4SsMw/.	6	2024-07-23 09:10:54.60334	2024-07-23 14:30:22.194646	\N	70FB	2024-07-23 09:10:54.599	\N	13123	123	AF	\N	34	\N	f	\N	2024-07-23 14:30:22.194646	\N	3	\N
127	123123@yandex.ru	14475725353	f	$2b$10$aqg2W/4eFmb0b1WwYNJtjuqQKxBWag8AQ4G9qRztTH6jcxTT9OpO6	2	2024-07-22 17:20:41.90061	2024-07-23 10:35:50.861529	\N	BB0D	2024-07-22 17:20:41.894	\N	Daria		AL	\N	53	\N	f	\N	\N	\N	0	\N
147	sdjkvfnw5523jkdfn@gmail.com	14564323878	f	$2b$10$wO78hVQvWb6flUa0uxFLpe/azVytRlauA31nQhDTHCAFvV1H43idu	6	2024-07-23 17:08:50.733323	2024-07-23 17:10:06.106395	\N	4D1C	2024-07-23 17:08:50.73	\N	123456789123456789122222222222222222222222222222222222222222222222222	123456789123456789122222222222222222222222222222222222222222222222222	AF	\N	35	\N	f	\N	2024-07-23 17:10:06.106395	\N	3	\N
133	dadf@gmail.com	15676543245	f	$2b$10$6od3SG/xOhxmF26Q5uZuYeEY/M9gO.uoTnEM1p5v94YFT19KPLvlS	6	2024-07-23 10:29:10.571878	2024-07-23 11:32:27.650857	\N	25A4	2024-07-23 10:29:10.568	\N	dfsfcsad	sdfsdf	AL	\N	54	\N	f	\N	2024-07-23 11:32:27.650857	\N	3	\N
134	sdjkvfnwjkdfn@gmail.com	16532315555	f	$2b$10$OFxWYh/GG0FjiROi7uEjX.9tnxdRlXzpXnXZhVmrNfSrnB6kzDqpm	2	2024-07-23 11:57:09.205409	2024-07-23 11:57:49.963893	\N	86D4	2024-07-23 11:57:09.203	\N	13123		BR	\N	5393	\N	f	\N	\N	\N	0	\N
140	swfvwr@gmail.com	4563454563	f	$2b$10$Wej1ZYKX7swCWfM7aqLtqeY/ni/SUC31xl9KtY78j0nDR4nUP7MOS	6	2024-07-23 14:35:22.262755	2024-07-23 14:35:30.228971	\N	6E62	2024-07-23 14:35:22.259	\N	fgdsfgsf	sdfwdf	AL	\N	56	\N	f	\N	2024-07-23 14:35:30.228971	\N	3	\N
139	sdvs@gmail.com	13563252452	f	$2b$10$/iGcxoxejB7VvNtAPXG6PePkZHb6d4auHFPbx.5JdHQ2KkR6nalp.	6	2024-07-23 14:35:01.250596	2024-07-23 14:35:34.717292	\N	7A3A	2024-07-23 14:35:01.248	\N	fsadfadf	sdfdf	AL	\N	57	\N	f	\N	2024-07-23 14:35:34.717292	\N	3	\N
143	testesdfp@user.com	123302513	f	$2b$10$sVJ70znnIJFTQ72o7Lg9ged4Iy7Xqi9dqK9YLJWA6k8IMb9kEx0B.	6	2024-07-23 16:54:10.193317	2024-07-25 16:58:45.102611	\N	445B	2024-07-23 16:54:10.188	\N	New	MSP	HU	\N	25919	\N	f	\N	\N	\N	0	\N
141	sdfsdgvf@gmail.com	14444444444	f	$2b$10$dYsPy5tXNvb5hZX.FTz/zOm5OJrcqIKql588nEDyICCokkko6Mzwm	6	2024-07-23 14:36:09.527451	2024-07-23 14:36:40.403355	\N	F929	2024-07-23 14:36:09.526	\N	sdfdsf	sdfadf	AL	\N	57	\N	f	\N	\N	\N	0	\N
142	sdfsdfsdfs@yandex.ru	12252522333	f	$2b$10$uV1w8tWwwnS3CLPCNLbVCuXNXBBhQEp5MhE8HNWvaSfz3HwX.OXuC	6	2024-07-23 14:44:29.947348	2024-07-23 14:44:29.947348	\N	2751	2024-07-23 14:44:29.944	\N	Darya	Pristavkina	AF	\N	34	\N	f	\N	\N	\N	0	\N
152	newclient@office.hu	321654987	f	$2b$10$3rOVaL3/VP.TmHvOF6MvyuWSCudMZ4lusLLm5CDIfwgp3F5tMloaK	2	2024-07-23 20:36:57.734919	2024-07-23 20:36:57.734919	\N	\N	\N	\N	New Client 	\N	HU	Pest	25801	\N	f	\N	\N	\N	0	\N
154	test3@client.cl	1231231215	f	$2b$10$nB/0vpvmuL99pd04UU.qXOqrdNR2pnN/AVQBjFmM1Q4hin2V4AP0W	2	2024-07-24 09:32:30.410485	2024-07-24 09:32:30.410485	\N	\N	\N	\N	newesttest3 client	\N	RU	Moscow City	36557	\N	f	\N	\N	\N	0	\N
144	daridfgdgd@yandex.ru	13215668852	f	$2b$10$/tHEH9hJICIas46BYut.2uwO8nemWitAD/SuU5etQ9FwYM6m/dw7.	6	2024-07-23 16:55:15.469752	2024-07-23 16:56:07.245766	\N	838B	2024-07-23 16:55:15.468	\N	Nissan	Tucan	AF	\N	34	\N	f	\N	2024-07-23 16:56:07.245766	\N	3	\N
146	dasddsfst@yandex.ru	13235656566	f	$2b$10$yS1D9Mt1JvNE5xJ.jsNuTe9JH3kritqcq0TVPWQyIWj9A72yOLGBy	6	2024-07-23 16:57:06.342881	2024-07-23 16:57:06.342881	\N	C316	2024-07-23 16:57:06.34	\N	Nissan	Tucan	AF	\N	34	\N	f	\N	\N	\N	0	\N
160	otake0447@gmail.com	123123123123	t	$2b$10$M.MbKxpUaDsVDwQFwTEYGuiWPehhcCyDvdpu949Z.4WcitiD9xopK	1	2024-07-24 11:32:44.904184	2024-07-24 12:25:49.673068	2024-07-24 11:33:06.439	\N	\N	\N	Vasya	Vasin	AL	AL-41	56	\N	f	\N	\N	\N	1	\N
158	testuser@mail.hu	+361234567889999	f	$2b$10$o.uF2UF4K1IGIJX3eYvqVOGAyG3X0PlJqS8OsdWHM/QAGIN0WkHay	4	2024-07-24 11:07:01.244322	2024-07-24 12:52:21.113679	\N	6139	2024-07-24 11:07:01.239	\N	Test	Clientuser	HU	\N	\N	\N	t	\N	\N	\N	0	\N
153	test@client.cl	1231231212	f	$2b$10$5zn0H6csDP9ByJNn1R8BqO4lcnkp1wf/QCiPyD/9k8GUmAhhGAzFu	2	2024-07-24 09:27:29.877744	2024-07-24 09:49:30.201492	\N	\N	\N	\N	newesttest client	\N	RU	Moscow City	36557	\N	f	\N	2024-07-24 09:49:30.201492	\N	3	\N
148	adfa@gmail.com	675434567876543	f	$2b$10$AJJce4eqDHI.DBVlMRlB8OyJwLx8TYqCsJT6Dc4KhCMWJK9cEnuE2	6	2024-07-23 17:10:56.825611	2024-07-24 12:30:08.592601	\N	CD07	2024-07-23 17:10:56.823	\N	Test	Test empty	AL	\N	55	\N	f	\N	\N	\N	1	\N
157	ildiko.kovacs@bitklub.hu	+420231465412	f	$2b$10$I4Qg.GXaJ4T3mIVBT9xTRelDT972EUuG9QEOoO3OlsP2IRfiUXCNe	4	2024-07-24 11:04:00.814032	2024-07-24 11:04:00.814032	\N	926C	2024-07-24 11:04:00.793	\N	Test	Clietn User	CZ	\N	\N	\N	t	\N	\N	\N	0	\N
150	email@whateve.er	420123321232	f	$2b$10$UOP9ZHMYDkJONkYYdJgeGO3.RFnHgle9PHvmcU.k.8BPSSAXtOSzK	2	2024-07-23 20:21:30.94357	2024-08-01 19:03:10.212147	\N	DF7E	2024-07-23 20:21:30.941	\N	TEstClient	\N	CZ	\N	10331	\N	f	\N	\N	\N	0	\N
151	mail@mail.uk	441236549874	f	$2b$10$kmK4iyQtxFlkiM.WRcR65OvabRfMab3aQQtAnNiNxv5eZj8Ln2YYu	2	2024-07-23 20:26:10.981404	2024-07-25 09:08:43.245724	\N	ADB1	2024-07-23 20:26:10.98	\N	TestClient	2	GB	\N	24614	\N	f	\N	\N	\N	0	\N
161	wef@gmail.com	14334323423	f	$2b$10$zi5udd38Uc9YY2IDQRIqXO1TOqSLA/SpSqWu8hrwjUKVmbL/1ewXW	6	2024-07-24 12:37:54.40612	2024-07-25 16:51:07.180491	\N	0D8C	2024-07-24 12:37:54.4	\N	asdasd		AL	\N	54	\N	f	\N	2024-07-25 16:51:07.180491	\N	3	\N
162	sdfv@gmail.com	6574352435	f	$2b$10$f4UtqmPpu2fSekACuE91vOfG7JWdh1ANM4gjhzIZ8.PbGPX7VM8y.	6	2024-07-24 12:43:26.980827	2024-07-25 16:51:44.181794	\N	844C	2024-07-24 12:43:26.975	\N	Test constact		AL	\N	56	\N	f	\N	2024-07-25 16:51:44.181794	\N	3	\N
159	233244443@e3xample.com	45244434320	f	$2b$10$N0864CLrOUEyGDFV45xfPugzkZs.XriXqRXGckgLp9FhSrANW51nW	6	2024-07-24 11:23:13.386246	2024-07-26 11:00:10.854966	\N	EA8A	2024-07-24 11:23:13.384	\N	John	Doe	UA	\N	12	\N	f	\N	\N	\N	0	\N
130	ssfv@gmail.com	534521345674321	f	$2b$10$lbWvnuDIVitoGEMTQLuizOZ0D7DasUqrRePIqkWnsoHEMtSeLCr5S	6	2024-07-23 08:56:53.472964	2024-07-24 15:31:05.186513	\N	8E96	2024-07-23 08:56:53.467	\N	adsfadsf	adsfasdf	AL	\N	55	\N	f	\N	2024-07-24 15:31:05.186513	\N	3	\N
346	avag.mamajanyan@gmail.com	37494235424	t	$2b$10$78H5WG0gMYza3YfR0HcBr.PuMuLPNGg8Lv9/rdLmMv5uBRDBgEZ4K	1	2024-09-16 13:15:06.680255	2024-09-19 09:36:51.799985	2024-09-19 09:36:51.795	\N	\N	\N	Avag	Mamajanyan	AM	AM-11	91	\N	f	\N	\N	\N	0	\N
14	adnjfkwdjf@gmail.com	12312467677	f	$2b$10$Kid5/EOIF0VB3zouPvbavOmc8rKTn9lh.FYMg/Aa653UmhkqZvg7O	6	2024-07-21 12:08:39.794324	2024-07-24 15:31:05.186513	\N	9F36	2024-07-21 12:08:39.792	\N	First	MSP	AL	\N	54293	\N	f	\N	2024-07-24 15:31:05.186513	\N	3	\N
124	vsfkjndvk@gmail.com	13456093480	f	$2b$10$8VlYucYf6CKqn/6El73ky.NRKOQuSWQwJDAY56QXcbAUtCUggozIC	6	2024-07-22 16:27:10.064027	2024-07-24 15:31:05.186513	\N	442C	2024-07-22 16:27:10.063	\N	svsdfsd	dfwjdnfkjw	AL	\N	54	\N	f	\N	2024-07-24 15:31:05.186513	\N	3	\N
155	test4@client.cl	1531231213	f	$2b$10$NWEZmeIf27aJ0Iz322yDHe2cXU5pklBje8Kbc/okBo5N3BEyeN93.	2	2024-07-24 09:32:31.16407	2024-07-24 16:11:37.698257	\N	\N	\N	\N	newesttest4 client		RU	Moscow City	36557	\N	f	\N	\N	\N	0	\N
149	tiborkakukk@gmail.com	123456789	t	$2b$10$XM9f/onMfqD3Cb3n21cDM.3jAa1zdTbM19hiqz.f9h4FAq222SrCq	1	2024-07-23 19:16:47.140082	2024-07-25 13:58:10.394999	2024-07-25 13:58:10.393	\N	\N	\N	Tibor	Kakukk	HU	HU-16	25801	\N	f	\N	\N	\N	0	\N
164	3232reerw@mail.com	14334434343	f	$2b$10$oMFXaqjUE6w9yrkkQg0KJONxda52p40XPJCD2g4WTxRtkzLS./4KS	2	2024-07-24 16:42:43.438336	2024-07-24 16:42:43.438336	\N	C712	2024-07-24 16:42:43.436	\N	ewrwerwe	\N	AL	\N	54	\N	f	\N	\N	\N	0	\N
145	dfadsst@yandex.ru	12521366666	f	$2b$10$J2HLlSIec1hAuCNOHnd8sOcrE8DHve8NqkiyyNQFPo5g6ssAzhGA.	6	2024-07-23 16:55:49.920478	2024-07-25 17:00:51.472795	\N	BDDF	2024-07-23 16:55:49.918	\N	Nissan	Tucan	AF	\N	34	\N	f	\N	2024-07-25 17:00:51.472795	\N	3	\N
169	admin2@gmail.com	2222231	f	$2b$10$jX038cwQhWIfdaZO2.pHse05DRAKoDQfqoS3JgcCqu7XelA4YzVJy	7	2024-07-25 09:24:11.4295	2024-07-29 08:45:36.577307	2024-07-29 08:45:36.56	476F	2024-07-25 09:24:11.428	\N	Admin	Admin	UA	\N	12	\N	f	\N	\N	\N	0	\N
191	test2713@client.cl	1230191212	f	$2b$10$AKKN4TQnTTlWnY0N63G1luDk6NWWwxSzk.KAqRs9jN9en7mIVfCv.	2	2024-07-25 17:13:42.295952	2024-07-25 17:13:42.295952	\N	\N	\N	\N	Test client10001	\N	RU	Moscow City	36557	\N	f	\N	\N	\N	0	\N
163	fwdf@gmail.com	356453563456646	f	$2b$10$fZcqyfL2o51BJQugK8Imge.tuAXjbVu6DcL/ZjJfZBcrZhY.cWqqW	6	2024-07-24 16:14:56.879335	2024-08-01 14:32:39.248731	\N	1CA7	2024-07-24 16:14:56.877	\N	fdfd		AL	\N	55	\N	f	\N	\N	\N	0	\N
166	erw@dsrd.com	13242343242	f	$2b$10$Wj9h/IjuLaq4sN0l59pyq..qwZo6xkb5aPt6nOS4xw.lyD.2LO/cS	2	2024-07-25 09:10:48.919689	2024-07-25 09:18:33.428703	\N	0E8F	2024-07-25 09:10:48.918	\N	wqeqwewq		AL	\N	56	\N	f	\N	\N	\N	0	\N
176	dafdfsfsriamifsdfst@yandex.ru	13256566565	f	$2b$10$pw5sfk3V/nISs.pG3gDU6OsVjho0Ly/sEDcE1IDEcL6OErU5pegN2	2	2024-07-25 11:20:50.374975	2024-09-09 16:45:07.573216	\N	4517	2024-07-25 11:20:50.37	\N	Daria		AL	\N	53	\N	f	\N	\N	\N	0	\N
192	test2823@client.cl	1230581212	f	$2b$10$35I42KjBwbYCLyNV4v.kQOWkixtOuevuuqFYs8Ab9wZt3qKISj6dK	2	2024-07-25 17:13:42.550536	2024-07-25 17:13:42.550536	\N	\N	\N	\N	Test client10002	\N	RU	Moscow City	36557	\N	f	\N	\N	\N	0	\N
182	test123@client.cl	1231200112	f	$2b$10$0DGisRA5CfBQfVnjFkNbSOlvKUe5mo0Kn45J7lIsTGaB1ImVv3dey	2	2024-07-25 15:46:43.849124	2024-07-25 15:58:45.055436	\N	\N	\N	\N	Test client10000	\N	RU	Moscow City	36557	\N	f	\N	2024-07-25 15:58:45.055436	\N	3	\N
171	sdjkvfnwjkd123fn@gmail.com	16665323237	f	$2b$10$kBckAx7D5H5BQiFUhLek1.sub7W28m9ZGe.TEf23Qu5HGNhmR.yEi	2	2024-07-25 10:12:13.046422	2024-07-25 10:12:27.768169	\N	351A	2024-07-25 10:12:13.044	\N	123456789123456789122		AL	\N	53	\N	f	\N	\N	\N	0	\N
172	testtest079@yandex.ru	+19523332214	f	$2b$10$Xh5goKLuG1cLvkZfEaXS4uWVosH.f1B9jDc7D3DJ9ikb7JtYa14qG	4	2024-07-25 10:14:43.225471	2024-07-25 10:16:33.207516	2024-07-25 10:16:33.205	E3E3	2024-07-25 10:14:43.223	\N	Daria	Pristavkina	AL	\N	\N	\N	t	\N	\N	\N	0	\N
165	nissan2@gmail.com	123123123	f	$2b$10$IfIJx2Ea9hS54GsfyjAaROGKiWhykhn6I4XNDWXqubwxUZxAX.ICi	1	2024-07-25 06:50:43.015099	2024-07-26 09:56:21.493193	\N	6C73	2024-07-25 06:50:43.012	\N	Vasya	Nissan	AL	AL-40	68	\N	f	\N	\N	\N	1	\N
167	rewerew@rweer.com	+12342423423	f	$2b$10$mG/iiZoENCGkgMA4PL6xPekfy/DttUqsJA.aFkXb4ETIYXqYpmlWO	4	2024-07-25 09:13:17.147483	2024-07-25 12:26:01.548732	\N	3141	2024-07-25 09:13:17.145	\N	233242	32424rew	AL	\N	\N	\N	t	\N	\N	\N	0	\N
175	dariamis777t@yandex.ru	+13232656598	f	$2b$10$DrqnXs1gVr3Kx2qZwJ1gKeM/2/GqJBHFJQ.1KN4OSSNpHRUDvkvHC	4	2024-07-25 10:49:45.611044	2024-07-25 10:50:41.902129	\N	A0C9	2024-07-25 10:49:45.609	\N	Daria	Pristavkina	AF	\N	\N	\N	t	\N	2024-07-25 10:50:41.902129	\N	3	\N
193	test20273@client.cl	1239081212	f	$2b$10$ccFRRFvMxwMbQWcnxjtLie7PmTm0tXQM20bAgKBfn40rIYDiTiBdi	2	2024-07-25 17:13:42.781717	2024-07-25 17:13:42.781717	\N	\N	\N	\N	Test client10003	\N	RU	Moscow City	36557	\N	f	\N	\N	\N	0	\N
177	ewew@mailc.com	12131212312	f	$2b$10$fCi9msttYkOrdr7jSZMXweViOsczPf2dWbbJpgGWJLmraRsGGiL5y	2	2024-07-25 11:28:43.202501	2024-07-25 12:26:26.963178	\N	401B	2024-07-25 11:28:43.2	\N	Companueyr		AL	\N	63	\N	f	\N	\N	\N	0	\N
184	test1234@client.cl	1231600112	f	$2b$10$U9QVB3yHjl/C2h0F5o2Qn.MsecbKyDxQMsYBOZISKEwPFZrWLmOkG	2	2024-07-25 15:59:59.676405	2024-07-25 16:29:37.7641	\N	\N	\N	\N	Test client10000	\N	RU	Moscow City	36557	\N	f	\N	2024-07-25 16:29:37.7641	\N	3	\N
194	test21213@client.cl	1230192912	f	$2b$10$Yrkl6BQcdyBD4jrd0SkZVerjMRMFmCJwplRiQWXo./PCn/8UFU7M6	2	2024-07-25 17:14:52.548581	2024-07-25 17:14:52.548581	\N	\N	\N	\N	Test client100012	\N	RU	Moscow City	36557	\N	f	\N	\N	\N	0	\N
174	adfdf@gmail.com	4564323546	f	$2b$10$Zq8uFS9mZOboGi0HtWHHJe7Nkq/hx2kch8NnzYox9PKha9pfcwxpe	2	2024-07-25 10:31:57.394826	2024-07-25 12:00:18.704094	\N	7CEE	2024-07-25 10:31:57.392	\N	dgvdsfv		AL	\N	56	\N	f	\N	\N	\N	0	\N
178	upd@workker.com	3232456564	f	$2b$10$wy7H8WiUSWz60zbn1fE8BuBUbIoQzNsA9LEuVDNx80fRRVlAkspNq	4	2024-07-25 11:28:49.833545	2024-07-25 11:30:56.159694	\N	\N	\N	\N	New worker	123123	HU	\N	\N	\N	t	\N	\N	\N	0	\N
199	adfsdvg@gmail.com	76543456789	f	$2b$10$zMTCmPbuKpu5c3OJfC/fX.tKEaFrDIIZ5DeOwE3KS8cJT71SK.S6C	2	2024-07-25 17:40:30.349382	2024-08-01 19:03:10.212147	\N	4E17	2024-07-25 17:40:30.348	\N	update	filter	AL	\N	55	\N	f	\N	\N	\N	0	\N
180	admin3@gmail.com	2222232	f	$2b$10$Kv/zS0XcVnCG5EZ5NVb3BuLFVbxYJeqvDt2NWW///tuLnU4rvqyr6	1	2024-07-25 13:42:05.997937	2024-07-25 13:42:05.997937	\N	F884	2024-07-25 13:42:05.995	\N	Admin	Admin	UA	\N	12	\N	f	\N	\N	\N	0	\N
188	test2213@client.cl	1230301212	f	$2b$10$DBSiMiZv4UAUMJdJt2S7fO21OcGadhO9gvg4wVj1IoIx/ckvTcscq	2	2024-07-25 17:05:48.979731	2024-07-25 17:13:30.355983	\N	\N	\N	\N	Test client10001	\N	RU	Moscow City	36557	\N	f	\N	2024-07-25 17:13:30.355983	\N	3	\N
168	qwewqeq@mail.com	12342344324	f	$2b$10$XoIRpFU5ih/F6bmistAlB.UQVt.GYVwCXhU3.0rkviOEhqP.XsNm2	6	2024-07-25 09:14:26.078694	2024-08-09 17:46:26.500248	\N	7989	2024-07-25 09:14:26.077	\N	qweqweqw		AL	\N	57	\N	f	\N	\N	\N	0	\N
347	makoman2014@gmail.com	000950050	t	$2b$10$mA7oa9kJfUGoNyJrN6QfEO2slw5EnGa5l0RpNNjLo6cq2m9./oBDa	7	2024-09-16 14:25:46.500936	2024-09-18 07:10:34.168193	2024-09-18 07:10:34.164	\N	\N	\N	Mako	Petrosyan	AM	AM-11	91	\N	f	\N	\N	\N	0	\N
173	fa12312312mss09@gmail.com	+11231231321	f	$2b$10$tgjtAnTywbhEQfiERiVE1Ob1dvn4JC56UyAfVfEb6Z2sjaF6ULDHK	4	2024-07-25 10:26:51.665107	2024-07-25 14:30:02.032727	\N	7A1E	2024-07-25 10:26:51.662	\N	12312312	12312312	AL	\N	\N	\N	t	\N	\N	\N	0	\N
195	test28232@client.cl	1230582912	f	$2b$10$ANTdi4vnBWEmmiB5uiSazOWW.une1V07rWgddCanMtz9F8M.wcygu	2	2024-07-25 17:14:52.7859	2024-07-25 17:14:52.7859	\N	\N	\N	\N	Test client100022	\N	RU	Moscow City	36557	\N	f	\N	\N	\N	0	\N
196	test202732@client.cl	1239082912	f	$2b$10$9kQKh0/.IUUDUJVtF5G6uet96aJbVlIEvDs4OrnQasIWirCUuej3y	2	2024-07-25 17:14:52.993685	2024-07-25 17:14:52.993685	\N	\N	\N	\N	Test client100032	\N	RU	Moscow City	36557	\N	f	\N	\N	\N	0	\N
187	test12273@client.cl	1233081212	f	$2b$10$OhXLRapCVx2ubWsK.bJdw.ts3fmr4MB1D7QNX2TOCqzzJgXB8FHGa	2	2024-07-25 16:58:17.231134	2024-07-25 17:13:30.355983	\N	\N	\N	\N	Test client10003	\N	RU	Moscow City	36557	\N	f	\N	2024-07-25 17:13:30.355983	\N	3	\N
186	test1223@client.cl	1233381212	f	$2b$10$UBNQUTNzdTmtD/0Ch/WNtufN7Gveot4cuD5pdAI4beY.lwCnQb/j6	2	2024-07-25 16:58:17.017447	2024-07-25 17:13:30.355983	\N	\N	\N	\N	Test client10002	\N	RU	Moscow City	36557	\N	f	\N	2024-07-25 17:13:30.355983	\N	3	\N
185	test1213@client.cl	1233301212	f	$2b$10$4VGJ3ZUXFX3vDEkqV2oQgOpB1SlSSqb0IycWaIihg4vtH610e5U2C	2	2024-07-25 16:58:16.769698	2024-07-25 17:13:30.355983	\N	\N	\N	\N	Test client10001	\N	RU	Moscow City	36557	\N	f	\N	2024-07-25 17:13:30.355983	\N	3	\N
190	test22273@client.cl	1238081212	f	$2b$10$.h9yaC6A41spP8bxgwRAfuTo34nYsfKzAnsOdzR1LO7HCNdZxNPDq	2	2024-07-25 17:05:49.478358	2024-07-25 17:13:30.355983	\N	\N	\N	\N	Test client10003	\N	RU	Moscow City	36557	\N	f	\N	2024-07-25 17:13:30.355983	\N	3	\N
189	test2223@client.cl	1237381212	f	$2b$10$/Bz1S9aLM1ucgsbWwfs7pOkXwyStonKSEemeFjFmgNZZ1t3AtAW86	2	2024-07-25 17:05:49.280633	2024-07-25 17:13:30.355983	\N	\N	\N	\N	Test client10002	\N	RU	Moscow City	36557	\N	f	\N	2024-07-25 17:13:30.355983	\N	3	\N
202	test59@client.cl	1230576912	f	$2b$10$ZfshGnDqu3sARoCYtfNO9ePXrHi5N6/jR6CROgJ7SrJOUyxG8a28C	2	2024-07-25 18:10:44.87573	2024-07-29 14:06:02.420597	\N	\N	\N	\N	Test client100023	\N	RU	Moscow City	36557	\N	f	\N	\N	\N	0	\N
179	upd232@workker.com	3232423564	f	$2b$10$bBWt8CGmgqP7BNFguoLD.epI7JMugkwCtvWbG1tectz7BAAVyppOe	4	2024-07-25 11:31:09.168143	2024-07-25 17:36:47.835464	\N	\N	\N	\N	New worker	erewrwerew	HU	\N	\N	\N	t	\N	2024-07-25 17:36:47.835464	\N	3	\N
197	xcv@gmail.com	+4532567854	f	$2b$10$Cjc5uti/ZhgfMOhP4OK9HejsHtn5pt6BX7stLqDXgh9Zi7o4QorVm	4	2024-07-25 17:37:07.921216	2024-07-25 17:37:07.936532	\N	EB3A	2024-07-25 17:37:07.92	\N	asds	asdsd	AL	\N	\N	\N	t	\N	\N	\N	0	\N
200	sfgsfgdsfh@gmail.com	+87654324567	f	$2b$10$34rueDdVfMM5hL./.NapgefSNOBjTTUzKeWCdUWGaOkFHU/2e04iW	4	2024-07-25 17:57:34.864336	2024-07-25 18:06:06.465708	\N	19B1	2024-07-25 17:57:34.863	\N	adsasd	asdads	AL	\N	\N	\N	t	\N	\N	\N	1	\N
201	test5913@client.cl	1230189912	f	$2b$10$HWaEYniO1D4qYARn3nJhaOzxcmgzIS7yHtF4sGL5N3MbKi59yToBO	2	2024-07-25 18:10:44.613934	2024-07-25 18:10:44.613934	\N	\N	\N	\N	Test client100013	\N	RU	Moscow City	36557	\N	f	\N	\N	\N	0	\N
181	test5@gmail.com	2221232	f	$2b$10$m56kKSBEoRwc7SbqqMjP.eREYqLRmOxlP9OhxS5KXGKhdVH2DePIW	1	2024-07-25 14:46:25.185579	2024-07-25 18:03:39.217049	\N	DF18	2024-07-25 14:46:25.183	\N	Admin	Admin	UA	\N	12	\N	f	\N	\N	\N	0	\N
203	test567@client.cl	1239012912	f	$2b$10$JN5uDIvQTdWE.huuHpGFcOxEX4anI6rEUCKTftpXAO553wEIHqk9i	2	2024-07-25 18:10:45.076583	2024-08-01 19:00:48.819887	\N	\N	\N	\N	Test client100033	\N	RU	Moscow City	36557	\N	f	\N	\N	\N	0	\N
212	upderer@workrere.com	3232202534	f	$2b$10$.fkHMK1LUX7u7/ismxrEHOevVmcMPBS5GCpRbFmBp5g.w.HWpfN16	4	2024-07-25 19:36:24.531535	2024-07-25 19:39:39.207055	\N	\N	\N	\N	New worker	\N	HU	\N	\N	\N	t	\N	\N	\N	1	\N
204	dafdfsfsriasfsdf@yandex.ru	13256658899	f	$2b$10$xNNRste/S7U.DKt4kZc2rOFHm.dk2gB6bCbviRTx/HSZz3tgmXfuO	2	2024-07-25 18:31:18.760651	2024-08-01 19:00:48.819887	\N	72A4	2024-07-25 18:31:18.758	\N	Test	after	AL	\N	53	\N	f	\N	\N	\N	0	\N
300	test222222@client.cl	1231231999	f	$2b$10$ulA.0pD2SRVzSxwlYxCHiulHrWp3/zu4PXqCMA0K.AHnPKFVPm6Fm	2	2024-08-01 23:18:05.545869	2024-08-01 23:18:05.545869	\N	\N	\N	\N	Test client2222	\N	RU	Moscow City	36557	\N	f	\N	\N	\N	0	\N
348	opel21F91726667162213@competitor_opel1726667162213.com	\N	f	$2b$10$TFCpijqnrcVXfrhWkHCMMuerEIMZLY1S9I/RccAwDrxTK9McRw8nK	5	2024-09-18 15:46:02.21784	2024-09-18 15:46:02.21784	\N	\N	\N	\N	Opel	Opel	\N	\N	\N	\N	f	\N	\N	\N	0	\N
24	forjustice55@gmail.com	1234260890	t	$2b$10$eZv4Ylmh4mavVnB6nvLQCuok4ei9IjkRaQrOMLrT0xsGA13M4GZkK	7	2024-07-22 11:20:52.730391	2024-08-02 13:38:30.473644	2024-08-02 13:38:30.472	\N	\N	\N	Kirill	Mezentsev	RU	RU-48	36557	\N	f	\N	\N	\N	0	\N
224	sdfvsjkdnvjk@gmail.com	4564356789	f	$2b$10$cJ72aWGThS/IjmY6Iu4A0.sM.4dwALwanJBwGUO38vUjkUWMBYKnS	2	2024-07-26 09:38:25.305661	2024-07-29 09:39:28.972255	\N	76F3	2024-07-26 09:38:25.3	\N	wefklmwklef	\N	AL	\N	57	\N	f	\N	2024-07-29 09:39:28.972255	\N	3	\N
326	mezgakriszta@user.com	8877665544	f	$2b$10$bQdsg.IM1kULSAyYbHxY9OognuofIaGCMWquJd1wdNkjdamXJTpuq	6	2024-08-09 17:39:19.087387	2024-08-09 17:40:09.163661	\N	0232	2024-08-09 17:39:19.086	\N	Kriszta	Mézga	HU	\N	25919	\N	f	\N	\N	\N	0	\N
205	321456@yandex.ru	13321245648	f	$2b$10$KoRYm.xo5idHhXGUzJ2ldu/bpXOQ9xTqu9riemHWzYVOagJOfP8sG	2	2024-07-25 18:45:08.659149	2024-07-25 18:45:50.945798	\N	001E	2024-07-25 18:45:08.657	\N	123456 test test		AL	\N	53	\N	f	\N	2024-07-25 18:45:50.945798	\N	3	\N
227	testmsp666@user.com	1231556678	f	$2b$10$YE1CxEBdw5l4biD/gRCOT.Saenij6ICo7vAZpp4Gro055VMOkWnG6	6	2024-07-26 11:03:58.097552	2024-07-26 11:03:58.123207	\N	4B50	2024-07-26 11:03:58.096	\N	New3435	MSP454	HU	\N	25919	\N	f	\N	\N	\N	0	\N
335	testtest32113@yandex.ru	13236565656	f	$2b$10$r.5ZJN6.iE.ZJzOyk.w19.50IeYe8quX7BogScjaKUbRDkY9II1De	6	2024-08-13 15:32:37.103742	2024-08-13 15:37:58.693933	\N	A958	2024-08-13 15:32:37.101	\N	Daria	Pristavkina	AF	\N	34	\N	f	\N	\N	\N	0	\N
209	te565656@client.com	123456512	f	$2b$10$1i54v0DkN9CbUc7QGUBkTuk9H51X3Q0G9I1LFlMTs0z1y6ezqYxbi	2	2024-07-25 18:52:05.409124	2024-07-25 19:01:00.023034	\N	\N	\N	\N	Test update client		AL	Moscow City	53	\N	f	\N	2024-07-25 19:01:00.023034	\N	3	\N
198	sdvsfdvsvsfbwsbfwfbwrfbw@gmail.com	+76543234567	f	$2b$10$14BPEijY/ZpHwIF0MMC.seb3d0R3oP/lR.C8fb7mtilr3TPNQiLPC	4	2024-07-25 17:39:29.973319	2024-07-25 19:27:36.861941	\N	5224	2024-07-25 17:39:29.971	\N	adasd	dsadsd	AL	\N	\N	\N	t	\N	2024-07-25 19:27:36.861941	\N	3	\N
210	ssdfsd00@yandex.ru	13652214700	f	$2b$10$w2OUFWmBx83U9mBVQn4nLepsjvs4F7Dme4lCr9JKYQ2fISxRl8rEu	4	2024-07-25 19:31:28.574393	2024-07-25 19:33:06.620963	\N	AB75	2024-07-25 19:31:28.573	\N	Daria0	Pristavkina0	AF	\N	\N	\N	t	\N	\N	\N	0	\N
211	fgdfgdfgfddmist@yandex.ru	+11111111111	f	$2b$10$otYL4D79e2RSxYUBxjD99OJePGXia5dwxVkL177.Na52xbiOEy9aO	4	2024-07-25 19:33:35.685035	2024-07-25 19:34:56.613729	\N	7500	2024-07-25 19:33:35.683	\N	Daria	Pristavkina	AF	\N	\N	\N	t	\N	2024-07-25 19:34:56.613729	\N	3	\N
225	managerkirill55@gmail.com	1123456789	f	$2b$10$8j7Sjz0kyoXAc1APqNdUV.hwKaS3uqc6uOUBkNsAuNVIM.OiTcWiW	3	2024-07-26 10:07:18.369636	2024-08-01 14:30:06.91095	2024-08-01 14:30:06.909	46F4	2024-07-26 10:07:18.367	\N	John 123	Doe	RU	\N	12	\N	f	\N	\N	\N	0	\N
236	te378783stsubmsp@user.com	3244492332	f	$2b$10$l40RUtf4nhst3pIGZVUC9umxPqXorBeLi0d3ml9fHJgPNk0OqcNQi	1	2024-07-26 11:11:25.67434	2024-07-26 11:12:35.195213	\N	\N	\N	\N	New8	MSP8	HU	Budapest	25919	\N	f	\N	\N	\N	1	\N
235	te3553stsubmsp@user.com	3244448332	f	$2b$10$Oa1qIfE/wps0Psd.aDfPw.xReWyDVT8RXFhldWo1fiOwWpvkCQpYK	1	2024-07-26 11:11:25.474871	2024-07-26 11:13:20.713804	\N	\N	\N	\N	New7	MSP7	HU	Budapest	25919	\N	f	\N	\N	\N	1	\N
228	www@uuu.com	19999999999	f	$2b$10$6DQxHto2.cvunwk9uMF2s.tTqSIsYnCqYgVAUUzs7QF0FCwT/rpam	6	2024-07-26 11:07:36.036526	2024-07-26 11:08:50.15695	\N	E927	2024-07-26 11:07:36.035	\N	Wo		AL	\N	53	\N	f	\N	2024-07-26 11:08:50.15695	\N	3	\N
229	te334stsubmsp@user.com	3244442331	f	$2b$10$kp3cl3LbfbsVotaaIKZMMOJPaKu4l1hE9G3L4vGIR3BG9APtJYdXW	1	2024-07-26 11:11:24.184134	2024-07-26 11:11:24.184134	\N	\N	\N	\N	New1	MSP1	HU	Budapest	25919	\N	f	\N	\N	\N	0	\N
219	45456456t@yandex.ru	+11234534543	f	$2b$10$y.o37phd6dJharWl98rbJOXz/pDBCcb8a.JL9pE1G3k3f7RZTX6Si	4	2024-07-26 08:56:08.87195	2024-07-26 12:14:32.659914	\N	1A5B	2024-07-26 08:56:08.87	\N	Daria	Pristavkina	AL	\N	\N	\N	t	\N	\N	\N	0	\N
230	te3366stsubmsp@user.com	3244442222	f	$2b$10$Otrb5fecalEecqce0NEe9eFVsnasIZwO6.2x2YWw/oBar3gYFjzMW	1	2024-07-26 11:11:24.459516	2024-07-26 11:11:24.459516	\N	\N	\N	\N	New2	MSP2	HU	Budapest	25919	\N	f	\N	\N	\N	0	\N
231	te3367stsubmsp@user.com	3244442352	f	$2b$10$cdqE2wJzXVDH1ahLxv7ZnOWcRnEyBkwWXo8zM0ZQaB8V5bggYoUom	1	2024-07-26 11:11:24.664806	2024-07-26 11:11:24.664806	\N	\N	\N	\N	New3	MSP3	HU	Budapest	25919	\N	f	\N	\N	\N	0	\N
226	ggg@uuu.com	13434343434	f	$2b$10$7/cKqdNjo22UWOYuQ6Ce.eJD/XNWq3sJAW9CWdbitmGiQIuqoqnJe	6	2024-07-26 11:01:35.567134	2024-07-26 11:02:00.006784	\N	CC55	2024-07-26 11:01:35.565	\N	Name	Name	AI	\N	51	\N	f	\N	2024-07-26 11:02:00.006784	\N	3	\N
232	te3399stsubmsp@user.com	3244442362	f	$2b$10$/H3y3KuJbwpXSfQAy7bZCu0UZhZsVZu9hTcqe0XgcSwYlHm/mRimy	1	2024-07-26 11:11:24.890468	2024-07-26 11:11:24.890468	\N	\N	\N	\N	New4	MSP4	HU	Budapest	25919	\N	f	\N	\N	\N	0	\N
233	te339999stsubmsp@user.com	3244442392	f	$2b$10$OMwgWbTnm7EpjJWzoy2OC.r0vD5Ob2CIazXnA7lxbGLMZnWEL9Zom	1	2024-07-26 11:11:25.083261	2024-07-26 11:11:25.083261	\N	\N	\N	\N	New5	MSP5	HU	Budapest	25919	\N	f	\N	\N	\N	0	\N
234	te335656stsubmsp@user.com	3244442732	f	$2b$10$iLwHhBbvKzO/FcURiScbAe9HvBHYfWoZSvd2CoIwvQgdqaOUwnTTe	1	2024-07-26 11:11:25.272496	2024-07-26 11:11:25.272496	\N	\N	\N	\N	New6	MSP6	HU	Budapest	25919	\N	f	\N	\N	\N	0	\N
238	test6@gmail.com	2221212	f	$2b$10$WzUpH/2/wUOEMj/FgzOZsu.i7au4tWN3zm9ZxiF0RBqWnn52U4vRm	6	2024-07-26 13:16:29.99743	2024-07-26 13:51:11.98152	\N	645D	2024-07-26 13:16:29.991	\N	Admin	Admin	UA	\N	12	\N	f	\N	\N	\N	0	\N
237	d32651@yandex.ru	12585633211	f	$2b$10$VVi6AYX4d8zUirclA85D..JpM83DQOYVU2eKpGWyN4gJ.L78SrHp2	2	2024-07-26 13:11:07.024137	2024-07-26 15:02:19.496449	\N	7C17	2024-07-26 13:11:07.019	\N	Daria Test Test		AL	\N	53	\N	f	\N	2024-07-26 15:02:19.496449	\N	3	\N
239	534534534@yandex.ru	+14556345345	f	$2b$10$nUsAXh96S0otRT9u4jCIwOt.hdtIQQ4gi95AVtuoZcM1VdVofWijm	4	2024-07-26 15:00:59.320045	2024-07-26 15:00:59.337216	\N	C197	2024-07-26 15:00:59.318	\N	Daria	Pristavkina	AF	\N	\N	\N	t	\N	\N	\N	0	\N
240	dari325656t@yandex.ru	13236595600	f	$2b$10$lP6dAvA/VA0r7CcNXaIOXuWKtbU6UxM1trl9bfYPaM6cMWgwgyAMy	4	2024-07-26 15:11:47.618481	2024-07-26 16:36:19.206577	\N	B074	2024-07-26 15:11:47.616	\N	Daria	Pristavkina	AF	\N	\N	\N	t	\N	\N	\N	0	\N
242	7567676mist@yandex.ru	+14345378787	f	$2b$10$dswJXOzPe2cR4Cqngo9AP.WUOgSVgq.v3UtQMXrcXqYErI8Ba1IlK	4	2024-07-26 15:44:19.112772	2024-07-26 15:44:19.130217	\N	9E72	2024-07-26 15:44:19.1	\N	Alex	Lasr	AL	\N	\N	\N	t	\N	\N	\N	0	\N
243	adfadfa@gmail.com	+16543678322	f	$2b$10$1lGToaZYCjqUpoaWHpA30uzkEDkdvKMZkPVH.p7ozyVOfnaHFYdg6	4	2024-07-26 16:29:05.676578	2024-07-26 16:29:05.694073	\N	83B5	2024-07-26 16:29:05.675	\N	asdas	dsd	AL	\N	\N	\N	t	\N	\N	\N	0	\N
244	darsdfsdf@yandex.ru	+13265656565	f	$2b$10$Gi1CXglYWQzC82kmkAqgL.LNOE6vzHVQm2NaC6xR2ZhtGhl6EDmny	4	2024-07-26 16:34:36.840201	2024-07-26 16:34:36.859503	\N	88B3	2024-07-26 16:34:36.839	\N	Daria	Pristavkina	AF	\N	\N	\N	t	\N	\N	\N	0	\N
246	fams434s09@gmail.com	3232322332	f	$2b$10$xmHd6o2C1y/NCqQrW5LCkuwXizirEl1LZJpq2p0rHFigkcz4ddXy.	1	2024-07-26 17:35:08.450439	2024-07-26 17:35:08.562298	\N	B250	2024-07-26 17:35:08.448	\N	Dsdfs	1213	AL	AL-40	58	\N	f	\N	\N	\N	0	\N
247	te33453534stsubmsp@user.com	3664442332	f	$2b$10$FvWeJ0p0758REdnQdekZhedKGL5B34zji3R37MN5jcPqXL/Xb5.xe	1	2024-07-26 17:41:08.868781	2024-07-26 17:41:08.868781	\N	\N	\N	\N	New	MSP	HU	Budapest	25919	\N	f	\N	\N	\N	0	\N
250	te34443stsubmsp@user.com	3894442332	f	$2b$10$DV7dn3ydHtDx71tYwJj1le1vdYBeEFldX.ep/cO5GBoP8xgUYHKpu	3	2024-07-26 17:41:09.717655	2024-07-29 14:01:58.934282	\N	\N	\N	\N	New	MSP	HU	Budapest	25919	\N	f	\N	\N	\N	0	\N
255	gadzheeiev@gmail.com	12321432	t	$2b$10$aGgEslMorcY6JAUZ2sNf.e4hb9DCVWr0Gp0/4HpfFp1/UiTI.okO6	1	2024-07-29 09:30:17.825093	2024-08-09 11:36:59.906479	2024-07-29 09:30:44.492	\N	\N	\N	Nissan	Vasya	RU	RU-59	36556	\N	f	\N	2024-08-09 11:36:59.906479	\N	3	\N
336	testtest32112@yandex.ru	7645645645645	f	$2b$10$LkMQK6itCUPk5HHTGhhGNuypDygT7lzIf4OWMtC4FrBY11HrWrsPS	6	2024-08-13 15:38:36.101188	2024-08-15 12:10:27.899976	2024-08-15 12:10:27.897	541C	2024-08-13 15:38:36.1	\N	Daria	Pristavkina	AF	AF-03	34	\N	f	\N	\N	\N	0	\N
270	dar53453565@yandex.ru	15368685555	f	$2b$10$IDdtPr5BV8G7uexM97iiAueZt.JwGRkEK5CB5IIuPZKpE7BKYVtb6	4	2024-07-29 13:35:41.685091	2024-08-02 00:45:25.371534	\N	0346	2024-07-29 13:35:41.682	\N	Daria000	Pristavkina	AF	\N	\N	\N	t	\N	\N	\N	0	\N
206	22656565666@yandex.ru	13214699777	f	$2b$10$O7pqRV2Ja.ZrV0pgZ63yNe6UIAp714RLPQ8bS134W1KJR6et6MvXi	2	2024-07-25 18:46:51.796623	2024-08-01 19:00:48.819887	\N	16BE	2024-07-25 18:46:51.795	\N	Nissan ыва	tucan	AL	\N	53	\N	f	\N	\N	\N	0	\N
22	quantumless@yandex.ru	89084722161	t	$2b$10$7YrYijif2PrFCKazsgS9Yew6g0rHjLKEyrGPO1ijsRfQIFfGiTDuK	7	2024-07-22 10:10:59.052474	2024-09-02 13:09:33.95362	2024-09-02 13:09:33.951	6F86D9	2024-07-23 12:04:52.963	\N	VR	RV	AM	AM-03	105	\N	f	\N	\N	\N	0	\N
245	dariasdf@yandex.ru	+12566336665	f	$2b$10$Ne56qkmaP/y7O6KsnIaq1eMFXKmjQI5uBIq5OTnK818KpAA9Q7eCq	4	2024-07-26 16:35:38.941936	2024-07-29 11:01:40.280225	\N	C7BA	2024-07-26 16:35:38.94	\N	Daria	Pristavkina	AF	\N	\N	\N	t	\N	\N	\N	1	\N
261	upd290724565@worker.wr	3272141274	f	$2b$10$B8D9FmGIzKdLY18hS4mt8.5WzL.KNyP2mUHFW51Wfm1gmlIoHv2ri	4	2024-07-29 11:11:05.424924	2024-07-29 11:11:05.424924	\N	\N	\N	\N	New worker290724555	\N	BE	\N	\N	\N	t	\N	\N	\N	0	\N
262	upd652@worker.com	3232666634	f	$2b$10$3WjIe3zZojh02Mt5d6z.zuX7aCS1r/33WLi28eME8SmwBpFq2wlgC	4	2024-07-29 11:17:23.160097	2024-07-29 11:22:20.539205	\N	\N	\N	\N	New upload	Tucan	HU	\N	\N	\N	t	\N	\N	\N	0	\N
248	te34354353stsubmsp@user.com	3774442332	f	$2b$10$z.tHHAukr..fxKTLnE4NTOStYKFus.qIRACfeZOrWzQ7p3BcmG9bi	1	2024-07-26 17:41:09.197077	2024-08-09 16:26:42.46231	\N	\N	\N	\N	New	MSP	HU	Budapest	25919	\N	f	\N	\N	\N	0	\N
263	upd29072465@worker.ru	3272141664	f	$2b$10$Qghz9iK.SfP.toNjteZQKu4ZmfPGFXfhBKViKAnFbU.p/tYf1klie	4	2024-07-29 11:23:17.417359	2024-07-29 11:23:40.696349	\N	\N	\N	\N	New worker290655	вапвап	BE	\N	\N	\N	t	\N	\N	\N	0	\N
254	te9933453534stsubmsp@user.com	3664440032	f	$2b$10$4y9OMMGRH7CNdfV0FlUAJ.PkTvGzOn3UhK/e1t5JDb6WsmJCOb3Xu	1	2024-07-26 17:42:22.898926	2024-08-09 16:22:16.018152	\N	\N	\N	\N	New	MSP	HU	Budapest	25919	\N	f	\N	2024-08-09 16:22:16.018152	\N	3	\N
251	te3399898stsubmsp@user.com	3904442332	f	$2b$10$o41Vaj5nP3s.dh0t4EEz7OvF5frnDepj5yaFT4usiv446TIDYEHqC	1	2024-07-26 17:41:09.915226	2024-08-09 16:26:31.638515	\N	\N	\N	\N	New	MSP	HU	Budapest	25919	\N	f	\N	\N	\N	1	\N
249	te33345345stsubmsp@user.com	3884442332	f	$2b$10$owB1Qk5FJyCHjayUJxyb1.1Ed5YDxHdX4hoWsirKgy7gg1pOuf2.u	1	2024-07-26 17:41:09.471468	2024-08-09 16:26:42.46231	\N	\N	\N	\N	New	MSP	HU	Budapest	25919	\N	f	\N	\N	\N	0	\N
252	te399993stsubmsp@user.com	3914442332	f	$2b$10$y4ihghR1pN84yreGA53cEuQ04YEqRlFQr0jA3xx5gDA.LVe5GpS8q	1	2024-07-26 17:41:10.121724	2024-08-09 16:26:31.638515	\N	\N	\N	\N	New	MSP	HU	Budapest	25919	\N	f	\N	\N	\N	1	\N
275	kissgeza@algeria.al	+213321321321321	f	$2b$10$iK85gk746EWkE4wjNavJMesJZi2s.7rloa12C.HhIHwMBa336pY4a	4	2024-07-31 16:14:27.889209	2024-08-01 09:27:40.470908	\N	F497	2024-07-31 16:14:27.872	\N	Géza	Kiss	DZ	\N	\N	\N	t	\N	2024-08-01 09:27:40.470908	\N	3	\N
253	te3787873stsubmsp@user.com	3924442332	f	$2b$10$8VhzBWPHEhMS7kNGczElo.aQaJk4APlOiXh6Isvx4TZ9wP749xNQm	1	2024-07-26 17:41:10.338542	2024-08-09 16:26:42.46231	\N	\N	\N	\N	New	MSP	HU	Budapest	25919	\N	f	\N	\N	\N	0	\N
207	32145688775@yandex.ru	13215666988	f	$2b$10$xaMCoOXxIMCqpsMiJO02Wudq4kbSbz6WFOdtfxfmUKCvBeXqQ60hq	2	2024-07-25 18:49:02.833338	2024-08-01 19:00:48.819887	\N	2200	2024-07-25 18:49:02.832	\N	Test	after	AL	\N	53	\N	f	\N	\N	\N	0	\N
279	te566885@yandex.ru	14564564888	f	$2b$10$uxaNEnbwfgQNuQ6jF/2nbuwoJ6fuiaP.r/y8./l1xWnoIXdklq6Uq	6	2024-08-01 14:32:10.438034	2024-08-09 17:46:08.772902	\N	B6C3	2024-08-01 14:32:10.436	\N	Darya8	Pristavkina8	AL	\N	53	\N	f	\N	\N	\N	1	\N
213	ghhh@ghh.com	17657558558	f	$2b$10$zB7DxClp4tZVc4mcypnNnuH2/OXeYqkcgTHMWvIrN2Z90ZbP9BKBS	2	2024-07-25 22:57:42.196112	2024-08-01 19:00:48.819887	\N	2B7E	2024-07-25 22:57:42.194	\N	ЕУЕУЕЕЕ. йцуйцу		AL	\N	55	\N	f	\N	\N	\N	0	\N
259	test333@client.cl	1231231289	f	$2b$10$aVyajWZcnZ2vsG/zE72SBumSIcespkJz1BjNtpOpo4of6Ququtiv2	2	2024-07-29 09:43:57.760789	2024-07-31 12:04:23.928567	\N	\N	\N	\N	Test client31	\N	RU	Moscow City	36557	\N	f	\N	2024-07-31 12:04:23.928567	\N	3	\N
214	sdfgsdg@gmail.com	87654345678	f	$2b$10$JTZJGrUvbD7oMbcTHbOBCuS93ekxCRIqqDhz057SOxuwGuFbEM3c6	2	2024-07-26 08:39:34.889872	2024-08-01 19:00:48.819887	\N	0CA1	2024-07-26 08:39:34.888	\N	dfghdgb		AL	\N	55	\N	f	\N	\N	\N	0	\N
327	szabokriszta@mail.hu	18798798799	f	$2b$10$Ar43Z.d9X4SvEJirUC.ypegoobadXsB9gbaU.qUk6Lu/ogrzgg7tC	6	2024-08-09 17:56:09.984574	2024-08-09 18:10:18.664993	\N	D7A4	2024-08-09 17:56:09.983	\N	Kriszta	Szabó	DE	\N	10333	\N	f	\N	2024-08-09 18:10:18.664993	\N	3	\N
274	NAgyimre@ageria.al	+213456123123123	f	$2b$10$uRqoWs1qjO4ZXFXSuOfIz.uSypKGS4Gz7ZqL1ffMRIoOCJVKCShPG	4	2024-07-31 16:13:30.198265	2024-07-31 16:13:30.213561	\N	54C4	2024-07-31 16:13:30.196	\N	Imre	nagy	DZ	\N	\N	\N	t	\N	\N	\N	0	\N
215	312155@yandex.ru	12321555664	f	$2b$10$mKo1FnMLyzU3M6597uM3qekPOssIYsPz6VWaUkcJshv7H6I2Nx6ZO	2	2024-07-26 08:43:28.884401	2024-08-01 19:00:48.819887	\N	5B14	2024-07-26 08:43:28.882	\N	Test	after	AL	\N	53	\N	f	\N	\N	\N	0	\N
278	5454@yandex.ru	3655555555	f	$2b$10$jaL0q8qMQuMXpvtH9nh3.e4xj8xJE80PKBhUl6Ph6qI2jbpN/YQoi	2	2024-08-01 09:32:12.422077	2024-08-01 09:32:27.088415	\N	FF9D	2024-08-01 09:32:12.419	\N	Darya		AF	\N	34	\N	f	\N	2024-08-01 09:32:27.088415	\N	3	\N
156	233e44443@e3xample.com	45234434320	f	$2b$10$oDcMinAqQ1Knmsokpl8rZe2hDQRYY1IAM75Ft8QIpWoAzqPXq4Yae	6	2024-07-24 10:44:36.547576	2024-08-09 18:41:28.276261	\N	EE06	2024-07-24 10:44:36.542	\N	John	\N	UA	\N	12	\N	f	\N	\N	\N	0	\N
216	3214566@yandex.ru	13214566888	f	$2b$10$bWUGVvZ1Q2UDgGPHEuCvpuHdqRQKrzRfEu/c6bs3gboCk1FVCoDY2	2	2024-07-26 08:49:25.258226	2024-08-01 19:00:48.819887	\N	C95E	2024-07-26 08:49:25.256	\N	Daria	Test	AL	\N	53	\N	f	\N	\N	\N	0	\N
264	denriemist@yandex.ru	9618950954	f	$2b$10$1NUbH/DGRZIOodE2pSg3uOtCNXPbrOF/Yp1TkBnXRUTOWymkiH7cW	3	2024-07-29 11:32:56.90482	2024-08-01 14:34:25.313694	2024-08-01 14:34:25.312	693E	2024-07-29 11:32:56.886	\N	Daria	Pristavkina	AL	AL-40	58	\N	f	\N	\N	\N	0	\N
257	test111@client.cl	1231231245	f	$2b$10$WPeMM45kHY.DRHd.o5wjvuZ1woq2hmT02OUjD7WSdJwoAnKZRca3e	2	2024-07-29 09:43:56.721775	2024-08-01 19:10:05.633931	\N	\N	\N	\N	Test client11		PW	Moscow City	36557	\N	f	\N	\N	\N	0	\N
320	upd@worker.com	3232141999	f	$2b$10$MpnOodvEc3z5bvglASAM7erNvJPheH5rF9qFvNuR591J0ub.ixLmu	4	2024-08-02 13:46:59.472293	2024-08-02 13:46:59.472293	\N	\N	\N	\N	New workerxxx	\N	HU	\N	\N	\N	t	\N	\N	\N	0	\N
328	basq4@bitklub.hu	17896245321	f	$2b$10$WcF/ktzZH/7HdDqw.kurg.diyoGpQJ002UtxEBmlCySFzB2HAxMWG	6	2024-08-09 18:19:48.718515	2024-08-09 18:19:48.732844	\N	EBFC	2024-08-09 18:19:48.717	\N	Marko Croat		HR	\N	25394	\N	f	\N	\N	\N	0	\N
217	d5366t@yandex.ru	13214655888	f	$2b$10$SoGhDZDkr48LG34RIaVg3.R8pW7vhWoh/IzdAVmTPzLowHCmZPa06	2	2024-07-26 08:51:13.620539	2024-08-01 19:00:48.819887	\N	5CF0	2024-07-26 08:51:13.619	\N	Darya	\N	AL	\N	53	\N	f	\N	\N	\N	0	\N
218	321896666@yandex.ru	13214566666	f	$2b$10$.j4e1O0ZPPzZu6qxgKr/6eeDFT6m2KY4emKeCm5z01z91Qh1D430i	2	2024-07-26 08:52:08.462323	2024-08-01 19:00:48.819887	\N	98E5	2024-07-26 08:52:08.461	\N	Daria	\N	AL	\N	53	\N	f	\N	\N	\N	0	\N
220	dfbefb@gmail.com	76543245678	f	$2b$10$KzPkbDlGA1DPcEC469diju2eoJAAMaRQWtH36Ssi0QyPmaqnFyL/O	2	2024-07-26 09:34:23.988014	2024-08-01 19:00:48.819887	\N	3B19	2024-07-26 09:34:23.986	\N	fsdf	\N	AL	\N	57	\N	f	\N	\N	\N	0	\N
222	svsfvwjn@gmail.com	4549364358	f	$2b$10$lRJG19rJHQ6Sp3fGndWtu..KIDxq/Tg4Aj2LCRWZBA9WjO45OLIE.	2	2024-07-26 09:36:55.343734	2024-08-01 19:00:48.819887	\N	847B	2024-07-26 09:36:55.342	\N	rngvdscsdvbrnr	\N	AL	\N	56	\N	f	\N	\N	\N	0	\N
223	gvevwvdfb@gmail.com	34567987654	f	$2b$10$.0t9GPgvkt0I5HvnBIRIcOQ8BLyBFmbX/v8pRq20x.imVTvzTB8OS	2	2024-07-26 09:37:52.476907	2024-08-01 19:00:48.819887	\N	478B	2024-07-26 09:37:52.475	\N	wsdkfjcnkwednfvjkwef	\N	AL	\N	56	\N	f	\N	\N	\N	0	\N
256	any@be.com	32565784666	f	$2b$10$xofJ7AcSuzgz2jVWnpUOou5LUCTLq34MnUo4DvheIx3wtWG1Sh1qy	2	2024-07-29 09:38:18.791091	2024-08-01 19:00:48.819887	\N	D05A	2024-07-29 09:38:18.785	\N	29072024		BE	\N	4675	\N	f	\N	\N	\N	0	\N
337	testtest32115@yandex.ru	82222222255	f	$2b$10$NVBDxLcPISqziPsFJi0kOuR5ENM6zl/y32lFVRUfYMgqwtuX6yGSO	6	2024-08-13 16:26:50.709401	2024-08-13 16:28:22.638446	\N	7C56	2024-08-13 16:26:50.707	\N	Daria	Pristavkina	AF	\N	34	\N	f	\N	\N	\N	0	\N
258	test222@client.cl	1231231267	f	$2b$10$0mgV.eSa9M8HbLR/EZ4Jr.bkSRJLcMilLyKecn8FvdfhSWTAWmHwm	2	2024-07-29 09:43:57.410347	2024-08-01 19:00:48.819887	\N	\N	\N	\N	Test client21	\N	RU	Moscow City	36557	\N	f	\N	\N	\N	0	\N
272	any@yaou.com	307890678756767	f	$2b$10$PGhIKOv02U5vDfvgtrVuruR1kHw7pF2PlwbU0pmQ1AlESBuV1yqC2	2	2024-07-31 12:00:03.416801	2024-08-01 19:00:48.819887	\N	9385	2024-07-31 12:00:03.401	\N	31072024		GR	\N	24994	\N	f	\N	\N	\N	0	\N
276	3165466545@yandex.ru	13215987878	f	$2b$10$EF6QUxfLbJ2tcaeMmNP3fuJ06dYd5V0lvTKodqPz1VzOdk/OcPgDG	2	2024-07-31 16:22:23.56553	2024-08-01 19:00:48.819887	\N	7DE3	2024-07-31 16:22:23.564	\N	Darya		AF	\N	35	\N	f	\N	\N	\N	0	\N
221	dfbgefgbjn@gmail.com	76543213457	f	$2b$10$xRvGfo.kmiX4pBERrQZ8lORMFy8JLEJUxmJn179rUYzNWADMUMTo6	2	2024-07-26 09:36:22.367668	2024-08-01 19:03:39.432942	\N	5A31	2024-07-26 09:36:22.366	\N	adfcadf	\N	AL	\N	58	\N	f	\N	\N	\N	1	\N
241	dar7673454656t@yandex.ru	13255668888	f	$2b$10$VoZOZvpluSPzj1gIPhV.6.Ivo0T1x6EmdZ4COKqOqoE/5HLQyJLw6	2	2024-07-26 15:43:36.618886	2024-08-01 19:03:39.432942	\N	6EA6	2024-07-26 15:43:36.617	\N	Nissan Tucan		AL	\N	53	\N	f	\N	\N	\N	1	\N
269	test28282@client.cl	1231228212	f	$2b$10$7UASs.iNgVyaqi.cYkemGuzVooK4VUD61tBAOpEie3iNUWv7nJ8du	2	2024-07-29 12:26:25.567784	2024-08-01 19:03:39.432942	\N	\N	\N	\N	Test гздщфв		RU	Moscow City	36557	\N	f	\N	\N	\N	1	\N
271	any@be.ru	16666667777	f	$2b$10$pjoAnVxJUlNhmjr676USf.BlVLgkbc0gosAwR7JcHVlCa/TDA2c22	2	2024-07-29 16:44:02.931997	2024-08-01 19:03:39.432942	\N	6C21	2024-07-29 16:44:02.929	\N	300724		BY	\N	6232	\N	f	\N	\N	\N	1	\N
273	test12324@client.cl	1222221212	f	$2b$10$2UNiaEX4GJbvZehBeHphOeHYpMMPNwEbzcFRvgZuQ2qtBXdtFFbpG	2	2024-07-31 12:11:42.143587	2024-08-01 19:03:39.432942	\N	\N	\N	\N	Test client		BE	Brussels Hoofdstedelijk Gewest	4790	\N	f	\N	\N	\N	1	\N
277	any@at.com	435656565656565	f	$2b$10$QdllGkTR3ZES83JYlg.MVO9mXhBb7um/L7gKLZbhtqfPCJhxQ3erW	2	2024-08-01 08:56:58.154537	2024-08-01 19:03:39.432942	\N	0D6B	2024-08-01 08:56:58.148	\N	010824		AT	\N	557	\N	f	\N	\N	\N	1	\N
281	july@client.huu	654654654	f	$2b$10$ck5AQ9Kbl0BjSKzZrHMinOWlZyBH62.6s3K0uJHoiYeQMlR7IQKJG	2	2024-08-01 18:52:43.553881	2024-08-01 19:31:06.54251	\N	\N	\N	\N	July	\N	HU	Szeged	25916	\N	f	\N	2024-08-01 19:31:06.54251	\N	3	\N
313	julisuigeza@july.hu	+16549876544	f	$2b$10$PNbFt/Eyu103bOQX1zfUDuLv/xxX/QxYYBY4H3o587tSFab8tFxSu	4	2024-08-02 10:39:34.326376	2024-08-02 12:18:33.109827	\N	4B54	2024-08-02 10:39:34.324	\N	GÉza	Juliusi	AT	\N	\N	\N	t	\N	2024-08-02 12:18:33.109827	\N	3	\N
321	upd@workeryyy.com	3232999999	f	$2b$10$XAMqWjMcLmysHHkKjPRMy.tfNeLaoLJrpvZ7SNQYx2esRcOqXogiW	4	2024-08-02 13:48:24.891826	2024-08-02 13:48:24.891826	\N	\N	\N	\N	New workerxxxyyy	\N	HU	\N	\N	\N	t	\N	\N	\N	0	\N
329	marisszomszed@user.com	3265472332	f	$2b$10$47nCgztwpYtLi9iD3qMq.eGakPZIj3aChJGSHAxsuRRDEmulAtXum	1	2024-08-09 18:23:19.786044	2024-08-09 18:23:19.786044	\N	\N	\N	\N	Szomszéd	Máris	HU	Budapest	25919	\N	f	\N	\N	\N	0	\N
338	testtest3212@yandex.ru	15645645646	f	$2b$10$IOxGoALIGJ/NJ3T0BxbVA..vYmCje16wLuxHQ/5jJCrqYKxL2//0q	6	2024-08-13 16:29:07.507604	2024-08-13 16:30:17.743122	\N	FB6E	2024-08-13 16:29:07.506	\N	Darya	Pristavkina	AF	\N	34	\N	f	\N	\N	\N	0	\N
\.


--
-- Name: actions_id_seq; Type: SEQUENCE SET; Schema: public; Owner: pma
--

SELECT pg_catalog.setval('public.actions_id_seq', 10, true);


--
-- Name: appeal_question_replies_id_seq; Type: SEQUENCE SET; Schema: public; Owner: pma
--

SELECT pg_catalog.setval('public.appeal_question_replies_id_seq', 1, false);


--
-- Name: appeal_questions_id_seq; Type: SEQUENCE SET; Schema: public; Owner: pma
--

SELECT pg_catalog.setval('public.appeal_questions_id_seq', 1, false);


--
-- Name: appeals_id_seq; Type: SEQUENCE SET; Schema: public; Owner: pma
--

SELECT pg_catalog.setval('public.appeals_id_seq', 1, false);


--
-- Name: bonus_system_id_seq; Type: SEQUENCE SET; Schema: public; Owner: pma
--

SELECT pg_catalog.setval('public.bonus_system_id_seq', 1, false);


--
-- Name: bonus_system_location_link_id_seq; Type: SEQUENCE SET; Schema: public; Owner: pma
--

SELECT pg_catalog.setval('public.bonus_system_location_link_id_seq', 1, false);


--
-- Name: cities_id_seq; Type: SEQUENCE SET; Schema: public; Owner: pma
--

SELECT pg_catalog.setval('public.cities_id_seq', 1, false);


--
-- Name: client_competitors_id_seq; Type: SEQUENCE SET; Schema: public; Owner: pma
--

SELECT pg_catalog.setval('public.client_competitors_id_seq', 1, true);


--
-- Name: client_subdivisions_id_seq; Type: SEQUENCE SET; Schema: public; Owner: pma
--

SELECT pg_catalog.setval('public.client_subdivisions_id_seq', 44, true);


--
-- Name: communication_action_users_id_seq; Type: SEQUENCE SET; Schema: public; Owner: pma
--

SELECT pg_catalog.setval('public.communication_action_users_id_seq', 1, false);


--
-- Name: communication_chanel_users_id_seq; Type: SEQUENCE SET; Schema: public; Owner: pma
--

SELECT pg_catalog.setval('public.communication_chanel_users_id_seq', 22, true);


--
-- Name: communication_templates_id_seq; Type: SEQUENCE SET; Schema: public; Owner: pma
--

SELECT pg_catalog.setval('public.communication_templates_id_seq', 15, true);


--
-- Name: communications_id_seq; Type: SEQUENCE SET; Schema: public; Owner: pma
--

SELECT pg_catalog.setval('public.communications_id_seq', 4, true);


--
-- Name: countries_id_seq; Type: SEQUENCE SET; Schema: public; Owner: pma
--

SELECT pg_catalog.setval('public.countries_id_seq', 246, true);


--
-- Name: file_manager_access_id_seq; Type: SEQUENCE SET; Schema: public; Owner: pma
--

SELECT pg_catalog.setval('public.file_manager_access_id_seq', 196, true);


--
-- Name: file_manager_folder_links_id_seq; Type: SEQUENCE SET; Schema: public; Owner: pma
--

SELECT pg_catalog.setval('public.file_manager_folder_links_id_seq', 1, false);


--
-- Name: file_manager_folders_id_seq; Type: SEQUENCE SET; Schema: public; Owner: pma
--

SELECT pg_catalog.setval('public.file_manager_folders_id_seq', 1, false);


--
-- Name: file_manager_id_seq; Type: SEQUENCE SET; Schema: public; Owner: pma
--

SELECT pg_catalog.setval('public.file_manager_id_seq', 196, true);


--
-- Name: file_manager_provider_id_seq; Type: SEQUENCE SET; Schema: public; Owner: pma
--

SELECT pg_catalog.setval('public.file_manager_provider_id_seq', 1, false);


--
-- Name: file_manager_public_link_id_seq; Type: SEQUENCE SET; Schema: public; Owner: pma
--

SELECT pg_catalog.setval('public.file_manager_public_link_id_seq', 1, false);


--
-- Name: file_manager_user_provider_id_seq; Type: SEQUENCE SET; Schema: public; Owner: pma
--

SELECT pg_catalog.setval('public.file_manager_user_provider_id_seq', 1, false);


--
-- Name: group_user_link_id_seq; Type: SEQUENCE SET; Schema: public; Owner: pma
--

SELECT pg_catalog.setval('public.group_user_link_id_seq', 60, true);


--
-- Name: groups_id_seq; Type: SEQUENCE SET; Schema: public; Owner: pma
--

SELECT pg_catalog.setval('public.groups_id_seq', 9, true);


--
-- Name: imports_id_seq; Type: SEQUENCE SET; Schema: public; Owner: pma
--

SELECT pg_catalog.setval('public.imports_id_seq', 313, true);


--
-- Name: location_categories_id_seq; Type: SEQUENCE SET; Schema: public; Owner: pma
--

SELECT pg_catalog.setval('public.location_categories_id_seq', 6, true);


--
-- Name: location_category_relations_id_seq; Type: SEQUENCE SET; Schema: public; Owner: pma
--

SELECT pg_catalog.setval('public.location_category_relations_id_seq', 1, false);


--
-- Name: location_category_values_id_seq; Type: SEQUENCE SET; Schema: public; Owner: pma
--

SELECT pg_catalog.setval('public.location_category_values_id_seq', 26, true);


--
-- Name: location_execution_access_id_seq; Type: SEQUENCE SET; Schema: public; Owner: pma
--

SELECT pg_catalog.setval('public.location_execution_access_id_seq', 77, true);


--
-- Name: location_execution_bonus_links_id_seq; Type: SEQUENCE SET; Schema: public; Owner: pma
--

SELECT pg_catalog.setval('public.location_execution_bonus_links_id_seq', 1, false);


--
-- Name: location_execution_id_seq; Type: SEQUENCE SET; Schema: public; Owner: pma
--

SELECT pg_catalog.setval('public.location_execution_id_seq', 48, true);


--
-- Name: location_execution_instructions_id_seq; Type: SEQUENCE SET; Schema: public; Owner: pma
--

SELECT pg_catalog.setval('public.location_execution_instructions_id_seq', 1, false);


--
-- Name: location_execution_location_link_id_seq; Type: SEQUENCE SET; Schema: public; Owner: pma
--

SELECT pg_catalog.setval('public.location_execution_location_link_id_seq', 26, true);


--
-- Name: location_execution_questionnaire_link_id_seq; Type: SEQUENCE SET; Schema: public; Owner: pma
--

SELECT pg_catalog.setval('public.location_execution_questionnaire_link_id_seq', 14, true);


--
-- Name: location_execution_user_group_link_id_seq; Type: SEQUENCE SET; Schema: public; Owner: pma
--

SELECT pg_catalog.setval('public.location_execution_user_group_link_id_seq', 1, false);


--
-- Name: location_group_links_id_seq; Type: SEQUENCE SET; Schema: public; Owner: pma
--

SELECT pg_catalog.setval('public.location_group_links_id_seq', 578, true);


--
-- Name: location_group_parent_link_id_seq; Type: SEQUENCE SET; Schema: public; Owner: pma
--

SELECT pg_catalog.setval('public.location_group_parent_link_id_seq', 109, true);


--
-- Name: location_group_user_link_id_seq; Type: SEQUENCE SET; Schema: public; Owner: pma
--

SELECT pg_catalog.setval('public.location_group_user_link_id_seq', 89, true);


--
-- Name: location_groups_id_seq; Type: SEQUENCE SET; Schema: public; Owner: pma
--

SELECT pg_catalog.setval('public.location_groups_id_seq', 89, true);


--
-- Name: location_status_id_seq; Type: SEQUENCE SET; Schema: public; Owner: pma
--

SELECT pg_catalog.setval('public.location_status_id_seq', 1, false);


--
-- Name: location_user_id_seq; Type: SEQUENCE SET; Schema: public; Owner: pma
--

SELECT pg_catalog.setval('public.location_user_id_seq', 1, false);


--
-- Name: locations_id_seq; Type: SEQUENCE SET; Schema: public; Owner: pma
--

SELECT pg_catalog.setval('public.locations_id_seq', 140, true);


--
-- Name: migrations_id_seq; Type: SEQUENCE SET; Schema: public; Owner: pma
--

SELECT pg_catalog.setval('public.migrations_id_seq', 114, true);


--
-- Name: mystery_shopper_visit_id_seq; Type: SEQUENCE SET; Schema: public; Owner: pma
--

SELECT pg_catalog.setval('public.mystery_shopper_visit_id_seq', 4, true);


--
-- Name: program_type_access_id_seq; Type: SEQUENCE SET; Schema: public; Owner: pma
--

SELECT pg_catalog.setval('public.program_type_access_id_seq', 101, true);


--
-- Name: program_type_id_seq; Type: SEQUENCE SET; Schema: public; Owner: pma
--

SELECT pg_catalog.setval('public.program_type_id_seq', 95, true);


--
-- Name: program_type_questionnaire_links_id_seq; Type: SEQUENCE SET; Schema: public; Owner: pma
--

SELECT pg_catalog.setval('public.program_type_questionnaire_links_id_seq', 19, true);


--
-- Name: questionnaire_answer_links_id_seq; Type: SEQUENCE SET; Schema: public; Owner: pma
--

SELECT pg_catalog.setval('public.questionnaire_answer_links_id_seq', 1, false);


--
-- Name: questionnaire_answer_statistics_id_seq; Type: SEQUENCE SET; Schema: public; Owner: pma
--

SELECT pg_catalog.setval('public.questionnaire_answer_statistics_id_seq', 1, false);


--
-- Name: questionnaire_answers_id_seq; Type: SEQUENCE SET; Schema: public; Owner: pma
--

SELECT pg_catalog.setval('public.questionnaire_answers_id_seq', 1, false);


--
-- Name: questionnaire_questions_id_seq; Type: SEQUENCE SET; Schema: public; Owner: pma
--

SELECT pg_catalog.setval('public.questionnaire_questions_id_seq', 1, false);


--
-- Name: questionnaire_sections_id_seq; Type: SEQUENCE SET; Schema: public; Owner: pma
--

SELECT pg_catalog.setval('public.questionnaire_sections_id_seq', 1, false);


--
-- Name: questionnaires_id_seq; Type: SEQUENCE SET; Schema: public; Owner: pma
--

SELECT pg_catalog.setval('public.questionnaires_id_seq', 72, true);


--
-- Name: regions_id_seq; Type: SEQUENCE SET; Schema: public; Owner: pma
--

SELECT pg_catalog.setval('public.regions_id_seq', 1, false);


--
-- Name: role_action_link_id_seq; Type: SEQUENCE SET; Schema: public; Owner: pma
--

SELECT pg_catalog.setval('public.role_action_link_id_seq', 1, false);


--
-- Name: role_actions_id_seq; Type: SEQUENCE SET; Schema: public; Owner: pma
--

SELECT pg_catalog.setval('public.role_actions_id_seq', 1, false);


--
-- Name: role_rules_id_seq; Type: SEQUENCE SET; Schema: public; Owner: pma
--

SELECT pg_catalog.setval('public.role_rules_id_seq', 6660, true);


--
-- Name: role_user_link_id_seq; Type: SEQUENCE SET; Schema: public; Owner: pma
--

SELECT pg_catalog.setval('public.role_user_link_id_seq', 318, true);


--
-- Name: roles_id_seq; Type: SEQUENCE SET; Schema: public; Owner: pma
--

SELECT pg_catalog.setval('public.roles_id_seq', 8, true);


--
-- Name: scheduling_shops_id_seq; Type: SEQUENCE SET; Schema: public; Owner: pma
--

SELECT pg_catalog.setval('public.scheduling_shops_id_seq', 17, true);


--
-- Name: status_changes_id_seq; Type: SEQUENCE SET; Schema: public; Owner: pma
--

SELECT pg_catalog.setval('public.status_changes_id_seq', 203, true);


--
-- Name: user_client_access_id_seq; Type: SEQUENCE SET; Schema: public; Owner: pma
--

SELECT pg_catalog.setval('public.user_client_access_id_seq', 123, true);


--
-- Name: user_clients_id_seq; Type: SEQUENCE SET; Schema: public; Owner: pma
--

SELECT pg_catalog.setval('public.user_clients_id_seq', 158, true);


--
-- Name: user_comments_id_seq; Type: SEQUENCE SET; Schema: public; Owner: pma
--

SELECT pg_catalog.setval('public.user_comments_id_seq', 12, true);


--
-- Name: user_handbook_filling_id_seq; Type: SEQUENCE SET; Schema: public; Owner: pma
--

SELECT pg_catalog.setval('public.user_handbook_filling_id_seq', 1424, true);


--
-- Name: user_handbook_group_id_seq; Type: SEQUENCE SET; Schema: public; Owner: pma
--

SELECT pg_catalog.setval('public.user_handbook_group_id_seq', 7, true);


--
-- Name: user_handbook_id_seq; Type: SEQUENCE SET; Schema: public; Owner: pma
--

SELECT pg_catalog.setval('public.user_handbook_id_seq', 43, true);


--
-- Name: user_handbook_link_id_seq; Type: SEQUENCE SET; Schema: public; Owner: pma
--

SELECT pg_catalog.setval('public.user_handbook_link_id_seq', 26, true);


--
-- Name: user_handbook_value_id_seq; Type: SEQUENCE SET; Schema: public; Owner: pma
--

SELECT pg_catalog.setval('public.user_handbook_value_id_seq', 127, true);


--
-- Name: user_integrations_id_seq; Type: SEQUENCE SET; Schema: public; Owner: pma
--

SELECT pg_catalog.setval('public.user_integrations_id_seq', 1, true);


--
-- Name: user_notes_id_seq; Type: SEQUENCE SET; Schema: public; Owner: pma
--

SELECT pg_catalog.setval('public.user_notes_id_seq', 1, false);


--
-- Name: user_notifications_id_seq; Type: SEQUENCE SET; Schema: public; Owner: pma
--

SELECT pg_catalog.setval('public.user_notifications_id_seq', 1, false);


--
-- Name: user_settings_id_seq; Type: SEQUENCE SET; Schema: public; Owner: pma
--

SELECT pg_catalog.setval('public.user_settings_id_seq', 13, true);


--
-- Name: user_workers_id_seq; Type: SEQUENCE SET; Schema: public; Owner: pma
--

SELECT pg_catalog.setval('public.user_workers_id_seq', 77, true);


--
-- Name: users_id_seq; Type: SEQUENCE SET; Schema: public; Owner: pma
--

SELECT pg_catalog.setval('public.users_id_seq', 349, true);


--
-- Name: user_settings PK_00f004f5922a0744d174530d639; Type: CONSTRAINT; Schema: public; Owner: pma
--

ALTER TABLE ONLY public.user_settings
    ADD CONSTRAINT "PK_00f004f5922a0744d174530d639" PRIMARY KEY (id);


--
-- Name: location_category_values PK_01ea9b5ecddaf9453f92897437a; Type: CONSTRAINT; Schema: public; Owner: pma
--

ALTER TABLE ONLY public.location_category_values
    ADD CONSTRAINT "PK_01ea9b5ecddaf9453f92897437a" PRIMARY KEY (id);


--
-- Name: location_execution_access PK_06421e9620d318a16cf764ff268; Type: CONSTRAINT; Schema: public; Owner: pma
--

ALTER TABLE ONLY public.location_execution_access
    ADD CONSTRAINT "PK_06421e9620d318a16cf764ff268" PRIMARY KEY (id);


--
-- Name: location_category_relations PK_109a0d19770187f0c2b3f52ee3d; Type: CONSTRAINT; Schema: public; Owner: pma
--

ALTER TABLE ONLY public.location_category_relations
    ADD CONSTRAINT "PK_109a0d19770187f0c2b3f52ee3d" PRIMARY KEY (id);


--
-- Name: appeal_question_replies PK_11be2e810b2656f4c12028fdbf9; Type: CONSTRAINT; Schema: public; Owner: pma
--

ALTER TABLE ONLY public.appeal_question_replies
    ADD CONSTRAINT "PK_11be2e810b2656f4c12028fdbf9" PRIMARY KEY (id);


--
-- Name: location_execution_user_group_link PK_17a539acebc5e4e2e78ea51ab45; Type: CONSTRAINT; Schema: public; Owner: pma
--

ALTER TABLE ONLY public.location_execution_user_group_link
    ADD CONSTRAINT "PK_17a539acebc5e4e2e78ea51ab45" PRIMARY KEY (id);


--
-- Name: user_handbook_group PK_1c6f944f7b1dfe0b6d290917f69; Type: CONSTRAINT; Schema: public; Owner: pma
--

ALTER TABLE ONLY public.user_handbook_group
    ADD CONSTRAINT "PK_1c6f944f7b1dfe0b6d290917f69" PRIMARY KEY (id);


--
-- Name: file_manager_folders PK_229c742f236b237353ee3d9adc8; Type: CONSTRAINT; Schema: public; Owner: pma
--

ALTER TABLE ONLY public.file_manager_folders
    ADD CONSTRAINT "PK_229c742f236b237353ee3d9adc8" PRIMARY KEY (id);


--
-- Name: location_groups PK_28b724510af407838c620b6b9fc; Type: CONSTRAINT; Schema: public; Owner: pma
--

ALTER TABLE ONLY public.location_groups
    ADD CONSTRAINT "PK_28b724510af407838c620b6b9fc" PRIMARY KEY (id);


--
-- Name: communications PK_29ec793018d5d5ca19d40149e87; Type: CONSTRAINT; Schema: public; Owner: pma
--

ALTER TABLE ONLY public.communications
    ADD CONSTRAINT "PK_29ec793018d5d5ca19d40149e87" PRIMARY KEY (id);


--
-- Name: user_comments PK_2d1437dfa86fd64a7a784cd95a8; Type: CONSTRAINT; Schema: public; Owner: pma
--

ALTER TABLE ONLY public.user_comments
    ADD CONSTRAINT "PK_2d1437dfa86fd64a7a784cd95a8" PRIMARY KEY (id);


--
-- Name: questionnaire_answers PK_353fef8e031908634816fa91fd2; Type: CONSTRAINT; Schema: public; Owner: pma
--

ALTER TABLE ONLY public.questionnaire_answers
    ADD CONSTRAINT "PK_353fef8e031908634816fa91fd2" PRIMARY KEY (id);


--
-- Name: client_subdivisions PK_3ba25e44debfad2162263195716; Type: CONSTRAINT; Schema: public; Owner: pma
--

ALTER TABLE ONLY public.client_subdivisions
    ADD CONSTRAINT "PK_3ba25e44debfad2162263195716" PRIMARY KEY (id);


--
-- Name: questionnaire_sections PK_3be4de6403d5f62f5f011923cb7; Type: CONSTRAINT; Schema: public; Owner: pma
--

ALTER TABLE ONLY public.questionnaire_sections
    ADD CONSTRAINT "PK_3be4de6403d5f62f5f011923cb7" PRIMARY KEY (id);


--
-- Name: file_manager_provider PK_3efc546e67f55a37fbf9adc4faa; Type: CONSTRAINT; Schema: public; Owner: pma
--

ALTER TABLE ONLY public.file_manager_provider
    ADD CONSTRAINT "PK_3efc546e67f55a37fbf9adc4faa" PRIMARY KEY (id);


--
-- Name: appeal_questions PK_3ff9a6cda04dcac3cce68537f09; Type: CONSTRAINT; Schema: public; Owner: pma
--

ALTER TABLE ONLY public.appeal_questions
    ADD CONSTRAINT "PK_3ff9a6cda04dcac3cce68537f09" PRIMARY KEY (id);


--
-- Name: program_type_access PK_41ffbe61abd198237d0957dfe3d; Type: CONSTRAINT; Schema: public; Owner: pma
--

ALTER TABLE ONLY public.program_type_access
    ADD CONSTRAINT "PK_41ffbe61abd198237d0957dfe3d" PRIMARY KEY (id);


--
-- Name: location_execution_instructions PK_436ff69465af4fd9a55b3b4f5e4; Type: CONSTRAINT; Schema: public; Owner: pma
--

ALTER TABLE ONLY public.location_execution_instructions
    ADD CONSTRAINT "PK_436ff69465af4fd9a55b3b4f5e4" PRIMARY KEY (id);


--
-- Name: location_execution PK_442b50b56f3d06ce658e5ffe22d; Type: CONSTRAINT; Schema: public; Owner: pma
--

ALTER TABLE ONLY public.location_execution
    ADD CONSTRAINT "PK_442b50b56f3d06ce658e5ffe22d" PRIMARY KEY (id);


--
-- Name: program_type_questionnaire_links PK_467b4879b632e5cfbefb42c77ff; Type: CONSTRAINT; Schema: public; Owner: pma
--

ALTER TABLE ONLY public.program_type_questionnaire_links
    ADD CONSTRAINT "PK_467b4879b632e5cfbefb42c77ff" PRIMARY KEY (id);


--
-- Name: user_handbook_link PK_46b05c7f3a46203a08e0f97abf0; Type: CONSTRAINT; Schema: public; Owner: pma
--

ALTER TABLE ONLY public.user_handbook_link
    ADD CONSTRAINT "PK_46b05c7f3a46203a08e0f97abf0" PRIMARY KEY (id);


--
-- Name: role_rules PK_4a1d1980852b67db5b8dcbc8e6e; Type: CONSTRAINT; Schema: public; Owner: pma
--

ALTER TABLE ONLY public.role_rules
    ADD CONSTRAINT "PK_4a1d1980852b67db5b8dcbc8e6e" PRIMARY KEY (id);


--
-- Name: location_categories PK_4e48dc4790629f70bbc060c46be; Type: CONSTRAINT; Schema: public; Owner: pma
--

ALTER TABLE ONLY public.location_categories
    ADD CONSTRAINT "PK_4e48dc4790629f70bbc060c46be" PRIMARY KEY (id);


--
-- Name: questionnaire_questions PK_522868371a7e3e08cbd044d71b5; Type: CONSTRAINT; Schema: public; Owner: pma
--

ALTER TABLE ONLY public.questionnaire_questions
    ADD CONSTRAINT "PK_522868371a7e3e08cbd044d71b5" PRIMARY KEY (id);


--
-- Name: client_competitors PK_5553c4d1d6e2085d6c1a779b019; Type: CONSTRAINT; Schema: public; Owner: pma
--

ALTER TABLE ONLY public.client_competitors
    ADD CONSTRAINT "PK_5553c4d1d6e2085d6c1a779b019" PRIMARY KEY (id);


--
-- Name: user_notifications PK_569622b0fd6e6ab3661de985a2b; Type: CONSTRAINT; Schema: public; Owner: pma
--

ALTER TABLE ONLY public.user_notifications
    ADD CONSTRAINT "PK_569622b0fd6e6ab3661de985a2b" PRIMARY KEY (id);


--
-- Name: user_handbook_filling PK_5744e44b1c265c5cbbc95b7b2a5; Type: CONSTRAINT; Schema: public; Owner: pma
--

ALTER TABLE ONLY public.user_handbook_filling
    ADD CONSTRAINT "PK_5744e44b1c265c5cbbc95b7b2a5" PRIMARY KEY (id);


--
-- Name: role_user_link PK_5a40e2449b87daa0c25fe814672; Type: CONSTRAINT; Schema: public; Owner: pma
--

ALTER TABLE ONLY public.role_user_link
    ADD CONSTRAINT "PK_5a40e2449b87daa0c25fe814672" PRIMARY KEY (id);


--
-- Name: role_actions PK_5ee58f1e3c6236c691f190e0781; Type: CONSTRAINT; Schema: public; Owner: pma
--

ALTER TABLE ONLY public.role_actions
    ADD CONSTRAINT "PK_5ee58f1e3c6236c691f190e0781" PRIMARY KEY (id);


--
-- Name: questionnaire_answer_links PK_60e93cdb40c8336ed3b177aa56c; Type: CONSTRAINT; Schema: public; Owner: pma
--

ALTER TABLE ONLY public.questionnaire_answer_links
    ADD CONSTRAINT "PK_60e93cdb40c8336ed3b177aa56c" PRIMARY KEY (id);


--
-- Name: groups PK_659d1483316afb28afd3a90646e; Type: CONSTRAINT; Schema: public; Owner: pma
--

ALTER TABLE ONLY public.groups
    ADD CONSTRAINT "PK_659d1483316afb28afd3a90646e" PRIMARY KEY (id);


--
-- Name: communication_action_users PK_68781403ba22399bdb935fdc7f7; Type: CONSTRAINT; Schema: public; Owner: pma
--

ALTER TABLE ONLY public.communication_action_users
    ADD CONSTRAINT "PK_68781403ba22399bdb935fdc7f7" PRIMARY KEY (id);


--
-- Name: user_client_access PK_6ad0a954ee6226c50c14f089945; Type: CONSTRAINT; Schema: public; Owner: pma
--

ALTER TABLE ONLY public.user_client_access
    ADD CONSTRAINT "PK_6ad0a954ee6226c50c14f089945" PRIMARY KEY (id);


--
-- Name: file_manager_folder_links PK_6df630f7588a4a0bccc45470611; Type: CONSTRAINT; Schema: public; Owner: pma
--

ALTER TABLE ONLY public.file_manager_folder_links
    ADD CONSTRAINT "PK_6df630f7588a4a0bccc45470611" PRIMARY KEY (id);


--
-- Name: scheduling_shops PK_7226202681563692024de8c7024; Type: CONSTRAINT; Schema: public; Owner: pma
--

ALTER TABLE ONLY public.scheduling_shops
    ADD CONSTRAINT "PK_7226202681563692024de8c7024" PRIMARY KEY (id);


--
-- Name: file_manager PK_737201044e826a80ade8f858d81; Type: CONSTRAINT; Schema: public; Owner: pma
--

ALTER TABLE ONLY public.file_manager
    ADD CONSTRAINT "PK_737201044e826a80ade8f858d81" PRIMARY KEY (id);


--
-- Name: location_group_links PK_798e18d70fb56bfd81ca890024d; Type: CONSTRAINT; Schema: public; Owner: pma
--

ALTER TABLE ONLY public.location_group_links
    ADD CONSTRAINT "PK_798e18d70fb56bfd81ca890024d" PRIMARY KEY (id);


--
-- Name: group_user_link PK_7a64f6c4d4725362a2cc17dfa80; Type: CONSTRAINT; Schema: public; Owner: pma
--

ALTER TABLE ONLY public.group_user_link
    ADD CONSTRAINT "PK_7a64f6c4d4725362a2cc17dfa80" PRIMARY KEY (id);


--
-- Name: actions PK_7bfb822f56be449c0b8adbf83cf; Type: CONSTRAINT; Schema: public; Owner: pma
--

ALTER TABLE ONLY public.actions
    ADD CONSTRAINT "PK_7bfb822f56be449c0b8adbf83cf" PRIMARY KEY (id);


--
-- Name: locations PK_7cc1c9e3853b94816c094825e74; Type: CONSTRAINT; Schema: public; Owner: pma
--

ALTER TABLE ONLY public.locations
    ADD CONSTRAINT "PK_7cc1c9e3853b94816c094825e74" PRIMARY KEY (id);


--
-- Name: location_execution_location_link PK_8280508dd420a4d343bb68cf8d1; Type: CONSTRAINT; Schema: public; Owner: pma
--

ALTER TABLE ONLY public.location_execution_location_link
    ADD CONSTRAINT "PK_8280508dd420a4d343bb68cf8d1" PRIMARY KEY (id);


--
-- Name: user_workers PK_84da0f3ecea7da07b1700480d37; Type: CONSTRAINT; Schema: public; Owner: pma
--

ALTER TABLE ONLY public.user_workers
    ADD CONSTRAINT "PK_84da0f3ecea7da07b1700480d37" PRIMARY KEY (id);


--
-- Name: program_type PK_87763b5dc03ea0905b390bc5f9f; Type: CONSTRAINT; Schema: public; Owner: pma
--

ALTER TABLE ONLY public.program_type
    ADD CONSTRAINT "PK_87763b5dc03ea0905b390bc5f9f" PRIMARY KEY (id);


--
-- Name: location_status PK_8aaa0643a11576d67d6a29defc3; Type: CONSTRAINT; Schema: public; Owner: pma
--

ALTER TABLE ONLY public.location_status
    ADD CONSTRAINT "PK_8aaa0643a11576d67d6a29defc3" PRIMARY KEY (id);


--
-- Name: migrations PK_8c82d7f526340ab734260ea46be; Type: CONSTRAINT; Schema: public; Owner: pma
--

ALTER TABLE ONLY public.migrations
    ADD CONSTRAINT "PK_8c82d7f526340ab734260ea46be" PRIMARY KEY (id);


--
-- Name: location_group_parent_link PK_8d16e1360c527edecd5d2a39fc0; Type: CONSTRAINT; Schema: public; Owner: pma
--

ALTER TABLE ONLY public.location_group_parent_link
    ADD CONSTRAINT "PK_8d16e1360c527edecd5d2a39fc0" PRIMARY KEY (id);


--
-- Name: user_clients PK_93fa1b9251af32ddc852b9eb787; Type: CONSTRAINT; Schema: public; Owner: pma
--

ALTER TABLE ONLY public.user_clients
    ADD CONSTRAINT "PK_93fa1b9251af32ddc852b9eb787" PRIMARY KEY (id);


--
-- Name: location_execution_bonus_links PK_94a99afd7a2bce565924e6233dd; Type: CONSTRAINT; Schema: public; Owner: pma
--

ALTER TABLE ONLY public.location_execution_bonus_links
    ADD CONSTRAINT "PK_94a99afd7a2bce565924e6233dd" PRIMARY KEY (id);


--
-- Name: file_manager_user_provider PK_9ac44109307f6c44149bcc73c19; Type: CONSTRAINT; Schema: public; Owner: pma
--

ALTER TABLE ONLY public.file_manager_user_provider
    ADD CONSTRAINT "PK_9ac44109307f6c44149bcc73c19" PRIMARY KEY (id);


--
-- Name: location_group_user_link PK_9c7864b4d9eea42760f6222016e; Type: CONSTRAINT; Schema: public; Owner: pma
--

ALTER TABLE ONLY public.location_group_user_link
    ADD CONSTRAINT "PK_9c7864b4d9eea42760f6222016e" PRIMARY KEY (id);


--
-- Name: role_action_link PK_9d3c0e7b7f8543fdd45cd661b26; Type: CONSTRAINT; Schema: public; Owner: pma
--

ALTER TABLE ONLY public.role_action_link
    ADD CONSTRAINT "PK_9d3c0e7b7f8543fdd45cd661b26" PRIMARY KEY (id);


--
-- Name: mystery_shopper_visit PK_9dfc395172cbf3dd7032a547ac4; Type: CONSTRAINT; Schema: public; Owner: pma
--

ALTER TABLE ONLY public.mystery_shopper_visit
    ADD CONSTRAINT "PK_9dfc395172cbf3dd7032a547ac4" PRIMARY KEY (id);


--
-- Name: user_handbook_value PK_9fa969bd09add83f46b158ed019; Type: CONSTRAINT; Schema: public; Owner: pma
--

ALTER TABLE ONLY public.user_handbook_value
    ADD CONSTRAINT "PK_9fa969bd09add83f46b158ed019" PRIMARY KEY (id);


--
-- Name: questionnaires PK_a01d7cdea895ed9796b29233610; Type: CONSTRAINT; Schema: public; Owner: pma
--

ALTER TABLE ONLY public.questionnaires
    ADD CONSTRAINT "PK_a01d7cdea895ed9796b29233610" PRIMARY KEY (id);


--
-- Name: file_manager_access PK_a2b1f887d9dacb5690b01b8cbba; Type: CONSTRAINT; Schema: public; Owner: pma
--

ALTER TABLE ONLY public.file_manager_access
    ADD CONSTRAINT "PK_a2b1f887d9dacb5690b01b8cbba" PRIMARY KEY (id);


--
-- Name: users PK_a3ffb1c0c8416b9fc6f907b7433; Type: CONSTRAINT; Schema: public; Owner: pma
--

ALTER TABLE ONLY public.users
    ADD CONSTRAINT "PK_a3ffb1c0c8416b9fc6f907b7433" PRIMARY KEY (id);


--
-- Name: location_execution_questionnaire_link PK_aec04266b9e952afd0970eb15be; Type: CONSTRAINT; Schema: public; Owner: pma
--

ALTER TABLE ONLY public.location_execution_questionnaire_link
    ADD CONSTRAINT "PK_aec04266b9e952afd0970eb15be" PRIMARY KEY (id);


--
-- Name: questionnaire_answer_statistics PK_af9b8472710414ede3d92ada96e; Type: CONSTRAINT; Schema: public; Owner: pma
--

ALTER TABLE ONLY public.questionnaire_answer_statistics
    ADD CONSTRAINT "PK_af9b8472710414ede3d92ada96e" PRIMARY KEY (id);


--
-- Name: status_changes PK_b09386c7bfe17fbe0b6d24e719e; Type: CONSTRAINT; Schema: public; Owner: pma
--

ALTER TABLE ONLY public.status_changes
    ADD CONSTRAINT "PK_b09386c7bfe17fbe0b6d24e719e" PRIMARY KEY (id);


--
-- Name: bonus_system_location_link PK_b3ec40b7ffd8d5d127b34b63aaf; Type: CONSTRAINT; Schema: public; Owner: pma
--

ALTER TABLE ONLY public.bonus_system_location_link
    ADD CONSTRAINT "PK_b3ec40b7ffd8d5d127b34b63aaf" PRIMARY KEY (id);


--
-- Name: user_handbook PK_b5f08c27bc4d6ee8743905433c4; Type: CONSTRAINT; Schema: public; Owner: pma
--

ALTER TABLE ONLY public.user_handbook
    ADD CONSTRAINT "PK_b5f08c27bc4d6ee8743905433c4" PRIMARY KEY (id);


--
-- Name: location_user PK_ba3b695bc9d4bd35cc12839507f; Type: CONSTRAINT; Schema: public; Owner: pma
--

ALTER TABLE ONLY public.location_user
    ADD CONSTRAINT "PK_ba3b695bc9d4bd35cc12839507f" PRIMARY KEY (id);


--
-- Name: communication_chanel_users PK_bea01a86781f912ba64569c43df; Type: CONSTRAINT; Schema: public; Owner: pma
--

ALTER TABLE ONLY public.communication_chanel_users
    ADD CONSTRAINT "PK_bea01a86781f912ba64569c43df" PRIMARY KEY (id);


--
-- Name: roles PK_c1433d71a4838793a49dcad46ab; Type: CONSTRAINT; Schema: public; Owner: pma
--

ALTER TABLE ONLY public.roles
    ADD CONSTRAINT "PK_c1433d71a4838793a49dcad46ab" PRIMARY KEY (id);


--
-- Name: user_integrations PK_c3de1a91ed82f698dbb15248eb0; Type: CONSTRAINT; Schema: public; Owner: pma
--

ALTER TABLE ONLY public.user_integrations
    ADD CONSTRAINT "PK_c3de1a91ed82f698dbb15248eb0" PRIMARY KEY (id);


--
-- Name: communication_templates PK_ca5cd6c5ee3127e345e9d30a719; Type: CONSTRAINT; Schema: public; Owner: pma
--

ALTER TABLE ONLY public.communication_templates
    ADD CONSTRAINT "PK_ca5cd6c5ee3127e345e9d30a719" PRIMARY KEY (id);


--
-- Name: location_questionnaire PK_dd79662de1c8daa137817723f98; Type: CONSTRAINT; Schema: public; Owner: pma
--

ALTER TABLE ONLY public.location_questionnaire
    ADD CONSTRAINT "PK_dd79662de1c8daa137817723f98" PRIMARY KEY (location_id, questionnaire_id);


--
-- Name: file_manager_public_link PK_dff253d2ff322eabba153031787; Type: CONSTRAINT; Schema: public; Owner: pma
--

ALTER TABLE ONLY public.file_manager_public_link
    ADD CONSTRAINT "PK_dff253d2ff322eabba153031787" PRIMARY KEY (id);


--
-- Name: user_notes PK_e6cd579b582af97475256da96fb; Type: CONSTRAINT; Schema: public; Owner: pma
--

ALTER TABLE ONLY public.user_notes
    ADD CONSTRAINT "PK_e6cd579b582af97475256da96fb" PRIMARY KEY (id);


--
-- Name: imports PK_ea10c62f5eb1d75e83d8b5225db; Type: CONSTRAINT; Schema: public; Owner: pma
--

ALTER TABLE ONLY public.imports
    ADD CONSTRAINT "PK_ea10c62f5eb1d75e83d8b5225db" PRIMARY KEY (id);


--
-- Name: appeals PK_ebd2050a02aa78081b5346152bc; Type: CONSTRAINT; Schema: public; Owner: pma
--

ALTER TABLE ONLY public.appeals
    ADD CONSTRAINT "PK_ebd2050a02aa78081b5346152bc" PRIMARY KEY (id);


--
-- Name: bonus_system PK_ff0dfde69a957452abfdc62a745; Type: CONSTRAINT; Schema: public; Owner: pma
--

ALTER TABLE ONLY public.bonus_system
    ADD CONSTRAINT "PK_ff0dfde69a957452abfdc62a745" PRIMARY KEY (id);


--
-- Name: cities cities_pkey; Type: CONSTRAINT; Schema: public; Owner: pma
--

ALTER TABLE ONLY public.cities
    ADD CONSTRAINT cities_pkey PRIMARY KEY (id);


--
-- Name: countries countries_pkey; Type: CONSTRAINT; Schema: public; Owner: pma
--

ALTER TABLE ONLY public.countries
    ADD CONSTRAINT countries_pkey PRIMARY KEY (id);


--
-- Name: regions regions_pkey; Type: CONSTRAINT; Schema: public; Owner: pma
--

ALTER TABLE ONLY public.regions
    ADD CONSTRAINT regions_pkey PRIMARY KEY (id);


--
-- Name: IDX_APPEAL_CLIENT_ID; Type: INDEX; Schema: public; Owner: pma
--

CREATE INDEX "IDX_APPEAL_CLIENT_ID" ON public.appeals USING btree (client_id);


--
-- Name: IDX_APPEAL_QUESTIONNAIRE_ID; Type: INDEX; Schema: public; Owner: pma
--

CREATE INDEX "IDX_APPEAL_QUESTIONNAIRE_ID" ON public.appeals USING btree (questionnaire_id);


--
-- Name: IDX_APPEAL_QUESTIONS_ANSWER_ID; Type: INDEX; Schema: public; Owner: pma
--

CREATE INDEX "IDX_APPEAL_QUESTIONS_ANSWER_ID" ON public.appeal_questions USING btree (answer_id);


--
-- Name: IDX_APPEAL_QUESTIONS_APPEAL_ID; Type: INDEX; Schema: public; Owner: pma
--

CREATE INDEX "IDX_APPEAL_QUESTIONS_APPEAL_ID" ON public.appeal_questions USING btree (appeal_id);


--
-- Name: IDX_APPEAL_QUESTIONS_QUESTION_ID; Type: INDEX; Schema: public; Owner: pma
--

CREATE INDEX "IDX_APPEAL_QUESTIONS_QUESTION_ID" ON public.appeal_questions USING btree (question_id);


--
-- Name: IDX_APPEAL_QUESTION_REPLIES_APPEAL_QUESTION_ID; Type: INDEX; Schema: public; Owner: pma
--

CREATE INDEX "IDX_APPEAL_QUESTION_REPLIES_APPEAL_QUESTION_ID" ON public.appeal_question_replies USING btree (appeal_question_id);


--
-- Name: IDX_APPEAL_QUESTION_REPLIES_USER_ID; Type: INDEX; Schema: public; Owner: pma
--

CREATE INDEX "IDX_APPEAL_QUESTION_REPLIES_USER_ID" ON public.appeal_question_replies USING btree (user_id);


--
-- Name: IDX_BONUS_SYSTEM_CLIENT_ID; Type: INDEX; Schema: public; Owner: pma
--

CREATE INDEX "IDX_BONUS_SYSTEM_CLIENT_ID" ON public.bonus_system USING btree (client_id);


--
-- Name: IDX_BONUS_SYSTEM_LOCATION_GROUP_BONUS_SYSTEM_ID; Type: INDEX; Schema: public; Owner: pma
--

CREATE INDEX "IDX_BONUS_SYSTEM_LOCATION_GROUP_BONUS_SYSTEM_ID" ON public.bonus_system_location_link USING btree (bonus_system_id);


--
-- Name: IDX_BONUS_SYSTEM_TYPE; Type: INDEX; Schema: public; Owner: pma
--

CREATE INDEX "IDX_BONUS_SYSTEM_TYPE" ON public.bonus_system USING btree (type);


--
-- Name: IDX_BONUS_SYSTEM_WHO_CREATE; Type: INDEX; Schema: public; Owner: pma
--

CREATE INDEX "IDX_BONUS_SYSTEM_WHO_CREATE" ON public.bonus_system USING btree (who_create);


--
-- Name: IDX_CLIENT_COMPETITORS_CLIENT_ID; Type: INDEX; Schema: public; Owner: pma
--

CREATE INDEX "IDX_CLIENT_COMPETITORS_CLIENT_ID" ON public.client_competitors USING btree (client_id);


--
-- Name: IDX_CLIENT_COMPETITORS_COMPETITOR_ID; Type: INDEX; Schema: public; Owner: pma
--

CREATE INDEX "IDX_CLIENT_COMPETITORS_COMPETITOR_ID" ON public.client_competitors USING btree (competitor_id);


--
-- Name: IDX_CLIENT_SUBDIVISIONS_CLIENT_ID; Type: INDEX; Schema: public; Owner: pma
--

CREATE INDEX "IDX_CLIENT_SUBDIVISIONS_CLIENT_ID" ON public.client_subdivisions USING btree (client_id);


--
-- Name: IDX_HANDBOOK_GROUP_ID; Type: INDEX; Schema: public; Owner: pma
--

CREATE INDEX "IDX_HANDBOOK_GROUP_ID" ON public.user_handbook USING btree (handbook_group_id);


--
-- Name: IDX_LOCATION_CITY_ID; Type: INDEX; Schema: public; Owner: pma
--

CREATE INDEX "IDX_LOCATION_CITY_ID" ON public.locations USING btree (city_id);


--
-- Name: IDX_LOCATION_COUNTRY_ID; Type: INDEX; Schema: public; Owner: pma
--

CREATE INDEX "IDX_LOCATION_COUNTRY_ID" ON public.locations USING btree (country_id);


--
-- Name: IDX_LOCATION_EXECUTION_ACCESS_CLIENT_ID; Type: INDEX; Schema: public; Owner: pma
--

CREATE INDEX "IDX_LOCATION_EXECUTION_ACCESS_CLIENT_ID" ON public.location_execution_access USING btree (user_id);


--
-- Name: IDX_LOCATION_EXECUTION_ACCESS_EXECUTION_ID; Type: INDEX; Schema: public; Owner: pma
--

CREATE INDEX "IDX_LOCATION_EXECUTION_ACCESS_EXECUTION_ID" ON public.location_execution_access USING btree (execution_id);


--
-- Name: IDX_LOCATION_EXECUTION_DATE_END; Type: INDEX; Schema: public; Owner: pma
--

CREATE INDEX "IDX_LOCATION_EXECUTION_DATE_END" ON public.location_execution USING btree (data_end);


--
-- Name: IDX_LOCATION_EXECUTION_DATE_START; Type: INDEX; Schema: public; Owner: pma
--

CREATE INDEX "IDX_LOCATION_EXECUTION_DATE_START" ON public.location_execution USING btree (data_start);


--
-- Name: IDX_LOCATION_EXECUTION_LOCATION_LOCATION_EXECUTION_ID; Type: INDEX; Schema: public; Owner: pma
--

CREATE INDEX "IDX_LOCATION_EXECUTION_LOCATION_LOCATION_EXECUTION_ID" ON public.location_execution_location_link USING btree (location_execution_id);


--
-- Name: IDX_LOCATION_EXECUTION_LOCATION_LOCATION_ID; Type: INDEX; Schema: public; Owner: pma
--

CREATE INDEX "IDX_LOCATION_EXECUTION_LOCATION_LOCATION_ID" ON public.location_execution_location_link USING btree (location_id);


--
-- Name: IDX_LOCATION_EXECUTION_PAYMENT_METHOD; Type: INDEX; Schema: public; Owner: pma
--

CREATE INDEX "IDX_LOCATION_EXECUTION_PAYMENT_METHOD" ON public.location_execution USING btree (payment_method);


--
-- Name: IDX_LOCATION_EXECUTION_QUESTIONNAIRE_ID; Type: INDEX; Schema: public; Owner: pma
--

CREATE INDEX "IDX_LOCATION_EXECUTION_QUESTIONNAIRE_ID" ON public.location_execution USING btree (questionnaire_id);


--
-- Name: IDX_LOCATION_EXECUTION_STATUS; Type: INDEX; Schema: public; Owner: pma
--

CREATE INDEX "IDX_LOCATION_EXECUTION_STATUS" ON public.location_execution USING btree (status);


--
-- Name: IDX_LOCATION_EXECUTION_USER_GROUP_LINK_GROUP_ID; Type: INDEX; Schema: public; Owner: pma
--

CREATE INDEX "IDX_LOCATION_EXECUTION_USER_GROUP_LINK_GROUP_ID" ON public.location_execution_user_group_link USING btree (group_id);


--
-- Name: IDX_LOCATION_EXECUTION_USER_GROUP_LINK_LOCATION_EXECUTION_ID; Type: INDEX; Schema: public; Owner: pma
--

CREATE INDEX "IDX_LOCATION_EXECUTION_USER_GROUP_LINK_LOCATION_EXECUTION_ID" ON public.location_execution_user_group_link USING btree (location_execution_id);


--
-- Name: IDX_LOCATION_EXECUTION_USER_GROUP_USER_ID; Type: INDEX; Schema: public; Owner: pma
--

CREATE INDEX "IDX_LOCATION_EXECUTION_USER_GROUP_USER_ID" ON public.location_execution_user_group_link USING btree (user_id);


--
-- Name: IDX_LOCATION_EXECUTION_WHO_CREATED; Type: INDEX; Schema: public; Owner: pma
--

CREATE INDEX "IDX_LOCATION_EXECUTION_WHO_CREATED" ON public.location_execution USING btree (who_created);


--
-- Name: IDX_LOCATION_GROUP_PARENT_LINK_GROUP_ID; Type: INDEX; Schema: public; Owner: pma
--

CREATE INDEX "IDX_LOCATION_GROUP_PARENT_LINK_GROUP_ID" ON public.location_group_parent_link USING btree (group_id);


--
-- Name: IDX_LOCATION_GROUP_PARENT_LINK_PARENT_ID; Type: INDEX; Schema: public; Owner: pma
--

CREATE INDEX "IDX_LOCATION_GROUP_PARENT_LINK_PARENT_ID" ON public.location_group_parent_link USING btree (parent_id);


--
-- Name: IDX_LOCATION_GROUP_USER_LINK; Type: INDEX; Schema: public; Owner: pma
--

CREATE INDEX "IDX_LOCATION_GROUP_USER_LINK" ON public.location_group_user_link USING btree (client_id, group_id);


--
-- Name: IDX_LOCATION_GROUP_UUID; Type: INDEX; Schema: public; Owner: pma
--

CREATE INDEX "IDX_LOCATION_GROUP_UUID" ON public.location_groups USING btree (uuid);


--
-- Name: IDX_LOCATION_REGION_ID; Type: INDEX; Schema: public; Owner: pma
--

CREATE INDEX "IDX_LOCATION_REGION_ID" ON public.locations USING btree (region_id);


--
-- Name: IDX_LOCATION_STATUS; Type: INDEX; Schema: public; Owner: pma
--

CREATE INDEX "IDX_LOCATION_STATUS" ON public.locations USING btree (status);


--
-- Name: IDX_LOCATION_WHO_CREATE; Type: INDEX; Schema: public; Owner: pma
--

CREATE INDEX "IDX_LOCATION_WHO_CREATE" ON public.locations USING btree (who_create);


--
-- Name: IDX_MYSTERY_SHOPPER_VISIT_LOCATION_EXECUTION_ID; Type: INDEX; Schema: public; Owner: pma
--

CREATE INDEX "IDX_MYSTERY_SHOPPER_VISIT_LOCATION_EXECUTION_ID" ON public.mystery_shopper_visit USING btree (location_execution_id);


--
-- Name: IDX_MYSTERY_SHOPPER_VISIT_LOCATION_ID; Type: INDEX; Schema: public; Owner: pma
--

CREATE INDEX "IDX_MYSTERY_SHOPPER_VISIT_LOCATION_ID" ON public.mystery_shopper_visit USING btree (location_id);


--
-- Name: IDX_MYSTERY_SHOPPER_VISIT_STATUS; Type: INDEX; Schema: public; Owner: pma
--

CREATE INDEX "IDX_MYSTERY_SHOPPER_VISIT_STATUS" ON public.mystery_shopper_visit USING btree (status);


--
-- Name: IDX_MYSTERY_SHOPPER_VISIT_USER_ID; Type: INDEX; Schema: public; Owner: pma
--

CREATE INDEX "IDX_MYSTERY_SHOPPER_VISIT_USER_ID" ON public.mystery_shopper_visit USING btree (user_id);


--
-- Name: IDX_PROGRAM_TYPE_ACCESS_PROGRAM_ID; Type: INDEX; Schema: public; Owner: pma
--

CREATE INDEX "IDX_PROGRAM_TYPE_ACCESS_PROGRAM_ID" ON public.program_type_access USING btree (program_id);


--
-- Name: IDX_PROGRAM_TYPE_ACCESS_USER_ID; Type: INDEX; Schema: public; Owner: pma
--

CREATE INDEX "IDX_PROGRAM_TYPE_ACCESS_USER_ID" ON public.program_type_access USING btree (user_id);


--
-- Name: IDX_PROGRAM_TYPE_CLIENT_ID; Type: INDEX; Schema: public; Owner: pma
--

CREATE INDEX "IDX_PROGRAM_TYPE_CLIENT_ID" ON public.program_type USING btree (client_id);


--
-- Name: IDX_PROGRAM_TYPE_PROGRAM_TYPE; Type: INDEX; Schema: public; Owner: pma
--

CREATE INDEX "IDX_PROGRAM_TYPE_PROGRAM_TYPE" ON public.program_type USING btree (program_type);


--
-- Name: IDX_PROGRAM_TYPE_QUESTIONNAIRE_LINKS; Type: INDEX; Schema: public; Owner: pma
--

CREATE INDEX "IDX_PROGRAM_TYPE_QUESTIONNAIRE_LINKS" ON public.program_type_questionnaire_links USING btree (questionnaire_id, program_type_id);


--
-- Name: IDX_PUBLIC_LINK_HASH; Type: INDEX; Schema: public; Owner: pma
--

CREATE UNIQUE INDEX "IDX_PUBLIC_LINK_HASH" ON public.file_manager_public_link USING btree (hash);


--
-- Name: IDX_QUESTIONNAIRE_ANSWER_ANSWER_LINK; Type: INDEX; Schema: public; Owner: pma
--

CREATE INDEX "IDX_QUESTIONNAIRE_ANSWER_ANSWER_LINK" ON public.questionnaire_answers USING btree (questionnaire_answer_link);


--
-- Name: IDX_QUESTIONNAIRE_ANSWER_LINK_CITY_ID; Type: INDEX; Schema: public; Owner: pma
--

CREATE INDEX "IDX_QUESTIONNAIRE_ANSWER_LINK_CITY_ID" ON public.questionnaire_answer_links USING btree (city_id);


--
-- Name: IDX_QUESTIONNAIRE_ANSWER_LINK_CUSTOM_NAME; Type: INDEX; Schema: public; Owner: pma
--

CREATE INDEX "IDX_QUESTIONNAIRE_ANSWER_LINK_CUSTOM_NAME" ON public.questionnaire_answer_links USING btree (custom_name);


--
-- Name: IDX_QUESTIONNAIRE_ANSWER_LINK_ID; Type: INDEX; Schema: public; Owner: pma
--

CREATE INDEX "IDX_QUESTIONNAIRE_ANSWER_LINK_ID" ON public.questionnaire_answers USING btree (link_id);


--
-- Name: IDX_QUESTIONNAIRE_ANSWER_LINK_LOCATION_ID; Type: INDEX; Schema: public; Owner: pma
--

CREATE INDEX "IDX_QUESTIONNAIRE_ANSWER_LINK_LOCATION_ID" ON public.questionnaire_answer_links USING btree (location_id);


--
-- Name: IDX_QUESTIONNAIRE_ANSWER_LINK_QUESTIONNAIRE_ID; Type: INDEX; Schema: public; Owner: pma
--

CREATE INDEX "IDX_QUESTIONNAIRE_ANSWER_LINK_QUESTIONNAIRE_ID" ON public.questionnaire_answer_links USING btree (questionnaire_id);


--
-- Name: IDX_QUESTIONNAIRE_ANSWER_LINK_STATUS; Type: INDEX; Schema: public; Owner: pma
--

CREATE INDEX "IDX_QUESTIONNAIRE_ANSWER_LINK_STATUS" ON public.questionnaire_answer_links USING btree (status);


--
-- Name: IDX_QUESTIONNAIRE_ANSWER_LINK_WHO_CREATED; Type: INDEX; Schema: public; Owner: pma
--

CREATE INDEX "IDX_QUESTIONNAIRE_ANSWER_LINK_WHO_CREATED" ON public.questionnaire_answer_links USING btree (who_created);


--
-- Name: IDX_QUESTIONNAIRE_ANSWER_QUESTIONNAIRE_ID; Type: INDEX; Schema: public; Owner: pma
--

CREATE INDEX "IDX_QUESTIONNAIRE_ANSWER_QUESTIONNAIRE_ID" ON public.questionnaire_answers USING btree (questionnaire_id);


--
-- Name: IDX_QUESTIONNAIRE_ANSWER_QUESTIONNAIRE_QUESTION_ID; Type: INDEX; Schema: public; Owner: pma
--

CREATE INDEX "IDX_QUESTIONNAIRE_ANSWER_QUESTIONNAIRE_QUESTION_ID" ON public.questionnaire_answers USING btree (questionnaire_question_id);


--
-- Name: IDX_QUESTIONNAIRE_ANSWER_QUESTIONNAIRE_SECTION_ID; Type: INDEX; Schema: public; Owner: pma
--

CREATE INDEX "IDX_QUESTIONNAIRE_ANSWER_QUESTIONNAIRE_SECTION_ID" ON public.questionnaire_questions USING btree (questionnaire_section_id);


--
-- Name: IDX_QUESTIONNAIRE_ANSWER_STATISTICS_IDENTIFICATION; Type: INDEX; Schema: public; Owner: pma
--

CREATE INDEX "IDX_QUESTIONNAIRE_ANSWER_STATISTICS_IDENTIFICATION" ON public.questionnaire_answer_statistics USING btree (identification);


--
-- Name: IDX_QUESTIONNAIRE_ANSWER_STATISTICS_QUESTIONNAIRE_ID; Type: INDEX; Schema: public; Owner: pma
--

CREATE INDEX "IDX_QUESTIONNAIRE_ANSWER_STATISTICS_QUESTIONNAIRE_ID" ON public.questionnaire_answer_statistics USING btree (questionnaire_id);


--
-- Name: IDX_QUESTIONNAIRE_ANSWER_STATISTICS_TYPE; Type: INDEX; Schema: public; Owner: pma
--

CREATE INDEX "IDX_QUESTIONNAIRE_ANSWER_STATISTICS_TYPE" ON public.questionnaire_answer_statistics USING btree (type);


--
-- Name: IDX_QUESTIONNAIRE_CLIENT_ID; Type: INDEX; Schema: public; Owner: pma
--

CREATE INDEX "IDX_QUESTIONNAIRE_CLIENT_ID" ON public.questionnaires USING btree (client_id);


--
-- Name: IDX_QUESTIONNAIRE_IDENTIFICATION; Type: INDEX; Schema: public; Owner: pma
--

CREATE INDEX "IDX_QUESTIONNAIRE_IDENTIFICATION" ON public.questionnaires USING btree (identification);


--
-- Name: IDX_QUESTIONNAIRE_QUESTION_QUESTIONNAIRE_ID; Type: INDEX; Schema: public; Owner: pma
--

CREATE INDEX "IDX_QUESTIONNAIRE_QUESTION_QUESTIONNAIRE_ID" ON public.questionnaire_questions USING btree (questionnaire_id);


--
-- Name: IDX_QUESTIONNAIRE_SECTION_QUESTIONNAIRE_ID; Type: INDEX; Schema: public; Owner: pma
--

CREATE INDEX "IDX_QUESTIONNAIRE_SECTION_QUESTIONNAIRE_ID" ON public.questionnaire_sections USING btree (questionnaire_id);


--
-- Name: IDX_QUESTIONNAIRE_USER_ID; Type: INDEX; Schema: public; Owner: pma
--

CREATE INDEX "IDX_QUESTIONNAIRE_USER_ID" ON public.questionnaires USING btree (user_id);


--
-- Name: IDX_ROLES_NAME; Type: INDEX; Schema: public; Owner: pma
--

CREATE UNIQUE INDEX "IDX_ROLES_NAME" ON public.roles USING btree (name);


--
-- Name: IDX_ROLE_ACTIONS_ROLE_ID; Type: INDEX; Schema: public; Owner: pma
--

CREATE INDEX "IDX_ROLE_ACTIONS_ROLE_ID" ON public.role_actions USING btree (role_id);


--
-- Name: IDX_ROLE_RULES_ROLE_ID; Type: INDEX; Schema: public; Owner: pma
--

CREATE INDEX "IDX_ROLE_RULES_ROLE_ID" ON public.role_rules USING btree (role_id);


--
-- Name: IDX_SCHEDULING_SHOPS_LOCATION_ID; Type: INDEX; Schema: public; Owner: pma
--

CREATE INDEX "IDX_SCHEDULING_SHOPS_LOCATION_ID" ON public.scheduling_shops USING btree (location_id);


--
-- Name: IDX_SCHEDULING_SHOPS_PROJECT_ID; Type: INDEX; Schema: public; Owner: pma
--

CREATE INDEX "IDX_SCHEDULING_SHOPS_PROJECT_ID" ON public.scheduling_shops USING btree (project_id);


--
-- Name: IDX_SCHEDULING_SHOPS_RESPONDENT_ID; Type: INDEX; Schema: public; Owner: pma
--

CREATE INDEX "IDX_SCHEDULING_SHOPS_RESPONDENT_ID" ON public.scheduling_shops USING btree (respondent_id);


--
-- Name: IDX_SCHEDULING_SHOPS_SCHEDULER_ID; Type: INDEX; Schema: public; Owner: pma
--

CREATE INDEX "IDX_SCHEDULING_SHOPS_SCHEDULER_ID" ON public.scheduling_shops USING btree (scheduler_id);


--
-- Name: IDX_SHOP_ID; Type: INDEX; Schema: public; Owner: pma
--

CREATE INDEX "IDX_SHOP_ID" ON public.mystery_shopper_visit USING btree (shop_id);


--
-- Name: IDX_STATUS_CHANGES_CHANGED_AT; Type: INDEX; Schema: public; Owner: pma
--

CREATE INDEX "IDX_STATUS_CHANGES_CHANGED_AT" ON public.status_changes USING btree (changed_at);


--
-- Name: IDX_STATUS_CHANGES_ENTITY_ID; Type: INDEX; Schema: public; Owner: pma
--

CREATE INDEX "IDX_STATUS_CHANGES_ENTITY_ID" ON public.status_changes USING btree (entity_id);


--
-- Name: IDX_STATUS_CHANGES_ENTITY_TYPE; Type: INDEX; Schema: public; Owner: pma
--

CREATE INDEX "IDX_STATUS_CHANGES_ENTITY_TYPE" ON public.status_changes USING btree (entity_type);


--
-- Name: IDX_STATUS_CHANGES_USER_ID; Type: INDEX; Schema: public; Owner: pma
--

CREATE INDEX "IDX_STATUS_CHANGES_USER_ID" ON public.status_changes USING btree (user_id);


--
-- Name: IDX_USERS_EMAIL; Type: INDEX; Schema: public; Owner: pma
--

CREATE UNIQUE INDEX "IDX_USERS_EMAIL" ON public.users USING btree (email);


--
-- Name: IDX_USERS_PHONE; Type: INDEX; Schema: public; Owner: pma
--

CREATE UNIQUE INDEX "IDX_USERS_PHONE" ON public.users USING btree (phone);


--
-- Name: IDX_USER_CLIENTS_CREATED_AT; Type: INDEX; Schema: public; Owner: pma
--

CREATE INDEX "IDX_USER_CLIENTS_CREATED_AT" ON public.user_clients USING btree (created_at);


--
-- Name: IDX_USER_CLIENTS_UPDATED_AT; Type: INDEX; Schema: public; Owner: pma
--

CREATE INDEX "IDX_USER_CLIENTS_UPDATED_AT" ON public.user_clients USING btree (updated_at);


--
-- Name: IDX_USER_CLIENTS_USER_ID; Type: INDEX; Schema: public; Owner: pma
--

CREATE INDEX "IDX_USER_CLIENTS_USER_ID" ON public.user_clients USING btree (user_id);


--
-- Name: IDX_USER_CLIENT_ACCESS_CLIENT_ID; Type: INDEX; Schema: public; Owner: pma
--

CREATE INDEX "IDX_USER_CLIENT_ACCESS_CLIENT_ID" ON public.user_client_access USING btree (client_id);


--
-- Name: IDX_USER_CLIENT_ACCESS_USER_ID; Type: INDEX; Schema: public; Owner: pma
--

CREATE INDEX "IDX_USER_CLIENT_ACCESS_USER_ID" ON public.user_client_access USING btree (user_id);


--
-- Name: IDX_USER_COMMENTS_USER_ID; Type: INDEX; Schema: public; Owner: pma
--

CREATE INDEX "IDX_USER_COMMENTS_USER_ID" ON public.user_comments USING btree (user_id);


--
-- Name: IDX_USER_COMMENTS_WHO_CREATED; Type: INDEX; Schema: public; Owner: pma
--

CREATE INDEX "IDX_USER_COMMENTS_WHO_CREATED" ON public.user_comments USING btree (who_created);


--
-- Name: IDX_USER_HANDBOOK_CODE; Type: INDEX; Schema: public; Owner: pma
--

CREATE INDEX "IDX_USER_HANDBOOK_CODE" ON public.user_handbook USING btree (code);


--
-- Name: IDX_USER_HANDBOOK_LINK_HANDBOOK_ID; Type: INDEX; Schema: public; Owner: pma
--

CREATE INDEX "IDX_USER_HANDBOOK_LINK_HANDBOOK_ID" ON public.user_handbook_link USING btree (handbook_id);


--
-- Name: IDX_USER_HANDBOOK_LINK_ROLE_ID; Type: INDEX; Schema: public; Owner: pma
--

CREATE INDEX "IDX_USER_HANDBOOK_LINK_ROLE_ID" ON public.user_handbook_link USING btree (role_id);


--
-- Name: IDX_USER_HANDBOOK_NAME; Type: INDEX; Schema: public; Owner: pma
--

CREATE INDEX "IDX_USER_HANDBOOK_NAME" ON public.user_handbook USING btree (name);


--
-- Name: IDX_USER_INTEGRATIONS_SERVICE; Type: INDEX; Schema: public; Owner: pma
--

CREATE INDEX "IDX_USER_INTEGRATIONS_SERVICE" ON public.user_integrations USING btree (service);


--
-- Name: IDX_USER_INTEGRATIONS_USER_ID; Type: INDEX; Schema: public; Owner: pma
--

CREATE INDEX "IDX_USER_INTEGRATIONS_USER_ID" ON public.user_integrations USING btree (user_id);


--
-- Name: IDX_USER_NOTIFICATIONS_USER_ID; Type: INDEX; Schema: public; Owner: pma
--

CREATE INDEX "IDX_USER_NOTIFICATIONS_USER_ID" ON public.user_notifications USING btree (user_id);


--
-- Name: IDX_USER_SETTINGS_CODE; Type: INDEX; Schema: public; Owner: pma
--

CREATE INDEX "IDX_USER_SETTINGS_CODE" ON public.user_settings USING btree (code);


--
-- Name: IDX_USER_WORKERS_CLIENT_ID; Type: INDEX; Schema: public; Owner: pma
--

CREATE INDEX "IDX_USER_WORKERS_CLIENT_ID" ON public.user_workers USING btree (client_id);


--
-- Name: IDX_USER_WORKERS_USER_ID; Type: INDEX; Schema: public; Owner: pma
--

CREATE INDEX "IDX_USER_WORKERS_USER_ID" ON public.user_workers USING btree (user_id);


--
-- Name: IDX_U_NOTES_THEME; Type: INDEX; Schema: public; Owner: pma
--

CREATE INDEX "IDX_U_NOTES_THEME" ON public.user_notes USING btree (theme);


--
-- Name: communication_action_users_index; Type: INDEX; Schema: public; Owner: pma
--

CREATE INDEX communication_action_users_index ON public.communication_action_users USING btree (action_id);


--
-- Name: communication_action_users_user_index; Type: INDEX; Schema: public; Owner: pma
--

CREATE INDEX communication_action_users_user_index ON public.communication_action_users USING btree (user_id);


--
-- Name: group_user_link_group_id; Type: INDEX; Schema: public; Owner: pma
--

CREATE INDEX group_user_link_group_id ON public.group_user_link USING btree (group_id);


--
-- Name: group_user_link_user_id; Type: INDEX; Schema: public; Owner: pma
--

CREATE INDEX group_user_link_user_id ON public.group_user_link USING btree (user_id);


--
-- Name: role_action_link_index; Type: INDEX; Schema: public; Owner: pma
--

CREATE INDEX role_action_link_index ON public.role_action_link USING btree (role_id, action_id);


--
-- Name: role_user_link_role_id; Type: INDEX; Schema: public; Owner: pma
--

CREATE INDEX role_user_link_role_id ON public.role_user_link USING btree (role_id);


--
-- Name: role_user_link_role_user_id; Type: INDEX; Schema: public; Owner: pma
--

CREATE INDEX role_user_link_role_user_id ON public.role_user_link USING btree (user_id);


--
-- Name: user_handbook_filling_handbook_id; Type: INDEX; Schema: public; Owner: pma
--

CREATE INDEX user_handbook_filling_handbook_id ON public.user_handbook_filling USING btree (handbook_id);


--
-- Name: user_handbook_filling_user_id; Type: INDEX; Schema: public; Owner: pma
--

CREATE INDEX user_handbook_filling_user_id ON public.user_handbook_filling USING btree (user_id);


--
-- Name: user_handbook_value_handbook_id; Type: INDEX; Schema: public; Owner: pma
--

CREATE INDEX user_handbook_value_handbook_id ON public.user_handbook_value USING btree (handbook_id);


--
-- Name: file_manager_public_link FK_1e44e2588e21361fc7b9fe9385a; Type: FK CONSTRAINT; Schema: public; Owner: pma
--

ALTER TABLE ONLY public.file_manager_public_link
    ADD CONSTRAINT "FK_1e44e2588e21361fc7b9fe9385a" FOREIGN KEY (file_id) REFERENCES public.file_manager(id) ON DELETE CASCADE;


--
-- Name: file_manager_public_link FK_23b3e5b35974cbb18d46c8184a4; Type: FK CONSTRAINT; Schema: public; Owner: pma
--

ALTER TABLE ONLY public.file_manager_public_link
    ADD CONSTRAINT "FK_23b3e5b35974cbb18d46c8184a4" FOREIGN KEY (provider_id) REFERENCES public.file_manager_provider(id) ON DELETE CASCADE;


--
-- Name: file_manager_folder_links FK_23c4cf479bf726a73866c1b15c5; Type: FK CONSTRAINT; Schema: public; Owner: pma
--

ALTER TABLE ONLY public.file_manager_folder_links
    ADD CONSTRAINT "FK_23c4cf479bf726a73866c1b15c5" FOREIGN KEY ("fileId") REFERENCES public.file_manager(id);


--
-- Name: location_user FK_2a187ea153b876cca3b5d82190b; Type: FK CONSTRAINT; Schema: public; Owner: pma
--

ALTER TABLE ONLY public.location_user
    ADD CONSTRAINT "FK_2a187ea153b876cca3b5d82190b" FOREIGN KEY (user_id) REFERENCES public.users(id) ON DELETE CASCADE;


--
-- Name: role_actions FK_2ed4344d4ad234b70b11e3014ed; Type: FK CONSTRAINT; Schema: public; Owner: pma
--

ALTER TABLE ONLY public.role_actions
    ADD CONSTRAINT "FK_2ed4344d4ad234b70b11e3014ed" FOREIGN KEY (role_id) REFERENCES public.roles(id) ON DELETE CASCADE;


--
-- Name: location_category_relations FK_414f8740b1a1145f616560d203a; Type: FK CONSTRAINT; Schema: public; Owner: pma
--

ALTER TABLE ONLY public.location_category_relations
    ADD CONSTRAINT "FK_414f8740b1a1145f616560d203a" FOREIGN KEY (location_category_value_id) REFERENCES public.location_category_values(id) ON DELETE CASCADE;


--
-- Name: communication_templates FK_4e2c8a7be2fe078c5f31643340c; Type: FK CONSTRAINT; Schema: public; Owner: pma
--

ALTER TABLE ONLY public.communication_templates
    ADD CONSTRAINT "FK_4e2c8a7be2fe078c5f31643340c" FOREIGN KEY (communication_id) REFERENCES public.communications(id);


--
-- Name: location_category_relations FK_56f7202b0920aa8d86c48e4073b; Type: FK CONSTRAINT; Schema: public; Owner: pma
--

ALTER TABLE ONLY public.location_category_relations
    ADD CONSTRAINT "FK_56f7202b0920aa8d86c48e4073b" FOREIGN KEY (location_category_id) REFERENCES public.location_categories(id) ON DELETE CASCADE;


--
-- Name: bonus_system_location_link FK_56fe776f8012e10da66ec66a5ea; Type: FK CONSTRAINT; Schema: public; Owner: pma
--

ALTER TABLE ONLY public.bonus_system_location_link
    ADD CONSTRAINT "FK_56fe776f8012e10da66ec66a5ea" FOREIGN KEY (bonus_system_id) REFERENCES public.bonus_system(id) ON DELETE CASCADE;


--
-- Name: file_manager_folder_links FK_5c76f9a5dda6fb1e54bf705743c; Type: FK CONSTRAINT; Schema: public; Owner: pma
--

ALTER TABLE ONLY public.file_manager_folder_links
    ADD CONSTRAINT "FK_5c76f9a5dda6fb1e54bf705743c" FOREIGN KEY ("folderId") REFERENCES public.file_manager_folders(id);


--
-- Name: file_manager_public_link FK_5cb50204074ba724d29efd3228c; Type: FK CONSTRAINT; Schema: public; Owner: pma
--

ALTER TABLE ONLY public.file_manager_public_link
    ADD CONSTRAINT "FK_5cb50204074ba724d29efd3228c" FOREIGN KEY (who_created) REFERENCES public.users(id) ON DELETE SET NULL;


--
-- Name: file_manager_folders FK_7c82e3daaf80678ef0a7880bd15; Type: FK CONSTRAINT; Schema: public; Owner: pma
--

ALTER TABLE ONLY public.file_manager_folders
    ADD CONSTRAINT "FK_7c82e3daaf80678ef0a7880bd15" FOREIGN KEY ("parentsId") REFERENCES public.file_manager_folders(id);


--
-- Name: communication_templates FK_935d10ce1c525dd8032d41619c0; Type: FK CONSTRAINT; Schema: public; Owner: pma
--

ALTER TABLE ONLY public.communication_templates
    ADD CONSTRAINT "FK_935d10ce1c525dd8032d41619c0" FOREIGN KEY (action_id) REFERENCES public.actions(id);


--
-- Name: groups FK_b5ec4f59d8703473034ee7d89b2; Type: FK CONSTRAINT; Schema: public; Owner: pma
--

ALTER TABLE ONLY public.groups
    ADD CONSTRAINT "FK_b5ec4f59d8703473034ee7d89b2" FOREIGN KEY (role_id) REFERENCES public.roles(id) ON DELETE CASCADE;


--
-- Name: location_category_values FK_b98e7c028e855f230ace1f7588e; Type: FK CONSTRAINT; Schema: public; Owner: pma
--

ALTER TABLE ONLY public.location_category_values
    ADD CONSTRAINT "FK_b98e7c028e855f230ace1f7588e" FOREIGN KEY (location_category_id) REFERENCES public.location_categories(id) ON DELETE CASCADE;


--
-- Name: role_rules FK_e7d47723580483911e488ac65ba; Type: FK CONSTRAINT; Schema: public; Owner: pma
--

ALTER TABLE ONLY public.role_rules
    ADD CONSTRAINT "FK_e7d47723580483911e488ac65ba" FOREIGN KEY (role_id) REFERENCES public.roles(id) ON DELETE CASCADE;


--
-- Name: location_questionnaire FK_ef5722a445e5a9fdd1c01f0dc2f; Type: FK CONSTRAINT; Schema: public; Owner: pma
--

ALTER TABLE ONLY public.location_questionnaire
    ADD CONSTRAINT "FK_ef5722a445e5a9fdd1c01f0dc2f" FOREIGN KEY (location_id) REFERENCES public.locations(id);


--
-- Name: location_user FK_fe9d703fffbdc0d46e648e59ba3; Type: FK CONSTRAINT; Schema: public; Owner: pma
--

ALTER TABLE ONLY public.location_user
    ADD CONSTRAINT "FK_fe9d703fffbdc0d46e648e59ba3" FOREIGN KEY (location_id) REFERENCES public.locations(id) ON DELETE CASCADE;


--
--

