-- Data for Name: client_competitors; Type: TABLE DATA; Schema: public; Owner: pma
--

COPY public.client_competitors (id, client_id, competitor_id, created_at, updated_at) FROM stdin;
\.


--
-- Data for Name: client_subdivisions; Type: TABLE DATA; Schema: public; Owner: pma
--

COPY public.client_subdivisions (id, client_id, location, value, created_at, updated_at, deleted_at) FROM stdin;
4	14	22	wood	2024-12-13 10:01:55.966602	2024-12-13 10:01:55.966602	\N
\.


--
-- Data for Name: communication_action_group; Type: TABLE DATA; Schema: public; Owner: pma
--

COPY public.communication_action_group (id, action_id, group_id) FROM stdin;
\.


--
-- Data for Name: communication_action_role; Type: TABLE DATA; Schema: public; Owner: pma
--

COPY public.communication_action_role (id, action_id, role_id) FROM stdin;
1	1	7
2	8	7
\.


--
-- Data for Name: communication_action_users; Type: TABLE DATA; Schema: public; Owner: pma
--

COPY public.communication_action_users (id, user_id, action_id) FROM stdin;
\.


--
-- Data for Name: communication_chanel_users; Type: TABLE DATA; Schema: public; Owner: pma
--

COPY public.communication_chanel_users (id, user_id, communication_id, connection) FROM stdin;
\.


--
-- Data for Name: communication_templates; Type: TABLE DATA; Schema: public; Owner: pma
--

COPY public.communication_templates (id, name, content, variables, communication_id, action_id, subject, created_at, updated_at, send_reply_to, delay) FROM stdin;
1	Forgot password	Hello, <br> You have requested to reset your password. Please code <b>{code}</b> to reset your password.	[{"code": "name", "type": "string", "label": "Имя", "required": false}, {"code": "code", "type": "code", "label": "Code", "required": true}]	2	1	Forgot password	2024-09-30 13:36:00.867299+02	2024-09-30 13:36:00.867299+02	\N	0
2	Reset password	Hello, <br> You have successfully reset your password. Please login with your new password. If you have any questions, please contact us.	[{"code": "name", "type": "string", "label": "Имя", "required": false}, {"code": "code", "type": "code", "label": "Code", "required": true}]	2	2	Reset password	2024-09-30 13:36:00.867299+02	2024-09-30 13:36:00.867299+02	\N	0
4	Client send password	Hello, <br> You have successfully register. Your password is <b>{password}</b>. If you have any questions, please contact us.	[{"code": "name", "type": "string", "label": "Имя", "required": false}, {"code": "password", "type": "string", "label": "Password", "required": true}]	2	6	Your password for login	2024-09-30 13:36:00.867299+02	2024-09-30 13:36:00.867299+02	\N	0
5	Worker send password	Hello, <br> You have successfully register. Your password is <b>{password}</b>. If you have any questions, please contact us.	[{"code": "name", "type": "string", "label": "Имя", "required": false}, {"code": "password", "type": "string", "label": "Password", "required": true}]	2	7	Your password for login	2024-09-30 13:36:00.867299+02	2024-09-30 13:36:00.867299+02	\N	0
6	MSP send password	Hello, <br> You have successfully register. Your password is <b>{password}</b>. If you have any questions, please contact us.	[{"code": "name", "type": "string", "label": "Имя", "required": false}, {"code": "password", "type": "string", "label": "Password", "required": true}]	2	8	Your password for login	2024-09-30 13:36:00.867299+02	2024-09-30 13:36:00.867299+02	\N	0
7	SubMSP send password	Hello, <br> You have successfully register. Your password is <b>{password}</b>. If you have any questions, please contact us.	[{"code": "name", "type": "string", "label": "Имя", "required": false}, {"code": "password", "type": "string", "label": "Password", "required": true}]	2	9	Your password for login	2024-09-30 13:36:00.867299+02	2024-09-30 13:36:00.867299+02	\N	0
3	Registration	Hello {name}, <br> You code <b>{code}</b> to confirm your email. If you have any questions, please contact us.	[{"code": "name", "type": "string", "label": "Имя", "required": false}, {"code": "code", "type": "code", "label": "Code", "required": true}]	2	3	Registration	2024-09-30 13:36:00.867299+02	2024-10-01 12:01:19.699162+02		0
10	Test local	<p>Test local {name}</p>	[]	4	12	Test local	2024-10-04 11:58:48.985165+02	2024-10-11 10:17:03.960025+02		0
\.


--
-- Data for Name: communications; Type: TABLE DATA; Schema: public; Owner: pma
--

COPY public.communications (id, name, type, api_url, auth_token, access_secret, webhook_url, callback_url, chanel_name, encryption_key, provider, params, status) FROM stdin;
1	Twilio Communication Service	sms		7ed9ea87eaa406e951fdddc742d2b700	a3166d98ebee8887941f00d76243dafc-b02bcf9f-c91e0795	https://webhook.twilio.com	https://callback.yourservice.com/twilio	twilio_channel	your_encryption_key_for_twilio	TwilioProvider	{"authToken": "7ed9ea87eaa406e951fdddc742d2b700", "accountSid": "AC81bdfc6785c6b837315264bb3c057a0c"}	t
2	Mailgun	mail		f15cbf7f6bcc4ccf631bfc897967aaf6-309b0ef4-f13c2ff6	f15cbf7f6bcc4ccf631bfc897967aaf6-309b0ef4-f13c2ff6	https://webhook.mailgun.com	https://callback.yourservice.com/mailgun	mailgun_channel	your_encryption_key_for_mailgun	MailGunProvider	{"domain": "happeas.space", "smt_host": "smtp.mailgun.org", "smtp_port": "25", "smtp_password": "E5N@UnYZizBDb5f", "smtp_username": "info@happeas.space"}	t
4	Local communication	local								LocalProvider	{}	t
\.


--
-- Data for Name: countries; Type: TABLE DATA; Schema: public; Owner: pma
--

COPY public.countries (id, "order", code, name_en, name_ru, name_uk) FROM stdin;
1	0	AF	Afghanistan	Афганистан	Афганістан
2	0	AX	Aland Islands	Аландские острова	Аландські острови
3	0	AL	Albania	Албания	Албанія
4	0	DZ	Algeria	Алжир	Алжир
5	0	AS	American Samoa	Американское Самоа	Американське Самоа
6	0	AD	Andorra	Андорра	Андорра
7	0	AO	Angola	Ангола	Ангола
8	0	AI	Anguilla	Ангилья	Ангілья
9	0	AQ	Antarctica	Антарктида	Антарктида
10	0	AG	Antigua and Barbuda	Антигуа и Барбуда	Антигуа і Барбуда
11	0	AR	Argentina	Аргентина	Аргентина
12	0	AM	Armenia	Армения	Вірменія
13	0	AW	Aruba	Аруба	Аруба
14	0	AU	Australia	Австралия	Австралія
15	0	AT	Austria	Австрия	Австрія
16	0	AZ	Azerbaijan	Азербайджан	Азербайджан
17	0	BS	Bahamas	Багамские острова	Багамські острови
18	0	BH	Bahrain	Бахрейн	Бахрейн
19	0	BD	Bangladesh	Бангладеш	Бангладеш
20	0	BB	Barbados	Барбадос	Барбадос
21	0	BY	Belarus	Беларусь	Білорусь
22	0	BE	Belgium	Бельгия	Бельгія
23	0	BZ	Belize	Белиз	Беліз
24	0	BJ	Benin	Бенин	Бенін
25	0	BM	Bermuda	Бермудские острова	Бермудські Острови
26	0	BT	Bhutan	Бутан	Бутан
27	0	BO	Bolivia, Plurinational State of	Боливия	Болівія
28	0	BA	Bosnia and Herzegovina	Босния и Герцеговина	Боснія та Герцеговина
29	0	BW	Botswana	Ботсвана	Ботсвана
30	0	BV	Bouvet Island	Остров Буве	Острів Буве
31	0	BR	Brazil	Бразилия	Бразилія
32	0	IO	British Indian Ocean Territory	Британская Территория В Индийском Океане	Британська територія в Індійському океані
33	0	BN	Brunei Darussalam	Бруней	Бруней
34	0	BG	Bulgaria	Болгария	Болгарія
35	0	BF	Burkina Faso	Буркина-Фасо	Буркіна Фасо
36	0	BI	Burundi	Бурунди	Бурунді
37	0	KH	Cambodia	Камбоджа	Камбоджа
38	0	CM	Cameroon	Камерун	Камерун
39	1	CA	Canada	Канада	Канада
40	0	CV	Cape Verde	Кабо Верде	Кабо-Верде
41	0	KY	Cayman Islands	Каймановы острова	Кайманові острови
42	0	CF	Central African Republic	Центральноафриканская Республика	Центральноафриканська Республіка
43	0	TD	Chad	Чад	Чад
44	0	CL	Chile	Чили	Чилі
45	0	CN	China	Китай	Китай
46	0	CX	Christmas Island	Остров Рождества	Острів Різдва
47	0	CC	Cocos (Keeling) Islands	Кокосовые Острова	Кокосові острови (Кілінг)
48	0	CO	Colombia	Колумбия	Колумбія
49	0	KM	Comoros	Коморские острова	Коморські острови
50	0	CG	Congo	Конго	Республіка Конго
51	0	CD	Congo, the Democratic Republic of the	Конго, Демократическая республика	Демократична Республіка Конго
52	0	CK	Cook Islands	Острова Кука	Острови Кука
53	0	CR	Costa Rica	Коста-Рика	Коста-Ріка
54	0	CI	Cote dIvoire	Кот-дИвуар	Кот-дІвуар
55	0	HR	Croatia	Хорватия	Хорватія
56	0	CU	Cuba	Куба	Куба
57	0	CY	Cyprus	Кипр	Кіпр
58	0	CZ	Czech Republic	Чехия	Чехія
59	0	DK	Denmark	Дания	Данія
60	0	DJ	Djibouti	Джибути	Джибуті
61	0	DM	Dominica	Доминика	Домініка
62	0	DO	Dominican Republic	Доминиканская республика	Домініканська республіка
63	0	EC	Ecuador	Эквадор	Еквадор
64	0	EG	Egypt	Египет	Єгипет
65	0	SV	El Salvador	Сальвадор	Сальвадор
66	0	GQ	Equatorial Guinea	Экваториальная Гвинея	Екваторіальна Гвинея
67	0	ER	Eritrea	Эритрея	Еритрея
68	0	EE	Estonia	Эстония	Естонія
69	0	ET	Ethiopia	Эфиопия	Ефіопія
70	0	FK	Falkland Islands (Malvinas)	Фолклендские Острова (Мальвинские)	Фолклендські (Мальвінські) острови
71	0	FO	Faroe Islands	Фарерские Острова	Фарерські острови
72	0	FJ	Fiji	Фиджи	Фіджі
73	0	FI	Finland	Финляндия	Фінляндія
74	1	FR	France	Франция	Франція
75	0	GF	French Guiana	Французская Гвиана	Французька Гвiана
76	0	PF	French Polynesia	Французская Полинезия	Французька Полінезія
77	0	TF	French Southern Territories	Французские Южные Территории	Французькі Південні і Антарктичні території
78	0	GA	Gabon	Габон	Габон
79	0	GM	Gambia	Гамбия	Гамбія
80	0	GE	Georgia	Грузия	Грузія
81	1	DE	Germany	Германия	Німеччина
82	0	GH	Ghana	Гана	Гана
83	0	GI	Gibraltar	Гибралтар	Гібралтар
84	0	GR	Greece	Греция	Греція
85	0	GL	Greenland	Гренландия	Гренландія
86	0	GD	Grenada	Гренада	Гренада
87	0	GP	Guadeloupe	Гваделупа	Гваделупа
88	0	GU	Guam	Гуам 	Гуам
89	0	GT	Guatemala	Гватемала	Гватемала
90	0	GG	Guernsey	Гернси	Гернсі
91	0	GN	Guinea	Гвинея	Гвінея
92	0	GW	Guinea-Bissau	Гвинея-Бисау	Гвінея-Бісау
93	0	GY	Guyana	Гайана	Гайана
94	0	HT	Haiti	Гаити	Гаїті
95	0	HM	Heard Island and McDonald Islands	Остров Херд и острова Макдональд	Острів Херд і острови Макдональд
96	0	VA	Holy See (Vatican City State)	Ватикан	Ватикан
97	0	HN	Honduras	Гондурас	Гондурас
98	0	HK	Hong Kong	Гонконг	Гонконг
99	0	HU	Hungary	Венгрия	Угорщина
100	0	IS	Iceland	Исландия	Ісландія
101	0	IN	India	Индия	Індія
102	0	ID	Indonesia	Индонезия	Індонезія
103	0	IR	Iran, Islamic Republic of	Иран	Іран
104	0	IQ	Iraq	Ирак	Ірак
105	0	IE	Ireland	Ирландия	Ірландія
106	0	IM	Isle of Man	Остров Мэн	Острів Мен
107	0	IL	Israel	Израиль	Ізраїль
108	1	IT	Italy	Италия	Італія
109	0	JM	Jamaica	Ямайка	Ямайка
110	1	JP	Japan	Япония	Японія
111	0	JE	Jersey	Джерси	Джерсі
112	0	JO	Jordan	Иордания	Йорданія
113	0	KZ	Kazakhstan	Казахстан	Казахстан
114	0	KE	Kenya	Кения	Кенія
115	0	KI	Kiribati	Кирибати	Кірібаті
116	0	KP	Korea, Democratic Peoples Republic of	Корейская Народно-Демократическая Республика	Північна Корея (Корейська Народно-Демократична Республіка)
117	0	KR	South Korea	Южная Корея	Південна Корея (Республіка Корея)
118	0	KW	Kuwait	Кувейт	Кувейт
119	0	KG	Kyrgyzstan	Киргизстан	Киргизстан
120	0	LA	Lao Peoples Democratic Republic	Лаос	Лаос
121	0	LV	Latvia	Латвия	Латвія
122	0	LB	Lebanon	Ливан	Ліван
123	0	LS	Lesotho	Лесото	Лесото
124	0	LR	Liberia	Либерия	Ліберія
125	0	LY	Libyan Arab Jamahiriya	Ливия	Лівія
126	0	LI	Liechtenstein	Лихтенштейн	Ліхтенштейн
127	0	LT	Lithuania	Литва	Литва
128	0	LU	Luxembourg	Люксембург	Люксембург
129	0	MO	Macao	Аомынь (Макао)	Макао
130	0	MK	Macedonia, the former Yugoslav Republic of	Македония	Македонія
131	0	MG	Madagascar	Мадагаскар	Мадагаскар
132	0	MW	Malawi	Малави	Малаві
133	0	MY	Malaysia	Малайзия	Малайзія
134	0	MV	Maldives	Мальдивы	Мальдіви
135	0	ML	Mali	Мали	Малі
136	0	MT	Malta	Мальта	Мальта
137	0	MH	Marshall Islands	Маршалловы Острова	Маршаллові острови
138	0	MQ	Martinique	Мартиника	Мартініка
139	0	MR	Mauritania	Мавритания	Мавританія
140	0	MU	Mauritius	Маврикий	Маврикій
141	0	YT	Mayotte	Майотта	Майотта
142	0	MX	Mexico	Мексика	Мексика
143	0	FM	Micronesia, Federated States of	Микронезия, Федеративные Штаты	Федеративні Штати Мікронезії
144	0	MD	Moldova, Republic of	Молдова	Молдова
145	0	MC	Monaco	Монако	Монако
146	0	MN	Mongolia	Монголия	Монголія
147	0	ME	Montenegro	Черногория	Чорногорія
148	0	MS	Montserrat	Монсеррат	Монтсеррат
149	0	MA	Morocco	Марокко	Марокко
150	0	MZ	Mozambique	Мозамбик	Мозамбік
151	0	MM	Myanmar	Мьянма	Мянма (Бірма)
152	0	NA	Namibia	Намибия	Намібія
153	0	NR	Nauru	Науру	Науру
154	0	NP	Nepal	Непал	Непал
155	0	NL	Netherlands	Нидерланды	Нідерланди (Голландія)
156	0	AN	Netherlands Antilles	Нидерландские Антильские острова	Нідерландські Антильські острови
157	0	NC	New Caledonia	Новая Каледония	Нова Каледонія
158	0	NZ	New Zealand	Новая Зеландия	Нова Зеландія
159	0	NI	Nicaragua	Никарагуа	Нікарагуа
160	0	NE	Niger	Нигер	Нігер
161	0	NG	Nigeria	Нигерия	Нігерія
162	0	NU	Niue	Ниуэ	Ніуе
163	0	NF	Norfolk Island	Остров Норфолк	Острів Норфолк
164	0	MP	Northern Mariana Islands	Северные Марианские Острова	Північні Маріанські острови
165	0	NO	Norway	Норвегия	Норвегія
166	0	OM	Oman	Оман	Оман
167	0	PK	Pakistan	Пакистан	Пакистан
168	0	PW	Palau	Палау	Палау
169	0	PS	Palestinian Territory, Occupied	Палестинской Территории, Оккупированные	Палестинська держава
170	0	PA	Panama	Панама	Панама
171	0	PG	Papua New Guinea	Папуа-Новая Гвинея	Папуа Нова Гвінея
172	0	PY	Paraguay	Парагвай	Парагвай
173	0	PE	Peru	Перу	Перу
174	0	PH	Philippines	Филиппины	Філіппіни
175	0	PN	Pitcairn	Питкэрн	Острови Піткерн
176	0	PL	Poland	Польша	Польща
177	0	PT	Portugal	Португалия	Португалія
178	0	PR	Puerto Rico	Пуэрто-Рико	Пуерто-Рико
179	0	QA	Qatar	Катар	Катар
180	0	RE	Reunion	Реюньон	Реюньон
181	0	RO	Romania	Румыния	Румунія
182	1	RU	Russian Federation	Россия	Російська Федерація
183	0	RW	Rwanda	Руанда	Руанда
184	0	BL	Saint Barthelemy	Сен-Бартельми	Сен-Бартельмі
185	0	SH	Saint Helena	Святая Елена, Остров вознесения, Тристан-да-Кунья	Острови Святої Єлени, Вознесіння і Тристан-да-Кунья
186	0	KN	Saint Kitts and Nevis	Сент-Китс и Невис	Сент-Кіттс і Невіс
187	0	LC	Saint Lucia	Сент-Люсия	Сент-Люсія
188	0	MF	Saint Martin (French part)	Сен-Мартен	Сен-Мартен (Франція)
189	0	PM	Saint Pierre and Miquelon	Сен-Пьер и Микелон	Сен-Пєр і Мікелон
190	0	VC	Saint Vincent and the Grenadines	Сент-Винсент и Гренадины	Сент-Вінсент і Гренадіни
191	0	WS	Samoa	Самоа	Самоа
192	0	SM	San Marino	Сан-Марино	Сан-Марино
193	0	ST	Sao Tome and Principe	Сан-Томе и Принсипи	Сан-Томе і Прінсіпі
194	0	SA	Saudi Arabia	Саудовская Аравия	Саудівська Аравія
195	0	SN	Senegal	Сенегал	Сенегал
196	0	RS	Serbia	Сербия	Сербія
197	0	SC	Seychelles	Сейшельские острова	Сейшельські острови
198	0	SL	Sierra Leone	Сьерра-Леоне	Сьєрра-Леоне
199	0	SG	Singapore	Сингапур	Сінгапур
200	0	SK	Slovakia	Словакия	Словаччина
201	0	SI	Slovenia	Словения	Словенія
202	0	SB	Solomon Islands	Соломоновы острова	Соломоновi Острови
203	0	SO	Somalia	Сомали	Сомалі
204	0	ZA	South Africa	Южно-Африканская Республика	Південно-Африканська Республіка
205	0	GS	South Georgia and South Sandwich Islands	Южная Георгия и южные Сандвичевы острова	Південна Джорджія та Південні Сандвічеві острови
206	0	ES	Spain	Испания	Іспанія
207	0	LK	Sri Lanka	Шри-Ланка	Шрі-Ланка
208	0	SD	Sudan	Судан	Судан
209	0	SR	Suriname	Суринам	Сурінам
210	0	SJ	Svalbard and Jan Mayen	Шпицберген и Ян-Майен	Свальбард і Ян-Маєн
211	0	SZ	Swaziland	Свазиленд	Свазіленд
212	0	SE	Sweden	Швеция	Швеція
213	0	CH	Switzerland	Швейцария	Швейцарія
214	0	SY	Syrian Arab Republic	Сирия	Сирія
215	0	TW	Taiwan, Province of China	Тайвань, провинция Китая	Тайвань (Республіка Китай)
216	0	TJ	Tajikistan	Таджикистан	Таджикистан
217	0	TZ	Tanzania, United Republic of	Танзания	Танзанія
218	0	TH	Thailand	Таиланд	Таїланд
219	0	TL	Timor-Leste	Восточный Тимор	Східний Тимор
220	0	TG	Togo	Того	Того
221	0	TK	Tokelau	Токелау	Токелау
222	0	TO	Tonga	Тонга	Тонга
223	0	TT	Trinidad and Tobago	Тринидад и Тобаго	Тринідад і Тобаго
224	0	TN	Tunisia	Тунис	Туніс
225	0	TR	Turkey	Турция	Туреччина
226	0	TM	Turkmenistan	Туркменистан	Туркменістан
227	0	TC	Turks and Caicos Islands	Архипелаг Тёркс и Кайкас	Острови Теркс і Кайкос
228	0	TV	Tuvalu	Тувалу	Тувалу
229	0	UG	Uganda	Уганда	Уганда
230	1	UA	Ukraine	Украина	Україна
231	0	AE	United Arab Emirates	Объединенные Арабские Эмираты	Обєднані Арабські Емірати
232	1	GB	United Kingdom	Великобритания	Великобританія
233	1	US	United States	США	США
234	0	UM	United States Minor Outlying Islands	Соединенные Штаты Америки Внешние Малые Острова	Зовнішні малі острови США
235	0	UY	Uruguay	Уругвай	Уругвай
236	0	UZ	Uzbekistan	Узбекистан	Узбекистан
237	0	VU	Vanuatu	Вануату	Вануату
238	0	VE	Venezuela, Bolivarian Republic of	Венесуэла	Венесуела
239	0	VN	Viet Nam	Вьетнам	Вєтнам
240	0	VG	Virgin Islands, British	Британские Виргинские острова	Британські Віргінські острови
241	0	VI	Virgin Islands, U.S.	Виргинские острова	Віргінські Острови США
242	0	WF	Wallis and Futuna	Уоллис и Футуна	Уолліс і Футуна
243	0	EH	Western Sahara	Западная Сахара	Західна Сахара
244	0	YE	Yemen	Йемен	Ємен
245	0	ZM	Zambia	Замбия	Замбія
246	0	ZW	Zimbabwe	Зимбабве	Зімбабве
\.


--
-- Data for Name: file_manager; Type: TABLE DATA; Schema: public; Owner: pma
--

COPY public.file_manager (id, name, type, size, metadata, created_at, provider, who_created, hash) FROM stdin;
17	find-your-inner-rhythm-with-black-and-light-blue-heartbeat-mbunn0r2lh3rkm73.jpg	image/jpeg	35382	{"path": "/1/find-your-inner-rhythm-with-black-and-light-blue-heartbeat-mbunn0r2lh3rkm73.jpg"}	2024-10-11 09:36:13.035603	local	1	\N
18	find-your-inner-rhythm-with-black-and-light-blue-heartbeat-mbunn0r2lh3rkm73.jpg	image/jpeg	35382	{"path": "/1/find-your-inner-rhythm-with-black-and-light-blue-heartbeat-mbunn0r2lh3rkm73.jpg"}	2024-10-11 09:36:27.080672	local	1	\N
19	1920x1080-black-ivgflkhu7bxomm84.jpg	image/jpeg	51152	{"path": "/1/1920x1080-black-ivgflkhu7bxomm84.jpg"}	2024-10-11 13:25:24.140771	local	1	\N
20	1920x1080-black-ivgflkhu7bxomm84.jpg	image/jpeg	51152	{"path": "/1/1920x1080-black-ivgflkhu7bxomm84.jpg"}	2024-10-11 13:33:07.24271	local	1	\N
21	locations_export (18) (1).xlsx	application/vnd.openxmlformats-officedocument.spreadsheetml.sheet	7046	{"path": "/1/locations_export (18) (1).xlsx"}	2024-10-15 15:47:40.017273	local	1	\N
22	locations_export (21).xlsx	application/vnd.openxmlformats-officedocument.spreadsheetml.sheet	11393	{"path": "/1/locations_export (21).xlsx"}	2024-10-15 15:47:42.038094	local	1	\N
23	locations_export (18) (1).xlsx	application/vnd.openxmlformats-officedocument.spreadsheetml.sheet	7046	{"path": "/1/locations_export (18) (1).xlsx"}	2024-10-16 13:09:06.23239	local	1	\N
24	1-5.jpg	image/jpeg	177981	{"path": "/1/1-5.jpg"}	2024-10-17 13:16:28.669186	local	1	\N
25	ÃÂ»ÃÂ¸ÃÂÃÂÃÂ¾ÃÂ½.jpg	image/jpeg	6036	{"path": "/1/ÃÂ»ÃÂ¸ÃÂÃÂÃÂ¾ÃÂ½.jpg"}	2024-10-17 13:16:45.41776	local	1	\N
26	ÃÂ¿ÃÂÃÂ¸ÃÂ¼ÃÂµÃÂ ÃÂ»ÃÂµÃÂ³ÃÂµÃÂ½ÃÂ´.docx	application/vnd.openxmlformats-officedocument.wordprocessingml.document	15649	{"path": "/1/ÃÂ¿ÃÂÃÂ¸ÃÂ¼ÃÂµÃÂ ÃÂ»ÃÂµÃÂ³ÃÂµÃÂ½ÃÂ´.docx"}	2024-10-17 14:16:53.816135	local	1	\N
27	ÃÂ ÃÂ°ÃÂÃÂÃÂµÃÂ ÃÂÃÂÃÂ¡.docx	application/vnd.openxmlformats-officedocument.wordprocessingml.document	267939	{"path": "/1/ÃÂ ÃÂ°ÃÂÃÂÃÂµÃÂ ÃÂÃÂÃÂ¡.docx"}	2024-10-17 14:17:53.707376	local	1	\N
28	1920x1080-black-ivgflkhu7bxomm84.jpg	image/jpeg	51152	{"path": "/1/1920x1080-black-ivgflkhu7bxomm84.jpg"}	2024-10-17 14:24:28.891386	local	1	\N
29	1920x1080-black-ivgflkhu7bxomm84.jpg	image/jpeg	51152	{"path": "/1/1920x1080-black-ivgflkhu7bxomm84.jpg"}	2024-10-17 14:25:01.731446	local	1	\N
30	find-your-inner-rhythm-with-black-and-light-blue-heartbeat-mbunn0r2lh3rkm73.jpg	image/jpeg	35382	{"path": "/1/find-your-inner-rhythm-with-black-and-light-blue-heartbeat-mbunn0r2lh3rkm73.jpg"}	2024-10-17 14:40:26.238391	local	1	\N
31	locations (2).xlsx	application/vnd.openxmlformats-officedocument.spreadsheetml.sheet	6945	{"path": "/1/locations (2).xlsx"}	2024-10-18 09:17:26.450905	local	1	\N
32	workers_export (13).xlsx	application/vnd.openxmlformats-officedocument.spreadsheetml.sheet	9151	{"path": "/1/workers_export (13).xlsx"}	2024-10-18 09:17:36.030091	local	1	\N
33	workers_export.xlsx	application/vnd.openxmlformats-officedocument.spreadsheetml.sheet	9151	{"path": "/1/workers_export.xlsx"}	2024-10-18 10:32:50.836166	local	1	\N
34	find-your-inner-rhythm-with-black-and-light-blue-heartbeat-mbunn0r2lh3rkm73.jpg	image/jpeg	35382	{"path": "/1/find-your-inner-rhythm-with-black-and-light-blue-heartbeat-mbunn0r2lh3rkm73.jpg"}	2024-10-18 10:32:59.040402	local	1	\N
35	1920x1080-black-ivgflkhu7bxomm84.jpg	image/jpeg	51152	{"path": "/1/1920x1080-black-ivgflkhu7bxomm84.jpg"}	2024-10-18 10:33:11.891619	local	1	\N
36	ÃÂ¿ÃÂÃÂ¸ÃÂ¼ÃÂµÃÂ ÃÂ»ÃÂµÃÂ³ÃÂµÃÂ½ÃÂ´.docx	application/vnd.openxmlformats-officedocument.wordprocessingml.document	15649	{"path": "/1/ÃÂ¿ÃÂÃÂ¸ÃÂ¼ÃÂµÃÂ ÃÂ»ÃÂµÃÂ³ÃÂµÃÂ½ÃÂ´.docx"}	2024-10-23 10:36:46.579671	local	1	\N
37	find-your-inner-rhythm-with-black-and-light-blue-heartbeat-mbunn0r2lh3rkm73.jpg	image/jpeg	35382	{"path": "/1/find-your-inner-rhythm-with-black-and-light-blue-heartbeat-mbunn0r2lh3rkm73.jpg"}	2024-10-25 09:47:53.902262	local	1	\N
38	Screenshot at Oct 30 10-09-49.png	image/png	2613886	{"path": "/1/Screenshot at Oct 30 10-09-49.png"}	2024-10-30 08:10:43.624619	local	1	\N
39	Screenshot at Oct 30 10-09-34.png	image/png	4658717	{"path": "/1/Screenshot at Oct 30 10-09-34.png"}	2024-10-30 08:10:46.056118	local	1	\N
40	1920x1080-black-ivgflkhu7bxomm84.jpg	image/jpeg	51152	{"path": "/1/1920x1080-black-ivgflkhu7bxomm84.jpg"}	2024-10-31 15:25:47.29591	local	1	\N
41	1920x1080-black-ivgflkhu7bxomm84.jpg	image/jpeg	51152	{"path": "/1/1920x1080-black-ivgflkhu7bxomm84.jpg"}	2024-11-01 08:26:07.449185	local	1	\N
42	coming-soon .png	image/png	64896	{"path": "/1/coming-soon .png"}	2024-11-12 10:14:18.086084	local	1	\N
43	ava.png	image/png	17091	{"path": "/1/ava.png"}	2024-11-12 10:14:19.496771	local	1	\N
44	ava.png	image/png	17091	{"path": "/1/ava.png"}	2024-11-12 10:14:21.396051	local	1	\N
45	5581197.png	image/png	40138	{"path": "/1/5581197.png"}	2024-11-22 07:38:31.365575	local	1	\N
46	5581197.png	image/png	40138	{"path": "/1/5581197.png"}	2024-11-22 07:38:37.700109	local	1	\N
47	360_F_490948181_HkpX8eP23SDtleouGEZjSnH8drKYtY7M.jpg	image/jpeg	25963	{"path": "/1/360_F_490948181_HkpX8eP23SDtleouGEZjSnH8drKYtY7M.jpg"}	2024-11-22 09:51:45.395537	local	1	\N
48	htmlimage.jpg	image/jpeg	641535	{"path": "/27/htmlimage.jpg"}	2024-12-03 11:48:53.616326	local	27	\N
49	image (4).png	image/png	1096567	{"path": "/27/image (4).png"}	2024-12-03 12:48:11.442013	local	27	\N
50	image (4).png	image/png	1096567	{"path": "/27/image (4).png"}	2024-12-03 12:49:08.921358	local	27	\N
51	image (4).png	image/png	1096567	{"path": "/27/image (4).png"}	2024-12-03 12:52:22.087358	local	27	\N
52	image (4).png	image/png	1096567	{"path": "/27/image (4).png"}	2024-12-03 13:34:19.858523	local	27	\N
53	htmlimage.jpg	image/jpeg	641535	{"path": "/27/htmlimage.jpg"}	2024-12-03 13:36:03.678058	local	27	\N
54	image (4).png	image/png	1096567	{"path": "/27/image (4).png"}	2024-12-03 13:44:40.845028	local	27	\N
55	image (4).png	image/png	1096567	{"path": "/27/image (4).png"}	2024-12-03 13:46:56.074864	local	27	\N
56	image (4).png	image/png	1096567	{"path": "/27/image (4).png"}	2024-12-03 14:08:21.420935	local	27	\N
57	image (4).png	image/png	1096567	{"path": "/27/image (4).png"}	2024-12-03 14:11:10.114971	local	27	\N
58	image (4).png	image/png	1096567	{"path": "/27/image (4).png"}	2024-12-03 14:12:26.031381	local	27	\N
59	htmlimage.jpg	image/jpeg	641535	{"path": "/27/htmlimage.jpg"}	2024-12-03 14:14:57.650387	local	27	\N
60	htmlimage.jpg	image/jpeg	641535	{"path": "/27/htmlimage.jpg"}	2024-12-03 14:15:46.137413	local	27	\N
61	htmlimage.jpg	image/jpeg	641535	{"path": "/27/htmlimage.jpg"}	2024-12-04 10:02:58.938518	local	27	\N
62	htmlimage.jpg	image/jpeg	641535	{"path": "/27/htmlimage.jpg"}	2024-12-04 10:03:56.876122	local	27	\N
63	image (4).png	image/png	1096567	{"path": "/27/image (4).png"}	2024-12-04 10:04:09.034705	local	27	\N
64	image (4).png	image/png	1096567	{"path": "/27/image (4).png"}	2024-12-04 10:16:49.102969	local	27	\N
65	image (4).png	image/png	1096567	{"path": "/27/image (4).png"}	2024-12-04 10:17:26.575143	local	27	\N
66	image (4).png	image/png	1096567	{"path": "/27/image (4).png"}	2024-12-04 10:17:59.397104	local	27	\N
67	htmlimage.jpg	image/jpeg	641535	{"path": "/27/htmlimage.jpg"}	2024-12-04 10:18:11.283925	local	27	\N
68	image (4).png	image/png	1096567	{"path": "/27/image (4).png"}	2024-12-04 10:19:09.778535	local	27	\N
69	image (4).png	image/png	1096567	{"path": "/27/image (4).png"}	2024-12-04 10:19:25.303364	local	27	\N
70	image (4).png	image/png	1096567	{"path": "/27/image (4).png"}	2024-12-04 10:19:29.911511	local	27	\N
71	image (4).png	image/png	1096567	{"path": "/27/image (4).png"}	2024-12-04 10:22:48.754583	local	27	\N
72	image (4).png	image/png	1096567	{"path": "/27/image (4).png"}	2024-12-04 10:35:29.986403	local	27	\N
73	htmlimage.jpg	image/jpeg	641535	{"path": "/27/htmlimage.jpg"}	2024-12-04 10:35:35.935662	local	27	\N
74	image (4).png	image/png	1096567	{"path": "/27/image (4).png"}	2024-12-04 10:35:45.881682	local	27	\N
75	image (4).png	image/png	1096567	{"path": "/27/image (4).png"}	2024-12-04 11:05:43.554058	local	27	\N
76	Khachikyan_Sergey_CV.pdf	application/pdf	159138	{"path": "/27/Khachikyan_Sergey_CV.pdf"}	2024-12-04 12:13:12.844386	local	27	\N
77	htmlimage.jpg	image/jpeg	641535	{"path": "/27/htmlimage.jpg"}	2024-12-04 12:14:29.405787	local	27	\N
78	Group 1.png	image/png	13920	{"path": "/27/Group 1.png"}	2024-12-05 12:59:15.718319	local	27	\N
79	Group 1.png	image/png	13920	{"path": "/27/Group 1.png"}	2024-12-05 13:01:12.508123	local	27	\N
80	htmlimage.jpg	image/jpeg	641535	{"path": "/27/htmlimage.jpg"}	2024-12-05 13:49:27.80516	local	27	\N
81	htmlimage.jpg	image/jpeg	641535	{"path": "/27/htmlimage.jpg"}	2024-12-05 14:05:56.859555	local	27	\N
82	htmlimage.jpg	image/jpeg	641535	{"path": "/27/htmlimage.jpg"}	2024-12-05 14:13:20.254575	local	27	\N
83	htmlimage.jpg	image/jpeg	641535	{"path": "/27/htmlimage.jpg"}	2024-12-05 14:18:50.600212	local	27	\N
84	image (4).png	image/png	1096567	{"path": "/27/image (4).png"}	2024-12-05 14:19:00.053924	local	27	\N
85	Group 1.png	image/png	13920	{"path": "/27/Group 1.png"}	2024-12-05 14:22:24.170966	local	27	\N
86	htmlimage.jpg	image/jpeg	641535	{"path": "/27/htmlimage.jpg"}	2024-12-05 14:23:31.81542	local	27	\N
87	image (4).png	image/png	1096567	{"path": "/27/image (4).png"}	2024-12-05 14:25:12.001633	local	27	\N
88	image (4).png	image/png	1096567	{"path": "/27/image (4).png"}	2024-12-05 14:25:20.22512	local	27	\N
89	Group 1.png	image/png	13920	{"path": "/27/Group 1.png"}	2024-12-05 14:37:42.875585	local	27	\N
90	htmlimage.jpg	image/jpeg	641535	{"path": "/27/htmlimage.jpg"}	2024-12-05 14:44:10.696015	local	27	\N
91	image (3).png	image/png	1096567	{"path": "/27/image (3).png"}	2024-12-05 14:44:27.8228	local	27	\N
92	image (4).png	image/png	1096567	{"path": "/27/image (4).png"}	2024-12-05 14:49:00.356124	local	27	\N
93	htmlimage.jpg	image/jpeg	641535	{"path": "/27/htmlimage.jpg"}	2024-12-05 14:49:10.73769	local	27	\N
94	image (4).png	image/png	1096567	{"path": "/27/image (4).png"}	2024-12-05 14:52:10.456453	local	27	\N
95	htmlimage.jpg	image/jpeg	641535	{"path": "/27/htmlimage.jpg"}	2024-12-05 14:52:15.999875	local	27	\N
96	image (4).png	image/png	1096567	{"path": "/27/image (4).png"}	2024-12-05 14:52:20.878437	local	27	\N
97	Group 1.png	image/png	13920	{"path": "/27/Group 1.png"}	2024-12-06 08:25:58.361304	local	27	\N
98	1920x1080-black-ivgflkhu7bxomm84.jpg	image/jpeg	51152	{"path": "/1/1920x1080-black-ivgflkhu7bxomm84.jpg"}	2024-12-06 08:49:40.471878	local	1	\N
99	Group 1.png	image/png	13920	{"path": "/27/Group 1.png"}	2024-12-06 10:51:14.048466	local	27	\N
100	htmlimage.jpg	image/jpeg	641535	{"path": "/27/htmlimage.jpg"}	2024-12-09 09:49:17.948994	local	27	\N
101	image (4).png	image/png	1096567	{"path": "/27/image (4).png"}	2024-12-09 09:49:33.653146	local	27	\N
102	image (4).png	image/png	1096567	{"path": "/27/image (4).png"}	2024-12-09 09:49:44.947121	local	27	\N
103	360_F_490948181_HkpX8eP23SDtleouGEZjSnH8drKYtY7M.jpg	image/jpeg	25963	{"path": "/27/360_F_490948181_HkpX8eP23SDtleouGEZjSnH8drKYtY7M.jpg"}	2024-12-10 13:31:14.154473	local	27	\N
104	ÃÂÃÂ°ÃÂ¿ÃÂ¸ÃÂÃÂ ÃÂÃÂºÃÂÃÂ°ÃÂ½ÃÂ° ÃÂ¾ÃÂ 2024-12-10 14-31-31.mp4	video/mp4	1118986	{"path": "/27/ÃÂÃÂ°ÃÂ¿ÃÂ¸ÃÂÃÂ ÃÂÃÂºÃÂÃÂ°ÃÂ½ÃÂ° ÃÂ¾ÃÂ 2024-12-10 14-31-31.mp4"}	2024-12-10 13:32:22.197897	local	27	\N
105	ÃÂÃÂ°ÃÂ¿ÃÂ¸ÃÂÃÂ ÃÂÃÂºÃÂÃÂ°ÃÂ½ÃÂ° ÃÂ¾ÃÂ 2024-12-10 14-31-31.mp4	video/mp4	1118986	{"path": "/27/ÃÂÃÂ°ÃÂ¿ÃÂ¸ÃÂÃÂ ÃÂÃÂºÃÂÃÂ°ÃÂ½ÃÂ° ÃÂ¾ÃÂ 2024-12-10 14-31-31.mp4"}	2024-12-10 13:32:54.840587	local	27	\N
106	360_F_490948181_HkpX8eP23SDtleouGEZjSnH8drKYtY7M.jpg	image/jpeg	25963	{"path": "/27/360_F_490948181_HkpX8eP23SDtleouGEZjSnH8drKYtY7M.jpg"}	2024-12-10 13:37:05.993711	local	27	\N
107	rj_3142622_04f1ce0737903e073fdc3c1cd5953a14_1618084674.mp3	audio/mpeg	10780	{"path": "/27/rj_3142622_04f1ce0737903e073fdc3c1cd5953a14_1618084674.mp3"}	2024-12-10 13:37:13.903921	local	27	\N
108	ÃÂÃÂ°ÃÂ¿ÃÂ¸ÃÂÃÂ ÃÂÃÂºÃÂÃÂ°ÃÂ½ÃÂ° ÃÂ¾ÃÂ 2024-12-10 14-31-31.mp4	video/mp4	1118986	{"path": "/27/ÃÂÃÂ°ÃÂ¿ÃÂ¸ÃÂÃÂ ÃÂÃÂºÃÂÃÂ°ÃÂ½ÃÂ° ÃÂ¾ÃÂ 2024-12-10 14-31-31.mp4"}	2024-12-10 13:37:23.272145	local	27	\N
109	ÃÂÃÂ°ÃÂ¿ÃÂ¸ÃÂÃÂ ÃÂÃÂºÃÂÃÂ°ÃÂ½ÃÂ° ÃÂ¾ÃÂ 2024-12-10 14-31-31.mp4	video/mp4	1118986	{"path": "/27/ÃÂÃÂ°ÃÂ¿ÃÂ¸ÃÂÃÂ ÃÂÃÂºÃÂÃÂ°ÃÂ½ÃÂ° ÃÂ¾ÃÂ 2024-12-10 14-31-31.mp4"}	2024-12-10 13:37:30.604116	local	27	\N
110	SampleVideo_1280x720_1mb.mp4	video/mp4	1055736	{"path": "/1/SampleVideo_1280x720_1mb.mp4"}	2024-12-10 14:52:20.109179	local	1	\N
111	image (4).png	image/png	1096567	{"path": "/1/image (4).png"}	2024-12-10 14:52:29.407881	local	1	\N
112	image (3).png	image/png	1096567	{"path": "/1/image (3).png"}	2024-12-10 14:52:36.234894	local	1	\N
113	image_2024-12-03_13-58-21.png	image/png	8571	{"path": "/1/image_2024-12-03_13-58-21.png"}	2024-12-10 14:52:44.468758	local	1	\N
114	17478da42271207e1d86.jpg	image/jpeg	230183	{"path": "/27/17478da42271207e1d86.jpg"}	2024-12-11 11:45:45.218215	local	27	\N
115	ÃÂÃÂ°ÃÂ¿ÃÂ¸ÃÂÃÂ ÃÂÃÂºÃÂÃÂ°ÃÂ½ÃÂ° 2024-12-11 ÃÂ² 14.48.55.mov	video/quicktime	788929	{"path": "/27/ÃÂÃÂ°ÃÂ¿ÃÂ¸ÃÂÃÂ ÃÂÃÂºÃÂÃÂ°ÃÂ½ÃÂ° 2024-12-11 ÃÂ² 14.48.55.mov"}	2024-12-11 11:50:45.283477	local	27	\N
116	17478da42271207e1d86.jpg	image/jpeg	230183	{"path": "/27/17478da42271207e1d86.jpg"}	2024-12-11 11:55:53.874118	local	27	\N
117	ÃÂÃÂ°ÃÂ¿ÃÂ¸ÃÂÃÂ ÃÂÃÂºÃÂÃÂ°ÃÂ½ÃÂ° 2024-12-11 ÃÂ² 14.48.55.mp4	video/mp4	788929	{"path": "/27/ÃÂÃÂ°ÃÂ¿ÃÂ¸ÃÂÃÂ ÃÂÃÂºÃÂÃÂ°ÃÂ½ÃÂ° 2024-12-11 ÃÂ² 14.48.55.mp4"}	2024-12-11 11:56:33.490154	local	27	\N
118	pay meloboom.mp3	audio/mpeg	21798	{"path": "/27/pay meloboom.mp3"}	2024-12-11 11:57:10.032014	local	27	\N
119	PXL_20241212_085035122.jpg	image/jpeg	2373433	{"path": "/27/PXL_20241212_085035122.jpg"}	2024-12-12 09:54:49.476558	local	27	\N
120	PXL_20241212_085124844.jpg	image/jpeg	2409511	{"path": "/27/PXL_20241212_085124844.jpg"}	2024-12-12 09:55:03.901095	local	27	\N
121	PXL_20241212_085035122.jpg	image/jpeg	2373433	{"path": "/27/PXL_20241212_085035122.jpg"}	2024-12-12 09:56:14.260813	local	27	\N
122	PXL_20241212_085032671.webp	image/webp	173330	{"path": "/27/PXL_20241212_085032671.webp"}	2024-12-12 10:05:39.432092	local	27	\N
123	PXL_20241212_085035122.webp	image/webp	633734	{"path": "/27/PXL_20241212_085035122.webp"}	2024-12-12 10:06:05.667868	local	27	\N
124	PXL_20241212_085124844.webp	image/webp	670096	{"path": "/27/PXL_20241212_085124844.webp"}	2024-12-12 10:06:19.936973	local	27	\N
125	PXL_20241212_085035122.webp	image/webp	633734	{"path": "/27/PXL_20241212_085035122.webp"}	2024-12-12 10:06:25.684428	local	27	\N
126	PXL_20241212_085124844.webp	image/webp	670096	{"path": "/27/PXL_20241212_085124844.webp"}	2024-12-12 10:17:13.2425	local	27	\N
127	PXL_20241212_085124844.webp	image/webp	670096	{"path": "/27/PXL_20241212_085124844.webp"}	2024-12-12 10:17:24.180041	local	27	\N
128	PXL_20241212_085035122.webp	image/webp	633734	{"path": "/27/PXL_20241212_085035122.webp"}	2024-12-12 10:17:45.856541	local	27	\N
129	PXL_20241212_085032671.webp	image/webp	173330	{"path": "/27/PXL_20241212_085032671.webp"}	2024-12-12 10:19:52.371318	local	27	\N
130	PXL_20241212_085035122.webp	image/webp	633734	{"path": "/27/PXL_20241212_085035122.webp"}	2024-12-12 10:21:25.930575	local	27	\N
131	PXL_20241212_085032671.webp	image/webp	173330	{"path": "/27/PXL_20241212_085032671.webp"}	2024-12-12 10:21:32.509571	local	27	\N
132	PXL_20241212_085124844.webp	image/webp	670096	{"path": "/27/PXL_20241212_085124844.webp"}	2024-12-12 10:21:36.261948	local	27	\N
133	1550682815186280512.webp	image/webp	255780	{"path": "/27/1550682815186280512.webp"}	2024-12-12 11:39:31.216897	local	27	\N
134	ddfcd8ab-8591-4adf-b581-80d28d84f86d.webp	image/webp	61864	{"path": "/27/ddfcd8ab-8591-4adf-b581-80d28d84f86d.webp"}	2024-12-12 11:41:26.644457	local	27	\N
135	htmlimage.jpg	image/jpeg	641535	{"path": "/27/htmlimage.jpg"}	2024-12-12 15:07:43.553997	local	27	\N
136	htmlimage.jpg	image/jpeg	641535	{"path": "/27/htmlimage.jpg"}	2024-12-12 15:49:45.706638	local	27	\N
137	htmlimage.jpg	image/jpeg	641535	{"path": "/27/htmlimage.jpg"}	2024-12-12 15:50:35.596399	local	27	\N
138	htmlimage.jpg	image/jpeg	641535	{"path": "/27/htmlimage.jpg"}	2024-12-12 15:51:03.577752	local	27	\N
139	SampleVideo_1280x720_1mb.mp4	video/mp4	1055736	{"path": "/27/SampleVideo_1280x720_1mb.mp4"}	2024-12-12 15:51:42.003489	local	27	\N
140	htmlimage.jpg	image/jpeg	641535	{"path": "/27/htmlimage.jpg"}	2024-12-12 15:52:17.1298	local	27	\N
141	htmlimage.jpg	image/jpeg	641535	{"path": "/27/htmlimage.jpg"}	2024-12-12 15:58:35.516449	local	27	\N
142	SampleVideo_1280x720_1mb.mp4	video/mp4	1055736	{"path": "/27/SampleVideo_1280x720_1mb.mp4"}	2024-12-12 15:59:02.783848	local	27	\N
143	htmlimage.webp	image/webp	397924	{"path": "/27/htmlimage.webp"}	2024-12-12 15:59:30.714955	local	27	\N
144	image (4).png	image/png	1096567	{"path": "/27/image (4).png"}	2024-12-12 16:13:13.238745	local	27	\N
145	htmlimage.jpg	image/jpeg	641535	{"path": "/27/htmlimage.jpg"}	2024-12-12 16:14:06.576692	local	27	\N
146	PING.webp	image/webp	53104	{"path": "/27/PING.webp"}	2024-12-12 16:15:15.518413	local	27	\N
147	PING.webp	image/webp	53104	{"path": "/27/PING.webp"}	2024-12-12 16:15:36.130517	local	27	\N
148	Ð¡Ð½Ð¸Ð¼Ð¾Ðº ÑÐºÑÐ°Ð½Ð° Ð¾Ñ 2024-12-12 16-27-57.png	image/png	244386	{"path": "/1/Ð¡Ð½Ð¸Ð¼Ð¾Ðº ÑÐºÑÐ°Ð½Ð° Ð¾Ñ 2024-12-12 16-27-57.png"}	2024-12-12 16:19:33.35171	local	1	\N
149	Ð¡Ð½Ð¸Ð¼Ð¾Ðº ÑÐºÑÐ°Ð½Ð° Ð¾Ñ 2024-12-12 16-27-57.webp	image/webp	50530	{"path": "/1/Ð¡Ð½Ð¸Ð¼Ð¾Ðº ÑÐºÑÐ°Ð½Ð° Ð¾Ñ 2024-12-12 16-27-57.webp"}	2024-12-12 16:19:40.40788	local	1	\N
150	Ð¡Ð½Ð¸Ð¼Ð¾Ðº ÑÐºÑÐ°Ð½Ð° Ð¾Ñ 2024-12-12 15-15-40.webp	image/webp	9984	{"path": "/1/Ð¡Ð½Ð¸Ð¼Ð¾Ðº ÑÐºÑÐ°Ð½Ð° Ð¾Ñ 2024-12-12 15-15-40.webp"}	2024-12-12 16:19:50.992966	local	1	\N
151	Ð¡Ð½Ð¸Ð¼Ð¾Ðº ÑÐºÑÐ°Ð½Ð° Ð¾Ñ 2024-12-12 15-16-02.webp	image/webp	9960	{"path": "/1/Ð¡Ð½Ð¸Ð¼Ð¾Ðº ÑÐºÑÐ°Ð½Ð° Ð¾Ñ 2024-12-12 15-16-02.webp"}	2024-12-12 16:19:51.122832	local	1	\N
152	Ð¡Ð½Ð¸Ð¼Ð¾Ðº ÑÐºÑÐ°Ð½Ð° Ð¾Ñ 2024-12-12 15-15-40.png	image/png	18174	{"path": "/1/Ð¡Ð½Ð¸Ð¼Ð¾Ðº ÑÐºÑÐ°Ð½Ð° Ð¾Ñ 2024-12-12 15-15-40.png"}	2024-12-12 16:19:54.885774	local	1	\N
153	Ð¡Ð½Ð¸Ð¼Ð¾Ðº ÑÐºÑÐ°Ð½Ð° Ð¾Ñ 2024-12-12 15-16-02.png	image/png	18142	{"path": "/1/Ð¡Ð½Ð¸Ð¼Ð¾Ðº ÑÐºÑÐ°Ð½Ð° Ð¾Ñ 2024-12-12 15-16-02.png"}	2024-12-12 16:19:54.910362	local	1	\N
154	Ð¡Ð½Ð¸Ð¼Ð¾Ðº ÑÐºÑÐ°Ð½Ð° Ð¾Ñ 2024-12-12 15-15-40.webp	image/webp	9984	{"path": "/1/Ð¡Ð½Ð¸Ð¼Ð¾Ðº ÑÐºÑÐ°Ð½Ð° Ð¾Ñ 2024-12-12 15-15-40.webp"}	2024-12-12 16:20:11.628639	local	1	\N
155	Ð¡Ð½Ð¸Ð¼Ð¾Ðº ÑÐºÑÐ°Ð½Ð° Ð¾Ñ 2024-12-12 15-16-02.webp	image/webp	9960	{"path": "/1/Ð¡Ð½Ð¸Ð¼Ð¾Ðº ÑÐºÑÐ°Ð½Ð° Ð¾Ñ 2024-12-12 15-16-02.webp"}	2024-12-12 16:20:11.701934	local	1	\N
156	Ð¡Ð½Ð¸Ð¼Ð¾Ðº ÑÐºÑÐ°Ð½Ð° Ð¾Ñ 2024-12-12 15-15-40.png	image/png	18174	{"path": "/1/Ð¡Ð½Ð¸Ð¼Ð¾Ðº ÑÐºÑÐ°Ð½Ð° Ð¾Ñ 2024-12-12 15-15-40.png"}	2024-12-12 16:20:54.739046	local	1	\N
157	Ð¡Ð½Ð¸Ð¼Ð¾Ðº ÑÐºÑÐ°Ð½Ð° Ð¾Ñ 2024-12-12 15-16-02.png	image/png	18142	{"path": "/1/Ð¡Ð½Ð¸Ð¼Ð¾Ðº ÑÐºÑÐ°Ð½Ð° Ð¾Ñ 2024-12-12 15-16-02.png"}	2024-12-12 16:20:54.76196	local	1	\N
158	PXL_20241212_085032671.jpg	image/jpeg	2033032	{"path": "/1/PXL_20241212_085032671.jpg"}	2024-12-12 16:21:05.560834	local	1	\N
159	Ð¡Ð½Ð¸Ð¼Ð¾Ðº ÑÐºÑÐ°Ð½Ð° Ð¾Ñ 2024-12-12 11-22-24.png	image/png	147639	{"path": "/1/Ð¡Ð½Ð¸Ð¼Ð¾Ðº ÑÐºÑÐ°Ð½Ð° Ð¾Ñ 2024-12-12 11-22-24.png"}	2024-12-12 16:21:24.530602	local	1	\N
160	Ð¡Ð½Ð¸Ð¼Ð¾Ðº ÑÐºÑÐ°Ð½Ð° Ð¾Ñ 2024-12-12 11-22-34.png	image/png	147639	{"path": "/1/Ð¡Ð½Ð¸Ð¼Ð¾Ðº ÑÐºÑÐ°Ð½Ð° Ð¾Ñ 2024-12-12 11-22-34.png"}	2024-12-12 16:21:24.577172	local	1	\N
161	Ð¡Ð½Ð¸Ð¼Ð¾Ðº ÑÐºÑÐ°Ð½Ð° Ð¾Ñ 2024-12-12 11-23-08.png	image/png	14842	{"path": "/1/Ð¡Ð½Ð¸Ð¼Ð¾Ðº ÑÐºÑÐ°Ð½Ð° Ð¾Ñ 2024-12-12 11-23-08.png"}	2024-12-12 16:21:24.612923	local	1	\N
162	ÐÐ°Ð¿Ð¸ÑÑ ÑÐºÑÐ°Ð½Ð° Ð¾Ñ 2024-12-09 18-24-48.mp4	video/mp4	362797	{"path": "/1/ÐÐ°Ð¿Ð¸ÑÑ ÑÐºÑÐ°Ð½Ð° Ð¾Ñ 2024-12-09 18-24-48.mp4"}	2024-12-12 16:21:46.602555	local	1	\N
163	Ð¡Ð½Ð¸Ð¼Ð¾Ðº ÑÐºÑÐ°Ð½Ð° Ð¾Ñ 2024-12-10 10-29-39.png	image/png	17697	{"path": "/1/Ð¡Ð½Ð¸Ð¼Ð¾Ðº ÑÐºÑÐ°Ð½Ð° Ð¾Ñ 2024-12-10 10-29-39.png"}	2024-12-12 16:21:46.615809	local	1	\N
164	PING.webp	image/webp	53104	{"path": "/1/PING.webp"}	2024-12-12 16:22:56.415395	local	1	\N
165	PING.png	image/png	346586	{"path": "/1/PING.png"}	2024-12-12 16:22:59.620099	local	1	\N
166	PING.png	image/png	346586	{"path": "/27/PING.png"}	2024-12-12 16:23:04.052432	local	27	\N
167	image (4).png	image/png	1096567	{"path": "/27/image (4).png"}	2024-12-12 16:23:27.219139	local	27	\N
168	image (4).webp	image/webp	41468	{"path": "/27/image (4).webp"}	2024-12-12 16:24:34.219661	local	27	\N
169	SampleVideo_1280x720_1mb.mp4	video/mp4	1055736	{"path": "/27/SampleVideo_1280x720_1mb.mp4"}	2024-12-12 16:25:06.987159	local	27	\N
170	image (4).png	image/png	1096567	{"path": "/27/image (4).png"}	2024-12-12 16:25:54.289858	local	27	\N
171	htmlimage.jpg	image/jpeg	641535	{"path": "/27/htmlimage.jpg"}	2024-12-12 16:25:54.412314	local	27	\N
172	htmlimage.jpg	image/jpeg	641535	{"path": "/27/htmlimage.jpg"}	2024-12-13 08:18:54.115553	local	27	\N
173	image (4).png	image/png	1096567	{"path": "/27/image (4).png"}	2024-12-13 08:22:14.815645	local	27	\N
174	image (4).png	image/png	1096567	{"path": "/27/image (4).png"}	2024-12-13 10:07:24.561546	local	27	\N
175	image (4).png	image/png	1096567	{"path": "/27/image (4).png"}	2024-12-13 10:08:27.7859	local	27	\N
176	htmlimage.jpg	image/jpeg	641535	{"path": "/27/htmlimage.jpg"}	2024-12-13 10:08:40.086712	local	27	\N
177	image (4).png	image/png	1096567	{"path": "/27/image (4).png"}	2024-12-13 10:08:45.185595	local	27	\N
178	image (4).webp	image/webp	41468	{"path": "/27/image (4).webp"}	2024-12-13 10:09:06.235622	local	27	\N
179	image (4).webp	image/webp	41468	{"path": "/27/image (4).webp"}	2024-12-13 10:09:10.947454	local	27	\N
180	image (4).webp	image/webp	41468	{"path": "/27/image (4).webp"}	2024-12-13 10:09:13.146827	local	27	\N
181	image (4).webp	image/webp	41468	{"path": "/27/image (4).webp"}	2024-12-13 10:09:20.412365	local	27	\N
182	SampleVideo_1280x720_1mb.mp4	video/mp4	1055736	{"path": "/27/SampleVideo_1280x720_1mb.mp4"}	2024-12-13 10:09:23.787878	local	27	\N
183	image (4).png	image/png	1096567	{"path": "/27/image (4).png"}	2024-12-13 10:10:46.590332	local	27	\N
184	image (4).png	image/png	1096567	{"path": "/27/image (4).png"}	2024-12-13 10:11:07.02832	local	27	\N
185	image (4).webp	image/webp	41468	{"path": "/27/image (4).webp"}	2024-12-13 10:11:15.762259	local	27	\N
186	image (4).png	image/png	1096567	{"path": "/27/image (4).png"}	2024-12-13 10:11:38.088465	local	27	\N
187	htmlimage.webp	image/webp	397924	{"path": "/27/htmlimage.webp"}	2024-12-13 10:12:36.345121	local	27	\N
188	image (4).png	image/png	1096567	{"path": "/27/image (4).png"}	2024-12-13 10:15:04.685749	local	27	\N
189	image (4).png	image/png	1096567	{"path": "/27/image (4).png"}	2024-12-13 10:15:21.681903	local	27	\N
190	image (4).png	image/png	1096567	{"path": "/27/image (4).png"}	2024-12-13 10:15:31.643371	local	27	\N
191	image (4).webp	image/webp	41468	{"path": "/27/image (4).webp"}	2024-12-13 10:15:38.488618	local	27	\N
192	image (4).webp	image/webp	41468	{"path": "/27/image (4).webp"}	2024-12-13 10:15:41.998606	local	27	\N
193	image (4).webp	image/webp	41468	{"path": "/27/image (4).webp"}	2024-12-13 10:15:45.499504	local	27	\N
194	image (4).webp	image/webp	41468	{"path": "/27/image (4).webp"}	2024-12-13 10:15:48.759939	local	27	\N
195	image (4).png	image/png	1096567	{"path": "/27/image (4).png"}	2024-12-13 10:15:53.312775	local	27	\N
196	image (4).webp	image/webp	41468	{"path": "/27/image (4).webp"}	2024-12-13 10:16:46.564487	local	27	\N
197	image (4).png	image/png	1096567	{"path": "/27/image (4).png"}	2024-12-13 10:19:38.406908	local	27	\N
198	image (4).webp	image/webp	41468	{"path": "/27/image (4).webp"}	2024-12-13 10:20:00.880467	local	27	\N
199	image (4).webp	image/webp	41468	{"path": "/27/image (4).webp"}	2024-12-13 10:20:03.385679	local	27	\N
200	image (4).webp	image/webp	41468	{"path": "/27/image (4).webp"}	2024-12-13 10:20:08.270443	local	27	\N
201	image (4).webp	image/webp	41468	{"path": "/27/image (4).webp"}	2024-12-13 10:20:10.742259	local	27	\N
202	PXL_20241212_085035122.webp	image/webp	1040548	{"path": "/27/PXL_20241212_085035122.webp"}	2024-12-13 10:21:05.526709	local	27	\N
203	typing-iphonewav-14870.mp3	audio/mpeg	77760	{"path": "/27/typing-iphonewav-14870.mp3"}	2024-12-13 10:21:11.522279	local	27	\N
204	videoso.mp4	video/mp4	6893086	{"path": "/27/videoso.mp4"}	2024-12-13 10:21:18.400657	local	27	\N
205	PXL_20241212_085032671.webp	image/webp	277758	{"path": "/27/PXL_20241212_085032671.webp"}	2024-12-13 10:21:25.587459	local	27	\N
206	image (4).png	image/png	1096567	{"path": "/27/image (4).png"}	2024-12-13 10:21:25.938097	local	27	\N
207	image (4).webp	image/webp	41468	{"path": "/27/image (4).webp"}	2024-12-13 10:21:39.183393	local	27	\N
208	image (4).png	image/png	1096567	{"path": "/27/image (4).png"}	2024-12-13 10:22:08.585038	local	27	\N
209	PXL_20241212_085032671.webp	image/webp	277758	{"path": "/27/PXL_20241212_085032671.webp"}	2024-12-13 10:22:14.021944	local	27	\N
210	image (4).png	image/png	1096567	{"path": "/27/image (4).png"}	2024-12-13 10:23:45.844998	local	27	\N
211	htmlimage.webp	image/webp	397924	{"path": "/27/htmlimage.webp"}	2024-12-13 10:23:59.836716	local	27	\N
212	image (4).png	image/png	1096567	{"path": "/27/image (4).png"}	2024-12-13 10:31:32.395644	local	27	\N
213	image (4).png	image/png	1096567	{"path": "/27/image (4).png"}	2024-12-13 10:31:39.231144	local	27	\N
214	image (4).png	image/png	1096567	{"path": "/27/image (4).png"}	2024-12-13 10:31:52.423119	local	27	\N
215	image (4).png	image/png	1096567	{"path": "/27/image (4).png"}	2024-12-13 10:31:56.093102	local	27	\N
216	image (4).png	image/png	1096567	{"path": "/27/image (4).png"}	2024-12-13 10:31:59.651554	local	27	\N
217	image (4).webp	image/webp	41468	{"path": "/27/image (4).webp"}	2024-12-13 10:32:07.874399	local	27	\N
218	image (4).webp	image/webp	41468	{"path": "/27/image (4).webp"}	2024-12-13 10:32:11.879077	local	27	\N
219	image (4).webp	image/webp	41468	{"path": "/27/image (4).webp"}	2024-12-13 10:32:19.570865	local	27	\N
220	image (4).webp	image/webp	41468	{"path": "/27/image (4).webp"}	2024-12-13 10:32:21.951785	local	27	\N
221	image (4).png	image/png	1096567	{"path": "/27/image (4).png"}	2024-12-13 10:32:30.644132	local	27	\N
222	image (4).png	image/png	1096567	{"path": "/27/image (4).png"}	2024-12-13 10:32:43.001069	local	27	\N
223	image (4).png	image/png	1096567	{"path": "/27/image (4).png"}	2024-12-13 10:32:45.99335	local	27	\N
224	image (4).png	image/png	1096567	{"path": "/27/image (4).png"}	2024-12-13 10:32:54.814025	local	27	\N
225	image (4).png	image/png	1096567	{"path": "/27/image (4).png"}	2024-12-13 10:33:14.414176	local	27	\N
226	image (4).png	image/png	1096567	{"path": "/27/image (4).png"}	2024-12-13 10:33:33.755389	local	27	\N
227	image (4).webp	image/webp	41468	{"path": "/27/image (4).webp"}	2024-12-13 10:33:37.559896	local	27	\N
228	SampleVideo_1280x720_1mb.mp4	video/mp4	1055736	{"path": "/27/SampleVideo_1280x720_1mb.mp4"}	2024-12-13 10:33:42.870323	local	27	\N
229	PXL_20241212_085035122.webp	image/webp	1040548	{"path": "/27/PXL_20241212_085035122.webp"}	2024-12-13 11:11:36.879635	local	27	\N
230	videoso.mp4	video/mp4	6893086	{"path": "/27/videoso.mp4"}	2024-12-13 11:11:51.446893	local	27	\N
231	typing-iphonewav-14870.mp3	audio/mpeg	77760	{"path": "/27/typing-iphonewav-14870.mp3"}	2024-12-13 11:11:58.527512	local	27	\N
232	SampleVideo_1280x720_1mb.mp4	video/mp4	1055736	{"path": "/27/SampleVideo_1280x720_1mb.mp4"}	2024-12-13 11:24:37.175693	local	27	\N
233	image (4).png	image/png	1096567	{"path": "/27/image (4).png"}	2024-12-13 11:24:48.624552	local	27	\N
234	image (4).webp	image/webp	41468	{"path": "/27/image (4).webp"}	2024-12-13 11:24:55.684016	local	27	\N
235	image (4).webp	image/webp	41468	{"path": "/27/image (4).webp"}	2024-12-13 11:24:58.753126	local	27	\N
236	image (4).webp	image/webp	41468	{"path": "/27/image (4).webp"}	2024-12-13 11:25:01.89084	local	27	\N
237	image (4).webp	image/webp	41468	{"path": "/27/image (4).webp"}	2024-12-13 11:25:04.364395	local	27	\N
238	image (4).webp	image/webp	41468	{"path": "/27/image (4).webp"}	2024-12-13 11:25:53.396267	local	27	\N
239	image (4).png	image/png	1096567	{"path": "/27/image (4).png"}	2024-12-13 11:26:19.106359	local	27	\N
240	image (4).png	image/png	1096567	{"path": "/27/image (4).png"}	2024-12-13 11:30:08.341362	local	27	\N
241	image (4).webp	image/webp	41468	{"path": "/27/image (4).webp"}	2024-12-13 11:30:23.556476	local	27	\N
242	image (4).webp	image/webp	41468	{"path": "/27/image (4).webp"}	2024-12-13 11:30:26.048521	local	27	\N
243	image (4).webp	image/webp	41468	{"path": "/27/image (4).webp"}	2024-12-13 11:30:29.247102	local	27	\N
244	image (4).webp	image/webp	41468	{"path": "/27/image (4).webp"}	2024-12-13 11:30:33.03617	local	27	\N
245	SampleVideo_1280x720_1mb.mp4	video/mp4	1055736	{"path": "/27/SampleVideo_1280x720_1mb.mp4"}	2024-12-13 11:30:47.568558	local	27	\N
246	image (4).webp	image/webp	41468	{"path": "/27/image (4).webp"}	2024-12-13 11:31:48.176175	local	27	\N
247	image (4).webp	image/webp	41468	{"path": "/27/image (4).webp"}	2024-12-13 11:36:10.856209	local	27	\N
248	image (4).webp	image/webp	41468	{"path": "/27/image (4).webp"}	2024-12-13 11:36:14.020735	local	27	\N
249	image (4).webp	image/webp	41468	{"path": "/27/image (4).webp"}	2024-12-13 11:36:17.150273	local	27	\N
250	image (4).webp	image/webp	41468	{"path": "/27/image (4).webp"}	2024-12-13 11:36:21.03428	local	27	\N
251	image (4).png	image/png	1096567	{"path": "/27/image (4).png"}	2024-12-13 11:36:34.567962	local	27	\N
252	image (4).webp	image/webp	41468	{"path": "/27/image (4).webp"}	2024-12-13 11:38:03.261338	local	27	\N
253	PXL_20241212_085032671.webp	image/webp	277758	{"path": "/27/PXL_20241212_085032671.webp"}	2024-12-13 11:42:59.621928	local	27	\N
254	PXL_20241212_085124844.webp	image/webp	1073786	{"path": "/27/PXL_20241212_085124844.webp"}	2024-12-13 11:43:14.232744	local	27	\N
255	PXL_20241212_085032671.webp	image/webp	277758	{"path": "/27/PXL_20241212_085032671.webp"}	2024-12-13 11:43:25.253368	local	27	\N
256	image (4).png	image/png	1096567	{"path": "/27/image (4).png"}	2024-12-13 13:42:21.830708	local	27	\N
257	image (4).png	image/png	1096567	{"path": "/27/image (4).png"}	2024-12-13 13:42:30.24276	local	27	\N
258	image (4).png	image/png	1096567	{"path": "/27/image (4).png"}	2024-12-13 13:42:33.302812	local	27	\N
259	htmlimage.webp	image/webp	397924	{"path": "/27/htmlimage.webp"}	2024-12-13 13:42:40.370433	local	27	\N
260	image (4).png	image/png	1096567	{"path": "/27/image (4).png"}	2024-12-13 13:42:42.200017	local	27	\N
261	image (4).webp	image/webp	41468	{"path": "/27/image (4).webp"}	2024-12-13 13:42:45.13266	local	27	\N
262	image (4).webp	image/webp	41468	{"path": "/27/image (4).webp"}	2024-12-13 13:42:47.958073	local	27	\N
263	image (4).webp	image/webp	41468	{"path": "/27/image (4).webp"}	2024-12-13 13:42:50.822409	local	27	\N
264	image (4).png	image/png	1096567	{"path": "/27/image (4).png"}	2024-12-13 13:43:02.220497	local	27	\N
265	image (4).webp	image/webp	41468	{"path": "/27/image (4).webp"}	2024-12-13 13:43:32.113772	local	27	\N
266	image (4).png	image/png	1096567	{"path": "/27/image (4).png"}	2024-12-13 13:43:40.79534	local	27	\N
267	htmlimage.jpg	image/jpeg	641535	{"path": "/27/htmlimage.jpg"}	2024-12-13 13:51:30.120443	local	27	\N
268	image (4).png	image/png	1096567	{"path": "/27/image (4).png"}	2024-12-13 13:51:38.662223	local	27	\N
269	image (4).png	image/png	1096567	{"path": "/27/image (4).png"}	2024-12-13 13:51:49.293737	local	27	\N
270	image (4).webp	image/webp	41468	{"path": "/27/image (4).webp"}	2024-12-13 13:52:19.197645	local	27	\N
271	image (4).png	image/png	1096567	{"path": "/27/image (4).png"}	2024-12-13 13:53:39.194412	local	27	\N
272	image (4).png	image/png	1096567	{"path": "/27/image (4).png"}	2024-12-13 13:53:43.565151	local	27	\N
273	image (4).webp	image/webp	41468	{"path": "/27/image (4).webp"}	2024-12-13 13:54:21.504267	local	27	\N
274	htmlimage.jpg	image/jpeg	641535	{"path": "/27/htmlimage.jpg"}	2024-12-16 10:42:14.493834	local	27	\N
275	image (4).png	image/png	1096567	{"path": "/27/image (4).png"}	2024-12-16 11:12:11.290899	local	27	\N
276	image (4).png	image/png	1096567	{"path": "/27/image (4).png"}	2024-12-16 11:14:50.795016	local	27	\N
277	htmlimage.jpg	image/jpeg	641535	{"path": "/27/htmlimage.jpg"}	2024-12-16 11:14:53.986448	local	27	\N
278	htmlimage.jpg	image/jpeg	641535	{"path": "/27/htmlimage.jpg"}	2024-12-16 11:15:06.863431	local	27	\N
279	htmlimage.jpg	image/jpeg	641535	{"path": "/27/htmlimage.jpg"}	2024-12-16 11:15:19.608249	local	27	\N
280	image (4).png	image/png	1096567	{"path": "/27/image (4).png"}	2024-12-16 11:15:26.100815	local	27	\N
281	htmlimage.jpg	image/jpeg	641535	{"path": "/27/htmlimage.jpg"}	2024-12-16 11:15:33.82491	local	27	\N
282	image (4).png	image/png	1096567	{"path": "/27/image (4).png"}	2024-12-16 11:15:38.744164	local	27	\N
283	image (4).png	image/png	1096567	{"path": "/27/image (4).png"}	2024-12-16 11:15:48.194996	local	27	\N
284	htmlimage.jpg	image/jpeg	641535	{"path": "/27/htmlimage.jpg"}	2024-12-16 11:15:54.989759	local	27	\N
285	image (4).png	image/png	1096567	{"path": "/27/image (4).png"}	2024-12-16 11:16:05.295402	local	27	\N
286	htmlimage.webp	image/webp	397924	{"path": "/27/htmlimage.webp"}	2024-12-16 11:16:29.876043	local	27	\N
287	image (4).png	image/png	1096567	{"path": "/27/image (4).png"}	2024-12-16 11:20:06.033374	local	27	\N
288	image (4).png	image/png	1096567	{"path": "/27/image (4).png"}	2024-12-16 11:23:19.864351	local	27	\N
289	image (4).png	image/png	1096567	{"path": "/27/image (4).png"}	2024-12-16 11:23:32.912557	local	27	\N
290	htmlimage.jpg	image/jpeg	641535	{"path": "/27/htmlimage.jpg"}	2024-12-16 11:23:44.573719	local	27	\N
291	image (4).png	image/png	1096567	{"path": "/27/image (4).png"}	2024-12-16 11:23:55.520803	local	27	\N
292	image (4).png	image/png	1096567	{"path": "/27/image (4).png"}	2024-12-16 11:23:58.497085	local	27	\N
293	image (4).png	image/png	1096567	{"path": "/27/image (4).png"}	2024-12-16 11:24:01.927537	local	27	\N
294	image (4).png	image/png	1096567	{"path": "/27/image (4).png"}	2024-12-16 11:24:05.683297	local	27	\N
295	htmlimage.jpg	image/jpeg	641535	{"path": "/27/htmlimage.jpg"}	2024-12-16 11:24:11.582495	local	27	\N
296	image (4).png	image/png	1096567	{"path": "/27/image (4).png"}	2024-12-16 11:24:14.540995	local	27	\N
297	image (4).png	image/png	1096567	{"path": "/27/image (4).png"}	2024-12-16 11:24:18.876314	local	27	\N
298	image (4).png	image/png	1096567	{"path": "/27/image (4).png"}	2024-12-16 11:24:25.09042	local	27	\N
299	image (4).png	image/png	1096567	{"path": "/27/image (4).png"}	2024-12-16 11:24:32.16638	local	27	\N
300	image (4).png	image/png	1096567	{"path": "/27/image (4).png"}	2024-12-16 11:24:36.754942	local	27	\N
301	image (4).png	image/png	1096567	{"path": "/27/image (4).png"}	2024-12-16 11:24:46.267783	local	27	\N
302	image (4).png	image/png	1096567	{"path": "/27/image (4).png"}	2024-12-16 11:24:47.120613	local	27	\N
303	image (4).webp	image/webp	41468	{"path": "/27/image (4).webp"}	2024-12-16 11:24:52.563501	local	27	\N
304	image (4).png	image/png	1096567	{"path": "/27/image (4).png"}	2024-12-16 11:31:29.02778	local	27	\N
305	image (4).png	image/png	1096567	{"path": "/27/image (4).png"}	2024-12-16 11:31:35.874817	local	27	\N
306	image (4).png	image/png	1096567	{"path": "/27/image (4).png"}	2024-12-16 11:31:45.940472	local	27	\N
307	image (4).png	image/png	1096567	{"path": "/27/image (4).png"}	2024-12-16 11:31:49.427559	local	27	\N
308	image (4).png	image/png	1096567	{"path": "/27/image (4).png"}	2024-12-16 11:31:53.158111	local	27	\N
309	image (4).png	image/png	1096567	{"path": "/27/image (4).png"}	2024-12-16 11:31:56.333269	local	27	\N
310	image (4).png	image/png	1096567	{"path": "/27/image (4).png"}	2024-12-16 11:32:00.089389	local	27	\N
311	image (4).png	image/png	1096567	{"path": "/27/image (4).png"}	2024-12-16 11:32:05.766575	local	27	\N
312	image (4).png	image/png	1096567	{"path": "/27/image (4).png"}	2024-12-16 11:32:09.648441	local	27	\N
313	image (4).png	image/png	1096567	{"path": "/27/image (4).png"}	2024-12-16 11:32:15.492431	local	27	\N
314	image (4).png	image/png	1096567	{"path": "/27/image (4).png"}	2024-12-16 11:32:25.187034	local	27	\N
315	image (4).png	image/png	1096567	{"path": "/27/image (4).png"}	2024-12-16 11:32:32.537243	local	27	\N
316	image (4).png	image/png	1096567	{"path": "/27/image (4).png"}	2024-12-16 11:32:39.130752	local	27	\N
317	image (4).png	image/png	1096567	{"path": "/27/image (4).png"}	2024-12-16 11:32:47.669164	local	27	\N
318	image (4).png	image/png	1096567	{"path": "/27/image (4).png"}	2024-12-16 11:32:50.812594	local	27	\N
319	image (4).webp	image/webp	41468	{"path": "/27/image (4).webp"}	2024-12-16 11:32:55.26247	local	27	\N
320	image (4).png	image/png	1096567	{"path": "/27/image (4).png"}	2024-12-16 11:51:58.979181	local	27	\N
321	image (4).png	image/png	1096567	{"path": "/27/image (4).png"}	2024-12-16 11:52:04.181184	local	27	\N
322	image (4).png	image/png	1096567	{"path": "/27/image (4).png"}	2024-12-16 11:52:16.33351	local	27	\N
323	image (4).png	image/png	1096567	{"path": "/27/image (4).png"}	2024-12-16 11:52:29.187183	local	27	\N
324	image (4).png	image/png	1096567	{"path": "/27/image (4).png"}	2024-12-16 11:52:35.425826	local	27	\N
325	image (4).png	image/png	1096567	{"path": "/27/image (4).png"}	2024-12-16 11:52:41.099273	local	27	\N
326	image (4).png	image/png	1096567	{"path": "/27/image (4).png"}	2024-12-16 11:52:45.729232	local	27	\N
327	image (4).png	image/png	1096567	{"path": "/27/image (4).png"}	2024-12-16 11:52:50.114642	local	27	\N
328	image (4).png	image/png	1096567	{"path": "/27/image (4).png"}	2024-12-16 11:52:55.253639	local	27	\N
329	image (4).png	image/png	1096567	{"path": "/27/image (4).png"}	2024-12-16 11:53:03.302378	local	27	\N
330	image (4).png	image/png	1096567	{"path": "/27/image (4).png"}	2024-12-16 11:53:13.784021	local	27	\N
331	image (4).png	image/png	1096567	{"path": "/27/image (4).png"}	2024-12-16 11:53:24.006094	local	27	\N
332	image (4).png	image/png	1096567	{"path": "/27/image (4).png"}	2024-12-16 11:53:28.825517	local	27	\N
333	image (4).png	image/png	1096567	{"path": "/27/image (4).png"}	2024-12-16 11:53:35.007216	local	27	\N
334	image (4).png	image/png	1096567	{"path": "/27/image (4).png"}	2024-12-16 11:53:40.996437	local	27	\N
335	image (4).webp	image/webp	41468	{"path": "/27/image (4).webp"}	2024-12-16 11:53:43.922506	local	27	\N
336	image (4).png	image/png	1096567	{"path": "/27/image (4).png"}	2024-12-16 13:04:03.608004	local	27	\N
337	image (4).png	image/png	1096567	{"path": "/27/image (4).png"}	2024-12-16 13:05:03.643926	local	27	\N
338	htmlimage.jpg	image/jpeg	641535	{"path": "/27/htmlimage.jpg"}	2024-12-16 13:05:03.671464	local	27	\N
339	htmlimage.jpg	image/jpeg	641535	{"path": "/27/htmlimage.jpg"}	2024-12-16 13:06:40.605468	local	27	\N
340	image (4).png	image/png	1096567	{"path": "/27/image (4).png"}	2024-12-16 13:06:54.659813	local	27	\N
341	htmlimage.jpg	image/jpeg	641535	{"path": "/27/htmlimage.jpg"}	2024-12-16 13:06:54.680211	local	27	\N
342	image (3).png	image/png	1096567	{"path": "/27/image (3).png"}	2024-12-16 13:07:02.931387	local	27	\N
343	SampleVideo_1280x720_1mb.mp4	video/mp4	1055736	{"path": "/27/SampleVideo_1280x720_1mb.mp4"}	2024-12-16 13:08:13.69956	local	27	\N
344	image (4).png	image/png	1096567	{"path": "/27/image (4).png"}	2024-12-16 13:33:36.837654	local	27	\N
345	htmlimage.jpg	image/jpeg	641535	{"path": "/27/htmlimage.jpg"}	2024-12-16 13:33:44.182331	local	27	\N
346	htmlimage.jpg	image/jpeg	641535	{"path": "/27/htmlimage.jpg"}	2024-12-16 13:34:01.878863	local	27	\N
347	image (3).png	image/png	1096567	{"path": "/27/image (3).png"}	2024-12-16 13:34:01.955337	local	27	\N
348	5581197.png	image/png	40138	{"path": "/1/5581197.png"}	2024-12-17 08:49:03.539962	local	1	\N
349	images.jpeg	image/jpeg	8481	{"path": "/1/images.jpeg"}	2024-12-17 09:00:34.271778	local	1	\N
350	images (1).jpeg	image/jpeg	8325	{"path": "/1/images (1).jpeg"}	2024-12-17 09:04:54.054407	local	1	\N
351	images (1).jpeg	image/jpeg	8325	{"path": "/1/images (1).jpeg"}	2024-12-17 09:08:17.577449	local	1	\N
352	images.webp	image/webp	14796	{"path": "/27/images.webp"}	2024-12-17 09:09:40.118733	local	27	\N
353	images (1).webp	image/webp	12924	{"path": "/27/images (1).webp"}	2024-12-17 09:23:26.344908	local	27	\N
354	image (4).webp	image/webp	41468	{"path": "/27/image (4).webp"}	2024-12-17 11:58:48.104121	local	27	\N
355	image (4).webp	image/webp	41468	{"path": "/27/image (4).webp"}	2024-12-17 12:02:45.816255	local	27	\N
356	PING (1).webp	image/webp	729618	{"path": "/27/PING (1).webp"}	2024-12-17 12:10:54.117718	local	27	\N
357	PING (1).webp	image/webp	729618	{"path": "/27/PING (1).webp"}	2024-12-17 12:11:35.81296	local	27	\N
358	PING (1).webp	image/webp	729618	{"path": "/27/PING (1).webp"}	2024-12-17 12:12:10.320772	local	27	\N
359	PING (1).webp	image/webp	729618	{"path": "/27/PING (1).webp"}	2024-12-17 12:13:32.80045	local	27	\N
360	image (4).webp	image/webp	41468	{"path": "/27/image (4).webp"}	2024-12-17 12:15:22.026393	local	27	\N
361	PING (1).webp	image/webp	729618	{"path": "/27/PING (1).webp"}	2024-12-17 12:16:27.871027	local	27	\N
362	image (4).webp	image/webp	41468	{"path": "/27/image (4).webp"}	2024-12-17 12:20:01.028639	local	27	\N
363	image (4).webp	image/webp	41468	{"path": "/27/image (4).webp"}	2024-12-17 13:32:36.938571	local	27	\N
364	image (4).webp	image/webp	41468	{"path": "/27/image (4).webp"}	2024-12-17 13:33:55.283584	local	27	\N
365	image (4).webp	image/webp	41468	{"path": "/27/image (4).webp"}	2024-12-17 13:35:40.572475	local	27	\N
366	image (4).webp	image/webp	41468	{"path": "/27/image (4).webp"}	2024-12-17 13:36:12.660438	local	27	\N
367	images (1).png	image/png	3730	{"path": "/1/images (1).png"}	2024-12-18 08:08:57.906745	local	1	\N
368	images (1).png	image/png	3730	{"path": "/1/images (1).png"}	2024-12-18 08:13:11.344734	local	1	\N
369	PING.png	image/png	346586	{"path": "/1/PING.png"}	2024-12-18 08:19:37.906157	local	1	\N
370	PING (1).png	image/png	5242950	{"path": "/1/PING (1).png"}	2024-12-18 08:19:38.419038	local	1	\N
371	PING.png	image/png	346586	{"path": "/1/PING.png"}	2024-12-18 08:20:05.523337	local	1	\N
372	image 1.png	image/png	1679	{"path": "/1/image 1.png"}	2024-12-18 08:20:14.554656	local	1	\N
373	images (1).png	image/png	3730	{"path": "/1/images (1).png"}	2024-12-18 08:22:45.844153	local	1	\N
374	images (1).png	image/png	3730	{"path": "/1/images (1).png"}	2024-12-18 08:22:50.401991	local	1	\N
375	images (1).png	image/png	3730	{"path": "/1/images (1).png"}	2024-12-18 09:19:56.055978	local	1	\N
376	locations (1).xlsx	application/vnd.openxmlformats-officedocument.spreadsheetml.sheet	9214	{"path": "/1/locations (1).xlsx"}	2024-12-18 09:33:52.533089	local	1	\N
377	locations (1).xlsx	application/vnd.openxmlformats-officedocument.spreadsheetml.sheet	9214	{"path": "/1/locations (1).xlsx"}	2024-12-18 09:34:56.814732	local	1	\N
378	images (1).png	image/png	3730	{"path": "/1/images (1).png"}	2024-12-18 09:35:23.129692	local	1	\N
379	images (1).png	image/png	3730	{"path": "/27/images (1).png"}	2024-12-18 09:54:05.78561	local	27	\N
380	PING.png	image/png	346586	{"path": "/1/PING.png"}	2024-12-18 12:49:42.290492	local	1	\N
381	PING.png	image/png	346586	{"path": "/1/PING.png"}	2024-12-18 12:49:44.119588	local	1	\N
382	PING.png	image/png	346586	{"path": "/1/PING.png"}	2024-12-18 12:55:04.851367	local	1	\N
383	PING.png	image/png	346586	{"path": "/1/PING.png"}	2024-12-18 12:55:06.459098	local	1	\N
384	locations (6).xlsx	application/vnd.openxmlformats-officedocument.spreadsheetml.sheet	8994	{"path": "/1/locations (6).xlsx"}	2024-12-18 13:23:32.278583	local	1	\N
385	3232.docx	application/vnd.openxmlformats-officedocument.wordprocessingml.document	571920	{"path": "/1/3232.docx"}	2024-12-18 13:34:45.079377	local	1	\N
386	Ð¢ÐµÑÐ½ÑÑÐ½Ðµ Ð·Ð°Ð²Ð´Ð°Ð½Ð½Ñ Ð´Ð»Ñ Ð´Ð¸Ð·Ð°Ð¹Ð½ÐµÑÐ°_ ÐÐ¾Ð»Ð¾Ð²Ð½Ð° ÑÑÐ¾ÑÑÐ½ÐºÐ° ÑÐ°Ð¹ÑÑ UpMon.docx	application/vnd.openxmlformats-officedocument.wordprocessingml.document	571920	{"path": "/1/Ð¢ÐµÑÐ½ÑÑÐ½Ðµ Ð·Ð°Ð²Ð´Ð°Ð½Ð½Ñ Ð´Ð»Ñ Ð´Ð¸Ð·Ð°Ð¹Ð½ÐµÑÐ°_ ÐÐ¾Ð»Ð¾Ð²Ð½Ð° ÑÑÐ¾ÑÑÐ½ÐºÐ° ÑÐ°Ð¹ÑÑ UpMon.docx"}	2024-12-18 13:34:51.897287	local	1	\N
387	Ð¢ÐµÑÐ½ÑÑÐ½Ðµ Ð·Ð°Ð²Ð´Ð°Ð½Ð½Ñ Ð´Ð»Ñ Ð´Ð¸Ð·Ð°Ð¹Ð½ÐµÑÐ°_ ÐÐ¾Ð»Ð¾Ð²Ð½Ð° ÑÑÐ¾ÑÑÐ½ÐºÐ° ÑÐ°Ð¹ÑÑ UpMon.docx	application/vnd.openxmlformats-officedocument.wordprocessingml.document	571920	{"path": "/1/Ð¢ÐµÑÐ½ÑÑÐ½Ðµ Ð·Ð°Ð²Ð´Ð°Ð½Ð½Ñ Ð´Ð»Ñ Ð´Ð¸Ð·Ð°Ð¹Ð½ÐµÑÐ°_ ÐÐ¾Ð»Ð¾Ð²Ð½Ð° ÑÑÐ¾ÑÑÐ½ÐºÐ° ÑÐ°Ð¹ÑÑ UpMon.docx"}	2024-12-18 13:40:10.58919	local	1	\N
388	Ð¢ÐµÑÐ½ÑÑÐ½Ðµ Ð·Ð°Ð²Ð´Ð°Ð½Ð½Ñ Ð´Ð»Ñ Ð´Ð¸Ð·Ð°Ð¹Ð½ÐµÑÐ°_ ÐÐ¾Ð»Ð¾Ð²Ð½Ð° ÑÑÐ¾ÑÑÐ½ÐºÐ° ÑÐ°Ð¹ÑÑ UpMon.docx	application/vnd.openxmlformats-officedocument.wordprocessingml.document	571920	{"path": "/1/Ð¢ÐµÑÐ½ÑÑÐ½Ðµ Ð·Ð°Ð²Ð´Ð°Ð½Ð½Ñ Ð´Ð»Ñ Ð´Ð¸Ð·Ð°Ð¹Ð½ÐµÑÐ°_ ÐÐ¾Ð»Ð¾Ð²Ð½Ð° ÑÑÐ¾ÑÑÐ½ÐºÐ° ÑÐ°Ð¹ÑÑ UpMon.docx"}	2024-12-18 13:40:12.270064	local	1	\N
389	Ð¢ÐµÑÐ½ÑÑÐ½Ðµ Ð·Ð°Ð²Ð´Ð°Ð½Ð½Ñ Ð´Ð»Ñ Ð´Ð¸Ð·Ð°Ð¹Ð½ÐµÑÐ°_ ÐÐ¾Ð»Ð¾Ð²Ð½Ð° ÑÑÐ¾ÑÑÐ½ÐºÐ° ÑÐ°Ð¹ÑÑ UpMon.docx	application/vnd.openxmlformats-officedocument.wordprocessingml.document	571920	{"path": "/1/Ð¢ÐµÑÐ½ÑÑÐ½Ðµ Ð·Ð°Ð²Ð´Ð°Ð½Ð½Ñ Ð´Ð»Ñ Ð´Ð¸Ð·Ð°Ð¹Ð½ÐµÑÐ°_ ÐÐ¾Ð»Ð¾Ð²Ð½Ð° ÑÑÐ¾ÑÑÐ½ÐºÐ° ÑÐ°Ð¹ÑÑ UpMon.docx"}	2024-12-18 13:43:38.316922	local	1	\N
390	locations%20(6).xlsx	application/vnd.openxmlformats-officedocument.spreadsheetml.sheet	8994	{"path": "/1/locations%20(6).xlsx"}	2024-12-18 13:48:35.132646	local	1	\N
391	Технічне завдання для дизайнера_ Головна сторінка сайту UpMon.docx	application/vnd.openxmlformats-officedocument.wordprocessingml.document	571920	{"path": "/1/Технічне завдання для дизайнера_ Головна сторінка сайту UpMon.docx"}	2024-12-18 13:51:50.688455	local	1	\N
392	Ð¢ÐµÑÐ½ÑÑÐ½Ðµ Ð·Ð°Ð²Ð´Ð°Ð½Ð½Ñ Ð´Ð»Ñ Ð´Ð¸Ð·Ð°Ð¹Ð½ÐµÑÐ°_ ÐÐ¾Ð»Ð¾Ð²Ð½Ð° ÑÑÐ¾ÑÑÐ½ÐºÐ° ÑÐ°Ð¹ÑÑ UpMon.docx	application/vnd.openxmlformats-officedocument.wordprocessingml.document	571920	{"path": "/1/Ð¢ÐµÑÐ½ÑÑÐ½Ðµ Ð·Ð°Ð²Ð´Ð°Ð½Ð½Ñ Ð´Ð»Ñ Ð´Ð¸Ð·Ð°Ð¹Ð½ÐµÑÐ°_ ÐÐ¾Ð»Ð¾Ð²Ð½Ð° ÑÑÐ¾ÑÑÐ½ÐºÐ° ÑÐ°Ð¹ÑÑ UpMon.docx"}	2024-12-18 13:52:57.471215	local	1	\N
393	Технічне завдання для дизайнера_ Головна сторінка сайту UpMon.docx	application/vnd.openxmlformats-officedocument.wordprocessingml.document	571920	{"path": "/1/Технічне завдання для дизайнера_ Головна сторінка сайту UpMon.docx"}	2024-12-18 13:54:28.186232	local	1	\N
394	Ð¢ÐµÑÐ½ÑÑÐ½Ðµ Ð·Ð°Ð²Ð´Ð°Ð½Ð½Ñ Ð´Ð»Ñ Ð´Ð¸Ð·Ð°Ð¹Ð½ÐµÑÐ°_ ÐÐ¾Ð»Ð¾Ð²Ð½Ð° ÑÑÐ¾ÑÑÐ½ÐºÐ° ÑÐ°Ð¹ÑÑ UpMon.docx	application/vnd.openxmlformats-officedocument.wordprocessingml.document	571920	{"path": "/1/Ð¢ÐµÑÐ½ÑÑÐ½Ðµ Ð·Ð°Ð²Ð´Ð°Ð½Ð½Ñ Ð´Ð»Ñ Ð´Ð¸Ð·Ð°Ð¹Ð½ÐµÑÐ°_ ÐÐ¾Ð»Ð¾Ð²Ð½Ð° ÑÑÐ¾ÑÑÐ½ÐºÐ° ÑÐ°Ð¹ÑÑ UpMon.docx"}	2024-12-18 13:54:41.065645	local	1	\N
395	Ð¢ÐµÑÐ½ÑÑÐ½Ðµ Ð·Ð°Ð²Ð´Ð°Ð½Ð½Ñ Ð´Ð»Ñ Ð´Ð¸Ð·Ð°Ð¹Ð½ÐµÑÐ°_ ÐÐ¾Ð»Ð¾Ð²Ð½Ð° ÑÑÐ¾ÑÑÐ½ÐºÐ° ÑÐ°Ð¹ÑÑ UpMon.docx	application/vnd.openxmlformats-officedocument.wordprocessingml.document	571920	{"path": "/1/Ð¢ÐµÑÐ½ÑÑÐ½Ðµ Ð·Ð°Ð²Ð´Ð°Ð½Ð½Ñ Ð´Ð»Ñ Ð´Ð¸Ð·Ð°Ð¹Ð½ÐµÑÐ°_ ÐÐ¾Ð»Ð¾Ð²Ð½Ð° ÑÑÐ¾ÑÑÐ½ÐºÐ° ÑÐ°Ð¹ÑÑ UpMon.docx"}	2024-12-18 13:55:08.32534	local	1	\N
396	image (4).webp	image/webp	41468	{"path": "/27/image (4).webp"}	2024-12-18 14:10:06.612059	local	27	\N
397	Технічне завдання для дизайнера_ Головна сторінка сайту UpMon.docx	application/vnd.openxmlformats-officedocument.wordprocessingml.document	571920	{"path": "/1/Технічне завдання для дизайнера_ Головна сторінка сайту UpMon.docx"}	2024-12-18 16:34:16.660496	local	1	\N
446	harfang-msya_optimized_optimized.mp3	audio/mpeg	6314236	{"path": "/27/harfang-msya_optimized_optimized.mp3"}	2024-12-19 13:46:04.082125	local	27	\N
447	image (4).webp	image/webp	41468	{"path": "/27/image (4).webp"}	2024-12-19 14:04:00.728321	local	27	\N
398	Ð¢ÐµÑÐ½ÑÑÐ½Ðµ Ð·Ð°Ð²Ð´Ð°Ð½Ð½Ñ Ð´Ð»Ñ Ð´Ð¸Ð·Ð°Ð¹Ð½ÐµÑÐ°_ ÐÐ¾Ð»Ð¾Ð²Ð½Ð° ÑÑÐ¾ÑÑÐ½ÐºÐ° ÑÐ°Ð¹ÑÑ UpMon.docx	application/vnd.openxmlformats-officedocument.wordprocessingml.document	571920	{"path": "/27/Ð¢ÐµÑÐ½ÑÑÐ½Ðµ Ð·Ð°Ð²Ð´Ð°Ð½Ð½Ñ Ð´Ð»Ñ Ð´Ð¸Ð·Ð°Ð¹Ð½ÐµÑÐ°_ ÐÐ¾Ð»Ð¾Ð²Ð½Ð° ÑÑÐ¾ÑÑÐ½ÐºÐ° ÑÐ°Ð¹ÑÑ UpMon.docx"}	2024-12-19 09:34:11.6156	local	27	\N
399	image (4).webp	image/webp	41468	{"path": "/27/image (4).webp"}	2024-12-19 09:48:05.805068	local	27	\N
400	image (4).webp	image/webp	41468	{"path": "/27/image (4).webp"}	2024-12-19 09:48:08.817282	local	27	\N
401	image (4).webp	image/webp	41468	{"path": "/27/image (4).webp"}	2024-12-19 09:48:11.685375	local	27	\N
402	image (4).webp	image/webp	41468	{"path": "/27/image (4).webp"}	2024-12-19 09:48:20.696203	local	27	\N
403	PXL_20241212_085032671.webp	image/webp	277758	{"path": "/27/PXL_20241212_085032671.webp"}	2024-12-19 10:11:14.439716	local	27	\N
404	images (1).webp	image/webp	12924	{"path": "/27/images (1).webp"}	2024-12-19 10:11:18.812915	local	27	\N
405	PXL_20241212_085035122.webp	image/webp	1040548	{"path": "/27/PXL_20241212_085035122.webp"}	2024-12-19 10:11:40.092376	local	27	\N
406	videoso_optimized.webm	video/webm	6893086	{"path": "/27/videoso_optimized.webm"}	2024-12-19 10:11:44.655086	local	27	\N
407	harfang-msya_optimized.mp3	audio/mpeg	6314236	{"path": "/27/harfang-msya_optimized.mp3"}	2024-12-19 10:11:53.029063	local	27	\N
408	images.webp	image/webp	14796	{"path": "/27/images.webp"}	2024-12-19 10:18:12.602019	local	27	\N
409	5538137-hd_1920_1080_25fps_optimized.webm	video/webm	11737561	{"path": "/27/5538137-hd_1920_1080_25fps_optimized.webm"}	2024-12-19 10:19:12.367983	local	27	\N
410	harfang-msya_optimized.mp3	audio/mpeg	6314236	{"path": "/27/harfang-msya_optimized.mp3"}	2024-12-19 10:19:22.231123	local	27	\N
411	PXL_20241212_085032671.webp	image/webp	277758	{"path": "/27/PXL_20241212_085032671.webp"}	2024-12-19 10:19:33.720452	local	27	\N
412	PXL_20241212_085032671.webp	image/webp	277758	{"path": "/27/PXL_20241212_085032671.webp"}	2024-12-19 10:34:34.587939	local	27	\N
413	videoso_optimized.webm	video/webm	6893086	{"path": "/27/videoso_optimized.webm"}	2024-12-19 10:34:48.472752	local	27	\N
414	videoso_optimized.webm	video/webm	6893086	{"path": "/27/videoso_optimized.webm"}	2024-12-19 10:38:03.684244	local	27	\N
415	videoso_optimized.webm	video/webm	6893086	{"path": "/27/videoso_optimized.webm"}	2024-12-19 10:38:32.140749	local	27	\N
416	image (4).webp	image/webp	41468	{"path": "/27/image (4).webp"}	2024-12-19 11:35:12.746735	local	27	\N
417	htmlimage.webp	image/webp	397924	{"path": "/27/htmlimage.webp"}	2024-12-19 11:35:24.985898	local	27	\N
418	SampleVideo_1280x720_1mb_optimized.webm	video/webm	1055736	{"path": "/27/SampleVideo_1280x720_1mb_optimized.webm"}	2024-12-19 11:35:39.401038	local	27	\N
419	image (4).webp	image/webp	41468	{"path": "/27/image (4).webp"}	2024-12-19 11:47:48.278475	local	27	\N
420	image (4).webp	image/webp	41468	{"path": "/27/image (4).webp"}	2024-12-19 11:48:02.389475	local	27	\N
421	image (4).webp	image/webp	41468	{"path": "/27/image (4).webp"}	2024-12-19 11:48:06.60348	local	27	\N
422	image (4).webp	image/webp	41468	{"path": "/27/image (4).webp"}	2024-12-19 11:48:10.361129	local	27	\N
423	PXL_20241212_085035122.webp	image/webp	1040548	{"path": "/27/PXL_20241212_085035122.webp"}	2024-12-19 12:55:19.744097	local	27	\N
424	videoso_optimized.webm	video/webm	6893086	{"path": "/27/videoso_optimized.webm"}	2024-12-19 12:55:26.397181	local	27	\N
425	images (1).webp	image/webp	12924	{"path": "/27/images (1).webp"}	2024-12-19 12:55:31.580499	local	27	\N
426	harfang-msya_optimized.mp3	audio/mpeg	6314236	{"path": "/27/harfang-msya_optimized.mp3"}	2024-12-19 12:55:47.551154	local	27	\N
427	PXL_20241212_085032671.webp	image/webp	277758	{"path": "/27/PXL_20241212_085032671.webp"}	2024-12-19 13:16:05.944877	local	27	\N
428	images.webp	image/webp	14796	{"path": "/27/images.webp"}	2024-12-19 13:16:13.22829	local	27	\N
429	videoso_optimized.webm	video/webm	6893086	{"path": "/27/videoso_optimized.webm"}	2024-12-19 13:16:21.833943	local	27	\N
430	5538137-hd_1920_1080_25fps_optimized.webm	video/webm	11737561	{"path": "/27/5538137-hd_1920_1080_25fps_optimized.webm"}	2024-12-19 13:16:36.113001	local	27	\N
431	harfang-msya_optimized.mp3	audio/mpeg	6314236	{"path": "/27/harfang-msya_optimized.mp3"}	2024-12-19 13:16:43.009008	local	27	\N
432	PXL_20241212_085032671.webp	image/webp	277758	{"path": "/27/PXL_20241212_085032671.webp"}	2024-12-19 13:24:46.219155	local	27	\N
433	PXL_20241212_085032671.webp	image/webp	277758	{"path": "/27/PXL_20241212_085032671.webp"}	2024-12-19 13:24:53.042575	local	27	\N
434	5538137-hd_1920_1080_25fps_optimized.webm	video/webm	11737561	{"path": "/27/5538137-hd_1920_1080_25fps_optimized.webm"}	2024-12-19 13:25:08.504672	local	27	\N
435	harfang-msya_optimized.mp3	audio/mpeg	6314236	{"path": "/27/harfang-msya_optimized.mp3"}	2024-12-19 13:25:12.645639	local	27	\N
436	PXL_20241212_085124844.webp	image/webp	1073786	{"path": "/27/PXL_20241212_085124844.webp"}	2024-12-19 13:41:36.423239	local	27	\N
437	PXL_20241212_085032671.webp	image/webp	277758	{"path": "/27/PXL_20241212_085032671.webp"}	2024-12-19 13:41:39.785298	local	27	\N
438	5538137-hd_1920_1080_25fps_optimized.webm	video/webm	11737561	{"path": "/27/5538137-hd_1920_1080_25fps_optimized.webm"}	2024-12-19 13:41:49.119445	local	27	\N
439	harfang-msya_optimized_optimized.mp3	audio/mpeg	6314236	{"path": "/27/harfang-msya_optimized_optimized.mp3"}	2024-12-19 13:41:55.42729	local	27	\N
440	5538137-hd_1920_1080_25fps_optimized.webm	video/webm	11737561	{"path": "/27/5538137-hd_1920_1080_25fps_optimized.webm"}	2024-12-19 13:44:12.357686	local	27	\N
441	PXL_20241212_085124844.webp	image/webp	1073786	{"path": "/27/PXL_20241212_085124844.webp"}	2024-12-19 13:44:49.471017	local	27	\N
442	PXL_20241212_085124844.webp	image/webp	1073786	{"path": "/27/PXL_20241212_085124844.webp"}	2024-12-19 13:44:54.611902	local	27	\N
443	PXL_20241212_085035122.webp	image/webp	1040548	{"path": "/27/PXL_20241212_085035122.webp"}	2024-12-19 13:45:24.037462	local	27	\N
444	PXL_20241212_085124844.webp	image/webp	1073786	{"path": "/27/PXL_20241212_085124844.webp"}	2024-12-19 13:45:32.246625	local	27	\N
445	5538137-hd_1920_1080_25fps_optimized.webm	video/webm	11737561	{"path": "/27/5538137-hd_1920_1080_25fps_optimized.webm"}	2024-12-19 13:45:42.480882	local	27	\N
448	image (4).webp	image/webp	41468	{"path": "/27/image (4).webp"}	2024-12-19 14:04:09.811646	local	27	\N
449	image (4).webp	image/webp	41468	{"path": "/27/image (4).webp"}	2024-12-19 14:04:12.597278	local	27	\N
450	image (4).webp	image/webp	41468	{"path": "/27/image (4).webp"}	2024-12-19 14:04:16.655626	local	27	\N
451	htmlimage.webp	image/webp	397924	{"path": "/27/htmlimage.webp"}	2024-12-19 14:08:45.392069	local	27	\N
452	5538137-hd_1920_1080_25fps_optimized.webm	video/webm	11737561	{"path": "/27/5538137-hd_1920_1080_25fps_optimized.webm"}	2024-12-19 14:24:46.746369	local	27	\N
453	5538137-hd_1920_1080_25fps_optimized.webm	video/webm	11737561	{"path": "/27/5538137-hd_1920_1080_25fps_optimized.webm"}	2024-12-19 14:26:43.724638	local	27	\N
454	1550682815186280512.jpg	image/jpeg	178988	{"path": "/1/1550682815186280512.jpg"}	2024-12-19 15:03:33.747045	local	1	\N
455	ddfcd8ab-8591-4adf-b581-80d28d84f86d.jpg	image/jpeg	81475	{"path": "/1/ddfcd8ab-8591-4adf-b581-80d28d84f86d.jpg"}	2024-12-19 15:25:12.603461	local	1	\N
456	1550682815186280512.jpg	image/jpeg	178988	{"path": "/1/1550682815186280512.jpg"}	2024-12-19 15:26:52.861282	local	1	\N
457	1550682815186280512.jpg	image/jpeg	178988	{"path": "/1/1550682815186280512.jpg"}	2024-12-19 15:31:03.892084	local	1	\N
458	1550682815186280512.jpg	image/jpeg	178988	{"path": "/1/1550682815186280512.jpg"}	2024-12-19 15:33:36.771925	local	1	\N
459	ddfcd8ab-8591-4adf-b581-80d28d84f86d.jpg	image/jpeg	81475	{"path": "/1/ddfcd8ab-8591-4adf-b581-80d28d84f86d.jpg"}	2024-12-19 15:34:17.026691	local	1	\N
460	1550682815186280512.jpg	image/jpeg	178988	{"path": "/1/1550682815186280512.jpg"}	2024-12-19 15:34:24.661389	local	1	\N
461	ddfcd8ab-8591-4adf-b581-80d28d84f86d.jpg	image/jpeg	81475	{"path": "/1/ddfcd8ab-8591-4adf-b581-80d28d84f86d.jpg"}	2024-12-19 16:42:10.511703	local	1	\N
462	1550682815186280512.jpg	image/jpeg	178988	{"path": "/1/1550682815186280512.jpg"}	2024-12-19 16:42:43.032725	local	1	\N
463	1550682815186280512.jpg	image/jpeg	178988	{"path": "/1/1550682815186280512.jpg"}	2024-12-19 16:53:32.815643	local	1	\N
464	1550682815186280512.jpg	image/jpeg	178988	{"path": "/1/1550682815186280512.jpg"}	2024-12-19 16:55:52.469938	local	1	\N
465	ddfcd8ab-8591-4adf-b581-80d28d84f86d.jpg	image/jpeg	81475	{"path": "/1/ddfcd8ab-8591-4adf-b581-80d28d84f86d.jpg"}	2024-12-19 17:00:11.291641	local	1	\N
466	1550682815186280512.jpg	image/jpeg	178988	{"path": "/1/1550682815186280512.jpg"}	2024-12-19 17:02:08.060089	local	1	\N
467	1550682815186280512.jpg	image/jpeg	178988	{"path": "/1/1550682815186280512.jpg"}	2024-12-19 17:03:28.730344	local	1	\N
468	1550682815186280512.jpg	image/jpeg	178988	{"path": "/1/1550682815186280512.jpg"}	2024-12-19 17:05:05.83039	local	1	\N
469	1550682815186280512.jpg	image/jpeg	178988	{"path": "/1/1550682815186280512.jpg"}	2024-12-19 17:13:46.91104	local	1	\N
470	images.jpeg	image/jpeg	8481	{"path": "/1/images.jpeg"}	2024-12-19 17:27:23.511583	local	1	\N
471	videoso_optimized.webm	video/webm	6893086	{"path": "/27/videoso_optimized.webm"}	2024-12-19 17:30:38.239522	local	27	\N
472	harfang-msya_optimized.mp3	audio/mpeg	6314236	{"path": "/27/harfang-msya_optimized.mp3"}	2024-12-19 17:30:41.120897	local	27	\N
473	PXL_20241212_085035122.webp	image/webp	1040548	{"path": "/27/PXL_20241212_085035122.webp"}	2024-12-20 09:48:57.822153	local	27	\N
474	PXL_20241212_085032671.webp	image/webp	277758	{"path": "/27/PXL_20241212_085032671.webp"}	2024-12-20 09:49:08.413804	local	27	\N
475	5538137-hd_1920_1080_25fps_optimized.webm	video/webm	11737561	{"path": "/27/5538137-hd_1920_1080_25fps_optimized.webm"}	2024-12-20 09:49:17.140414	local	27	\N
476	ONEIL, DJ DimixeR, MURANA â Wonderful Life_optimized.mp3	audio/mpeg	6265252	{"path": "/27/ONEIL, DJ DimixeR, MURANA â Wonderful Life_optimized.mp3"}	2024-12-20 09:49:26.881851	local	27	\N
477	PXL_20241212_085032671.webp	image/webp	277758	{"path": "/27/PXL_20241212_085032671.webp"}	2024-12-20 09:50:14.220283	local	27	\N
478	fileMusic_optimized.mp3	audio/mpeg	6265252	{"path": "/27/fileMusic_optimized.mp3"}	2024-12-20 09:56:22.709119	local	27	\N
479	image (4).webp	image/webp	41468	{"path": "/27/image (4).webp"}	2024-12-20 10:04:30.418675	local	27	\N
480	5538137-hd_1920_1080_25fps.mp4	video/webm	11737561	{"path": "/27/888cf896e0b3f1e4466ba21eadf97248.webm"}	2024-12-20 10:43:58.842842	local	27	888cf896e0b3f1e4466ba21eadf97248.mp4
481	fileMusic.mp3	audio/mpeg	6265252	{"path": "/27/dbd74aebe35f08f96a55c2ab57e2fab2.mp3"}	2024-12-20 10:44:03.88689	local	27	dbd74aebe35f08f96a55c2ab57e2fab2.mp3
482	1550682815186280512.jpg	image/jpeg	178988	{"path": "/1/53eaab7a1f19ebe42b0b2667ef0abf64.jpg"}	2024-12-20 12:07:28.330884	local	1	53eaab7a1f19ebe42b0b2667ef0abf64.jpg
483	1550682815186280512.jpg	image/jpeg	178988	{"path": "/1/53eaab7a1f19ebe42b0b2667ef0abf64.jpg"}	2024-12-20 12:07:45.340594	local	1	53eaab7a1f19ebe42b0b2667ef0abf64.jpg
484	1550682815186280512.jpg	image/jpeg	178988	{"path": "/1/53eaab7a1f19ebe42b0b2667ef0abf64.jpg"}	2024-12-20 12:08:48.207895	local	1	53eaab7a1f19ebe42b0b2667ef0abf64.jpg
485	1550682815186280512.jpg	image/jpeg	178988	{"path": "/1/53eaab7a1f19ebe42b0b2667ef0abf64.jpg"}	2024-12-20 12:08:55.49769	local	1	53eaab7a1f19ebe42b0b2667ef0abf64.jpg
\.


--
-- Data for Name: file_manager_access; Type: TABLE DATA; Schema: public; Owner: pma
--

COPY public.file_manager_access (group_id, role_id, user_id, identifier, type, view, delete, id) FROM stdin;
0	0	1	17	file	t	t	1
0	0	1	18	file	t	t	2
0	0	1	19	file	t	t	3
0	0	1	20	file	t	t	4
0	0	1	21	file	t	t	5
0	0	1	22	file	t	t	6
0	0	1	23	file	t	t	7
0	0	1	24	file	t	t	8
0	0	1	25	file	t	t	9
0	0	1	26	file	t	t	10
0	0	1	27	file	t	t	11
0	0	1	28	file	t	t	12
0	0	1	29	file	t	t	13
0	0	1	30	file	t	t	14
0	0	1	31	file	t	t	15
0	0	1	32	file	t	t	16
0	0	1	33	file	t	t	17
0	0	1	34	file	t	t	18
0	0	1	35	file	t	t	19
0	0	1	36	file	t	t	20
0	0	1	37	file	t	t	21
0	0	1	38	file	t	t	22
0	0	1	39	file	t	t	23
0	0	1	40	file	t	t	24
0	0	1	41	file	t	t	25
0	0	1	42	file	t	t	26
0	0	1	43	file	t	t	27
0	0	1	44	file	t	t	28
0	0	1	45	file	t	t	29
0	0	1	46	file	t	t	30
0	0	1	47	file	t	t	31
0	0	27	48	file	t	t	32
0	0	27	49	file	t	t	33
0	0	27	50	file	t	t	34
0	0	27	51	file	t	t	35
0	0	27	52	file	t	t	36
0	0	27	53	file	t	t	37
0	0	27	54	file	t	t	38
0	0	27	55	file	t	t	39
0	0	27	56	file	t	t	40
0	0	27	57	file	t	t	41
0	0	27	58	file	t	t	42
0	0	27	59	file	t	t	43
0	0	27	60	file	t	t	44
0	0	27	61	file	t	t	45
0	0	27	62	file	t	t	46
0	0	27	63	file	t	t	47
0	0	27	64	file	t	t	48
0	0	27	65	file	t	t	49
0	0	27	66	file	t	t	50
0	0	27	67	file	t	t	51
0	0	27	68	file	t	t	52
0	0	27	69	file	t	t	53
0	0	27	70	file	t	t	54
0	0	27	71	file	t	t	55
0	0	27	72	file	t	t	56
0	0	27	73	file	t	t	57
0	0	27	74	file	t	t	58
0	0	27	75	file	t	t	59
0	0	27	76	file	t	t	60
0	0	27	77	file	t	t	61
0	0	27	78	file	t	t	62
0	0	27	79	file	t	t	63
0	0	27	80	file	t	t	64
0	0	27	81	file	t	t	65
0	0	27	82	file	t	t	66
0	0	27	83	file	t	t	67
0	0	27	84	file	t	t	68
0	0	27	85	file	t	t	69
0	0	27	86	file	t	t	70
0	0	27	87	file	t	t	71
0	0	27	88	file	t	t	72
0	0	27	89	file	t	t	73
0	0	27	90	file	t	t	74
0	0	27	91	file	t	t	75
0	0	27	92	file	t	t	76
0	0	27	93	file	t	t	77
0	0	27	94	file	t	t	78
0	0	27	95	file	t	t	79
0	0	27	96	file	t	t	80
0	0	27	97	file	t	t	81
0	0	1	98	file	t	t	82
0	0	27	99	file	t	t	83
0	0	27	100	file	t	t	84
0	0	27	101	file	t	t	85
0	0	27	102	file	t	t	86
0	0	27	103	file	t	t	87
0	0	27	104	file	t	t	88
0	0	27	105	file	t	t	89
0	0	27	106	file	t	t	90
0	0	27	107	file	t	t	91
0	0	27	108	file	t	t	92
0	0	27	109	file	t	t	93
0	0	1	110	file	t	t	94
0	0	1	111	file	t	t	95
0	0	1	112	file	t	t	96
0	0	1	113	file	t	t	97
0	0	27	114	file	t	t	98
0	0	27	115	file	t	t	99
0	0	27	116	file	t	t	100
0	0	27	117	file	t	t	101
0	0	27	118	file	t	t	102
0	0	27	119	file	t	t	103
0	0	27	120	file	t	t	104
0	0	27	121	file	t	t	105
0	0	27	122	file	t	t	106
0	0	27	123	file	t	t	107
0	0	27	124	file	t	t	108
0	0	27	125	file	t	t	109
0	0	27	126	file	t	t	110
0	0	27	127	file	t	t	111
0	0	27	128	file	t	t	112
0	0	27	129	file	t	t	113
0	0	27	130	file	t	t	114
0	0	27	131	file	t	t	115
0	0	27	132	file	t	t	116
0	0	27	133	file	t	t	117
0	0	27	134	file	t	t	118
0	0	27	135	file	t	t	119
0	0	27	136	file	t	t	120
0	0	27	137	file	t	t	121
0	0	27	138	file	t	t	122
0	0	27	139	file	t	t	123
0	0	27	140	file	t	t	124
0	0	27	141	file	t	t	125
0	0	27	142	file	t	t	126
0	0	27	143	file	t	t	127
0	0	27	144	file	t	t	128
0	0	27	145	file	t	t	129
0	0	27	146	file	t	t	130
0	0	27	147	file	t	t	131
0	0	1	148	file	t	t	132
0	0	1	149	file	t	t	133
0	0	1	150	file	t	t	134
0	0	1	151	file	t	t	135
0	0	1	152	file	t	t	136
0	0	1	153	file	t	t	137
0	0	1	154	file	t	t	138
0	0	1	155	file	t	t	139
0	0	1	156	file	t	t	140
0	0	1	157	file	t	t	141
0	0	1	158	file	t	t	142
0	0	1	159	file	t	t	143
0	0	1	160	file	t	t	144
0	0	1	161	file	t	t	145
0	0	1	162	file	t	t	146
0	0	1	163	file	t	t	147
0	0	1	164	file	t	t	148
0	0	1	165	file	t	t	149
0	0	27	166	file	t	t	150
0	0	27	167	file	t	t	151
0	0	27	168	file	t	t	152
0	0	27	169	file	t	t	153
0	0	27	170	file	t	t	154
0	0	27	171	file	t	t	155
0	0	27	172	file	t	t	156
0	0	27	173	file	t	t	157
0	0	27	174	file	t	t	158
0	0	27	175	file	t	t	159
0	0	27	176	file	t	t	160
0	0	27	177	file	t	t	161
0	0	27	178	file	t	t	162
0	0	27	179	file	t	t	163
0	0	27	180	file	t	t	164
0	0	27	181	file	t	t	165
0	0	27	182	file	t	t	166
0	0	27	183	file	t	t	167
0	0	27	184	file	t	t	168
0	0	27	185	file	t	t	169
0	0	27	186	file	t	t	170
0	0	27	187	file	t	t	171
0	0	27	188	file	t	t	172
0	0	27	189	file	t	t	173
0	0	27	190	file	t	t	174
0	0	27	191	file	t	t	175
0	0	27	192	file	t	t	176
0	0	27	193	file	t	t	177
0	0	27	194	file	t	t	178
0	0	27	195	file	t	t	179
0	0	27	196	file	t	t	180
0	0	27	197	file	t	t	181
0	0	27	198	file	t	t	182
0	0	27	199	file	t	t	183
0	0	27	200	file	t	t	184
0	0	27	201	file	t	t	185
0	0	27	202	file	t	t	186
0	0	27	203	file	t	t	187
0	0	27	204	file	t	t	188
0	0	27	205	file	t	t	189
0	0	27	206	file	t	t	190
0	0	27	207	file	t	t	191
0	0	27	208	file	t	t	192
0	0	27	209	file	t	t	193
0	0	27	210	file	t	t	194
0	0	27	211	file	t	t	195
0	0	27	212	file	t	t	196
0	0	27	213	file	t	t	197
0	0	27	214	file	t	t	198
0	0	27	215	file	t	t	199
0	0	27	216	file	t	t	200
0	0	27	217	file	t	t	201
0	0	27	218	file	t	t	202
0	0	27	219	file	t	t	203
0	0	27	220	file	t	t	204
0	0	27	221	file	t	t	205
0	0	27	222	file	t	t	206
0	0	27	223	file	t	t	207
0	0	27	224	file	t	t	208
0	0	27	225	file	t	t	209
0	0	27	226	file	t	t	210
0	0	27	227	file	t	t	211
0	0	27	228	file	t	t	212
0	0	27	229	file	t	t	213
0	0	27	230	file	t	t	214
0	0	27	231	file	t	t	215
0	0	27	232	file	t	t	216
0	0	27	233	file	t	t	217
0	0	27	234	file	t	t	218
0	0	27	235	file	t	t	219
0	0	27	236	file	t	t	220
0	0	27	237	file	t	t	221
0	0	27	238	file	t	t	222
0	0	27	239	file	t	t	223
0	0	27	240	file	t	t	224
0	0	27	241	file	t	t	225
0	0	27	242	file	t	t	226
0	0	27	243	file	t	t	227
0	0	27	244	file	t	t	228
0	0	27	245	file	t	t	229
0	0	27	246	file	t	t	230
0	0	27	247	file	t	t	231
0	0	27	248	file	t	t	232
0	0	27	249	file	t	t	233
0	0	27	250	file	t	t	234
0	0	27	251	file	t	t	235
0	0	27	252	file	t	t	236
0	0	27	253	file	t	t	237
0	0	27	254	file	t	t	238
0	0	27	255	file	t	t	239
0	0	27	256	file	t	t	240
0	0	27	257	file	t	t	241
0	0	27	258	file	t	t	242
0	0	27	259	file	t	t	243
0	0	27	260	file	t	t	244
0	0	27	261	file	t	t	245
0	0	27	262	file	t	t	246
0	0	27	263	file	t	t	247
0	0	27	264	file	t	t	248
0	0	27	265	file	t	t	249
0	0	27	266	file	t	t	250
0	0	27	267	file	t	t	251
0	0	27	268	file	t	t	252
0	0	27	269	file	t	t	253
0	0	27	270	file	t	t	254
0	0	27	271	file	t	t	255
0	0	27	272	file	t	t	256
0	0	27	273	file	t	t	257
0	0	27	274	file	t	t	258
0	0	27	275	file	t	t	259
0	0	27	276	file	t	t	260
0	0	27	277	file	t	t	261
0	0	27	278	file	t	t	262
0	0	27	279	file	t	t	263
0	0	27	280	file	t	t	264
0	0	27	281	file	t	t	265
0	0	27	282	file	t	t	266
0	0	27	283	file	t	t	267
0	0	27	284	file	t	t	268
0	0	27	285	file	t	t	269
0	0	27	286	file	t	t	270
0	0	27	287	file	t	t	271
0	0	27	288	file	t	t	272
0	0	27	289	file	t	t	273
0	0	27	290	file	t	t	274
0	0	27	291	file	t	t	275
0	0	27	292	file	t	t	276
0	0	27	293	file	t	t	277
0	0	27	294	file	t	t	278
0	0	27	295	file	t	t	279
0	0	27	296	file	t	t	280
0	0	27	297	file	t	t	281
0	0	27	298	file	t	t	282
0	0	27	299	file	t	t	283
0	0	27	300	file	t	t	284
0	0	27	301	file	t	t	285
0	0	27	302	file	t	t	286
0	0	27	303	file	t	t	287
0	0	27	304	file	t	t	288
0	0	27	305	file	t	t	289
0	0	27	306	file	t	t	290
0	0	27	307	file	t	t	291
0	0	27	308	file	t	t	292
0	0	27	309	file	t	t	293
0	0	27	310	file	t	t	294
0	0	27	311	file	t	t	295
0	0	27	312	file	t	t	296
0	0	27	313	file	t	t	297
0	0	27	314	file	t	t	298
0	0	27	315	file	t	t	299
0	0	27	316	file	t	t	300
0	0	27	317	file	t	t	301
0	0	27	318	file	t	t	302
0	0	27	319	file	t	t	303
0	0	27	320	file	t	t	304
0	0	27	321	file	t	t	305
0	0	27	322	file	t	t	306
0	0	27	323	file	t	t	307
0	0	27	324	file	t	t	308
0	0	27	325	file	t	t	309
0	0	27	326	file	t	t	310
0	0	27	327	file	t	t	311
0	0	27	328	file	t	t	312
0	0	27	329	file	t	t	313
0	0	27	330	file	t	t	314
0	0	27	331	file	t	t	315
0	0	27	332	file	t	t	316
0	0	27	333	file	t	t	317
0	0	27	334	file	t	t	318
0	0	27	335	file	t	t	319
0	0	27	336	file	t	t	320
0	0	27	337	file	t	t	321
0	0	27	338	file	t	t	322
0	0	27	339	file	t	t	323
0	0	27	340	file	t	t	324
0	0	27	341	file	t	t	325
0	0	27	342	file	t	t	326
0	0	27	343	file	t	t	327
0	0	27	344	file	t	t	328
0	0	27	345	file	t	t	329
0	0	27	346	file	t	t	330
0	0	27	347	file	t	t	331
0	0	1	348	file	t	t	332
0	0	1	349	file	t	t	333
0	0	1	350	file	t	t	334
0	0	1	351	file	t	t	335
0	0	27	352	file	t	t	336
0	0	27	353	file	t	t	337
0	0	27	354	file	t	t	338
0	0	27	355	file	t	t	339
0	0	27	356	file	t	t	340
0	0	27	357	file	t	t	341
0	0	27	358	file	t	t	342
0	0	27	359	file	t	t	343
0	0	27	360	file	t	t	344
0	0	27	361	file	t	t	345
0	0	27	362	file	t	t	346
0	0	27	363	file	t	t	347
0	0	27	364	file	t	t	348
0	0	27	365	file	t	t	349
0	0	27	366	file	t	t	350
0	0	1	367	file	t	t	351
0	0	1	368	file	t	t	352
0	0	1	369	file	t	t	353
0	0	1	370	file	t	t	354
0	0	1	371	file	t	t	355
0	0	1	372	file	t	t	356
0	0	1	373	file	t	t	357
0	0	1	374	file	t	t	358
0	0	1	375	file	t	t	359
0	0	1	376	file	t	t	360
0	0	1	377	file	t	t	361
0	0	1	378	file	t	t	362
0	0	27	379	file	t	t	363
0	0	1	380	file	t	t	364
0	0	1	381	file	t	t	365
0	0	1	382	file	t	t	366
0	0	1	383	file	t	t	367
0	0	1	384	file	t	t	368
0	0	1	385	file	t	t	369
0	0	1	386	file	t	t	370
0	0	1	387	file	t	t	371
0	0	1	388	file	t	t	372
0	0	1	389	file	t	t	373
0	0	1	390	file	t	t	374
0	0	1	391	file	t	t	375
0	0	1	392	file	t	t	376
0	0	1	393	file	t	t	377
0	0	1	394	file	t	t	378
0	0	1	395	file	t	t	379
0	0	27	396	file	t	t	380
0	0	1	397	file	t	t	381
0	0	27	398	file	t	t	382
0	0	27	399	file	t	t	383
0	0	27	400	file	t	t	384
0	0	27	401	file	t	t	385
0	0	27	402	file	t	t	386
0	0	27	403	file	t	t	387
0	0	27	404	file	t	t	388
0	0	27	405	file	t	t	389
0	0	27	406	file	t	t	390
0	0	27	407	file	t	t	391
0	0	27	408	file	t	t	392
0	0	27	409	file	t	t	393
0	0	27	410	file	t	t	394
0	0	27	411	file	t	t	395
0	0	27	412	file	t	t	396
0	0	27	413	file	t	t	397
0	0	27	414	file	t	t	398
0	0	27	415	file	t	t	399
0	0	27	416	file	t	t	400
0	0	27	417	file	t	t	401
0	0	27	418	file	t	t	402
0	0	27	419	file	t	t	403
0	0	27	420	file	t	t	404
0	0	27	421	file	t	t	405
0	0	27	422	file	t	t	406
0	0	27	423	file	t	t	407
0	0	27	424	file	t	t	408
0	0	27	425	file	t	t	409
0	0	27	426	file	t	t	410
0	0	27	427	file	t	t	411
0	0	27	428	file	t	t	412
0	0	27	429	file	t	t	413
0	0	27	430	file	t	t	414
0	0	27	431	file	t	t	415
0	0	27	432	file	t	t	416
0	0	27	433	file	t	t	417
0	0	27	434	file	t	t	418
0	0	27	435	file	t	t	419
0	0	27	436	file	t	t	420
0	0	27	437	file	t	t	421
0	0	27	438	file	t	t	422
0	0	27	439	file	t	t	423
0	0	27	440	file	t	t	424
0	0	27	441	file	t	t	425
0	0	27	442	file	t	t	426
0	0	27	443	file	t	t	427
0	0	27	444	file	t	t	428
0	0	27	445	file	t	t	429
0	0	27	446	file	t	t	430
0	0	27	447	file	t	t	431
0	0	27	448	file	t	t	432
0	0	27	449	file	t	t	433
0	0	27	450	file	t	t	434
0	0	27	451	file	t	t	435
0	0	27	452	file	t	t	436
0	0	27	453	file	t	t	437
0	0	1	454	file	t	t	438
0	0	1	455	file	t	t	439
0	0	1	456	file	t	t	440
0	0	1	457	file	t	t	441
0	0	1	458	file	t	t	442
0	0	1	459	file	t	t	443
0	0	1	460	file	t	t	444
0	0	1	461	file	t	t	445
0	0	1	462	file	t	t	446
0	0	1	463	file	t	t	447
0	0	1	464	file	t	t	448
0	0	1	465	file	t	t	449
0	0	1	466	file	t	t	450
0	0	1	467	file	t	t	451
0	0	1	468	file	t	t	452
0	0	1	469	file	t	t	453
0	0	1	470	file	t	t	454
0	0	27	471	file	t	t	455
0	0	27	472	file	t	t	456
0	0	27	473	file	t	t	457
0	0	27	474	file	t	t	458
0	0	27	475	file	t	t	459
0	0	27	476	file	t	t	460
0	0	27	477	file	t	t	461
0	0	27	478	file	t	t	462
0	0	27	479	file	t	t	463
0	0	27	480	file	t	t	464
0	0	27	481	file	t	t	465
0	0	1	482	file	t	t	466
0	0	1	483	file	t	t	467
0	0	1	484	file	t	t	468
0	0	1	485	file	t	t	469
\.


--
-- Data for Name: file_manager_folder_links; Type: TABLE DATA; Schema: public; Owner: pma
--

COPY public.file_manager_folder_links (folder_id, file_id, id, "folderId", "fileId") FROM stdin;
\.


--
-- Data for Name: file_manager_folders; Type: TABLE DATA; Schema: public; Owner: pma
--

COPY public.file_manager_folders (id, name, parent_folder, who_created, "parentsId") FROM stdin;
\.


--
-- Data for Name: file_manager_provider; Type: TABLE DATA; Schema: public; Owner: pma
--

COPY public.file_manager_provider (id, name, config) FROM stdin;
1	Local	{"provider":"local","dir":"/var/www/html/uploads"}
\.


--
-- Data for Name: file_manager_public_link; Type: TABLE DATA; Schema: public; Owner: pma
--

COPY public.file_manager_public_link (id, file_id, provider_id, who_created, hash) FROM stdin;
\.


--
-- Data for Name: file_manager_user_provider; Type: TABLE DATA; Schema: public; Owner: pma
--

COPY public.file_manager_user_provider (id, user_id, provider_id) FROM stdin;
\.


--
-- Data for Name: group_user_link; Type: TABLE DATA; Schema: public; Owner: pma
--

COPY public.group_user_link (id, group_id, user_id) FROM stdin;
15	5	23
16	5	24
34	3	14
35	5	14
36	5	11
\.


--
-- Data for Name: groups; Type: TABLE DATA; Schema: public; Owner: pma
--

COPY public.groups (id, role_id, name, color, access, deleted_at, created_at, updated_at, permission, params) FROM stdin;
1	6	sub msp	#ffff	[]	\N	2024-01-01 00:00:00	2024-01-01 00:00:00	sub_msp	[]
4	5	test		[]	2024-10-11 09:51:12.096049	2024-10-11 09:51:03.290692	2024-10-11 09:51:12.096049	simple	{"view_deleted":false}
6	2	Ue	#ffff	[]	\N	2024-10-18 10:35:14.466462	2024-10-18 10:35:14.466462	simple	{"view_deleted":false}
5	2	New	#f20202	[]	\N	2024-10-15 15:46:32.53184	2024-10-18 10:35:50.015494	simple	{"view_deleted":false}
3	6	Validor 	#008bd1	[]	\N	2024-10-10 13:30:29.161231	2024-10-18 10:36:04.442598	simple	{"view_deleted":false}
\.


--
-- Data for Name: imports; Type: TABLE DATA; Schema: public; Owner: pma
--

COPY public.imports (id, service, point, data, who_created, status, count_chunk, errors) FROM stdin;
\.


--
-- Data for Name: location_categories; Type: TABLE DATA; Schema: public; Owner: pma
--

COPY public.location_categories (id, name, created_at, updated_at, client_id) FROM stdin;
3	Aldi Group	2024-10-03 11:30:48.349942	2024-10-03 11:30:48.349942	11
2	Установка 1	2024-10-03 07:52:44.456651	2024-10-11 10:06:22.990987	10
1	Fsdd	2024-10-01 16:28:40.706345	2024-10-11 10:06:28.012573	10
4	test	2024-10-11 10:41:46.823693	2024-10-11 10:41:46.823693	11
5	Test 3	2024-10-11 10:43:04.016571	2024-10-11 10:43:04.016571	11
7	RM новая структура	2024-10-17 13:24:47.060284	2024-10-17 13:24:47.060284	14
8	Пометка №1	2024-10-30 08:21:01.811531	2024-10-30 08:21:01.811531	25
9	Оксана	2024-12-18 08:24:48.735004	2024-12-18 08:24:48.735004	30
\.


--
-- Data for Name: location_category_filling; Type: TABLE DATA; Schema: public; Owner: pma
--

COPY public.location_category_filling (id, location_id, category_id, value_id, value) FROM stdin;
86	27	7	22	8868 RCS - RU, Voronezh, TC Grad
87	28	7	22	8867 RCS - RU, Saint Petersburg, TC Grand K
89	26	7	22	8866 RCS - RU, Chelyabinsk, Almaz
90	26	7	24	Ismakaeva Mariya
91	25	7	22	8868 RCS - RU, Voronezh, TC Grad
92	25	7	24	Verkhandeev Andrej
93	23	7	22	8867 RCS - RU, Saint Petersburg, TC Grand K
94	23	7	24	Zhernov Nikita
38	19	1	1	qweqw
39	19	1	2	qweqw
40	19	1	3	qweq
41	19	2	8	333
42	19	2	9	33
43	18	1	3	1212
44	18	1	4	1221
45	18	2	8	21
46	18	2	9	121
136	21	3	11	2
137	21	3	13	1111
138	21	3	14	55555
139	21	3	15	66
140	21	3	20	123123
141	21	3	21	q33
142	21	4	16	Fields
143	21	4	17	Fields 2 4
144	21	5	18	Tavrik 3
145	21	5	19	Non 3
146	20	3	11	test 2
147	20	3	13	2222
148	20	3	14	55
149	20	3	15	666
150	20	3	20	wqeqe
151	20	3	21	eqw
152	20	4	16	Fields
153	20	4	17	Fields 233
154	20	5	18	Tavrik 3333
155	20	5	19	Non333
157	22	7	22	test
164	30	9	25	Петров
165	29	9	25	Иванов
171	31	9	25	Сидоров
\.


--
-- Data for Name: location_category_relations; Type: TABLE DATA; Schema: public; Owner: pma
--

COPY public.location_category_relations (id, location_id, location_category_id, location_category_value_id, created_at, updated_at) FROM stdin;
\.


--
-- Data for Name: location_category_values; Type: TABLE DATA; Schema: public; Owner: pma
--

COPY public.location_category_values (id, name, location_category_id, created_at, updated_at) FROM stdin;
1	sdfsd	1	2024-10-01 16:28:40.706345	2024-10-01 16:28:40.706345
2	sdfsd	1	2024-10-01 16:28:40.706345	2024-10-01 16:28:40.706345
3	fdsf	1	2024-10-01 16:28:40.706345	2024-10-01 16:28:40.706345
4	dsada	1	2024-10-01 16:28:40.706345	2024-10-01 16:28:40.706345
8	FMO	2	2024-10-03 10:57:05.166632	2024-10-03 10:57:05.166632
9	POP	2	2024-10-03 10:57:05.166632	2024-10-03 10:57:05.166632
5	Сваа	\N	2024-10-03 07:52:44.456651	2024-10-03 10:57:05.166632
6	Вавапа	\N	2024-10-03 07:52:44.456651	2024-10-03 10:57:05.166632
7	ываыв	\N	2024-10-03 07:52:44.456651	2024-10-03 10:57:05.166632
11	Need train	3	2024-10-04 11:37:10.04153	2024-10-04 11:37:10.04153
13	Department of marketing	3	2024-10-04 11:37:10.04153	2024-10-04 11:37:10.04153
14	Department of clining	3	2024-10-04 11:37:10.04153	2024-10-04 11:37:10.04153
15	qweqweqw	3	2024-10-11 09:28:01.745151	2024-10-11 09:28:01.745151
16	Fields 1	4	2024-10-11 10:41:46.823693	2024-10-11 10:41:46.823693
17	Fields 2	4	2024-10-11 10:41:46.823693	2024-10-11 10:41:46.823693
18	Area	5	2024-10-11 10:43:04.016571	2024-10-11 10:43:04.016571
19	Distric	5	2024-10-11 10:43:04.016571	2024-10-11 10:43:04.016571
20	Location location	3	2024-10-14 09:12:09.756895	2024-10-14 09:12:09.756895
21	Region name	3	2024-10-14 09:12:09.756895	2024-10-14 09:12:09.756895
10	Location, location	\N	2024-10-03 11:30:48.349942	2024-10-14 09:12:09.756895
12	Region	\N	2024-10-04 11:37:10.04153	2024-10-14 09:12:09.756895
22	RM новая структура	7	2024-10-17 13:26:09.591962	2024-10-17 13:26:09.591962
24	Store name RU	7	2024-10-17 13:47:59.795443	2024-10-17 13:47:59.795443
23	Store name_RU	\N	2024-10-17 13:26:09.591962	2024-10-17 13:47:59.795443
25	Менеджер	9	2024-12-18 08:24:48.735004	2024-12-18 08:24:48.735004
26	Menager	9	2024-12-18 08:39:11.524252	2024-12-18 08:39:11.524252
27	Бизнес юнит	9	2024-12-20 16:18:22.586082	2024-12-20 16:18:22.586082
\.


--
-- Data for Name: location_execution; Type: TABLE DATA; Schema: public; Owner: pma
--

COPY public.location_execution (id, who_created, price_visit, courses, data_start, data_end, date_created, date_updated, role, "group", users, status, questionnaire_id, draft, project_name, description, instructions, payment_method, date_visit_start, date_visit_end, deadline, date_show_trends, deleted_at, delete_at, program_type_id, bank, expense_bank, expense_course, incentive_bank, incentive_course, reimbursement_bank, reimbursement_course, language, special_bank, special_course, special_description, expense_price, incentive_price, reimbursement_price, special_price, client_id, industry, representative, payment_from_client, date_visiting_hours, date_submit) FROM stdin;
12	1	50	usd	2024-12-17 01:00:00	2024-12-31 01:00:00	2024-12-17 09:08:55.579	2024-12-17 09:08:55.579	[]	[]	[]	1	76	0	test project	It looks like you’re no longer using the Ubersuggest Chrome extension. We’ve automatically disabled it. You can turn it back on quickly by toggling the “Enable” button.\n	\N		2024-12-17	2024-12-31	2024-12-31	2024-12-25	\N	\N	7	bank_1	bank_1	usd	bank_1	usd	bank_1	usd	en	bank_1	usd		0	0	0	10	11	\N	Anatoliy Voloshko	10	10:00	2024-12-17
13	1	11	usd	2024-12-18 01:00:00	2024-12-26 01:00:00	2024-12-18 09:34:16.708	2024-12-18 09:34:16.708	[]	[]	[]	1	84	0	432423	21312	\N		2024-12-18	2024-12-25	2024-12-31	2024-12-31	\N	\N	8	bank_1	bank_1	usd	bank_1	usd	bank_1	usd	Русский	bank_1	usd		0	0	0	0	30	\N	Anatoliy Voloshko	11	03:10	2024-12-18
14	1	3	usd	2024-12-18 01:00:00	2024-12-31 01:00:00	2024-12-18 09:35:17.248	2024-12-18 09:35:17.248	[]	[]	[]	1	84	0	цуйцуйц	1231232	\N		2024-12-18	2024-12-31	2024-12-20	2024-12-20	\N	\N	8	bank_1	bank_1	usd	bank_1	usd	bank_1	usd	Русский	bank_1	usd		0	0	0	0	30	\N	1231	43	03:15	2024-12-30
15	1	300	usd	2024-12-18 01:00:00	2024-12-31 01:00:00	2024-12-18 09:35:51.388	2024-12-18 14:27:37.069	[]	[]	[]	1	84	0	born to be_Онлайн консультация	тест\n	\N		2024-12-18	2024-12-31	2024-12-19	2024-12-20	\N	\N	8	bank_1	bank_1	usd	bank_1	usd	bank_1	usd	Русский	bank_1	usd		0	0	0	0	30	\N	Соловьева Оксана	0	03:05	2024-12-15
16	1	0	usd	2024-12-19 01:00:00	2024-12-19 01:00:00	2024-12-19 14:26:45.557	2024-12-19 14:26:45.557	[]	[]	[]	1	84	0			\N		2024-12-19	2024-12-19	2024-12-19	2024-12-19	2024-12-19 14:27:08.511484	\N	8	bank_1	bank_1	usd	bank_1	usd	bank_1	usd		bank_1	usd		0	0	0	0	30	\N		0	08:00	2024-12-19
17	1	0	usd	2024-12-19 01:00:00	2024-12-19 01:00:00	2024-12-19 14:41:37.22	2024-12-19 14:41:37.219	[]	[]	[]	1	84	0			\N		2024-12-19	2024-12-19	2024-12-19	2024-12-19	2024-12-19 14:46:05.905286	\N	8	bank_1	bank_1	usd	bank_1	usd	bank_1	usd		bank_1	usd		0	0	0	0	30	\N		0	08:00	2024-12-19
\.


--
-- Data for Name: location_execution_access; Type: TABLE DATA; Schema: public; Owner: pma
--

COPY public.location_execution_access (id, execution_id, user_id) FROM stdin;
\.


--
-- Data for Name: location_execution_bonus_links; Type: TABLE DATA; Schema: public; Owner: pma
--

COPY public.location_execution_bonus_links (id, execution_id, bonus_id) FROM stdin;
\.


--
-- Data for Name: location_execution_instructions; Type: TABLE DATA; Schema: public; Owner: pma
--

COPY public.location_execution_instructions (id, execution_id, instruction_link, deleted_at) FROM stdin;
161	12	https://proxy.happeas.space/file/read/local/1/images (1).jpeg	\N
162	13	https://proxy.happeas.space/file/read/local/1/locations (1).xlsx	\N
163	14	https://proxy.happeas.space/file/read/local/1/locations (1).xlsx	\N
168	15	https://proxy.happeas.space/file/read/local/1/images (1).png	\N
\.


--
-- Data for Name: location_execution_location_link; Type: TABLE DATA; Schema: public; Owner: pma
--

COPY public.location_execution_location_link (id, location_execution_id, location_id, count_visit, reserved) FROM stdin;
85	12	21	1	0
86	12	20	1	0
87	15	31	6	0
90	15	29	5	0
\.


--
-- Data for Name: location_execution_questionnaire_link; Type: TABLE DATA; Schema: public; Owner: pma
--

COPY public.location_execution_questionnaire_link (id, location_execution_id, questionnaire_id) FROM stdin;
36	12	83
37	13	84
38	14	84
39	15	84
\.


--
-- Data for Name: location_execution_scheduler_link; Type: TABLE DATA; Schema: public; Owner: pma
--

COPY public.location_execution_scheduler_link (id, execution_id, scheduler_id) FROM stdin;
28	12	23
29	13	24
\.


--
-- Data for Name: location_execution_user_group_link; Type: TABLE DATA; Schema: public; Owner: pma
--

COPY public.location_execution_user_group_link (id, location_execution_id, group_id, user_id) FROM stdin;
\.


--
-- Data for Name: location_execution_validator_link; Type: TABLE DATA; Schema: public; Owner: pma
--

COPY public.location_execution_validator_link (id, execution_id, validator_id) FROM stdin;
27	12	24
28	13	24
33	15	24
\.


--
-- Data for Name: location_group_links; Type: TABLE DATA; Schema: public; Owner: pma
--

COPY public.location_group_links (id, location_id, location_group_id, group_id) FROM stdin;
\.


--
-- Data for Name: location_group_parent_link; Type: TABLE DATA; Schema: public; Owner: pma
--

COPY public.location_group_parent_link (id, group_id, parent_id) FROM stdin;
2	3	1
3	4	2
4	5	1
5	5	3
6	6	1
7	6	3
10	8	1
11	9	1
12	9	8
13	10	1
14	10	8
15	7	1
16	7	3
\.


--
-- Data for Name: location_group_user_link; Type: TABLE DATA; Schema: public; Owner: pma
--

COPY public.location_group_user_link (id, client_id, group_id, created_at) FROM stdin;
4	11	4	2024-10-04 11:47:23.03153
1	11	1	2024-10-04 11:46:11.442637
3	11	3	2024-10-04 11:46:11.469771
5	11	5	2024-10-04 11:47:43.712603
6	11	6	2024-10-04 11:47:43.721288
8	11	8	2024-10-04 11:47:59.340919
9	11	9	2024-10-04 11:47:59.352278
10	11	10	2024-10-04 11:47:59.361493
11	11	7	2024-10-18 09:19:39.907627
\.


--
-- Data for Name: location_groups; Type: TABLE DATA; Schema: public; Owner: pma
--

COPY public.location_groups (id, name, status, who_create, parent_id, created_at, updated_at, client_id, type, deleted_at, uuid) FROM stdin;
4	CITY	t	5	2	2024-10-04 11:47:23.026521+02	2024-10-04 11:47:23.026521+02	11	6	\N	6e751996-744a-4961-aa63-d8f5a18bfb92
1	COUNTRY	t	5	0	2024-10-04 11:46:11.428883+02	2024-10-04 11:46:11.428883+02	11	4	\N	f5f2536c-433e-44f1-a316-ace778fc72d4
3	REGION 2	t	5	1	2024-10-04 11:46:11.465353+02	2024-10-04 11:46:11.465353+02	11	5	\N	a2992768-38d7-4f20-8bc2-dbaa9179b97c
5	CITY 1	t	5	3	2024-10-04 11:47:43.703908+02	2024-10-04 11:47:43.703908+02	11	6	\N	06f3933c-37b1-4faa-9e71-ef47c93a10a0
6	CITY 2	t	5	3	2024-10-04 11:47:43.718688+02	2024-10-04 11:47:43.718688+02	11	6	\N	ac59374f-c480-4ecd-93e2-22eebd61f80c
8	REGION	t	5	1	2024-10-04 11:47:59.334308+02	2024-10-04 11:47:59.334308+02	11	5	\N	c4350f18-46d1-4c88-b9c9-bd74f3488e9f
9	CITYd	t	5	8	2024-10-04 11:47:59.348682+02	2024-10-04 11:47:59.348682+02	11	6	\N	039f9be1-a39a-4ee4-8274-fcc8a6e32f80
10	CITY ds	t	5	8	2024-10-04 11:47:59.357887+02	2024-10-04 11:47:59.357887+02	11	6	\N	b52b1e9d-da46-4373-953a-9e5bc73ee71f
7	Distric 3	t	5	3	2024-10-04 11:47:43.726982+02	2024-10-04 11:47:43.726982+02	11	6	\N	ae590482-97b3-4ad5-b941-c01773dd736d
\.


--
-- Data for Name: location_questionnaire; Type: TABLE DATA; Schema: public; Owner: pma
--

COPY public.location_questionnaire (location_id, questionnaire_id) FROM stdin;
\.


--
-- Data for Name: location_status; Type: TABLE DATA; Schema: public; Owner: pma
--

COPY public.location_status (id, name) FROM stdin;
\.


--
-- Data for Name: location_user; Type: TABLE DATA; Schema: public; Owner: pma
--

COPY public.location_user (id, location_id, user_id, user_role) FROM stdin;
\.


--
-- Data for Name: locations; Type: TABLE DATA; Schema: public; Owner: pma
--

COPY public.locations (id, address, status, longitude, latitude, country, region, city, country_id, region_id, city_id, who_create, created_at, updated_at, address2, comment, photo_url, responsible_user, client_id, name, type, deleted_at, working, delete_at, program_type, params, show_on_map, unique_id) FROM stdin;
1	Bavorská 2662/1	t	14.32802	50.05565	Czech Republic	Hlavni mesto Praha	Prague	CZ	CZ-52	10331	1	2024-10-03 11:33:30.493709+02	2024-10-03 11:33:30.493709+02	\N		http://valid.url/photo.jpg	\N	2	Bavorská 2662/1	1	\N	[]	\N	0	[{"label":"email","value":"test1@testmail.com"}]	\N	\N
2	U Letišt? 1074/2	t	13.34326	49.72823	Czech Republic	Plzensky kraj	Plzen	CZ	CZ-87	9952	1	2024-10-03 11:33:31.099159+02	2024-10-03 11:33:31.099159+02	\N			\N	2	U Letišt? 1074/2	2	\N	[]	\N	0	[]	\N	\N
3	Pavlovická 274/4	t	17.27741	49.60128	Czech Republic	Olomoucky kraj	Olomouc	CZ	CZ-84	10326	1	2024-10-03 11:33:31.688651+02	2024-10-03 11:33:31.688651+02	\N			\N	2	Pavlovická 274/4	1	\N	[]	\N	0	[]	\N	\N
4	?s. exilu 544	t	14.41604	50.03493	Czech Republic	Hlavni mesto Praha	Prague	CZ	CZ-52	10331	1	2024-10-03 11:33:32.303986+02	2024-10-03 11:33:32.303986+02	\N			\N	2	?s. exilu 544	2	\N	[]	\N	0	[]	\N	\N
5	Janská 28	t	17.91099	49.93235	Czech Republic	Moravskoslezsky kraj	Opava	CZ	CZ-85	9988	1	2024-10-03 11:33:32.886722+02	2024-10-03 11:33:32.886722+02	\N			\N	2	Janská 28	1	\N	[]	\N	0	[]	\N	\N
6	Borská 2892/59	t	13.35518	49.73575	Czech Republic	Plzensky kraj	Plzen	CZ	CZ-87	9952	1	2024-10-03 11:33:33.499007+02	2024-10-03 11:33:33.499007+02	\N			\N	2	Borská 2892/59	2	\N	[]	\N	0	[]	\N	\N
7	Liberecká 12	t	14.49138	50.13216	Czech Republic	Hlavni mesto Praha	Prague	CZ	CZ-52	10331	1	2024-10-03 11:33:34.09612+02	2024-10-03 11:33:34.09612+02	\N			\N	2	Liberecká 12	1	\N	[]	\N	0	[]	\N	\N
14	?s. exilu 544	t	14.413304	50.043	Czech Republic	Hlavni mesto Praha	Prague	CZ	CZ-52	10331	5	2024-10-04 11:15:50.096975+02	2024-10-04 11:15:50.096975+02	\N			\N	10	?s. exilu 544	2	\N	[]	\N	0	[]	\N	\N
15	Janská 28	t	17.9149	49.93345	Czech Republic	Moravskoslezsky kraj	Opava	CZ	CZ-85	9988	5	2024-10-04 11:15:50.694494+02	2024-10-04 11:15:50.694494+02	\N			\N	10	Janská 28	1	\N	[]	\N	0	[]	\N	\N
16	Borská 2892/59	t	13.34	49.74375	Czech Republic	Plzensky kraj	Plzen	CZ	CZ-87	9952	5	2024-10-04 11:15:51.277894+02	2024-10-04 11:15:51.277894+02	\N			\N	10	Borská 2892/59	2	\N	[]	\N	0	[]	\N	\N
10	Londýnská 558	t	15.03533	50.77691	Czech Republic	Liberecky kraj	Liberec	CZ	CZ-83	9953	1	2024-10-03 11:33:35.882434+02	2024-10-03 11:33:35.882434+02	\N			\N	2	Londýnská 558	2	2024-10-03 11:42:37.134196	[]	\N	0	[]	\N	\N
9	Víde?ská 373/114	t	16.59978	49.16251	Czech Republic	Jihomoravsky kraj	Brno	CZ	CZ-78	10330	1	2024-10-03 11:33:35.298712+02	2024-10-03 11:33:35.298712+02	\N			\N	2	Víde?ská 373/114	1	2024-10-03 11:42:37.134985	[]	\N	0	[]	\N	\N
8	Krmelínská 762/12	t	18.26926	49.77831	Czech Republic	Moravskoslezsky kraj	Ostrava	CZ	CZ-85	9955	1	2024-10-03 11:33:34.713077+02	2024-10-03 11:33:34.713077+02	\N			\N	2	Krmelínská 762/12	2	2024-10-03 11:42:47.731989	[]	\N	0	[]	\N	\N
11	Bavorská 2662/1	t	14.32802	50.0465	Czech Republic	Hlavni mesto Praha	Prague	CZ	CZ-52	10331	5	2024-10-04 11:15:48.316717+02	2024-10-04 11:15:48.316717+02	\N		http://valid.url/photo.jpg	\N	10	Bavorská 2662/1	1	\N	[]	\N	0	[{"label":"email","value":"test1@testmail.com"}]	\N	\N
12	U Letišt? 1074/2	t	13.343426	49.7233	Czech Republic	Plzensky kraj	Plzen	CZ	CZ-87	9952	5	2024-10-04 11:15:48.915387+02	2024-10-04 11:15:48.915387+02	\N			\N	10	U Letišt? 1074/2	2	\N	[]	\N	0	[]	\N	\N
13	Pavlovická 274/4	t	17.2433	49.63	Czech Republic	Olomoucky kraj	Olomouc	CZ	CZ-84	10326	5	2024-10-04 11:15:49.503698+02	2024-10-04 11:15:49.503698+02	\N			\N	10	Pavlovická 274/4	1	\N	[]	\N	0	[]	\N	\N
17	Liberecká 12	t	14.4918	50.14316	Czech Republic	Hlavni mesto Praha	Prague	CZ	CZ-52	10331	5	2024-10-04 11:15:51.863813+02	2024-10-04 11:15:51.863813+02	\N			\N	10	Liberecká 12	1	\N	[]	\N	0	[]	\N	\N
21	Londýnská 5538	t	15.433	50.731	Czech Republic	Liberecky kraj	Liberec	CZ	CZ-83	9953	1	2024-10-14 09:11:09.389748+02	2024-10-14 09:11:09.389748+02		\N	\N	\N	11	Test name 1	2	\N	[]	\N	0	[{"label":"zip_code","value":""},{"label":"email","value":""}]		\N
19	Víde?ská 373/114	t	16.59978	49.131	Czech Republic	Jihomoravsky kraj	Brno	CZ	CZ-78	10330	1	2024-10-04 11:15:53.051083+02	2024-10-04 11:15:53.051083+02				\N	10	Víde?ská 373/114	1	\N	[]	\N	0	[{"label":"zip_code","value":""},{"label":"email","value":""}]		\N
18	Krmelínská 762/12	t	18.2643	49.7531	Czech Republic	Moravskoslezsky kraj	Ostrava	CZ	CZ-85	9955	1	2024-10-04 11:15:52.452995+02	2024-10-04 11:15:52.452995+02				\N	10	Krmelínská 762/12	2	\N	[]	\N	0	[{"label":"zip_code","value":""},{"label":"email","value":""}]		\N
23	ул. Ленина	t	NaN	NaN	Russian Federation	Krasnodar	Voronezhskaya	RU	RU-38	36782	1	2024-10-17 13:40:32.296754+02	2024-10-17 13:40:32.296754+02		\N	\N	\N	14	TC Grad_8868	2	2024-10-17 16:12:46.484194	[{"day": "Monday", "end": "-", "start": "-", "dinner": "", "working": false}, {"day": "Tuesday", "end": "-", "start": "-", "dinner": "", "working": false}, {"day": "Wednesday", "end": "-", "start": "-", "dinner": "", "working": false}, {"day": "Thursday", "end": "-", "start": "-", "dinner": "", "working": false}, {"day": "Friday", "end": "-", "start": "-", "dinner": "", "working": false}, {"day": "Saturday", "end": "-", "start": "-", "dinner": "", "working": false}, {"day": "Sunday", "end": "-", "start": "-", "dinner": "", "working": false}]	\N	0	[{"label":"id","value":23}]		\N
20	Londýnská 558	t	15.433	50.731	Czech Republic	Liberecky kraj	Liberec	CZ	CZ-83	9953	1	2024-10-04 11:15:53.649973+02	2024-10-04 11:15:53.649973+02				\N	11	Test name 2	2	\N	[]	\N	0	[{"label":"zip_code","value":""},{"label":"email","value":""}]		\N
28	ул. Ленина	t	NaN	NaN	Russian Federation	Krasnodar	Voronezhskaya	RU	RU-38	36782	1	2024-10-17 13:45:08.077228+02	2024-10-17 13:45:08.077228+02		\N	\N	\N	14	TC Grad_8868	2	2024-10-17 13:49:44.200947	[{"day": "Monday", "end": "-", "start": "-", "dinner": "", "working": false}, {"day": "Tuesday", "end": "-", "start": "-", "dinner": "", "working": false}, {"day": "Wednesday", "end": "-", "start": "-", "dinner": "", "working": false}, {"day": "Thursday", "end": "-", "start": "-", "dinner": "", "working": false}, {"day": "Friday", "end": "-", "start": "-", "dinner": "", "working": false}, {"day": "Saturday", "end": "-", "start": "-", "dinner": "", "working": false}, {"day": "Sunday", "end": "-", "start": "-", "dinner": "", "working": false}]	\N	0	[{"label":"id","value":8868}]		\N
24	ул. Демехина	t	NaN	NaN	Russian Federation	Saint Petersburg City	St Petersburg	RU	RU-66	36573	1	2024-10-17 13:40:32.940429+02	2024-10-17 13:40:32.940429+02		\N	\N	\N	14	TC Grand K_8867	2	2024-10-17 13:49:44.204175	[{"day": "Monday", "end": "-", "start": "-", "dinner": "", "working": false}, {"day": "Tuesday", "end": "-", "start": "-", "dinner": "", "working": false}, {"day": "Wednesday", "end": "-", "start": "-", "dinner": "", "working": false}, {"day": "Thursday", "end": "-", "start": "-", "dinner": "", "working": false}, {"day": "Friday", "end": "-", "start": "-", "dinner": "", "working": false}, {"day": "Saturday", "end": "-", "start": "-", "dinner": "", "working": false}, {"day": "Sunday", "end": "-", "start": "-", "dinner": "", "working": false}]	\N	0	[{"label":"id","value":8867}]		\N
27	ул. Демехина	t	NaN	NaN	Russian Federation	Saint Petersburg City	St Petersburg	RU	RU-66	36573	1	2024-10-17 13:45:07.459224+02	2024-10-17 13:45:07.459224+02		\N	\N	\N	14	TC Grand K_8867	2	2024-10-17 13:49:44.205068	[{"day": "Monday", "end": "-", "start": "-", "dinner": "", "working": false}, {"day": "Tuesday", "end": "-", "start": "-", "dinner": "", "working": false}, {"day": "Wednesday", "end": "-", "start": "-", "dinner": "", "working": false}, {"day": "Thursday", "end": "-", "start": "-", "dinner": "", "working": false}, {"day": "Friday", "end": "-", "start": "-", "dinner": "", "working": false}, {"day": "Saturday", "end": "-", "start": "-", "dinner": "", "working": false}, {"day": "Sunday", "end": "-", "start": "-", "dinner": "", "working": false}]	\N	0	[{"label":"id","value":8867}]		\N
26	проспект Лебедева	t	NaN	NaN	Russian Federation	Chelyabinsk	Chelyabinsk	RU	RU-13	36550	1	2024-10-17 13:45:06.830536+02	2024-10-17 13:45:06.830536+02		\N	\N	\N	14	Almaz_8866	2	2024-10-17 16:12:46.481813	[{"day": "Monday", "end": "-", "start": "-", "dinner": "", "working": false}, {"day": "Tuesday", "end": "-", "start": "-", "dinner": "", "working": false}, {"day": "Wednesday", "end": "-", "start": "-", "dinner": "", "working": false}, {"day": "Thursday", "end": "-", "start": "-", "dinner": "", "working": false}, {"day": "Friday", "end": "-", "start": "-", "dinner": "", "working": false}, {"day": "Saturday", "end": "-", "start": "-", "dinner": "", "working": false}, {"day": "Sunday", "end": "-", "start": "-", "dinner": "", "working": false}]	\N	0	[{"label":"id","value":26}]		\N
25	проспект Лебедева	t	NaN	NaN	Russian Federation	Chelyabinsk	Chelyabinsk	RU	RU-13	36550	1	2024-10-17 13:40:33.550116+02	2024-10-17 13:40:33.550116+02		\N	\N	\N	14	Almaz_8866	2	2024-10-17 16:12:46.483295	[{"day": "Monday", "end": "-", "start": "-", "dinner": "", "working": false}, {"day": "Tuesday", "end": "-", "start": "-", "dinner": "", "working": false}, {"day": "Wednesday", "end": "-", "start": "-", "dinner": "", "working": false}, {"day": "Thursday", "end": "-", "start": "-", "dinner": "", "working": false}, {"day": "Friday", "end": "-", "start": "-", "dinner": "", "working": false}, {"day": "Saturday", "end": "-", "start": "-", "dinner": "", "working": false}, {"day": "Sunday", "end": "-", "start": "-", "dinner": "", "working": false}]	\N	0	[{"label":"id","value":25}]		\N
22	test	t	37.6237432	55.7181907	Russian Federation	Moscow City	Moscow	RU	RU-48	36557	1	2024-10-17 13:29:47.886625+02	2024-10-17 13:29:47.886625+02	test	\N	\N	\N	14	test	2	\N	[]	\N	0	[{"label":"zip_code","value":""},{"label":"email","value":""}]		g
30	улица Новый Арбат, 13    	t	0	0	Netherlands	Friesland	Moscou	NL	NL-02	32995	1	2024-12-18 08:43:13.172825+01	2024-12-18 08:43:13.172825+01		\N	\N	\N	30	Новый Арбат	1	\N	[]	\N	0	[{"label":"zip_code","value":""},{"label":"email","value":""}]		121
29	Михайловский проезд, 3с13	t	0	0	Netherlands	Friesland	Moscou	NL	NL-02	32995	1	2024-12-18 08:43:12.530634+01	2024-12-18 08:43:12.530634+01		\N	\N	\N	30	Михайловский проезд	1	\N	[]	\N	0	[{"label":"zip_code","value":""},{"label":"email","value":""}]		1223
31	Тверская улица, 15	t	37.607641	55.7626832	Russian Federation	Moscow City	Moscow	RU	RU-48	36557	1	2024-12-18 08:43:13.812224+01	2024-12-18 08:43:13.812224+01	тест	\N	https://proxy.happeas.space/file/read/local/1/images.jpeg	\N	30	Тверская	1	\N	[]	\N	0	[{"label":"zip_code","value":"00000"},{"label":"email","value":""}]	Russian Federation, Moscow, Тверская улица, 15	111
\.


--
-- Data for Name: migrations; Type: TABLE DATA; Schema: public; Owner: pma
--

COPY public.migrations (id, "timestamp", name) FROM stdin;
1	1707765209267	CreateUserTable1707765209267
2	1707767284730	CreateUserNote1707767284730
3	1707768291732	CreateUserRoleGroup1707768291732
4	1708333142341	UserGroupLink1708333142341
5	1708333366962	UserRoleLink1708333366962
6	1708361731509	UserRoleActions1708361731509
7	1708412702608	UserRestartPassword1708412702608
8	1708458134906	UserHandbook1708458134906
9	1708505560431	UserHandbookValue1708505560431
10	1709147660053	UserHandbookFilling1709147660053
11	1709196522219	UserAddNameLastName1709196522219
12	1709197946948	RoleAddColumnDef1709197946948
13	1709544285850	FileManager1709544285850
14	1709723552167	FileManagerAddColumn1709723552167
15	1709799546172	FileManagerUserProvider1709799546172
16	1709808254736	FileManagerAddID1709808254736
17	1709808682596	FileManagerAlertGroupID1709808682596
18	1709902066502	Notifications1709902066502
19	1710411081257	NotificationTemplateColumn1710411081257
20	1710937332430	RouteBase1710937332430
21	1711531086528	UserColumnGeo1711531086528
22	1711624698043	UpdateColumnLcations1711624698043
23	1711625274762	RouteGroup1711625274762
24	1711702575595	AddColumnLocation1711702575595
25	1711710316691	UserSetting1711710316691
26	1712060263253	ExecutionLocation1712060263253
27	1712908001251	AddColumnUser12041712908001251
28	1713197227323	AddColumnUserClients1713197227323
29	1713368882164	TableImport1713368882164
30	1713424412619	TableImportColumn1713424412619
31	1713862265396	IntegrationTable1713862265396
32	1714382851141	Questionnaires1714382851141
33	1714993067583	AddAnswerColumn1714993067583
34	1714994627791	AddAnswerColumnV21714994627791
35	1714995760147	AddAnswerColumnV31714995760147
36	1714997283877	AddAnswerColumnV41714997283877
37	1715092238445	AddIndexSection1715092238445
38	1715702532150	AddStatus1715702532150
39	1715702951371	AddStatusV21715702951371
40	1715704644474	AddScoreAnswer1715704644474
41	1715793314753	TableAddExecutions1715793314753
42	1715845868438	TableAddExecutionV11715845868438
43	1715869674259	TableAddExecutionV21715869674259
44	1715871575921	TableAddExecutionV31715871575921
45	1715874655508	TableAddExecutionV41715874655508
46	1715934189174	UpdateTypeCounty1715934189174
47	1716193370521	AddColumnAnswerV41716193370521
48	1716288608792	AddColumnReserved1716288608792
49	1716719052863	HandbookAddColumn1716719052863
50	1716972407220	AddColumnEx1716972407220
51	1717591953289	CreateProgramType1717591953289
52	1717744224172	AddColumnLocationExecution1717744224172
53	1718017716507	CreateAppealTable1718017716507
54	1718103321379	LocationGroupUserLink1718103321379
55	1718180101050	AppealAddColumn1718180101050
56	1718192373726	AddColumnProgramType1718192373726
57	1718197711536	CreateAppealRepliesTable1718197711536
58	1718201102804	AppealRepliesAddColumn1718201102804
59	1718274695080	FixSynsAuth1718274695080
60	1718276892761	FixHandbookFilling1718276892761
61	1718280045823	FixLocation1718280045823
62	1718340596121	AddColumnAppealQuestions1718340596121
63	1718355702766	FixRouteManager1718355702766
64	1718609179960	AddLocationGroupColumn1718609179960
65	1718616989516	FixLocationGroup1718616989516
66	1718628465563	FixReserved1718628465563
67	1718688296952	CreateCompetitorRelation1718688296952
68	1718696964559	BonusSystem1718696964559
69	1718785259970	BonusLinks1718785259970
70	1718808938455	FixLocationStore1718808938455
71	1718809215258	FixLocationStoreV21718809215258
72	1718858757982	AlterUserStatusColumn1718858757982
73	1718870688238	AddProgramColumn1718870688238
74	1718959699118	FixCreateGroups1718959699118
75	1718975461520	FixCreateWorkers1718975461520
76	1719232125924	AddColumnDeleteAt1719232125924
77	1719302300633	ColumnRole1719302300633
78	1719309748694	AddColumnLocations1719309748694
79	1719568066891	QuestionnairesAddColumn1719568066891
80	1719579726394	AddColEx1719579726394
81	1719819849662	CreateCommentsTable1719819849662
82	1719821615787	AddClientLevel1719821615787
83	1720085878592	FixLocations1720085878592
84	1720101352993	FixUserClient1720101352993
85	1720167113845	AddColumnProject1720167113845
86	1720259933500	ExecutionInstractions1720259933500
87	1720431351307	AddColumnLocationGroupSoftDelete1720431351307
88	1720431851008	AddColumnLocationShowOnMap1720431851008
89	1720436067328	CreateTableClientSubdivisions1720436067328
90	1720514450779	AddColumnExloc1720514450779
91	1720519936559	FixWorkersNull1720519936559
92	1720534714231	AddColumnWorker1720534714231
93	1720600626106	FixTemplate1720600626106
94	1720604149268	FixLocation1720604149268
95	1720854824175	AddLinksGroups1720854824175
96	1721031052279	AddColumnUid1721031052279
97	1721196992329	AddAccessContent1721196992329
98	1721197844278	RenameColumn1721197844278
99	1721204404127	AddAccessContentProgramAndClient1721204404127
100	1721236502825	ChangeStatus1721236502825
101	1721489362189	AddClietNull1721489362189
102	1721811110518	CreateSchedulingShops1721811110518
103	1721974535646	AddColumnSchedulerIdSchedulingShops1721974535646
104	1723625505302	AddMisColumn1723625505302
105	1723626147971	AddMisColumn1723626147971
106	1723632338272	AddMisColumn1723632338272
107	1725622067840	QuestionInteg1725622067840
108	1725868218864	AddStatusQuest1725868218864
109	1726645137912	LocationCategories1726645137912
110	1726647468161	LocationCategoryLink1726647468161
111	1726751581993	AddColumnLocationCategory1726751581993
112	1727163334238	NotificationColumn1727163334238
113	1727176536401	NotificationColumn1727176536401
114	1727251640468	UserNotification1727251640468
115	1727702850253	NotificationUsers1727702850253
116	1727881039190	AddColumnNotifi1727881039190
117	1728043685053	AddColumn1728043685053
118	1728459266046	LocationCategoryFilling1728459266046
119	1728913374011	AddColorHandbook1728913374011
120	1728982966933	AddColorFilling1728982966933
121	1729682525390	AddColumnSurvey1729682525390
122	1729684857375	AddColumnSurveyV21729684857375
123	1729685319321	AddSurveyOptions1729685319321
124	1729688508510	AddSurveyOptionsCol1729688508510
125	1729689555225	AddSurveyOptionsColV21729689555225
126	1729944638550	AddColumnCourse1729944638550
127	1729951331476	AddColumnCourseV11729951331476
128	1730463327018	AddColumnsShop1730463327018
129	1730702581915	AddHach1730702581915
130	1730709420992	AddColumnAnswer1730709420992
131	1730709907874	AddColumnShops1730709907874
132	1730966075713	AddFields1730966075713
133	1731067261048	AddBgColor1731067261048
134	1731310402984	AddColumnClient1731310402984
135	1731318735665	AddColumnQuestion1731318735665
136	1731565567670	ChangeCustomization1731565567670
137	1732087349590	DeleteColumnFile1732087349590
138	1732103864597	AddFieldValidation1732103864597
139	1732701270568	ExecutionAddValidator1732701270568
140	1732536338627	AddColumnLocation1732536338627
141	1732781053629	RenameColumn1732781053629
142	1732863938507	AddFields1732863938507
143	1732865480822	AddFilds1732865480822
144	1733125644762	AddMistick1733125644762
145	1733134688149	AddFieldAnswers1733134688149
146	1733227636154	AddFilds1733227636154
147	1733298115807	AddFieldAnswer1733298115807
148	1733299184904	AddFieldAnswer1733299184904
149	1733387486735	AddFil1733387486735
150	1733391588364	BounsPay1733391588364
151	1733814007014	AddFilds1733814007014
152	1733819965853	AddFilds1733819965853
153	1733823976159	AddFilds1733823976159
154	1733837352587	AddFilds1733837352587
155	1733837621044	AddFilds1733837621044
\.


--
-- Data for Name: mystery_shopper_visit; Type: TABLE DATA; Schema: public; Owner: pma
--

COPY public.mystery_shopper_visit (id, questionnaire_answer_links_id, location_execution_id, location_id, visit_date, status, payment_status, visit_price, payment_price, discount_price, total_price, user_id, comment, visit_date_time, visit_start, visit_start_time, bank, expense_price, expense_bank, expense_course, incentive_price, incentive_bank, incentive_course, reimbursement_price, reimbursement_bank, reimbursement_course, special_price, special_bank, special_course, special_description, shop_id, course, visit_start_date) FROM stdin;
1	0	1	20	2024-10-06 00:00:00	2	0	50.00	50.00	0.00	50.00	2	\N	08:52:59	00:00:00	08:52:59	bank_1	0	bank_1	usd	0	A-Bank	usd	0	bank_1	usd	0	bank_1	usd		1	\N	\N
2	0	7	22	2024-10-29 00:00:00	2	0	50.00	50.00	0.00	50.00	2	\N	16:24:01	16:24:01	\N	bank_1	0	bank_1	usd	0	bank_1	usd	0	bank_1	usd	0	bank_1	usd		2	usd	2024-10-30
\.


--
-- Data for Name: program_type; Type: TABLE DATA; Schema: public; Owner: pma
--

COPY public.program_type (id, client_id, program_type, language, rotation, max_shop_repetition, gap_between_shops, description, is_notifications, is_bonus_system, client_incentive, incentive, status, deleted_at, bonus_id, delete_at) FROM stdin;
4	14	2	Русский	6	5	2	тететететете	t	f	f	f	\N	2024-12-17 08:36:40.267151	0	\N
3	10	1	en	1	2	2	55	f	f	f	f	\N	2024-12-17 08:36:40.270184	0	\N
2	3	1	de	1	1	2	Ders	t	f	f	f	\N	2024-12-17 08:36:40.271565	0	\N
1	11	1	en	2	6	2	Zoltan Test Program 2024.	t	t	t	t	1	2024-12-17 08:36:40.272342	0	\N
5	11	1	en	10	10	12	It looks like you’re no longer using the Ubersuggest Chrome extension. We’ve automatically disabled it. You can turn it back on quickly by toggling the “Enable” button.	f	f	f	f	\N	\N	0	\N
6	14	1	Русский	1	1	1	The Personal Shopper will provide advice, guidance, and buying services to customers with their advanced knowledge of products	f	f	f	f	\N	\N	0	\N
7	11	2	en	1	23	2	A frequent shopper program is one that rewards customers for purchases made on multiple visits, and builds up points entitling them to reduced prices and free	f	f	f	f	\N	\N	0	\N
8	30	2	Русский	6	5	2	Борн ротация	f	f	f	f	\N	\N	0	\N
\.


--
-- Data for Name: program_type_access; Type: TABLE DATA; Schema: public; Owner: pma
--

COPY public.program_type_access (id, program_id, user_id) FROM stdin;
\.


--
-- Data for Name: program_type_questionnaire_links; Type: TABLE DATA; Schema: public; Owner: pma
--

COPY public.program_type_questionnaire_links (id, program_type_id, questionnaire_id) FROM stdin;
27	1	67
28	1	68
29	1	71
30	4	72
31	4	73
32	7	76
33	7	77
34	7	78
35	7	79
36	7	80
37	7	81
38	7	82
39	7	83
40	8	84
\.


--
-- Data for Name: questionnaire_answer_links; Type: TABLE DATA; Schema: public; Owner: pma
--

COPY public.questionnaire_answer_links (id, questionnaire_id, date, "time", created_at, updated_at, custom_name, location_id, location_name, country, region, city, city_id, time_end, who_created, status, score, score_percent, country_id, region_id, draft, shopper_id, deleted_at, shop_id, validator_comment) FROM stdin;
10	76	2024-12-19	14:08:49	2024-12-17 11:59:16.28455	2024-12-17 11:59:16.28455	\N	20	Londýnská 558	Czech Republic	\N	Liberec	9953	\N	27	11	\N	\N	CZ	\N	0	27	\N	140	\N
9	76	2024-12-20	10:44:05	2024-12-17 09:09:50.545142	2024-12-17 09:09:50.545142	\N	21	Londýnská 5538	Czech Republic	\N	Liberec	9953	\N	27	9	\N	\N	CZ	\N	0	27	\N	139	\N
11	84	2024-12-19	12:53:02	2024-12-18 10:01:02.887937	2024-12-18 10:01:02.887937	\N	29	Михайловский проезд, 3с13	Netherlands	\N	Moscou	32995	\N	27	11	\N	\N	NL	\N	0	27	\N	146	\N
\.


--
-- Data for Name: questionnaire_answer_statistics; Type: TABLE DATA; Schema: public; Owner: pma
--

COPY public.questionnaire_answer_statistics (id, questionnaire_id, identification, type, score, param_json, created_at, updated_at, deleted_at, answer_link_id) FROM stdin;
\.


--
-- Data for Name: questionnaire_answers; Type: TABLE DATA; Schema: public; Owner: pma
--

COPY public.questionnaire_answers (id, questionnaire_answer_link, questionnaire_id, questionnaire_question_id, answer, created_at, updated_at, link_id, score, total_score, no_answer, status, service, deleted_at, comment, required, comment_validator, reason_validator, files, incorrect, param_json) FROM stdin;
133	10	76	112	ewqqweqweqweqweqw	2024-12-17 11:59:16.348931	2024-12-17 11:59:16.348931	\N	0	1	f	0	\N	\N		t	\N	\N	[]	f	{}
134	10	76	109	-	2024-12-17 11:59:16.355346	2024-12-17 11:59:16.355346	\N	0	0	f	0	\N	\N		t	\N	\N	["https://proxy.happeas.space/file/read/local/27/image (4).webp"]	f	{}
135	10	76	113		2024-12-17 11:59:16.359731	2024-12-17 11:59:16.359731	\N	0	0	t	0	\N	\N		f	\N	\N	[]	f	{}
136	10	76	114	5	2024-12-17 11:59:16.366133	2024-12-17 11:59:16.366133	\N	0	0	f	0	\N	\N		t	\N	\N	[]	f	{}
137	10	76	115	2	2024-12-17 11:59:16.380048	2024-12-17 11:59:16.380048	\N	0	0	f	0	\N	\N		t	\N	\N	[]	f	{}
139	10	76	117	{"132":2,"133":2,"134":2}	2024-12-17 11:59:16.389473	2024-12-17 11:59:16.389473	\N	0	0	f	0	\N	\N		t	\N	\N	[]	f	{}
112	9	76	105	Developer	2024-12-17 09:09:50.592453	2024-12-17 09:09:50.592453	\N	8	10	f	0	\N	\N		t	\N	\N	[]	f	{}
117	9	76	107	15678765432	2024-12-17 09:09:50.64448	2024-12-17 09:09:50.64448	\N	0	0	f	0	\N	\N		t	\N	\N	[]	f	{}
118	9	76	108	test@gmail.com	2024-12-17 09:09:50.648927	2024-12-17 09:09:50.648927	\N	0	0	f	0	\N	\N		t	\N	\N	[]	f	{}
119	9	76	109	-	2024-12-17 09:09:50.654046	2024-12-17 09:09:50.654046	\N	0	0	f	0	\N	\N		t	\N	\N	["https://proxy.happeas.space/file/read/local/27/PXL_20241212_085032671.webp"]	f	{}
121	9	76	113		2024-12-17 09:24:02.716462	2024-12-17 09:24:02.716462	\N	0	0	t	0	\N	\N		f	\N	\N	[]	f	{}
122	9	76	114	6	2024-12-17 09:24:02.722001	2024-12-17 09:24:02.722001	\N	0	0	f	0	\N	\N		t	\N	\N	[]	f	{}
123	9	76	115	6	2024-12-17 09:24:02.728331	2024-12-17 09:24:02.728331	\N	0	0	f	0	\N	\N		t	\N	\N	[]	f	{}
113	9	76	104	2024-12-20	2024-12-17 09:09:50.606886	2024-12-17 09:09:50.606886	\N	0	1	f	1	\N	\N		t	\N	\N	[]	f	{}
115	9	76	106	{"name":"fgfd","surname":"fds","last_name":"fds"}	2024-12-17 09:09:50.634723	2024-12-17 09:09:50.634723	\N	0	0	f	1	\N	\N		t	\N	\N	[]	f	{}
116	9	76	111	125	2024-12-17 09:09:50.64038	2024-12-17 09:09:50.64038	\N	0	0	f	1	\N	\N		t	\N	\N	[]	f	{}
120	9	76	112	ewqqweqweqweqweqw	2024-12-17 09:24:02.69893	2024-12-17 09:24:02.69893	\N	0	1	f	1	\N	\N		t	\N	\N	[]	f	{}
114	9	76	110	10 year	2024-12-17 09:09:50.626965	2024-12-17 09:09:50.626965	\N	6	20	f	1	\N	\N		t	\N	\N	[]	f	{}
125	9	76	117	{"132":1,"133":2,"134":1}	2024-12-17 09:24:02.739951	2024-12-17 09:24:02.739951	\N	0	0	f	1	\N	\N		t	\N	\N	[]	f	{}
126	10	76	105	Building	2024-12-17 11:59:16.31532	2024-12-17 11:59:16.31532	\N	0	10	f	0	\N	\N		t	\N	\N	[]	f	{}
127	10	76	104	2024-12-22	2024-12-17 11:59:16.321097	2024-12-17 11:59:16.321097	\N	0	1	f	0	\N	\N		t	\N	\N	[]	f	{}
128	10	76	110	1 year	2024-12-17 11:59:16.325909	2024-12-17 11:59:16.325909	\N	0	20	f	0	\N	\N		t	\N	\N	[]	f	{}
129	10	76	106	{"name":"ert","surname":"dfgh","last_name":"dfg"}	2024-12-17 11:59:16.332035	2024-12-17 11:59:16.332035	\N	0	0	f	0	\N	\N		t	\N	\N	[]	f	{}
130	10	76	111	127	2024-12-17 11:59:16.336473	2024-12-17 11:59:16.336473	\N	0	0	f	0	\N	\N		t	\N	\N	[]	f	{}
131	10	76	107	14678765432	2024-12-17 11:59:16.34021	2024-12-17 11:59:16.34021	\N	0	0	f	0	\N	\N		t	\N	\N	[]	f	{}
132	10	76	108	2345678965432222@gmail.com	2024-12-17 11:59:16.3451	2024-12-17 11:59:16.3451	\N	0	0	f	0	\N	\N		t	\N	\N	[]	f	{}
153	10	76	129	-	2024-12-19 14:04:20.139876	2024-12-19 14:04:20.139876	\N	0	0	f	0	\N	\N		t	\N	\N	["https://proxy.happeas.space/file/read/local/27/htmlimage.webp"]	f	{}
138	10	76	116	{"{\\"id\\":131,\\"questionnaire_id\\":76,\\"question_id\\":116,\\"option_text\\":\\"Test two\\",\\"score\\":0,\\"sort\\":null,\\"finish_survey\\":true,\\"is_comment_required\\":false,\\"use_statistics\\":false,\\"ignore_all_scores\\":false,\\"ignore_score\\":false,\\"group\\":0,\\"row\\":0,\\"col\\":0,\\"image\\":\\"https://sboridey.ru/backend/web/constructor/images-elements/undefined\\",\\"created_at\\":\\"2024-12-17T08:22:59.636Z\\",\\"updated_at\\":\\"2024-12-17T08:22:59.636Z\\"}","{\\"id\\":129,\\"questionnaire_id\\":76,\\"question_id\\":116,\\"option_text\\":\\"Test one\\",\\"score\\":0,\\"sort\\":null,\\"finish_survey\\":false,\\"is_comment_required\\":false,\\"use_statistics\\":false,\\"ignore_all_scores\\":false,\\"ignore_score\\":false,\\"group\\":0,\\"row\\":0,\\"col\\":0,\\"image\\":\\"https://sboridey.ru/backend/web/constructor/images-elements/undefined\\",\\"created_at\\":\\"2024-12-17T08:22:59.622Z\\",\\"updated_at\\":\\"2024-12-17T08:22:59.622Z\\"}","{\\"id\\":130,\\"questionnaire_id\\":76,\\"question_id\\":116,\\"option_text\\":\\"Test three\\",\\"score\\":0,\\"sort\\":null,\\"finish_survey\\":true,\\"is_comment_required\\":false,\\"use_statistics\\":false,\\"ignore_all_scores\\":false,\\"ignore_score\\":false,\\"group\\":0,\\"row\\":0,\\"col\\":0,\\"image\\":\\"https://sboridey.ru/backend/web/constructor/images-elements/undefined\\",\\"created_at\\":\\"2024-12-17T08:22:59.629Z\\",\\"updated_at\\":\\"2024-12-17T08:22:59.629Z\\"}"}	2024-12-17 11:59:16.38389	2024-12-17 11:59:16.38389	\N	0	0	f	0	\N	\N		t	\N	\N	[]	f	{}
151	10	76	127	-	2024-12-19 14:04:20.096406	2024-12-19 14:04:20.096406	\N	0	0	f	0	\N	\N		t	\N	\N	["https://proxy.happeas.space/file/read/local/27/image (4).webp"]	f	{}
152	10	76	128	-	2024-12-19 14:04:20.131832	2024-12-19 14:04:20.131832	\N	0	0	f	0	\N	\N		t	\N	\N	["https://proxy.happeas.space/file/read/local/27/image (4).webp"]	f	{}
140	11	84	121	Нет	2024-12-18 10:01:02.95509	2024-12-18 10:01:02.95509	\N	0	1	f	0	\N	\N		t	\N	\N	[]	f	{}
141	11	84	120	Да	2024-12-18 10:01:02.983237	2024-12-18 10:01:02.983237	\N	0	0	f	0	\N	\N		t	\N	\N	[]	f	{}
142	11	84	119	2024-12-18	2024-12-18 10:01:03.005535	2024-12-18 10:01:03.005535	\N	0	1	f	0	\N	\N		t	\N	\N	[]	f	{}
143	11	84	125	8	2024-12-18 10:01:03.010565	2024-12-18 10:01:03.010565	\N	0	0	f	0	\N	\N		t	\N	\N	[]	f	{}
144	11	84	122	ррлрюдрлол	2024-12-18 10:01:03.015896	2024-12-18 10:01:03.015896	\N	0	1	f	0	\N	\N		t	\N	\N	[]	f	{}
145	11	84	124	Нет	2024-12-18 10:01:03.023001	2024-12-18 10:01:03.023001	\N	0	1	f	0	\N	\N		t	\N	\N	[]	f	{}
146	11	84	126	Поднимется настроение	2024-12-18 10:01:03.043541	2024-12-18 10:01:03.043541	\N	0	0	f	0	\N	\N		t	\N	\N	[]	f	{}
147	11	84	123	рлопоролоь	2024-12-18 10:01:03.04975	2024-12-18 10:01:03.04975	\N	0	1	f	0	\N	\N		t	\N	\N	[]	f	{}
149	9	76	128	-	2024-12-19 09:48:36.567688	2024-12-19 09:48:36.567688	\N	0	0	f	0	\N	\N		t	\N	\N	["https://proxy.happeas.space/file/read/local/27/888cf896e0b3f1e4466ba21eadf97248.webm"]	f	{}
150	9	76	129	-	2024-12-19 09:48:36.573579	2024-12-19 09:48:36.573579	\N	0	0	f	0	\N	\N		t	\N	\N	["https://proxy.happeas.space/file/read/local/27/dbd74aebe35f08f96a55c2ab57e2fab2.mp3"]	f	{}
148	9	76	127	-	2024-12-19 09:48:36.553423	2024-12-19 09:48:36.553423	\N	0	0	f	1	\N	\N		t	\N	\N	["https://proxy.happeas.space/file/read/local/27/PXL_20241212_085032671.webp"]	f	{}
124	9	76	116	{"{\\"id\\":131,\\"questionnaire_id\\":76,\\"question_id\\":116,\\"option_text\\":\\"Test two\\",\\"score\\":0,\\"sort\\":null,\\"finish_survey\\":true,\\"is_comment_required\\":false,\\"use_statistics\\":false,\\"ignore_all_scores\\":false,\\"ignore_score\\":false,\\"group\\":0,\\"row\\":0,\\"col\\":0,\\"image\\":\\"https://sboridey.ru/backend/web/constructor/images-elements/undefined\\",\\"created_at\\":\\"2024-12-17T08:22:59.636Z\\",\\"updated_at\\":\\"2024-12-17T08:22:59.636Z\\"}","{\\"id\\":129,\\"questionnaire_id\\":76,\\"question_id\\":116,\\"option_text\\":\\"Test one\\",\\"score\\":0,\\"sort\\":null,\\"finish_survey\\":false,\\"is_comment_required\\":false,\\"use_statistics\\":false,\\"ignore_all_scores\\":false,\\"ignore_score\\":false,\\"group\\":0,\\"row\\":0,\\"col\\":0,\\"image\\":\\"https://sboridey.ru/backend/web/constructor/images-elements/undefined\\",\\"created_at\\":\\"2024-12-17T08:22:59.622Z\\",\\"updated_at\\":\\"2024-12-17T08:22:59.622Z\\"}","{\\"id\\":130,\\"questionnaire_id\\":76,\\"question_id\\":116,\\"option_text\\":\\"Test three\\",\\"score\\":0,\\"sort\\":null,\\"finish_survey\\":true,\\"is_comment_required\\":false,\\"use_statistics\\":false,\\"ignore_all_scores\\":false,\\"ignore_score\\":false,\\"group\\":0,\\"row\\":0,\\"col\\":0,\\"image\\":\\"https://sboridey.ru/backend/web/constructor/images-elements/undefined\\",\\"created_at\\":\\"2024-12-17T08:22:59.629Z\\",\\"updated_at\\":\\"2024-12-17T08:22:59.629Z\\"}"}	2024-12-17 09:24:02.733517	2024-12-17 09:24:02.733517	\N	0	0	f	0	\N	\N		t	\N	\N	[]	f	{}
\.


--
-- Data for Name: questionnaire_mistakes; Type: TABLE DATA; Schema: public; Owner: pma
--

COPY public.questionnaire_mistakes (id, mistake, type, point) FROM stdin;
30	Missing or illegible proof	1	1
31	Needed multiple calls to clarify task	1	1
32	Late submission of report	1	1
33	Made mistakes in role to be played	1	1
34	Copy-pasting nearly identical text in different reports	1	1
35	Returning the purchased item before the allowed date	1	1
36	Respondent was spotted	1	1
37	Did not do the test him-/herself	1	1
38	Misinterpreting facts / lying about experience	1	1
39	Inappropriate amount of purchase	1	1
40	Well elaborated work	0	1
41	Informed us about the problem in advance	0	1
42	Beginner respondent	0	1
43	Reliable respondent	0	1
44	Last minute replacement shopper	0	1
45	Difficult project or difficult location	0	1
46	Anticipated technical problems but warned us ahead	0	1
\.


--
-- Data for Name: questionnaire_mistakes_links; Type: TABLE DATA; Schema: public; Owner: pma
--

COPY public.questionnaire_mistakes_links (id, answer_link_id, mistake_id, validator_id, date_created, answer_id) FROM stdin;
\.


--
-- Data for Name: questionnaire_question_options; Type: TABLE DATA; Schema: public; Owner: pma
--

COPY public.questionnaire_question_options (id, questionnaire_id, question_id, option_text, score, created_at, updated_at, sort, finish_survey, is_comment_required, use_statistics, ignore_all_scores, ignore_score, "group", "row", col, image) FROM stdin;
116	76	105	Building	0	2024-12-17 08:58:01.854615	2024-12-17 08:58:01.854615	\N	f	f	f	f	f	0	0	0	https://sboridey.ru/backend/web/constructor/images-elements/undefined
117	76	105	Plumber	0	2024-12-17 08:58:01.87661	2024-12-17 08:58:01.87661	\N	f	f	f	f	f	0	0	0	https://sboridey.ru/backend/web/constructor/images-elements/undefined
118	76	105	Developer	8	2024-12-17 08:58:01.906363	2024-12-17 08:58:01.906363	\N	f	t	f	f	f	0	0	0	https://sboridey.ru/backend/web/constructor/images-elements/undefined
119	76	105	Mechanic	2	2024-12-17 08:58:01.920808	2024-12-17 08:58:01.920808	\N	f	f	f	f	f	0	0	0	https://sboridey.ru/backend/web/constructor/images-elements/undefined
120	76	110	1 year	0	2024-12-17 08:58:01.933505	2024-12-17 08:58:01.933505	\N	f	f	f	f	f	0	0	0	https://sboridey.ru/backend/web/constructor/images-elements/undefined
121	76	110	3 year	2	2024-12-17 08:58:01.947349	2024-12-17 08:58:01.947349	\N	f	f	f	f	f	0	0	0	https://sboridey.ru/backend/web/constructor/images-elements/undefined
122	76	110	5 year	5	2024-12-17 08:58:01.961504	2024-12-17 08:58:01.961504	\N	f	t	f	f	f	0	0	0	https://sboridey.ru/backend/web/constructor/images-elements/undefined
123	76	110	10 year	6	2024-12-17 08:58:01.96676	2024-12-17 08:58:01.96676	\N	f	t	f	f	f	0	0	0	https://sboridey.ru/backend/web/constructor/images-elements/undefined
124	76	110	15 year	8	2024-12-17 08:58:01.972345	2024-12-17 08:58:01.972345	\N	f	t	f	f	f	0	0	0	https://sboridey.ru/backend/web/constructor/images-elements/undefined
125	76	111	Snoopdog	0	2024-12-17 08:58:02.015986	2024-12-17 08:58:02.015986	\N	f	f	f	f	f	0	0	0	https://sboridey.ru/backend/web/constructor/images-elements/67612ea5cd003.jpg
126	76	111	dogs	0	2024-12-17 08:58:02.022826	2024-12-17 08:58:02.022826	\N	f	f	f	f	f	0	0	0	https://sboridey.ru/backend/web/constructor/images-elements/undefined
127	76	111	Monkey	0	2024-12-17 08:58:02.038373	2024-12-17 08:58:02.038373	\N	t	f	f	f	f	0	0	0	https://sboridey.ru/backend/web/constructor/images-elements/67612ea5cdb8d.jpeg
128	76	111	Spider	0	2024-12-17 08:58:02.049191	2024-12-17 08:58:02.049191	\N	f	f	f	f	f	0	0	0	https://sboridey.ru/backend/web/constructor/images-elements/67612ea5ce63a.jpeg
129	76	116	Test one	0	2024-12-17 09:22:59.622477	2024-12-17 09:22:59.622477	\N	f	f	f	f	f	0	0	0	https://sboridey.ru/backend/web/constructor/images-elements/undefined
130	76	116	Test three	0	2024-12-17 09:22:59.6297	2024-12-17 09:22:59.6297	\N	t	f	f	f	f	0	0	0	https://sboridey.ru/backend/web/constructor/images-elements/undefined
131	76	116	Test two	0	2024-12-17 09:22:59.636271	2024-12-17 09:22:59.636271	\N	t	f	f	f	f	0	0	0	https://sboridey.ru/backend/web/constructor/images-elements/undefined
132	76	117	Row 1	0	2024-12-17 09:22:59.651846	2024-12-17 09:22:59.651846	\N	f	f	f	f	f	2	9	1	0
133	76	117	Row 2	0	2024-12-17 09:22:59.659533	2024-12-17 09:22:59.659533	\N	f	f	f	f	f	2	9	2	0
134	76	117	Row 3	0	2024-12-17 09:22:59.66562	2024-12-17 09:22:59.66562	\N	f	f	f	f	f	2	9	3	0
135	83	118	цйй	0	2024-12-18 08:58:42.083148	2024-12-18 08:58:42.083148	\N	f	f	f	f	f	0	0	0	https://sboridey.ru/backend/web/constructor/images-elements/undefined
136	84	120	Да	0	2024-12-18 09:15:22.010097	2024-12-18 09:15:22.010097	\N	f	f	f	f	f	0	0	0	https://sboridey.ru/backend/web/constructor/images-elements/undefined
137	84	121	Да	1	2024-12-18 09:15:22.021315	2024-12-18 09:15:22.021315	\N	f	f	f	f	f	0	0	0	https://sboridey.ru/backend/web/constructor/images-elements/undefined
138	84	120	Нет	0	2024-12-18 09:15:22.027166	2024-12-18 09:15:22.027166	\N	f	f	f	f	f	0	0	0	https://sboridey.ru/backend/web/constructor/images-elements/undefined
139	84	121	Нет	0	2024-12-18 09:15:22.030537	2024-12-18 09:15:22.030537	\N	f	f	f	f	f	0	0	0	https://sboridey.ru/backend/web/constructor/images-elements/undefined
140	84	120	Затрудняюсь ответить	0	2024-12-18 09:15:22.036858	2024-12-18 09:15:22.036858	\N	f	f	f	f	f	0	0	0	https://sboridey.ru/backend/web/constructor/images-elements/undefined
141	84	124	Да	1	2024-12-18 09:15:22.047028	2024-12-18 09:15:22.047028	\N	f	f	f	f	f	0	0	0	https://sboridey.ru/backend/web/constructor/images-elements/undefined
142	84	125	1	0	2024-12-18 09:15:22.06129	2024-12-18 09:15:22.06129	\N	f	f	f	f	f	0	0	0	https://sboridey.ru/backend/web/constructor/images-elements/undefined
143	84	124	Нет	0	2024-12-18 09:15:22.061344	2024-12-18 09:15:22.061344	\N	f	f	f	f	f	0	0	0	https://sboridey.ru/backend/web/constructor/images-elements/undefined
144	84	125	2	0	2024-12-18 09:15:22.066656	2024-12-18 09:15:22.066656	\N	f	f	f	f	f	0	0	0	https://sboridey.ru/backend/web/constructor/images-elements/undefined
145	84	125	3	0	2024-12-18 09:15:22.072457	2024-12-18 09:15:22.072457	\N	f	f	f	f	f	0	0	0	https://sboridey.ru/backend/web/constructor/images-elements/undefined
146	84	125	4	0	2024-12-18 09:15:22.077869	2024-12-18 09:15:22.077869	\N	f	f	f	f	f	0	0	0	https://sboridey.ru/backend/web/constructor/images-elements/undefined
147	84	125	5	0	2024-12-18 09:15:22.081983	2024-12-18 09:15:22.081983	\N	f	f	f	f	f	0	0	0	https://sboridey.ru/backend/web/constructor/images-elements/undefined
148	84	125	6	0	2024-12-18 09:15:22.089353	2024-12-18 09:15:22.089353	\N	f	f	f	f	f	0	0	0	https://sboridey.ru/backend/web/constructor/images-elements/undefined
149	84	125	7	0	2024-12-18 09:15:22.09286	2024-12-18 09:15:22.09286	\N	f	t	f	f	f	0	0	0	https://sboridey.ru/backend/web/constructor/images-elements/undefined
150	84	125	8	0	2024-12-18 09:15:22.103707	2024-12-18 09:15:22.103707	\N	f	f	f	f	f	0	0	0	https://sboridey.ru/backend/web/constructor/images-elements/undefined
151	84	125	9	0	2024-12-18 09:15:22.109629	2024-12-18 09:15:22.109629	\N	f	f	f	f	f	0	0	0	https://sboridey.ru/backend/web/constructor/images-elements/undefined
152	84	125	10	0	2024-12-18 09:15:22.113755	2024-12-18 09:15:22.113755	\N	f	f	f	f	f	0	0	0	https://sboridey.ru/backend/web/constructor/images-elements/undefined
153	84	126	Мне это неважно, интересуют только товары	0	2024-12-18 09:15:22.125156	2024-12-18 09:15:22.125156	\N	f	f	f	f	f	0	0	0	https://sboridey.ru/backend/web/constructor/images-elements/undefined
154	84	126	Нейтральная реакция, хороший сервис – это просто обязанность продавцов	0	2024-12-18 09:15:22.130053	2024-12-18 09:15:22.130053	\N	f	f	f	f	f	0	0	0	https://sboridey.ru/backend/web/constructor/images-elements/undefined
155	84	126	Сделаю или запланирую покупку в этом магазине 	0	2024-12-18 09:15:22.133985	2024-12-18 09:15:22.133985	\N	f	f	f	f	f	0	0	0	https://sboridey.ru/backend/web/constructor/images-elements/undefined
156	84	126	Могу потратить больше, чем было запланировано	0	2024-12-18 09:15:22.137644	2024-12-18 09:15:22.137644	\N	f	f	f	f	f	0	0	0	https://sboridey.ru/backend/web/constructor/images-elements/undefined
157	84	126	Посоветую магазин друзьям/знакомым	0	2024-12-18 09:15:22.140919	2024-12-18 09:15:22.140919	\N	f	f	f	f	f	0	0	0	https://sboridey.ru/backend/web/constructor/images-elements/undefined
158	84	126	Испытаю благодарность за хорошее обслуживание (мне это приятно)	0	2024-12-18 09:15:22.145074	2024-12-18 09:15:22.145074	\N	f	f	f	f	f	0	0	0	https://sboridey.ru/backend/web/constructor/images-elements/undefined
159	84	126	Поднимется настроение	0	2024-12-18 09:15:22.148362	2024-12-18 09:15:22.148362	\N	f	f	f	f	f	0	0	0	https://sboridey.ru/backend/web/constructor/images-elements/undefined
160	84	126	Захочется для кого-то тоже сделать что-то хорошее	0	2024-12-18 09:15:22.152205	2024-12-18 09:15:22.152205	\N	f	f	f	f	f	0	0	0	https://sboridey.ru/backend/web/constructor/images-elements/undefined
161	84	126	Другое (укажите, что именно)	0	2024-12-18 09:15:22.165696	2024-12-18 09:15:22.165696	\N	f	t	f	f	f	0	0	0	https://sboridey.ru/backend/web/constructor/images-elements/undefined
\.


--
-- Data for Name: questionnaire_questions; Type: TABLE DATA; Schema: public; Owner: pma
--

COPY public.questionnaire_questions (id, questionnaire_id, questionnaire_section_id, question, created_at, updated_at, deleted_at, identification, question_type, amount, is_required, allow_mix_questions, allow_only_numbers, allow_only_words, allow_mix_answers, multiple_choice, add_comment, comment_required, scale_amount, rate_labels, informative_text, scale_type, sort, image, max_heatmap_clicks, heatmap_time, file, attachment_min, attachment_max) FROM stdin;
60	68	20	3.Who animal?	2024-12-05 09:45:44.289516	2024-12-05 09:45:44.289516	\N	8525	single	10	t	f	f	f	f	f	f	f	\N	\N	\N	\N	2		0	0	\N	0	0
71	68	20	10.	2024-12-12 10:39:48.648686	2024-12-12 10:39:48.648686	\N	8589	matrix	0	t	f	f	f	f	f	f	f	\N	\N	\N	\N	9		0	0	\N	0	0
44	67	18	1.	2024-12-03 09:09:14.336711	2024-12-03 09:09:14.336711	\N	8481	nps	0	t	f	f	f	f	f	f	f	\N		\N	face	0	\N	0	0	\N	0	0
45	67	18	2.file send to check	2024-12-03 09:09:14.34767	2024-12-03 09:09:14.34767	\N	8482	file	0	t	f	f	f	f	f	f	f	\N	\N	\N	\N	1	\N	0	0	\N	0	0
46	67	18	3.test image selection wqsdwqed23434243	2024-12-04 11:21:17.968628	2024-12-04 11:21:17.968628	\N	8511	images	0	t	f	f	f	f	f	f	f	\N	\N	\N	\N	2	\N	0	0	\N	0	0
79	68	20	17.Case 8	2024-12-12 11:25:12.640813	2024-12-12 11:25:12.640813	\N	8597	phone	0	t	f	f	f	f	f	f	f	\N	\N	\N	\N	16		0	0	\N	0	0
48	67	18	4.Test NPS 555	2024-12-04 11:42:33.945318	2024-12-04 11:42:33.945318	\N	8513	nps	0	t	f	f	f	f	f	f	f	\N		\N	star-num	3	\N	0	0	\N	0	0
80	68	20	18.Case 9	2024-12-12 11:25:12.649825	2024-12-12 11:25:12.649825	\N	8598	name	0	t	f	f	f	f	f	f	f	\N	\N	\N	\N	17		0	0	\N	0	0
49	67	18	5.range	2024-12-04 12:17:52.032344	2024-12-04 12:17:52.032344	\N	8514	ranging	0	t	f	f	f	f	f	f	f	\N	\N	\N	\N	4	\N	0	0	\N	0	0
81	68	20	19.Case 10	2024-12-12 11:25:12.671314	2024-12-12 11:25:12.671314	\N	8599	date	1	t	f	f	f	f	f	f	f	\N	\N	\N	\N	18		0	0	\N	0	0
50	67	18	6.test name block 1231323	2024-12-04 12:56:52.783422	2024-12-04 12:56:52.783422	\N	8515	name	0	t	f	f	f	f	f	f	f	\N	\N	\N	\N	5	\N	0	0	\N	0	0
51	67	18	7.EMail test eeee	2024-12-04 13:38:44.160978	2024-12-04 13:38:44.160978	\N	8516	email	0	t	f	f	f	f	f	f	f	\N	\N	\N	\N	6	\N	0	0	\N	0	0
47	67	18	4.Matrix Texst 444	2024-12-04 11:27:44.13741	2024-12-04 11:27:44.13741	\N	8512	matrix	0	t	f	f	f	f	f	f	f	\N	\N	\N	\N	3	\N	0	0	\N	0	0
52	67	18	8.test phone number!	2024-12-04 13:51:38.891642	2024-12-04 13:51:38.891642	\N	8517	phone	0	t	f	f	f	f	f	f	f	\N	\N	\N	\N	7	\N	0	0	\N	0	0
53	67	18	9.Test date	2024-12-04 13:57:28.37249	2024-12-04 13:57:28.37249	\N	8518	date	1	t	f	f	f	f	f	f	f	\N	\N	\N	\N	8	\N	0	0	\N	0	0
54	67	18	10.	2024-12-04 14:10:02.377397	2024-12-04 14:10:02.377397	\N	8519	scale	0	t	f	f	f	f	f	f	f	10		\N	face	9	\N	0	0	\N	0	0
55	67	18	11.Scale for hearts.	2024-12-04 14:32:36.129765	2024-12-04 14:32:36.129765	\N	8520	scale	0	t	f	f	f	f	f	f	f	10		\N	heart	10	\N	0	0	\N	0	0
41	67	17	1.Quest 1	2024-12-03 08:40:16.956176	2024-12-03 08:40:16.956176	\N	8478	single	10	t	f	f	f	f	f	t	f	\N	\N	\N	\N	0		0	0	\N	0	0
42	67	17	2.Free response	2024-12-03 08:40:16.99373	2024-12-03 08:40:16.99373	\N	8479	free-answer	1	t	f	f	f	f	f	f	f	\N	\N	\N	\N	1		0	0	\N	0	0
62	67	17	3.Name form	2024-12-10 07:46:51.443235	2024-12-10 07:46:51.443235	\N	8567	name	0	t	f	f	f	f	f	f	f	\N	\N	\N	\N	2		0	0	{"file":"6758001c44236.jpg","fileType":"image","fileOriginalType":"image\\/jpeg"}	0	0
43	67	17	4.test nps	2024-12-03 09:03:42.846296	2024-12-03 09:03:42.846296	\N	8480	nps	0	t	t	f	f	f	f	f	f	\N		\N	star-num	3		0	0	\N	0	0
63	67	17	5.Matrix	2024-12-10 07:46:51.464295	2024-12-10 07:46:51.464295	\N	8566	matrix	0	t	f	f	f	f	t	t	f	\N	\N	\N	\N	4		0	0	\N	0	0
64	67	17	6.Heatmap	2024-12-10 07:46:51.46866	2024-12-10 07:46:51.46866	\N	8568	heatMap	0	t	f	f	f	f	f	f	f	\N	\N	\N	\N	5	https://sboridey.ru/backend/web/constructor/heat-map-elements/6757e364bedea.png	5	\N	\N	0	0
68	67	17	7.test images	2024-12-11 07:58:43.504932	2024-12-11 07:58:43.504932	\N	8569	images	0	t	f	f	f	f	f	f	f	\N	\N	\N	\N	6		0	0	\N	0	0
82	68	20	20.Case 11	2024-12-12 11:25:12.682366	2024-12-12 11:25:12.682366	\N	8600	email	0	t	f	f	f	f	f	f	f	\N	\N	\N	\N	19		0	0	\N	0	0
86	68	20	24.Free respond	2024-12-13 08:29:10.189144	2024-12-13 08:29:10.189144	\N	8604	free-answer	1	t	f	t	f	f	f	f	f	\N	\N	\N	\N	23		0	0	\N	0	0
87	68	20	25.Test grading scale	2024-12-13 08:45:44.041675	2024-12-13 08:45:44.041675	\N	8605	scale	0	t	f	f	f	f	f	f	f	10		\N	face	24		0	0	\N	0	0
61	68	20	4.Upload check	2024-12-05 12:58:48.04199	2024-12-05 12:58:48.04199	\N	8526	file	0	t	f	f	f	f	f	f	f	\N	\N	\N	\N	3		0	0	\N	0	0
72	68	20	11.Case 1	2024-12-12 11:25:12.438039	2024-12-12 11:25:12.438039	\N	8590	single	0	t	f	f	f	f	f	f	f	\N	\N	\N	\N	10		0	0	\N	0	0
65	68	20	5.Audio	2024-12-10 12:57:26.355627	2024-12-10 12:57:26.355627	\N	8570	file	0	t	f	f	f	f	f	f	f	\N	\N	\N	\N	4		0	0	\N	0	0
66	68	20	6.Video	2024-12-10 12:57:26.370185	2024-12-10 12:57:26.370185	\N	8571	file	0	t	f	f	f	f	f	f	f	\N	\N	\N	\N	5		0	0	\N	0	0
67	68	20	7.Images and video	2024-12-10 12:57:26.378492	2024-12-10 12:57:26.378492	\N	8572	file	0	t	f	f	f	f	f	f	f	\N	\N	\N	\N	6		0	0	\N	0	2
73	68	20	12.Case 2	2024-12-12 11:25:12.47392	2024-12-12 11:25:12.47392	\N	8591	free-answer	1	t	f	f	f	f	f	f	f	\N	\N	\N	\N	11		0	0	\N	0	0
75	68	20	13.Case 4	2024-12-12 11:25:12.492442	2024-12-12 11:25:12.492442	\N	8593	scale	0	t	f	f	f	f	f	f	f	10		\N	star	12		0	0	\N	0	0
76	68	20	14.Case 5	2024-12-12 11:25:12.511109	2024-12-12 11:25:12.511109	\N	8594	nps	0	t	f	f	f	f	f	f	f	\N		\N	face	13		0	0	\N	0	0
83	68	20	21.Case 12	2024-12-12 11:25:12.693742	2024-12-12 11:25:12.693742	\N	8601	images	0	t	f	f	f	f	f	f	f	\N	\N	\N	\N	20		0	0	\N	0	0
69	68	20	8.Image test *8	2024-12-11 08:34:27.614173	2024-12-11 08:34:27.614173	\N	8573	images	0	t	f	f	f	f	f	f	f	\N	\N	\N	\N	7		0	0	\N	0	0
84	68	20	22.Case 13	2024-12-12 11:25:12.730906	2024-12-12 11:25:12.730906	\N	8602	heatMap	0	t	f	f	f	f	f	f	f	\N	\N	\N	\N	21	https://sboridey.ru/backend/web/constructor/heat-map-elements/675ab9f74dff1.jpg	5	\N	\N	0	0
74	68	20	13.Case 3	2024-12-12 11:25:12.485091	2024-12-12 11:25:12.485091	\N	8592	info-block	0	f	f	f	f	f	f	f	f	\N	\N	&lt;p&gt;egdfvlmfvklevmklefvmkle&lt;/p&gt;	\N	12		0	0	\N	0	0
57	68	20	1.Who red dog?	2024-12-05 09:45:44.233	2024-12-05 09:45:44.233	\N	8523	single	10	t	f	f	f	f	t	f	f	\N	\N	\N	\N	0		0	0	\N	0	0
70	68	20	9.Name case testing	2024-12-11 11:06:54.414139	2024-12-11 11:06:54.414139	\N	8574	name	0	t	f	f	f	f	f	f	f	\N	\N	\N	\N	8		0	0	\N	0	0
77	68	20	15.Case 6	2024-12-12 11:25:12.523229	2024-12-12 11:25:12.523229	\N	8595	dropdown	0	t	f	f	f	f	f	f	f	\N	\N	\N	\N	14		0	0	\N	0	0
78	68	20	16.Case 7	2024-12-12 11:25:12.583067	2024-12-12 11:25:12.583067	\N	8596	ranging	0	t	f	f	f	f	f	f	f	\N	\N	\N	\N	15		0	0	\N	0	0
85	68	20	23.Case 14	2024-12-12 11:25:12.742377	2024-12-12 11:25:12.742377	\N	8603	file	0	t	f	f	f	f	f	f	f	\N	\N	\N	\N	22		0	0	\N	0	0
59	68	20	2.City is England?	2024-12-05 09:45:44.267782	2024-12-05 09:45:44.267782	\N	8524	single	10	t	f	f	f	f	f	f	f	\N	\N	\N	\N	1		0	0	\N	0	0
56	68	21	1.Contact form	2024-12-05 09:45:44.232275	2024-12-05 09:45:44.232275	\N	8521	name	0	t	f	f	f	f	f	f	f	\N	\N	\N	\N	1		0	0	\N	0	0
58	68	21	2.E-mail	2024-12-05 09:45:44.239456	2024-12-05 09:45:44.239456	\N	8522	email	0	t	f	f	f	f	f	f	f	\N	\N	\N	\N	2		0	0	\N	0	0
89	68	21	2.Test 2	2024-12-13 13:51:04.60845	2024-12-13 13:51:04.60845	\N	8607	free-answer	1	t	f	f	f	f	f	f	f	\N	\N	\N	\N	3		0	0	\N	0	0
90	68	21	3.Test select	2024-12-13 13:51:04.617657	2024-12-13 13:51:04.617657	\N	8608	single	0	t	f	f	f	f	t	f	f	\N	\N	\N	\N	4		0	0	\N	0	0
91	68	21	4.Scale	2024-12-13 13:51:04.640671	2024-12-13 13:51:04.640671	\N	8609	scale	0	t	f	f	f	f	f	f	f	10		\N	star	5		0	0	\N	0	0
92	68	21	5.Smiles	2024-12-13 13:51:04.654981	2024-12-13 13:51:04.654981	\N	8610	scale	0	t	f	f	f	f	f	f	f	10		\N	face	6		0	0	\N	0	0
93	68	21	6.NPS	2024-12-13 13:51:04.663881	2024-12-13 13:51:04.663881	\N	8611	nps	0	t	f	f	f	f	f	f	f	\N		\N	star-num	7		0	0	\N	0	0
94	68	21	7.Drop down meni test	2024-12-13 13:51:04.71712	2024-12-13 13:51:04.71712	\N	8612	dropdown	0	t	f	f	f	f	f	f	f	\N	\N	\N	\N	8		0	0	\N	0	0
95	68	21	8.Matrix test	2024-12-13 13:51:04.902181	2024-12-13 13:51:04.902181	\N	8613	matrix	0	t	f	f	f	f	f	f	f	\N	\N	\N	\N	9		0	0	\N	0	0
96	68	21	9.Ranging test	2024-12-13 13:51:04.953897	2024-12-13 13:51:04.953897	\N	8614	ranging	0	t	f	f	f	f	f	f	f	\N	\N	\N	\N	10		0	0	\N	0	0
97	68	21	10.Number test	2024-12-13 13:51:05.087266	2024-12-13 13:51:05.087266	\N	8615	phone	0	t	f	f	f	f	f	f	f	\N	\N	\N	\N	11		0	0	\N	0	0
98	68	21	11.Name test	2024-12-13 13:51:05.123535	2024-12-13 13:51:05.123535	\N	8616	name	0	t	f	f	f	f	f	f	f	\N	\N	\N	\N	12		0	0	\N	0	0
99	68	21	12.Date test	2024-12-13 13:51:05.151487	2024-12-13 13:51:05.151487	\N	8617	date	1	t	f	f	f	f	f	f	f	\N	\N	\N	\N	13		0	0	\N	0	0
103	71	22	Test ?	2024-12-13 17:51:48.578979	2024-12-13 17:51:48.578979	\N	\N	\N	0	f	f	f	f	f	f	f	f	\N	\N	\N	\N	\N	\N	0	0	\N	0	0
88	68	21	1.Test Select	2024-12-13 13:51:04.428446	2024-12-13 13:51:04.428446	\N	8606	single	0	t	f	f	f	f	f	f	f	\N	\N	\N	\N	0		0	0	\N	0	0
100	68	21	13.Email test	2024-12-13 13:51:05.228713	2024-12-13 13:51:05.228713	\N	8618	email	0	t	f	f	f	f	f	f	f	\N	\N	\N	\N	14		0	0	\N	0	0
101	68	21	14.Images	2024-12-13 13:51:05.281885	2024-12-13 13:51:05.281885	\N	8619	images	0	t	f	f	f	f	f	f	f	\N	\N	\N	\N	15		0	0	\N	0	0
102	68	21	15.Upload image test	2024-12-13 13:51:05.321388	2024-12-13 13:51:05.321388	\N	8620	file	0	t	f	f	f	f	f	f	f	\N	\N	\N	\N	16		0	0	\N	0	0
114	76	24	6.Grader	2024-12-17 09:22:59.60027	2024-12-17 09:22:59.60027	\N	8663	scale	0	t	f	f	f	f	f	f	f	10		\N	heart	5		0	0	\N	0	0
115	76	24	7.NPS	2024-12-17 09:22:59.605246	2024-12-17 09:22:59.605246	\N	8664	nps	0	t	f	f	f	f	f	f	f	\N		\N	hand	6		0	0	\N	0	0
122	84	26	2.Укажите время начала консультации	2024-12-18 09:15:22.006983	2024-12-18 09:15:22.006983	\N	8669	free-answer	1	t	f	f	f	f	f	f	f	\N	\N	\N	\N	1		0	0	\N	0	0
108	76	23	4.Your mail?	2024-12-17 08:58:01.901442	2024-12-17 08:58:01.901442	\N	8656	email	0	t	f	f	f	f	f	f	f	\N	\N	\N	\N	3		0	0	\N	0	0
110	76	24	2.How match experience?	2024-12-17 08:58:01.928464	2024-12-17 08:58:01.928464	\N	8659	single	20	t	f	f	f	f	f	f	f	\N	\N	\N	\N	1		0	0	\N	0	0
109	76	23	5.Your CV	2024-12-17 08:58:01.91085	2024-12-17 08:58:01.91085	\N	8657	file	0	t	f	f	f	f	f	f	f	\N	\N	\N	\N	4		0	0	\N	0	0
121	84	28	1.1. Сайт работал корректно, Вы могли легко найти интересующий Вас товар	2024-12-18 09:15:22.005203	2024-12-18 09:15:22.005203	\N	8674	single	1	t	f	f	f	f	f	f	f	\N	\N	\N	\N	0		0	0	\N	0	0
111	76	24	3.Where monkey?	2024-12-17 08:58:01.994014	2024-12-17 08:58:01.994014	\N	8660	images	0	t	f	f	f	f	f	f	f	\N	\N	\N	\N	2		0	0	\N	0	0
112	76	24	4.Free text	2024-12-17 09:22:59.581856	2024-12-17 09:22:59.581856	\N	8661	free-answer	1	t	f	f	f	f	f	f	f	\N	\N	\N	\N	3		0	0	\N	0	0
116	76	24	8.Ranking	2024-12-17 09:22:59.614344	2024-12-17 09:22:59.614344	\N	8665	ranging	0	t	f	f	f	f	f	f	f	\N	\N	\N	\N	7		0	0	\N	0	0
123	84	26	3.Резюме	2024-12-18 09:15:22.023873	2024-12-18 09:15:22.023873	\N	8670	free-answer	1	t	f	f	f	f	f	f	f	\N	\N	\N	\N	2		0	0	\N	0	0
125	84	27	2.Насколько для Вас важен сервис, отношение к Вам как к покупателю, когда Вы посещаете магазины подобного формата?	2024-12-18 09:15:22.046896	2024-12-18 09:15:22.046896	\N	8672	single	0	t	f	f	f	f	f	f	f	\N	\N	\N	\N	1		0	0	\N	0	0
113	76	24	5.Info	2024-12-17 09:22:59.59432	2024-12-17 09:22:59.59432	\N	8662	info-block	0	f	f	f	f	f	f	f	f	\N	\N	&lt;p&gt;&lt;span style="background-color:rgb(255,255,255);color:rgb(0,0,0);font-family:arial, sans-serif;font-size:13px;"&gt;&lt;span style="-webkit-text-stroke-width:0px;display:inline !important;float:none;font-style:normal;font-variant-caps:normal;font-variant-ligatures:normal;font-weight:400;letter-spacing:normal;orphans:2;text-align:start;text-decoration-color:initial;text-decoration-style:initial;text-decoration-thickness:initial;text-indent:0px;text-transform:none;white-space:normal;widows:2;word-spacing:0px;"&gt;&lt;strong&gt;Время: 2024-12-17T08:19:27Z&lt;/strong&gt;&lt;/span&gt;&lt;/span&gt;&lt;/p&gt;&lt;p&gt;&amp;nbsp;&lt;/p&gt;&lt;p&gt;&lt;span style="background-color:rgb(255,255,255);color:rgb(0,0,0);font-family:arial, sans-serif;font-size:13px;"&gt;&lt;span style="-webkit-text-stroke-width:0px;display:inline !important;float:none;font-style:normal;font-variant-caps:normal;font-variant-ligatures:normal;font-weight:400;letter-spacing:normal;orphans:2;text-align:start;text-decoration-color:initial;text-decoration-style:initial;text-decoration-thickness:initial;text-indent:0px;text-transform:none;white-space:normal;widows:2;word-spacing:0px;"&gt;&lt;strong&gt;qweqeqw&lt;/strong&gt;&lt;/span&gt;&lt;/span&gt;&lt;br&gt;&lt;span style="background-color:rgb(255,255,255);color:rgb(0,0,0);font-family:arial, sans-serif;font-size:13px;"&gt;&lt;span style="-webkit-text-stroke-width:0px;display:inline !important;float:none;font-style:normal;font-variant-caps:normal;font-variant-ligatures:normal;font-weight:400;letter-spacing:normal;orphans:2;text-align:start;text-decoration-color:initial;text-decoration-style:initial;text-decoration-thickness:initial;text-indent:0px;text-transform:none;white-space:normal;widows:2;word-spacing:0px;"&gt;URL: https://www.google.com/search?sca_esv=48a32a8a53a0fe13&amp;amp;sxsrf=ADLYWILVk0UEdWVRwABbgYzOJQTLT50igA:1734422112680&amp;amp;q=snoop+dogg&amp;amp;source=lnms&amp;amp;fbs=AEQNm0AsMbvxhSDtI-PydDWehkUP3AQnVhcE-s4mmFh2R&lt;strong&gt;ccRPfbluAZcc777hz-69fOLC793pUBwazJ3li0d2rFkOLljnDe9gVDiCTLWjibmcpgP0dFB_VnBItBiuULw-tPruSjWh8jmBZIRAWE6xU7fp-4Oa3HwLok2Ki89cqk7aeVgkSD7uQVGCkS7CJJG87FPu9tD&lt;/strong&gt;4I1CG9m6ql1MhvJaVqB68OfDayLmRqm6ExwM9VNYTAEsqWOiUsVtZR49-3QJQnqISWz7&amp;amp;sa=X&amp;amp;ved=2ahUKEwjoxqrvqa6KAxUCmbAFHbd5OVMQ0pQJegQIFRAB&amp;amp;biw=1870&amp;amp;bih=961&amp;amp;dpr=1&lt;/span&gt;&lt;/span&gt;&lt;/p&gt;	\N	4		0	0	\N	0	0
117	76	24	9.Matrix	2024-12-17 09:22:59.641372	2024-12-17 09:22:59.641372	\N	8666	matrix	0	t	f	f	f	f	f	f	f	\N	\N	\N	\N	8		0	0	\N	0	0
124	84	28	2. 2. На сайте понятно расписаны характеристики товара	2024-12-18 09:15:22.036801	2024-12-18 09:15:22.036801	\N	8675	single	1	t	f	f	f	f	f	f	f	\N	\N	\N	\N	1		0	0	\N	0	0
126	84	27	3.Какая у Вас обычно реакция на хороший сервис (вспомните ситуации, когда Вас отлично обслужили)	2024-12-18 09:15:22.118528	2024-12-18 09:15:22.118528	\N	8673	single	0	t	f	f	f	f	f	f	f	\N	\N	\N	\N	2		0	0	\N	0	0
127	76	24	10.Image	2024-12-19 09:32:56.585454	2024-12-19 09:32:56.585454	\N	8676	file	0	t	f	f	f	f	f	f	f	\N	\N	\N	\N	9		0	0	\N	0	0
128	76	24	11.Video	2024-12-19 09:32:56.608006	2024-12-19 09:32:56.608006	\N	8677	file	0	t	f	f	f	f	f	f	f	\N	\N	\N	\N	10		0	0	\N	0	0
129	76	24	12.Audio	2024-12-19 09:32:56.61472	2024-12-19 09:32:56.61472	\N	8678	file	0	t	f	f	f	f	f	f	f	\N	\N	\N	\N	11		0	0	\N	0	0
118	83	25	1.уццк	2024-12-18 08:58:42.072708	2024-12-18 08:58:42.072708	\N	8667	single	0	t	f	f	f	f	f	f	f	\N	\N	\N	\N	0		0	0	\N	0	0
104	76	23	1.Date visit	2024-12-17 08:58:01.832119	2024-12-17 08:58:01.832119	\N	8653	date	1	t	f	f	f	f	f	f	f	\N	\N	\N	\N	0		0	0	\N	0	0
105	76	24	1.where did you work?	2024-12-17 08:58:01.833174	2024-12-17 08:58:01.833174	\N	8658	single	10	t	f	f	f	f	f	f	f	\N	\N	\N	\N	0		0	0	\N	0	0
106	76	23	2.Your name	2024-12-17 08:58:01.853018	2024-12-17 08:58:01.853018	\N	8654	name	0	t	f	f	f	f	f	f	f	\N	\N	\N	\N	1		0	0	\N	0	0
107	76	23	3.Phone number	2024-12-17 08:58:01.870883	2024-12-17 08:58:01.870883	\N	8655	phone	0	t	f	f	f	f	f	f	f	\N	\N	\N	\N	2		0	0	\N	0	0
119	84	26	1.Укажите дату визита	2024-12-18 09:15:21.97099	2024-12-18 09:15:21.97099	\N	8668	date	1	t	f	f	f	f	f	f	f	\N	\N	\N	\N	0		0	0	\N	0	0
120	84	27	1.Магазин «born to be» ассоциируется у Вас с широким выбором товаров?	2024-12-18 09:15:21.988204	2024-12-18 09:15:21.988204	\N	8671	single	0	t	f	f	f	f	f	f	f	\N	\N	\N	\N	0		0	0	\N	0	0
\.


--
-- Data for Name: questionnaire_sections; Type: TABLE DATA; Schema: public; Owner: pma
--

COPY public.questionnaire_sections (id, questionnaire_id, name, created_at, updated_at, deleted_at, identification, sort) FROM stdin;
23	76	Base section	2024-12-17 08:58:01.772968	2024-12-17 08:58:01.772968	\N	773	0
24	76	Work	2024-12-17 08:58:01.773819	2024-12-17 08:58:01.773819	\N	774	1
25	83	 цу куцкуц	2024-12-18 08:58:42.057288	2024-12-18 08:58:42.057288	\N	775	0
26	84	 Общая информация	2024-12-18 09:15:21.937148	2024-12-18 09:15:21.937148	\N	776	0
27	84	 Блок 1. Оценка ожиданий\t\t	2024-12-18 09:15:21.948314	2024-12-18 09:15:21.948314	\N	777	1
28	84	 Блок 2. Оценка сайта \t	2024-12-18 09:15:21.958828	2024-12-18 09:15:21.958828	\N	778	2
\.


--
-- Data for Name: questionnaires; Type: TABLE DATA; Schema: public; Owner: pma
--

COPY public.questionnaires (id, name, type, client_id, user_id, identification, created_at, updated_at, deleted_at, delete_at, status, add_files_to_survey, use_standard_contact_form, add_website_link_at_end, enable_question_numbering, enable_random_question_order, enable_hidden_answer_display, save_unfinished_survey, allow_same_ip_retake, enable_survey_payment, forced_completion_text, completion_text, customization) FROM stdin;
77	wqeqw	qr	11	1	0	2024-12-18 08:25:36.902058	2024-12-18 08:25:36.902058	2024-12-18 08:35:05.759065	\N	\N	f	f	f	f	f	f	f	f	f	\N	\N	{}
79	12121	qr	11	1	0	2024-12-18 08:49:59.053556	2024-12-18 08:49:59.053556	2024-12-18 08:57:42.624403	\N	\N	f	f	f	f	f	f	f	f	f	\N	\N	{}
78	test project	qr	11	1	0	2024-12-18 08:35:20.79368	2024-12-18 08:35:20.79368	2024-12-18 08:57:42.640832	\N	\N	f	f	f	f	f	f	f	f	f	\N	\N	{}
82	йцууцй	qr	11	1	657	2024-12-18 08:57:11.017966	2024-12-18 08:57:11.017966	2024-12-18 08:57:42.648048	\N	\N	f	f	f	f	f	f	f	f	f	\N	\N	{}
81	ыввыааыыва	qr	11	1	0	2024-12-18 08:54:39.391881	2024-12-18 08:54:39.391881	2024-12-18 08:57:45.300663	\N	\N	f	f	f	f	f	f	f	f	f	\N	\N	{}
80	ыфаввы	qr	11	1	0	2024-12-18 08:52:06.727326	2024-12-18 08:52:06.727326	2024-12-18 08:57:47.59562	\N	\N	f	f	f	f	f	f	f	f	f	\N	\N	{}
83	test project	qr	11	1	658	2024-12-18 08:58:16.922764	2024-12-18 08:58:16.922764	\N	\N	\N	f	f	f	f	f	f	f	f	f	\N	\N	{}
84	born to be_Онлайн консультация	qr	30	1	659	2024-12-18 09:00:27.244307	2024-12-18 09:00:27.244307	\N	\N	\N	f	f	f	f	f	f	f	f	f	\N	\N	{"type": 2, "textColor": "#949494", "headerColor": "#292929", "sectionColor": "#2e2e2e", "backgroundColor": "#e0ffef", "headerBackground": "#ffffff", "sectionBackground": "#b8fff1"}
76	New survey 17.12	qr	11	1	656	2024-12-17 08:50:32.087712	2024-12-17 08:50:32.087712	\N	\N	\N	f	f	f	f	f	f	f	f	f	\N	\N	{"type": 1, "textColor": "#949494", "headerColor": "#ff0a0a", "sectionColor": "#ad3434", "backgroundColor": "#00e069", "headerBackground": "#f00000", "sectionBackground": "#001f18"}
\.


--
-- Data for Name: regions; Type: TABLE DATA; Schema: public; Owner: pma
--

COPY public.regions (id, country, region, region_en, region_ru, region_uk) FROM stdin;
1	AD	AD-02	Canillo	Canillo	Canillo
2	AD	AD-03	Encamp	Encamp	Encamp
3	AD	AD-04	La Massana	La Massana	La Massana
4	AD	AD-05	Ordino	Ordino	Ordino
5	AD	AD-06	Sant Julia de Loria	Sant Julia de Loria	Sant Julia de Loria
6	AD	AD-07	Andorra la Vella	Andorra la Vella	Andorra la Vella
7	AD	AD-08	Escaldes-Engordany	Escaldes-Engordany	Escaldes-Engordany
8	AE	AE-01	Abu Dhabi	Abu Dhabi	Abu Dhabi
9	AE	AE-02	Ajman	Ajman	Ajman
10	AE	AE-03	Dubai	Dubai	Dubai
11	AE	AE-04	Fujairah	Fujairah	Fujairah
12	AE	AE-05	Ras Al Khaimah	Ras Al Khaimah	Ras Al Khaimah
13	AE	AE-06	Sharjah	Sharjah	Sharjah
14	AE	AE-07	Umm Al Quwain	Umm Al Quwain	Umm Al Quwain
15	AF	AF-01	Badakhshan	Badakhshan	Badakhshan
16	AF	AF-02	Badghis	Badghis	Badghis
17	AF	AF-03	Baghlan	Baghlan	Baghlan
18	AF	AF-05	Bamian	Bamian	Bamian
19	AF	AF-06	Farah	Farah	Farah
20	AF	AF-07	Faryab	Faryab	Faryab
21	AF	AF-08	Ghazni	Ghazni	Ghazni
22	AF	AF-09	Ghowr	Ghowr	Ghowr
23	AF	AF-10	Helmand	Helmand	Helmand
24	AF	AF-11	Herat	Herat	Herat
25	AF	AF-13	Kabol	Kabol	Kabol
26	AF	AF-14	Kapisa	Kapisa	Kapisa
27	AF	AF-17	Lowgar	Lowgar	Lowgar
28	AF	AF-18	Nangarhar	Nangarhar	Nangarhar
29	AF	AF-19	Nimruz	Nimruz	Nimruz
30	AF	AF-23	Kandahar	Kandahar	Kandahar
31	AF	AF-24	Kondoz	Kondoz	Kondoz
32	AF	AF-26	Takhar	Takhar	Takhar
33	AF	AF-27	Vardak	Vardak	Vardak
34	AF	AF-28	Zabol	Zabol	Zabol
35	AF	AF-29	Paktika	Paktika	Paktika
36	AF	AF-30	Balkh	Balkh	Balkh
37	AF	AF-31	Jowzjan	Jowzjan	Jowzjan
38	AF	AF-32	Samangan	Samangan	Samangan
39	AF	AF-33	Sar-e Pol	Sar-e Pol	Sar-e Pol
40	AF	AF-34	Konar	Konar	Konar
41	AF	AF-35	Laghman	Laghman	Laghman
42	AF	AF-36	Paktia	Paktia	Paktia
43	AF	AF-37	Khowst	Khowst	Khowst
44	AF	AF-38	Nurestan	Nurestan	Nurestan
45	AF	AF-39	Oruzgan	Oruzgan	Oruzgan
46	AF	AF-40	Parvan	Parvan	Parvan
47	AF	AF-41	Daykondi	Daykondi	Daykondi
48	AF	AF-42	Panjshir	Panjshir	Panjshir
49	AG	AG-01	Barbuda	Barbuda	Barbuda
50	AG	AG-03	Saint George	Saint George	Saint George
51	AG	AG-04	Saint John	Saint John	Saint John
52	AG	AG-05	Saint Mary	Saint Mary	Saint Mary
53	AG	AG-06	Saint Paul	Saint Paul	Saint Paul
54	AG	AG-07	Saint Peter	Saint Peter	Saint Peter
55	AG	AG-08	Saint Philip	Saint Philip	Saint Philip
56	AG	AG-09	Redonda	Redonda	Redonda
57	AL	AL-40	Berat	Berat	Berat
58	AL	AL-41	Diber	Diber	Diber
59	AL	AL-42	Durres	Durres	Durres
60	AL	AL-43	Elbasan	Elbasan	Elbasan
61	AL	AL-44	Fier	Fier	Fier
62	AL	AL-45	Gjirokaster	Gjirokaster	Gjirokaster
63	AL	AL-46	Korce	Korce	Korce
64	AL	AL-47	Kukes	Kukes	Kukes
65	AL	AL-48	Lezhe	Lezhe	Lezhe
66	AL	AL-49	Shkoder	Shkoder	Shkoder
67	AL	AL-50	Tirane	Tirane	Tirane
68	AL	AL-51	Vlore	Vlore	Vlore
69	AM	AM-01	Aragatsotn	Aragatsotn	Aragatsotn
70	AM	AM-02	Ararat	Ararat	Ararat
71	AM	AM-03	Armavir	Armavir	Armavir
72	AM	AM-04	Geghark 	Geghark 	Geghark 
73	AM	AM-05	Kotayk	Kotayk	Kotayk
74	AM	AM-06	Lorri	Lorri	Lorri
75	AM	AM-07	Shirak	Shirak	Shirak
76	AM	AM-08	Syunik	Syunik	Syunik
77	AM	AM-09	Tavush	Tavush	Tavush
78	AM	AM-10	Vayots Dzor	Vayots Dzor	Vayots Dzor
79	AM	AM-11	Yerevan	Yerevan	Yerevan
80	AO	AO-01	Benguela	Benguela	Benguela
81	AO	AO-02	Bie	Bie	Bie
82	AO	AO-03	Cabinda	Cabinda	Cabinda
83	AO	AO-04	Cuando Cubango	Cuando Cubango	Cuando Cubango
84	AO	AO-05	Cuanza Norte	Cuanza Norte	Cuanza Norte
85	AO	AO-06	Cuanza Sul	Cuanza Sul	Cuanza Sul
86	AO	AO-07	Cunene	Cunene	Cunene
87	AO	AO-08	Huambo	Huambo	Huambo
88	AO	AO-09	Huila	Huila	Huila
89	AO	AO-12	Malanje	Malanje	Malanje
90	AO	AO-13	Namibe	Namibe	Namibe
91	AO	AO-14	Moxico	Moxico	Moxico
92	AO	AO-15	Uige	Uige	Uige
93	AO	AO-16	Zaire	Zaire	Zaire
94	AO	AO-17	Lunda Norte	Lunda Norte	Lunda Norte
95	AO	AO-18	Lunda Sul	Lunda Sul	Lunda Sul
96	AO	AO-19	Bengo	Bengo	Bengo
97	AO	AO-20	Luanda	Luanda	Luanda
98	AR	AR-01	Buenos Aires	Buenos Aires	Buenos Aires
99	AR	AR-02	Catamarca	Catamarca	Catamarca
100	AR	AR-03	Chaco	Chaco	Chaco
101	AR	AR-04	Chubut	Chubut	Chubut
102	AR	AR-05	Cordoba	Cordoba	Cordoba
103	AR	AR-06	Corrientes	Corrientes	Corrientes
104	AR	AR-07	Distrito Federal	Distrito Federal	Distrito Federal
105	AR	AR-08	Entre Rios	Entre Rios	Entre Rios
106	AR	AR-09	Formosa	Formosa	Formosa
107	AR	AR-10	Jujuy	Jujuy	Jujuy
108	AR	AR-11	La Pampa	La Pampa	La Pampa
109	AR	AR-12	La Rioja	La Rioja	La Rioja
110	AR	AR-13	Mendoza	Mendoza	Mendoza
111	AR	AR-14	Misiones	Misiones	Misiones
112	AR	AR-15	Neuquen	Neuquen	Neuquen
113	AR	AR-16	Rio Negro	Rio Negro	Rio Negro
114	AR	AR-17	Salta	Salta	Salta
115	AR	AR-18	San Juan	San Juan	San Juan
116	AR	AR-19	San Luis	San Luis	San Luis
117	AR	AR-20	Santa Cruz	Santa Cruz	Santa Cruz
118	AR	AR-21	Santa Fe	Santa Fe	Santa Fe
119	AR	AR-22	Santiago del Estero	Santiago del Estero	Santiago del Estero
120	AR	AR-23	Tierra del Fuego	Tierra del Fuego	Tierra del Fuego
121	AR	AR-24	Tucuman	Tucuman	Tucuman
122	AT	AT-01	Burgenland	Burgenland	Burgenland
123	AT	AT-02	Karnten	Karnten	Karnten
124	AT	AT-03	Niederosterreich	Niederosterreich	Niederosterreich
125	AT	AT-04	Oberosterreich	Oberosterreich	Oberosterreich
126	AT	AT-05	Salzburg	Salzburg	Salzburg
127	AT	AT-06	Steiermark	Steiermark	Steiermark
128	AT	AT-07	Tirol	Tirol	Tirol
129	AT	AT-08	Vorarlberg	Vorarlberg	Vorarlberg
130	AT	AT-09	Wien	Wien	Wien
131	AU	AU-01	Australian Capital Territory	Australian Capital Territory	Australian Capital Territory
132	AU	AU-02	New South Wales	New South Wales	New South Wales
133	AU	AU-03	Northern Territory	Northern Territory	Northern Territory
134	AU	AU-04	Queensland	Queensland	Queensland
135	AU	AU-05	South Australia	South Australia	South Australia
136	AU	AU-06	Tasmania	Tasmania	Tasmania
137	AU	AU-07	Victoria	Victoria	Victoria
138	AU	AU-08	Western Australia	Western Australia	Western Australia
139	AZ	AZ-01	Abseron	Abseron	Abseron
140	AZ	AZ-02	Agcabadi	Agcabadi	Agcabadi
141	AZ	AZ-03	Agdam	Agdam	Agdam
142	AZ	AZ-04	Agdas	Agdas	Agdas
143	AZ	AZ-05	Agstafa	Agstafa	Agstafa
144	AZ	AZ-06	Agsu	Agsu	Agsu
145	AZ	AZ-07	Ali Bayramli	Ali Bayramli	Ali Bayramli
146	AZ	AZ-08	Astara	Astara	Astara
147	AZ	AZ-09	Baki	Baki	Baki
148	AZ	AZ-10	Balakan	Balakan	Balakan
149	AZ	AZ-11	Barda	Barda	Barda
150	AZ	AZ-12	Beylaqan	Beylaqan	Beylaqan
151	AZ	AZ-13	Bilasuvar	Bilasuvar	Bilasuvar
152	AZ	AZ-14	Cabrayil	Cabrayil	Cabrayil
153	AZ	AZ-15	Calilabad	Calilabad	Calilabad
154	AZ	AZ-16	Daskasan	Daskasan	Daskasan
155	AZ	AZ-17	Davaci	Davaci	Davaci
156	AZ	AZ-18	Fuzuli	Fuzuli	Fuzuli
157	AZ	AZ-19	Gadabay	Gadabay	Gadabay
158	AZ	AZ-20	Ganca	Ganca	Ganca
159	AZ	AZ-21	Goranboy	Goranboy	Goranboy
160	AZ	AZ-22	Goycay	Goycay	Goycay
161	AZ	AZ-23	Haciqabul	Haciqabul	Haciqabul
162	AZ	AZ-24	Imisli	Imisli	Imisli
163	AZ	AZ-25	Ismayilli	Ismayilli	Ismayilli
164	AZ	AZ-26	Kalbacar	Kalbacar	Kalbacar
165	AZ	AZ-27	Kurdamir	Kurdamir	Kurdamir
166	AZ	AZ-28	Lacin	Lacin	Lacin
167	AZ	AZ-29	Lankaran	Lankaran	Lankaran
168	AZ	AZ-30	Lankaran	Lankaran	Lankaran
169	AZ	AZ-31	Lerik	Lerik	Lerik
170	AZ	AZ-32	Masalli	Masalli	Masalli
171	AZ	AZ-33	Mingacevir	Mingacevir	Mingacevir
172	AZ	AZ-34	Naftalan	Naftalan	Naftalan
173	AZ	AZ-35	Naxcivan	Naxcivan	Naxcivan
174	AZ	AZ-36	Neftcala	Neftcala	Neftcala
175	AZ	AZ-37	Oguz	Oguz	Oguz
176	AZ	AZ-38	Qabala	Qabala	Qabala
177	AZ	AZ-39	Qax	Qax	Qax
178	AZ	AZ-40	Qazax	Qazax	Qazax
179	AZ	AZ-41	Qobustan	Qobustan	Qobustan
180	AZ	AZ-42	Quba	Quba	Quba
181	AZ	AZ-43	Qubadli	Qubadli	Qubadli
182	AZ	AZ-44	Qusar	Qusar	Qusar
183	AZ	AZ-45	Saatli	Saatli	Saatli
184	AZ	AZ-46	Sabirabad	Sabirabad	Sabirabad
185	AZ	AZ-47	Saki	Saki	Saki
186	AZ	AZ-48	Saki	Saki	Saki
187	AZ	AZ-49	Salyan	Salyan	Salyan
188	AZ	AZ-50	Samaxi	Samaxi	Samaxi
189	AZ	AZ-51	Samkir	Samkir	Samkir
190	AZ	AZ-52	Samux	Samux	Samux
191	AZ	AZ-53	Siyazan	Siyazan	Siyazan
192	AZ	AZ-54	Sumqayit	Sumqayit	Sumqayit
193	AZ	AZ-55	Susa	Susa	Susa
194	AZ	AZ-56	Susa	Susa	Susa
195	AZ	AZ-57	Tartar	Tartar	Tartar
196	AZ	AZ-58	Tovuz	Tovuz	Tovuz
197	AZ	AZ-59	Ucar	Ucar	Ucar
198	AZ	AZ-60	Xacmaz	Xacmaz	Xacmaz
199	AZ	AZ-61	Xankandi	Xankandi	Xankandi
200	AZ	AZ-62	Xanlar	Xanlar	Xanlar
201	AZ	AZ-63	Xizi	Xizi	Xizi
202	AZ	AZ-64	Xocali	Xocali	Xocali
203	AZ	AZ-65	Xocavand	Xocavand	Xocavand
204	AZ	AZ-66	Yardimli	Yardimli	Yardimli
205	AZ	AZ-67	Yevlax	Yevlax	Yevlax
206	AZ	AZ-68	Yevlax	Yevlax	Yevlax
207	AZ	AZ-69	Zangilan	Zangilan	Zangilan
208	AZ	AZ-70	Zaqatala	Zaqatala	Zaqatala
209	AZ	AZ-71	Zardab	Zardab	Zardab
210	BA	BA-01	Federation of Bosnia and Herzegovina	Federation of Bosnia and Herzegovina	Federation of Bosnia and Herzegovina
211	BA	BA-03	Brcko District	Brcko District	Brcko District
212	BA	BA-02	Republika Srpska	Republika Srpska	Republika Srpska
213	BB	BB-01	Christ Church	Christ Church	Christ Church
214	BB	BB-02	Saint Andrew	Saint Andrew	Saint Andrew
215	BB	BB-03	Saint George	Saint George	Saint George
216	BB	BB-04	Saint James	Saint James	Saint James
217	BB	BB-05	Saint John	Saint John	Saint John
218	BB	BB-06	Saint Joseph	Saint Joseph	Saint Joseph
219	BB	BB-07	Saint Lucy	Saint Lucy	Saint Lucy
220	BB	BB-08	Saint Michael	Saint Michael	Saint Michael
221	BB	BB-09	Saint Peter	Saint Peter	Saint Peter
222	BB	BB-10	Saint Philip	Saint Philip	Saint Philip
223	BB	BB-11	Saint Thomas	Saint Thomas	Saint Thomas
224	BD	BD-81	Dhaka	Dhaka	Dhaka
225	BD	BD-82	Khulna	Khulna	Khulna
226	BD	BD-83	Rajshahi	Rajshahi	Rajshahi
227	BD	BD-84	Chittagong	Chittagong	Chittagong
228	BD	BD-85	Barisal	Barisal	Barisal
229	BD	BD-86	Sylhet	Sylhet	Sylhet
230	BD	BD-87	Rangpur	Rangpur	Rangpur
231	BE	BE-01	Antwerpen	Antwerpen	Antwerpen
232	BE	BE-03	Hainaut	Hainaut	Hainaut
233	BE	BE-04	Liege	Liege	Liege
234	BE	BE-05	Limburg	Limburg	Limburg
235	BE	BE-06	Luxembourg	Luxembourg	Luxembourg
236	BE	BE-07	Namur	Namur	Namur
237	BE	BE-08	Oost-Vlaanderen	Oost-Vlaanderen	Oost-Vlaanderen
238	BE	BE-09	West-Vlaanderen	West-Vlaanderen	West-Vlaanderen
239	BE	BE-10	Brabant Wallon	Brabant Wallon	Brabant Wallon
240	BE	BE-11	Brussels Hoofdstedelijk Gewest	Brussels Hoofdstedelijk Gewest	Brussels Hoofdstedelijk Gewest
241	BE	BE-12	Vlaams-Brabant	Vlaams-Brabant	Vlaams-Brabant
242	BE	BE-13	Flanders	Flanders	Flanders
243	BE	BE-14	Wallonia	Wallonia	Wallonia
244	BF	BF-15	Bam	Bam	Bam
245	BF	BF-19	Boulkiemde	Boulkiemde	Boulkiemde
246	BF	BF-20	Ganzourgou	Ganzourgou	Ganzourgou
247	BF	BF-21	Gnagna	Gnagna	Gnagna
248	BF	BF-28	Kouritenga	Kouritenga	Kouritenga
249	BF	BF-33	Oudalan	Oudalan	Oudalan
250	BF	BF-34	Passore	Passore	Passore
251	BF	BF-36	Sanguie	Sanguie	Sanguie
252	BF	BF-40	Soum	Soum	Soum
253	BF	BF-42	Tapoa	Tapoa	Tapoa
254	BF	BF-44	Zoundweogo	Zoundweogo	Zoundweogo
255	BF	BF-45	Bale	Bale	Bale
256	BF	BF-46	Banwa	Banwa	Banwa
257	BF	BF-47	Bazega	Bazega	Bazega
258	BF	BF-48	Bougouriba	Bougouriba	Bougouriba
259	BF	BF-49	Boulgou	Boulgou	Boulgou
260	BF	BF-50	Gourma	Gourma	Gourma
261	BF	BF-51	Houet	Houet	Houet
262	BF	BF-52	Ioba	Ioba	Ioba
263	BF	BF-53	Kadiogo	Kadiogo	Kadiogo
264	BF	BF-54	Kenedougou	Kenedougou	Kenedougou
265	BF	BF-55	Komoe	Komoe	Komoe
266	BF	BF-56	Komondjari	Komondjari	Komondjari
267	BF	BF-57	Kompienga	Kompienga	Kompienga
268	BF	BF-58	Kossi	Kossi	Kossi
269	BF	BF-59	Koulpelogo	Koulpelogo	Koulpelogo
270	BF	BF-60	Kourweogo	Kourweogo	Kourweogo
271	BF	BF-61	Leraba	Leraba	Leraba
272	BF	BF-62	Loroum	Loroum	Loroum
273	BF	BF-63	Mouhoun	Mouhoun	Mouhoun
274	BF	BF-64	Namentenga	Namentenga	Namentenga
275	BF	BF-65	Naouri	Naouri	Naouri
276	BF	BF-66	Nayala	Nayala	Nayala
277	BF	BF-67	Noumbiel	Noumbiel	Noumbiel
278	BF	BF-68	Oubritenga	Oubritenga	Oubritenga
279	BF	BF-69	Poni	Poni	Poni
280	BF	BF-70	Sanmatenga	Sanmatenga	Sanmatenga
281	BF	BF-71	Seno	Seno	Seno
282	BF	BF-72	Sissili	Sissili	Sissili
283	BF	BF-73	Sourou	Sourou	Sourou
284	BF	BF-74	Tuy	Tuy	Tuy
285	BF	BF-75	Yagha	Yagha	Yagha
286	BF	BF-76	Yatenga	Yatenga	Yatenga
287	BF	BF-77	Ziro	Ziro	Ziro
288	BF	BF-78	Zondoma	Zondoma	Zondoma
289	BG	BG-33	Mikhaylovgrad	Mikhaylovgrad	Mikhaylovgrad
290	BG	BG-38	Blagoevgrad	Blagoevgrad	Blagoevgrad
291	BG	BG-39	Burgas	Burgas	Burgas
292	BG	BG-40	Dobrich	Dobrich	Dobrich
293	BG	BG-41	Gabrovo	Gabrovo	Gabrovo
294	BG	BG-42	Grad Sofiya	Grad Sofiya	Grad Sofiya
295	BG	BG-43	Khaskovo	Khaskovo	Khaskovo
296	BG	BG-44	Kurdzhali	Kurdzhali	Kurdzhali
297	BG	BG-45	Kyustendil	Kyustendil	Kyustendil
298	BG	BG-46	Lovech	Lovech	Lovech
299	BG	BG-47	Montana	Montana	Montana
300	BG	BG-48	Pazardzhik	Pazardzhik	Pazardzhik
301	BG	BG-49	Pernik	Pernik	Pernik
302	BG	BG-50	Pleven	Pleven	Pleven
303	BG	BG-51	Plovdiv	Plovdiv	Plovdiv
304	BG	BG-52	Razgrad	Razgrad	Razgrad
305	BG	BG-53	Ruse	Ruse	Ruse
306	BG	BG-54	Shumen	Shumen	Shumen
307	BG	BG-55	Silistra	Silistra	Silistra
308	BG	BG-56	Sliven	Sliven	Sliven
309	BG	BG-57	Smolyan	Smolyan	Smolyan
310	BG	BG-58	Sofiya	Sofiya	Sofiya
311	BG	BG-59	Stara Zagora	Stara Zagora	Stara Zagora
312	BG	BG-60	Turgovishte	Turgovishte	Turgovishte
313	BG	BG-61	Varna	Varna	Varna
314	BG	BG-62	Veliko Turnovo	Veliko Turnovo	Veliko Turnovo
315	BG	BG-63	Vidin	Vidin	Vidin
316	BG	BG-64	Vratsa	Vratsa	Vratsa
317	BG	BG-65	Yambol	Yambol	Yambol
318	BH	BH-01	Al Hadd	Al Hadd	Al Hadd
319	BH	BH-02	Al Manamah	Al Manamah	Al Manamah
320	BH	BH-05	Jidd Hafs	Jidd Hafs	Jidd Hafs
321	BH	BH-06	Sitrah	Sitrah	Sitrah
322	BH	BH-08	Al Mintaqah al Gharbiyah	Al Mintaqah al Gharbiyah	Al Mintaqah al Gharbiyah
323	BH	BH-09	Mintaqat Juzur Hawar	Mintaqat Juzur Hawar	Mintaqat Juzur Hawar
324	BH	BH-10	Al Mintaqah ash Shamaliyah	Al Mintaqah ash Shamaliyah	Al Mintaqah ash Shamaliyah
325	BH	BH-11	Al Mintaqah al Wusta	Al Mintaqah al Wusta	Al Mintaqah al Wusta
326	BH	BH-12	Madinat	Madinat	Madinat
327	BH	BH-13	Ar Rifa	Ar Rifa	Ar Rifa
328	BH	BH-14	Madinat Hamad	Madinat Hamad	Madinat Hamad
329	BH	BH-15	Al Muharraq	Al Muharraq	Al Muharraq
330	BH	BH-16	Al Asimah	Al Asimah	Al Asimah
331	BH	BH-17	Al Janubiyah	Al Janubiyah	Al Janubiyah
332	BH	BH-18	Ash Shamaliyah	Ash Shamaliyah	Ash Shamaliyah
333	BH	BH-19	Al Wusta	Al Wusta	Al Wusta
334	BI	BI-02	Bujumbura	Bujumbura	Bujumbura
335	BI	BI-09	Bubanza	Bubanza	Bubanza
336	BI	BI-10	Bururi	Bururi	Bururi
337	BI	BI-11	Cankuzo	Cankuzo	Cankuzo
338	BI	BI-12	Cibitoke	Cibitoke	Cibitoke
339	BI	BI-13	Gitega	Gitega	Gitega
340	BI	BI-14	Karuzi	Karuzi	Karuzi
341	BI	BI-15	Kayanza	Kayanza	Kayanza
342	BI	BI-16	Kirundo	Kirundo	Kirundo
343	BI	BI-17	Makamba	Makamba	Makamba
344	BI	BI-18	Muyinga	Muyinga	Muyinga
345	BI	BI-19	Ngozi	Ngozi	Ngozi
346	BI	BI-20	Rutana	Rutana	Rutana
347	BI	BI-21	Ruyigi	Ruyigi	Ruyigi
348	BI	BI-22	Muramvya	Muramvya	Muramvya
349	BI	BI-23	Mwaro	Mwaro	Mwaro
350	BJ	BJ-07	Alibori	Alibori	Alibori
351	BJ	BJ-08	Atakora	Atakora	Atakora
352	BJ	BJ-09	Atlanyique	Atlanyique	Atlanyique
353	BJ	BJ-10	Borgou	Borgou	Borgou
354	BJ	BJ-11	Collines	Collines	Collines
355	BJ	BJ-12	Kouffo	Kouffo	Kouffo
356	BJ	BJ-13	Donga	Donga	Donga
357	BJ	BJ-14	Littoral	Littoral	Littoral
358	BJ	BJ-15	Mono	Mono	Mono
359	BJ	BJ-16	Oueme	Oueme	Oueme
360	BJ	BJ-17	Plateau	Plateau	Plateau
361	BJ	BJ-18	Zou	Zou	Zou
362	BM	BM-01	Devonshire	Devonshire	Devonshire
363	BM	BM-02	Hamilton	Hamilton	Hamilton
364	BM	BM-03	Hamilton	Hamilton	Hamilton
365	BM	BM-04	Paget	Paget	Paget
366	BM	BM-05	Pembroke	Pembroke	Pembroke
367	BM	BM-06	Saint George	Saint George	Saint George
368	BM	BM-07	Saint Georges	Saint Georges	Saint Georges
369	BM	BM-08	Sandys	Sandys	Sandys
370	BM	BM-09	Smiths	Smiths	Smiths
371	BM	BM-10	Southampton	Southampton	Southampton
372	BM	BM-11	Warwick	Warwick	Warwick
373	BN	BN-07	Alibori	Alibori	Alibori
374	BN	BN-08	Belait	Belait	Belait
375	BN	BN-09	Brunei and Muara	Brunei and Muara	Brunei and Muara
376	BN	BN-10	Temburong	Temburong	Temburong
377	BN	BN-11	Collines	Collines	Collines
378	BN	BN-12	Kouffo	Kouffo	Kouffo
379	BN	BN-13	Donga	Donga	Donga
380	BN	BN-14	Littoral	Littoral	Littoral
381	BN	BN-15	Tutong	Tutong	Tutong
382	BN	BN-16	Oueme	Oueme	Oueme
383	BN	BN-17	Plateau	Plateau	Plateau
384	BN	BN-18	Zou	Zou	Zou
385	BO	BO-01	Chuquisaca	Chuquisaca	Chuquisaca
386	BO	BO-02	Cochabamba	Cochabamba	Cochabamba
387	BO	BO-03	El Beni	El Beni	El Beni
388	BO	BO-04	La Paz	La Paz	La Paz
389	BO	BO-05	Oruro	Oruro	Oruro
390	BO	BO-06	Pando	Pando	Pando
391	BO	BO-07	Potosi	Potosi	Potosi
392	BO	BO-08	Santa Cruz	Santa Cruz	Santa Cruz
393	BO	BO-09	Tarija	Tarija	Tarija
394	BR	BR-01	Acre	Acre	Acre
395	BR	BR-02	Alagoas	Alagoas	Alagoas
396	BR	BR-03	Amapa	Amapa	Amapa
397	BR	BR-04	Amazonas	Amazonas	Amazonas
398	BR	BR-05	Bahia	Bahia	Bahia
399	BR	BR-06	Ceara	Ceara	Ceara
400	BR	BR-07	Distrito Federal	Distrito Federal	Distrito Federal
401	BR	BR-08	Espirito Santo	Espirito Santo	Espirito Santo
402	BR	BR-11	Mato Grosso do Sul	Mato Grosso do Sul	Mato Grosso do Sul
403	BR	BR-13	Maranhao	Maranhao	Maranhao
404	BR	BR-14	Mato Grosso	Mato Grosso	Mato Grosso
405	BR	BR-15	Minas Gerais	Minas Gerais	Minas Gerais
406	BR	BR-16	Para	Para	Para
407	BR	BR-17	Paraiba	Paraiba	Paraiba
408	BR	BR-18	Parana	Parana	Parana
409	BR	BR-20	Piaui	Piaui	Piaui
410	BR	BR-21	Rio de Janeiro	Rio de Janeiro	Rio de Janeiro
411	BR	BR-22	Rio Grande do Norte	Rio Grande do Norte	Rio Grande do Norte
412	BR	BR-23	Rio Grande do Sul	Rio Grande do Sul	Rio Grande do Sul
413	BR	BR-24	Rondonia	Rondonia	Rondonia
414	BR	BR-25	Roraima	Roraima	Roraima
415	BR	BR-26	Santa Catarina	Santa Catarina	Santa Catarina
416	BR	BR-27	Sao Paulo	Sao Paulo	Sao Paulo
417	BR	BR-28	Sergipe	Sergipe	Sergipe
418	BR	BR-29	Goias	Goias	Goias
419	BR	BR-30	Pernambuco	Pernambuco	Pernambuco
420	BR	BR-31	Tocantins	Tocantins	Tocantins
421	BS	BS-05	Bimini	Bimini	Bimini
422	BS	BS-06	Cat Island	Cat Island	Cat Island
423	BS	BS-10	Exuma	Exuma	Exuma
424	BS	BS-13	Inagua	Inagua	Inagua
425	BS	BS-15	Long Island	Long Island	Long Island
426	BS	BS-16	Mayaguana	Mayaguana	Mayaguana
427	BS	BS-18	Ragged Island	Ragged Island	Ragged Island
428	BS	BS-22	Harbour Island	Harbour Island	Harbour Island
429	BS	BS-23	New Providence	New Providence	New Providence
430	BS	BS-24	Acklins and Crooked Islands	Acklins and Crooked Islands	Acklins and Crooked Islands
431	BS	BS-25	Freeport	Freeport	Freeport
432	BS	BS-26	Fresh Creek	Fresh Creek	Fresh Creek
433	BS	BS-27	Governors Harbour	Governors Harbour	Governors Harbour
434	BS	BS-28	Green Turtle Cay	Green Turtle Cay	Green Turtle Cay
435	BS	BS-29	High Rock	High Rock	High Rock
436	BS	BS-30	Kemps Bay	Kemps Bay	Kemps Bay
437	BS	BS-31	Marsh Harbour	Marsh Harbour	Marsh Harbour
438	BS	BS-32	Nichollstown and Berry Islands	Nichollstown and Berry Islands	Nichollstown and Berry Islands
439	BS	BS-33	Rock Sound	Rock Sound	Rock Sound
440	BS	BS-34	Sandy Point	Sandy Point	Sandy Point
441	BS	BS-35	San Salvador and Rum Cay	San Salvador and Rum Cay	San Salvador and Rum Cay
442	BT	BT-05	Bumthang	Bumthang	Bumthang
443	BT	BT-06	Chhukha	Chhukha	Chhukha
444	BT	BT-07	Chirang	Chirang	Chirang
445	BT	BT-08	Daga	Daga	Daga
446	BT	BT-09	Geylegphug	Geylegphug	Geylegphug
447	BT	BT-10	Ha	Ha	Ha
448	BT	BT-11	Lhuntshi	Lhuntshi	Lhuntshi
449	BT	BT-12	Mongar	Mongar	Mongar
450	BT	BT-13	Paro	Paro	Paro
451	BT	BT-14	Pemagatsel	Pemagatsel	Pemagatsel
452	BT	BT-15	Punakha	Punakha	Punakha
453	BT	BT-16	Samchi	Samchi	Samchi
454	BT	BT-17	Samdrup	Samdrup	Samdrup
455	BT	BT-18	Shemgang	Shemgang	Shemgang
456	BT	BT-19	Tashigang	Tashigang	Tashigang
457	BT	BT-20	Thimphu	Thimphu	Thimphu
458	BT	BT-21	Tongsa	Tongsa	Tongsa
459	BT	BT-22	Wangdi Phodrang	Wangdi Phodrang	Wangdi Phodrang
460	BW	BW-01	Central	Central	Central
461	BW	BW-03	Ghanzi	Ghanzi	Ghanzi
462	BW	BW-04	Kgalagadi	Kgalagadi	Kgalagadi
463	BW	BW-05	Kgatleng	Kgatleng	Kgatleng
464	BW	BW-06	Kweneng	Kweneng	Kweneng
465	BW	BW-08	North-East	North-East	North-East
466	BW	BW-09	South-East	South-East	South-East
467	BW	BW-10	Southern	Southern	Southern
468	BW	BW-11	North-West	North-West	North-West
469	BY	BY-01	Brestskaya Voblasts	Бресткая область	Brestskaya Voblasts
470	BY	BY-02	Homyelskaya Voblasts	Гомельская область	Homyelskaya Voblasts
471	BY	BY-03	Hrodzyenskaya Voblasts	Гродненская область	Hrodzyenskaya Voblasts
472	BY	BY-04	Minsk	Минск	Minsk
473	BY	BY-05	Minskaya Voblasts	Минская область	Minskaya Voblasts
474	BY	BY-06	Mahilyowskaya Voblasts	Могилёвская область	Mahilyowskaya Voblasts
475	BY	BY-07	Vitsyebskaya Voblasts	Витебская область	Vitsyebskaya Voblasts
476	BZ	BZ-01	Belize	Belize	Belize
477	BZ	BZ-02	Cayo	Cayo	Cayo
478	BZ	BZ-03	Corozal	Corozal	Corozal
479	BZ	BZ-04	Orange Walk	Orange Walk	Orange Walk
480	BZ	BZ-05	Stann Creek	Stann Creek	Stann Creek
481	BZ	BZ-06	Toledo	Toledo	Toledo
482	CA	CA-AB	Alberta	Alberta	Alberta
483	CA	CA-BC	British Columbia	British Columbia	British Columbia
484	CA	CA-MB	Manitoba	Manitoba	Manitoba
485	CA	CA-NB	New Brunswick	New Brunswick	New Brunswick
486	CA	CA-NL	Newfoundland	Newfoundland	Newfoundland
487	CA	CA-NS	Nova Scotia	Nova Scotia	Nova Scotia
488	CA	CA-NT	Northwest Territories	Northwest Territories	Northwest Territories
489	CA	CA-NU	Nunavut	Nunavut	Nunavut
490	CA	CA-ON	Ontario	Ontario	Ontario
491	CA	CA-PE	Prince Edward Island	Prince Edward Island	Prince Edward Island
492	CA	CA-QC	Quebec	Quebec	Quebec
493	CA	CA-SK	Saskatchewan	Saskatchewan	Saskatchewan
494	CA	CA-YT	Yukon Territory	Yukon Territory	Yukon Territory
495	CD	CD-01	Bandundu	Bandundu	Bandundu
496	CD	CD-02	Equateur	Equateur	Equateur
497	CD	CD-04	Kasai-Oriental	Kasai-Oriental	Kasai-Oriental
498	CD	CD-05	Katanga	Katanga	Katanga
499	CD	CD-06	Kinshasa	Kinshasa	Kinshasa
500	CD	CD-08	Bas-Congo	Bas-Congo	Bas-Congo
501	CD	CD-09	Orientale	Orientale	Orientale
502	CD	CD-10	Maniema	Maniema	Maniema
503	CD	CD-11	Nord-Kivu	Nord-Kivu	Nord-Kivu
504	CD	CD-12	Sud-Kivu	Sud-Kivu	Sud-Kivu
505	CF	CF-01	Bamingui-Bangoran	Bamingui-Bangoran	Bamingui-Bangoran
506	CF	CF-02	Basse-Kotto	Basse-Kotto	Basse-Kotto
507	CF	CF-03	Haute-Kotto	Haute-Kotto	Haute-Kotto
508	CF	CF-04	Mambere-Kadei	Mambere-Kadei	Mambere-Kadei
509	CF	CF-05	Haut-Mbomou	Haut-Mbomou	Haut-Mbomou
510	CF	CF-06	Kemo	Kemo	Kemo
511	CF	CF-07	Lobaye	Lobaye	Lobaye
512	CF	CF-08	Mbomou	Mbomou	Mbomou
513	CF	CF-09	Nana-Mambere	Nana-Mambere	Nana-Mambere
514	CF	CF-11	Ouaka	Ouaka	Ouaka
515	CF	CF-12	Ouham	Ouham	Ouham
516	CF	CF-13	Ouham-Pende	Ouham-Pende	Ouham-Pende
517	CF	CF-14	Cuvette-Ouest	Cuvette-Ouest	Cuvette-Ouest
518	CF	CF-15	Nana-Grebizi	Nana-Grebizi	Nana-Grebizi
519	CF	CF-16	Sangha-Mbaere	Sangha-Mbaere	Sangha-Mbaere
520	CF	CF-17	Ombella-Mpoko	Ombella-Mpoko	Ombella-Mpoko
521	CF	CF-18	Bangui	Bangui	Bangui
522	CG	CG-01	Bouenza	Bouenza	Bouenza
523	CG	CG-04	Kouilou	Kouilou	Kouilou
524	CG	CG-05	Lekoumou	Lekoumou	Lekoumou
525	CG	CG-06	Likouala	Likouala	Likouala
526	CG	CG-07	Niari	Niari	Niari
527	CG	CG-08	Plateaux	Plateaux	Plateaux
528	CG	CG-10	Sangha	Sangha	Sangha
529	CG	CG-11	Pool	Pool	Pool
530	CG	CG-12	Brazzaville	Brazzaville	Brazzaville
531	CG	CG-13	Cuvette	Cuvette	Cuvette
532	CG	CG-14	Cuvette-Ouest	Cuvette-Ouest	Cuvette-Ouest
533	CH	CH-01	Aargau	Aargau	Aargau
534	CH	CH-02	Ausser-Rhoden	Ausser-Rhoden	Ausser-Rhoden
535	CH	CH-03	Basel-Landschaft	Basel-Landschaft	Basel-Landschaft
536	CH	CH-04	Basel-Stadt	Basel-Stadt	Basel-Stadt
537	CH	CH-05	Bern	Bern	Bern
538	CH	CH-06	Fribourg	Fribourg	Fribourg
539	CH	CH-07	Geneve	Geneve	Geneve
540	CH	CH-08	Glarus	Glarus	Glarus
541	CH	CH-09	Graubunden	Graubunden	Graubunden
542	CH	CH-10	Inner-Rhoden	Inner-Rhoden	Inner-Rhoden
543	CH	CH-11	Luzern	Luzern	Luzern
544	CH	CH-12	Neuchatel	Neuchatel	Neuchatel
545	CH	CH-13	Nidwalden	Nidwalden	Nidwalden
546	CH	CH-14	Obwalden	Obwalden	Obwalden
547	CH	CH-15	Sankt Gallen	Sankt Gallen	Sankt Gallen
548	CH	CH-16	Schaffhausen	Schaffhausen	Schaffhausen
549	CH	CH-17	Schwyz	Schwyz	Schwyz
550	CH	CH-18	Solothurn	Solothurn	Solothurn
551	CH	CH-19	Thurgau	Thurgau	Thurgau
552	CH	CH-20	Ticino	Ticino	Ticino
553	CH	CH-21	Uri	Uri	Uri
554	CH	CH-22	Valais	Valais	Valais
555	CH	CH-23	Vaud	Vaud	Vaud
556	CH	CH-24	Zug	Zug	Zug
557	CH	CH-25	Zurich	Zurich	Zurich
558	CH	CH-26	Jura	Jura	Jura
559	CI	CI-74	Agneby	Agneby	Agneby
560	CI	CI-75	Bafing	Bafing	Bafing
561	CI	CI-76	Bas-Sassandra	Bas-Sassandra	Bas-Sassandra
562	CI	CI-77	Denguele	Denguele	Denguele
563	CI	CI-78	Dix-Huit Montagnes	Dix-Huit Montagnes	Dix-Huit Montagnes
564	CI	CI-79	Fromager	Fromager	Fromager
565	CI	CI-80	Haut-Sassandra	Haut-Sassandra	Haut-Sassandra
566	CI	CI-81	Lacs	Lacs	Lacs
567	CI	CI-82	Lagunes	Lagunes	Lagunes
568	CI	CI-83	Marahoue	Marahoue	Marahoue
569	CI	CI-84	Moyen-Cavally	Moyen-Cavally	Moyen-Cavally
570	CI	CI-85	Moyen-Comoe	Moyen-Comoe	Moyen-Comoe
571	CI	CI-86	Nzi-Comoe	Nzi-Comoe	Nzi-Comoe
572	CI	CI-87	Savanes	Savanes	Savanes
573	CI	CI-88	Sud-Bandama	Sud-Bandama	Sud-Bandama
574	CI	CI-89	Sud-Comoe	Sud-Comoe	Sud-Comoe
575	CI	CI-90	Vallee du Bandama	Vallee du Bandama	Vallee du Bandama
576	CI	CI-91	Worodougou	Worodougou	Worodougou
577	CI	CI-92	Zanzan	Zanzan	Zanzan
578	CL	CL-01	Valparaiso	Valparaiso	Valparaiso
579	CL	CL-02	Aisen del General Carlos Ibanez del Campo	Aisen del General Carlos Ibanez del Campo	Aisen del General Carlos Ibanez del Campo
580	CL	CL-03	Antofagasta	Antofagasta	Antofagasta
581	CL	CL-04	Araucania	Araucania	Araucania
582	CL	CL-05	Atacama	Atacama	Atacama
583	CL	CL-06	Bio-Bio	Bio-Bio	Bio-Bio
584	CL	CL-07	Coquimbo	Coquimbo	Coquimbo
585	CL	CL-08	Libertador General Bernardo OHiggins	Libertador General Bernardo OHiggins	Libertador General Bernardo OHiggins
586	CL	CL-09	Los Lagos	Los Lagos	Los Lagos
587	CL	CL-10	Magallanes y de la Antartica Chilena	Magallanes y de la Antartica Chilena	Magallanes y de la Antartica Chilena
588	CL	CL-11	Maule	Maule	Maule
589	CL	CL-12	Region Metropolitana	Region Metropolitana	Region Metropolitana
590	CL	CL-13	Tarapaca	Tarapaca	Tarapaca
591	CL	CL-14	Los Lagos	Los Lagos	Los Lagos
592	CL	CL-15	Tarapaca	Tarapaca	Tarapaca
593	CL	CL-16	Arica y Parinacota	Arica y Parinacota	Arica y Parinacota
594	CL	CL-17	Los Rios	Los Rios	Los Rios
595	CM	CM-04	Est	Est	Est
596	CM	CM-05	Littoral	Littoral	Littoral
597	CM	CM-07	Nord-Ouest	Nord-Ouest	Nord-Ouest
598	CM	CM-08	Ouest	Ouest	Ouest
599	CM	CM-09	Sud-Ouest	Sud-Ouest	Sud-Ouest
600	CM	CM-10	Adamaoua	Adamaoua	Adamaoua
601	CM	CM-11	Centre	Centre	Centre
602	CM	CM-12	Extreme-Nord	Extreme-Nord	Extreme-Nord
603	CM	CM-13	Nord	Nord	Nord
604	CM	CM-14	Sud	Sud	Sud
605	CN	CN-01	Anhui	Anhui	Anhui
606	CN	CN-02	Zhejiang	Zhejiang	Zhejiang
607	CN	CN-03	Jiangxi	Jiangxi	Jiangxi
608	CN	CN-04	Jiangsu	Jiangsu	Jiangsu
609	CN	CN-05	Jilin	Jilin	Jilin
610	CN	CN-06	Qinghai	Qinghai	Qinghai
611	CN	CN-07	Fujian	Fujian	Fujian
612	CN	CN-08	Heilongjiang	Heilongjiang	Heilongjiang
613	CN	CN-09	Henan	Henan	Henan
614	CN	CN-10	Hebei	Hebei	Hebei
615	CN	CN-11	Hunan	Hunan	Hunan
616	CN	CN-12	Hubei	Hubei	Hubei
617	CN	CN-13	Xinjiang	Xinjiang	Xinjiang
618	CN	CN-14	Xizang	Xizang	Xizang
619	CN	CN-15	Gansu	Gansu	Gansu
620	CN	CN-16	Guangxi	Guangxi	Guangxi
621	CN	CN-18	Guizhou	Guizhou	Guizhou
622	CN	CN-19	Liaoning	Liaoning	Liaoning
623	CN	CN-20	Nei Mongol	Nei Mongol	Nei Mongol
624	CN	CN-21	Ningxia	Ningxia	Ningxia
625	CN	CN-22	Beijing	Beijing	Beijing
626	CN	CN-23	Shanghai	Shanghai	Shanghai
627	CN	CN-24	Shanxi	Shanxi	Shanxi
628	CN	CN-25	Shandong	Shandong	Shandong
629	CN	CN-26	Shaanxi	Shaanxi	Shaanxi
630	CN	CN-28	Tianjin	Tianjin	Tianjin
631	CN	CN-29	Yunnan	Yunnan	Yunnan
632	CN	CN-30	Guangdong	Guangdong	Guangdong
633	CN	CN-31	Hainan	Hainan	Hainan
634	CN	CN-32	Sichuan	Sichuan	Sichuan
635	CN	CN-33	Chongqing	Chongqing	Chongqing
636	CO	CO-01	Amazonas	Amazonas	Amazonas
637	CO	CO-02	Antioquia	Antioquia	Antioquia
638	CO	CO-03	Arauca	Arauca	Arauca
639	CO	CO-04	Atlantico	Atlantico	Atlantico
640	CO	CO-08	Caqueta	Caqueta	Caqueta
641	CO	CO-09	Cauca	Cauca	Cauca
642	CO	CO-10	Cesar	Cesar	Cesar
643	CO	CO-11	Choco	Choco	Choco
644	CO	CO-12	Cordoba	Cordoba	Cordoba
645	CO	CO-14	Guaviare	Guaviare	Guaviare
646	CO	CO-15	Guainia	Guainia	Guainia
647	CO	CO-16	Huila	Huila	Huila
648	CO	CO-17	La Guajira	La Guajira	La Guajira
649	CO	CO-19	Meta	Meta	Meta
650	CO	CO-20	Narino	Narino	Narino
651	CO	CO-21	Norte de Santander	Norte de Santander	Norte de Santander
652	CO	CO-22	Putumayo	Putumayo	Putumayo
653	CO	CO-23	Quindio	Quindio	Quindio
654	CO	CO-24	Risaralda	Risaralda	Risaralda
655	CO	CO-25	San Andres y Providencia	San Andres y Providencia	San Andres y Providencia
656	CO	CO-26	Santander	Santander	Santander
657	CO	CO-27	Sucre	Sucre	Sucre
658	CO	CO-28	Tolima	Tolima	Tolima
659	CO	CO-29	Valle del Cauca	Valle del Cauca	Valle del Cauca
660	CO	CO-30	Vaupes	Vaupes	Vaupes
661	CO	CO-31	Vichada	Vichada	Vichada
662	CO	CO-32	Casanare	Casanare	Casanare
663	CO	CO-33	Cundinamarca	Cundinamarca	Cundinamarca
664	CO	CO-34	Distrito Especial	Distrito Especial	Distrito Especial
665	CO	CO-35	Bolivar	Bolivar	Bolivar
666	CO	CO-36	Boyaca	Boyaca	Boyaca
667	CO	CO-37	Caldas	Caldas	Caldas
668	CO	CO-38	Magdalena	Magdalena	Magdalena
669	CR	CR-01	Alajuela	Alajuela	Alajuela
670	CR	CR-02	Cartago	Cartago	Cartago
671	CR	CR-03	Guanacaste	Guanacaste	Guanacaste
672	CR	CR-04	Heredia	Heredia	Heredia
673	CR	CR-06	Limon	Limon	Limon
674	CR	CR-07	Puntarenas	Puntarenas	Puntarenas
675	CR	CR-08	San Jose	San Jose	San Jose
676	CU	CU-01	Pinar del Rio	Pinar del Rio	Pinar del Rio
677	CU	CU-02	Ciudad de la Habana	Ciudad de la Habana	Ciudad de la Habana
678	CU	CU-03	Matanzas	Matanzas	Matanzas
679	CU	CU-04	Isla de la Juventud	Isla de la Juventud	Isla de la Juventud
680	CU	CU-05	Camaguey	Camaguey	Camaguey
681	CU	CU-07	Ciego de Avila	Ciego de Avila	Ciego de Avila
682	CU	CU-08	Cienfuegos	Cienfuegos	Cienfuegos
683	CU	CU-09	Granma	Granma	Granma
684	CU	CU-10	Guantanamo	Guantanamo	Guantanamo
685	CU	CU-11	La Habana	La Habana	La Habana
686	CU	CU-12	Holguin	Holguin	Holguin
687	CU	CU-13	Las Tunas	Las Tunas	Las Tunas
688	CU	CU-14	Sancti Spiritus	Sancti Spiritus	Sancti Spiritus
689	CU	CU-15	Santiago de Cuba	Santiago de Cuba	Santiago de Cuba
690	CU	CU-16	Villa Clara	Villa Clara	Villa Clara
691	CV	CV-01	Boa Vista	Boa Vista	Boa Vista
692	CV	CV-02	Brava	Brava	Brava
693	CV	CV-04	Maio	Maio	Maio
694	CV	CV-05	Paul	Paul	Paul
695	CV	CV-07	Ribeira Grande	Ribeira Grande	Ribeira Grande
696	CV	CV-08	Sal	Sal	Sal
697	CV	CV-10	Sao Nicolau	Sao Nicolau	Sao Nicolau
698	CV	CV-11	Sao Vicente	Sao Vicente	Sao Vicente
699	CV	CV-13	Mosteiros	Mosteiros	Mosteiros
700	CV	CV-14	Praia	Praia	Praia
701	CV	CV-15	Santa Catarina	Santa Catarina	Santa Catarina
702	CV	CV-16	Santa Cruz	Santa Cruz	Santa Cruz
703	CV	CV-17	Sao Domingos	Sao Domingos	Sao Domingos
704	CV	CV-18	Sao Filipe	Sao Filipe	Sao Filipe
705	CV	CV-19	Sao Miguel	Sao Miguel	Sao Miguel
706	CV	CV-20	Tarrafal	Tarrafal	Tarrafal
707	CY	CY-01	Famagusta	Famagusta	Famagusta
708	CY	CY-02	Kyrenia	Kyrenia	Kyrenia
709	CY	CY-03	Larnaca	Larnaca	Larnaca
710	CY	CY-04	Nicosia	Nicosia	Nicosia
711	CY	CY-05	Limassol	Limassol	Limassol
712	CY	CY-06	Paphos	Paphos	Paphos
713	CZ	CZ-52	Hlavni mesto Praha	Hlavni mesto Praha	Hlavni mesto Praha
714	CZ	CZ-78	Jihomoravsky kraj	Jihomoravsky kraj	Jihomoravsky kraj
715	CZ	CZ-79	Jihocesky kraj	Jihocesky kraj	Jihocesky kraj
716	CZ	CZ-80	Vysocina	Vysocina	Vysocina
717	CZ	CZ-81	Karlovarsky kraj	Karlovarsky kraj	Karlovarsky kraj
718	CZ	CZ-82	Kralovehradecky kraj	Kralovehradecky kraj	Kralovehradecky kraj
719	CZ	CZ-83	Liberecky kraj	Liberecky kraj	Liberecky kraj
720	CZ	CZ-84	Olomoucky kraj	Olomoucky kraj	Olomoucky kraj
721	CZ	CZ-85	Moravskoslezsky kraj	Moravskoslezsky kraj	Moravskoslezsky kraj
722	CZ	CZ-86	Pardubicky kraj	Pardubicky kraj	Pardubicky kraj
723	CZ	CZ-87	Plzensky kraj	Plzensky kraj	Plzensky kraj
724	CZ	CZ-88	Stredocesky kraj	Stredocesky kraj	Stredocesky kraj
725	CZ	CZ-89	Ustecky kraj	Ustecky kraj	Ustecky kraj
726	CZ	CZ-90	Zlinsky kraj	Zlinsky kraj	Zlinsky kraj
727	DE	DE-01	Baden-Wurttemberg	Baden-Wurttemberg	Baden-Wurttemberg
728	DE	DE-02	Bayern	Bayern	Bayern
729	DE	DE-03	Bremen	Bremen	Bremen
730	DE	DE-04	Hamburg	Hamburg	Hamburg
731	DE	DE-05	Hessen	Hessen	Hessen
732	DE	DE-06	Niedersachsen	Niedersachsen	Niedersachsen
733	DE	DE-07	Nordrhein-Westfalen	Nordrhein-Westfalen	Nordrhein-Westfalen
734	DE	DE-08	Rheinland-Pfalz	Rheinland-Pfalz	Rheinland-Pfalz
735	DE	DE-09	Saarland	Saarland	Saarland
736	DE	DE-10	Schleswig-Holstein	Schleswig-Holstein	Schleswig-Holstein
737	DE	DE-11	Brandenburg	Brandenburg	Brandenburg
738	DE	DE-12	Mecklenburg-Vorpommern	Mecklenburg-Vorpommern	Mecklenburg-Vorpommern
739	DE	DE-13	Sachsen	Sachsen	Sachsen
740	DE	DE-14	Sachsen-Anhalt	Sachsen-Anhalt	Sachsen-Anhalt
741	DE	DE-15	Thuringen	Thuringen	Thuringen
742	DE	DE-16	Berlin	Berlin	Berlin
743	DJ	DJ-01	Ali Sabieh	Ali Sabieh	Ali Sabieh
744	DJ	DJ-04	Obock	Obock	Obock
745	DJ	DJ-05	Tadjoura	Tadjoura	Tadjoura
746	DJ	DJ-06	Dikhil	Dikhil	Dikhil
747	DJ	DJ-07	Djibouti	Djibouti	Djibouti
748	DJ	DJ-08	Arta	Arta	Arta
749	DK	DK-17	Hovedstaden	Hovedstaden	Hovedstaden
750	DK	DK-18	Midtjylland	Midtjylland	Midtjylland
751	DK	DK-19	Nordjylland	Nordjylland	Nordjylland
752	DK	DK-20	Sjelland	Sjelland	Sjelland
753	DK	DK-21	Syddanmark	Syddanmark	Syddanmark
754	DM	DM-02	Saint Andrew	Saint Andrew	Saint Andrew
755	DM	DM-03	Saint David	Saint David	Saint David
756	DM	DM-04	Saint George	Saint George	Saint George
757	DM	DM-05	Saint John	Saint John	Saint John
758	DM	DM-06	Saint Joseph	Saint Joseph	Saint Joseph
759	DM	DM-07	Saint Luke	Saint Luke	Saint Luke
760	DM	DM-08	Saint Mark	Saint Mark	Saint Mark
761	DM	DM-09	Saint Patrick	Saint Patrick	Saint Patrick
762	DM	DM-10	Saint Paul	Saint Paul	Saint Paul
763	DM	DM-11	Saint Peter	Saint Peter	Saint Peter
764	DO	DO-01	Azua	Azua	Azua
765	DO	DO-02	Baoruco	Baoruco	Baoruco
766	DO	DO-03	Barahona	Barahona	Barahona
767	DO	DO-04	Dajabon	Dajabon	Dajabon
768	DO	DO-05	Distrito Nacional	Distrito Nacional	Distrito Nacional
769	DO	DO-06	Duarte	Duarte	Duarte
770	DO	DO-08	Espaillat	Espaillat	Espaillat
771	DO	DO-09	Independencia	Independencia	Independencia
772	DO	DO-10	La Altagracia	La Altagracia	La Altagracia
773	DO	DO-11	Elias Pina	Elias Pina	Elias Pina
774	DO	DO-12	La Romana	La Romana	La Romana
775	DO	DO-14	Maria Trinidad Sanchez	Maria Trinidad Sanchez	Maria Trinidad Sanchez
776	DO	DO-15	Monte Cristi	Monte Cristi	Monte Cristi
777	DO	DO-16	Pedernales	Pedernales	Pedernales
778	DO	DO-17	Peravia	Peravia	Peravia
779	DO	DO-18	Puerto Plata	Puerto Plata	Puerto Plata
780	DO	DO-19	Salcedo	Salcedo	Salcedo
781	DO	DO-20	Samana	Samana	Samana
782	DO	DO-21	Sanchez Ramirez	Sanchez Ramirez	Sanchez Ramirez
783	DO	DO-23	San Juan	San Juan	San Juan
784	DO	DO-24	San Pedro De Macoris	San Pedro De Macoris	San Pedro De Macoris
785	DO	DO-25	Santiago	Santiago	Santiago
786	DO	DO-26	Santiago Rodriguez	Santiago Rodriguez	Santiago Rodriguez
787	DO	DO-27	Valverde	Valverde	Valverde
788	DO	DO-28	El Seibo	El Seibo	El Seibo
789	DO	DO-29	Hato Mayor	Hato Mayor	Hato Mayor
790	DO	DO-30	La Vega	La Vega	La Vega
791	DO	DO-31	Monsenor Nouel	Monsenor Nouel	Monsenor Nouel
792	DO	DO-32	Monte Plata	Monte Plata	Monte Plata
793	DO	DO-33	San Cristobal	San Cristobal	San Cristobal
794	DO	DO-34	Distrito Nacional	Distrito Nacional	Distrito Nacional
795	DO	DO-35	Peravia	Peravia	Peravia
796	DO	DO-36	San Jose de Ocoa	San Jose de Ocoa	San Jose de Ocoa
797	DO	DO-37	Santo Domingo	Santo Domingo	Santo Domingo
798	DZ	DZ-01	Alger	Alger	Alger
799	DZ	DZ-03	Batna	Batna	Batna
800	DZ	DZ-04	Constantine	Constantine	Constantine
801	DZ	DZ-06	Medea	Medea	Medea
802	DZ	DZ-07	Mostaganem	Mostaganem	Mostaganem
803	DZ	DZ-09	Oran	Oran	Oran
804	DZ	DZ-10	Saida	Saida	Saida
805	DZ	DZ-12	Setif	Setif	Setif
806	DZ	DZ-13	Tiaret	Tiaret	Tiaret
807	DZ	DZ-14	Tizi Ouzou	Tizi Ouzou	Tizi Ouzou
808	DZ	DZ-15	Tlemcen	Tlemcen	Tlemcen
809	DZ	DZ-18	Bejaia	Bejaia	Bejaia
810	DZ	DZ-19	Biskra	Biskra	Biskra
811	DZ	DZ-20	Blida	Blida	Blida
812	DZ	DZ-21	Bouira	Bouira	Bouira
813	DZ	DZ-22	Djelfa	Djelfa	Djelfa
814	DZ	DZ-23	Guelma	Guelma	Guelma
815	DZ	DZ-24	Jijel	Jijel	Jijel
816	DZ	DZ-25	Laghouat	Laghouat	Laghouat
817	DZ	DZ-26	Mascara	Mascara	Mascara
818	DZ	DZ-27	Msila	Msila	Msila
819	DZ	DZ-29	Oum el Bouaghi	Oum el Bouaghi	Oum el Bouaghi
820	DZ	DZ-30	Sidi Bel Abbes	Sidi Bel Abbes	Sidi Bel Abbes
821	DZ	DZ-31	Skikda	Skikda	Skikda
822	DZ	DZ-33	Tebessa	Tebessa	Tebessa
823	DZ	DZ-34	Adrar	Adrar	Adrar
824	DZ	DZ-35	Ain Defla	Ain Defla	Ain Defla
825	DZ	DZ-36	Ain Temouchent	Ain Temouchent	Ain Temouchent
826	DZ	DZ-37	Annaba	Annaba	Annaba
827	DZ	DZ-38	Bechar	Bechar	Bechar
828	DZ	DZ-39	Bordj Bou Arreridj	Bordj Bou Arreridj	Bordj Bou Arreridj
829	DZ	DZ-40	Boumerdes	Boumerdes	Boumerdes
830	DZ	DZ-41	Chlef	Chlef	Chlef
831	DZ	DZ-42	El Bayadh	El Bayadh	El Bayadh
832	DZ	DZ-43	El Oued	El Oued	El Oued
833	DZ	DZ-44	El Tarf	El Tarf	El Tarf
834	DZ	DZ-45	Ghardaia	Ghardaia	Ghardaia
835	DZ	DZ-46	Illizi	Illizi	Illizi
836	DZ	DZ-47	Khenchela	Khenchela	Khenchela
837	DZ	DZ-48	Mila	Mila	Mila
838	DZ	DZ-49	Naama	Naama	Naama
839	DZ	DZ-50	Ouargla	Ouargla	Ouargla
840	DZ	DZ-51	Relizane	Relizane	Relizane
841	DZ	DZ-52	Souk Ahras	Souk Ahras	Souk Ahras
842	DZ	DZ-53	Tamanghasset	Tamanghasset	Tamanghasset
843	DZ	DZ-54	Tindouf	Tindouf	Tindouf
844	DZ	DZ-55	Tipaza	Tipaza	Tipaza
845	DZ	DZ-56	Tissemsilt	Tissemsilt	Tissemsilt
846	EC	EC-01	Galapagos	Galapagos	Galapagos
847	EC	EC-02	Azuay	Azuay	Azuay
848	EC	EC-03	Bolivar	Bolivar	Bolivar
849	EC	EC-04	Canar	Canar	Canar
850	EC	EC-05	Carchi	Carchi	Carchi
851	EC	EC-06	Chimborazo	Chimborazo	Chimborazo
852	EC	EC-07	Cotopaxi	Cotopaxi	Cotopaxi
853	EC	EC-08	El Oro	El Oro	El Oro
854	EC	EC-09	Esmeraldas	Esmeraldas	Esmeraldas
855	EC	EC-10	Guayas	Guayas	Guayas
856	EC	EC-11	Imbabura	Imbabura	Imbabura
857	EC	EC-12	Loja	Loja	Loja
858	EC	EC-13	Los Rios	Los Rios	Los Rios
859	EC	EC-14	Manabi	Manabi	Manabi
860	EC	EC-15	Morona-Santiago	Morona-Santiago	Morona-Santiago
861	EC	EC-17	Pastaza	Pastaza	Pastaza
862	EC	EC-18	Pichincha	Pichincha	Pichincha
863	EC	EC-19	Tungurahua	Tungurahua	Tungurahua
864	EC	EC-20	Zamora-Chinchipe	Zamora-Chinchipe	Zamora-Chinchipe
865	EC	EC-22	Sucumbios	Sucumbios	Sucumbios
866	EC	EC-23	Napo	Napo	Napo
867	EC	EC-24	Orellana	Orellana	Orellana
868	EE	EE-01	Harjumaa	Harjumaa	Harjumaa
869	EE	EE-02	Hiiumaa	Hiiumaa	Hiiumaa
870	EE	EE-03	Ida-Virumaa	Ida-Virumaa	Ida-Virumaa
871	EE	EE-04	Jarvamaa	Jarvamaa	Jarvamaa
872	EE	EE-05	Jogevamaa	Jogevamaa	Jogevamaa
873	EE	EE-06	Kohtla-Jarve	Kohtla-Jarve	Kohtla-Jarve
874	EE	EE-07	Laanemaa	Laanemaa	Laanemaa
875	EE	EE-08	Laane-Virumaa	Laane-Virumaa	Laane-Virumaa
876	EE	EE-09	Narva	Narva	Narva
877	EE	EE-10	Parnu	Parnu	Parnu
878	EE	EE-11	Parnumaa	Parnumaa	Parnumaa
879	EE	EE-12	Polvamaa	Polvamaa	Polvamaa
880	EE	EE-13	Raplamaa	Raplamaa	Raplamaa
881	EE	EE-14	Saaremaa	Saaremaa	Saaremaa
882	EE	EE-15	Sillamae	Sillamae	Sillamae
883	EE	EE-16	Tallinn	Tallinn	Tallinn
884	EE	EE-17	Tartu	Tartu	Tartu
885	EE	EE-18	Tartumaa	Tartumaa	Tartumaa
886	EE	EE-19	Valgamaa	Valgamaa	Valgamaa
887	EE	EE-20	Viljandimaa	Viljandimaa	Viljandimaa
888	EE	EE-21	Vorumaa	Vorumaa	Vorumaa
889	EG	EG-01	Ad Daqahliyah	Ad Daqahliyah	Ad Daqahliyah
890	EG	EG-02	Al Bahr al Ahmar	Al Bahr al Ahmar	Al Bahr al Ahmar
891	EG	EG-03	Al Buhayrah	Al Buhayrah	Al Buhayrah
892	EG	EG-04	Al Fayyum	Al Fayyum	Al Fayyum
893	EG	EG-05	Al Gharbiyah	Al Gharbiyah	Al Gharbiyah
894	EG	EG-06	Al Iskandariyah	Al Iskandariyah	Al Iskandariyah
895	EG	EG-07	Al Ismailiyah	Al Ismailiyah	Al Ismailiyah
896	EG	EG-08	Al Jizah	Al Jizah	Al Jizah
897	EG	EG-09	Al Minufiyah	Al Minufiyah	Al Minufiyah
898	EG	EG-10	Al Minya	Al Minya	Al Minya
899	EG	EG-11	Al Qahirah	Al Qahirah	Al Qahirah
900	EG	EG-12	Al Qalyubiyah	Al Qalyubiyah	Al Qalyubiyah
901	EG	EG-13	Al Wadi al Jadid	Al Wadi al Jadid	Al Wadi al Jadid
902	EG	EG-14	Ash Sharqiyah	Ash Sharqiyah	Ash Sharqiyah
903	EG	EG-15	As Suways	As Suways	As Suways
904	EG	EG-16	Aswan	Aswan	Aswan
905	EG	EG-17	Asyut	Asyut	Asyut
906	EG	EG-18	Bani Suwayf	Bani Suwayf	Bani Suwayf
907	EG	EG-19	Bur Said	Bur Said	Bur Said
908	EG	EG-20	Dumyat	Dumyat	Dumyat
909	EG	EG-21	Kafr ash Shaykh	Kafr ash Shaykh	Kafr ash Shaykh
910	EG	EG-22	Matruh	Matruh	Matruh
911	EG	EG-23	Qina	Qina	Qina
912	EG	EG-24	Suhaj	Suhaj	Suhaj
913	EG	EG-26	Janub Sina	Janub Sina	Janub Sina
914	EG	EG-27	Shamal Sina	Shamal Sina	Shamal Sina
915	EG	EG-28	Al Uqsur	Al Uqsur	Al Uqsur
916	ER	ER-01	Anseba	Anseba	Anseba
917	ER	ER-02	Debub	Debub	Debub
918	ER	ER-03	Debubawi Keyih Bahri	Debubawi Keyih Bahri	Debubawi Keyih Bahri
919	ER	ER-04	Gash Barka	Gash Barka	Gash Barka
920	ER	ER-05	Maakel	Maakel	Maakel
921	ER	ER-06	Semenawi Keyih Bahri	Semenawi Keyih Bahri	Semenawi Keyih Bahri
922	ES	ES-07	Islas Baleares	Islas Baleares	Islas Baleares
923	ES	ES-27	La Rioja	La Rioja	La Rioja
924	ES	ES-29	Madrid	Madrid	Madrid
925	ES	ES-31	Murcia	Murcia	Murcia
926	ES	ES-32	Navarra	Navarra	Navarra
927	ES	ES-34	Asturias	Asturias	Asturias
928	ES	ES-39	Cantabria	Cantabria	Cantabria
929	ES	ES-51	Andalucia	Andalucia	Andalucia
930	ES	ES-52	Aragon	Aragon	Aragon
931	ES	ES-53	Canarias	Canarias	Canarias
932	ES	ES-54	Castilla-La Mancha	Castilla-La Mancha	Castilla-La Mancha
933	ES	ES-55	Castilla y Leon	Castilla y Leon	Castilla y Leon
934	ES	ES-56	Catalonia	Catalonia	Catalonia
935	ES	ES-57	Extremadura	Extremadura	Extremadura
936	ES	ES-58	Galicia	Galicia	Galicia
937	ES	ES-59	Pais Vasco	Pais Vasco	Pais Vasco
938	ES	ES-60	Comunidad Valenciana	Comunidad Valenciana	Comunidad Valenciana
939	ET	ET-44	Adis Abeba	Adis Abeba	Adis Abeba
940	ET	ET-45	Afar	Afar	Afar
941	ET	ET-46	Amara	Amara	Amara
942	ET	ET-47	Binshangul Gumuz	Binshangul Gumuz	Binshangul Gumuz
943	ET	ET-48	Dire Dawa	Dire Dawa	Dire Dawa
944	ET	ET-49	Gambela Hizboch	Gambela Hizboch	Gambela Hizboch
945	ET	ET-50	Hareri Hizb	Hareri Hizb	Hareri Hizb
946	ET	ET-51	Oromiya	Oromiya	Oromiya
947	ET	ET-52	Sumale	Sumale	Sumale
948	ET	ET-53	Tigray	Tigray	Tigray
949	ET	ET-54	YeDebub Biheroch Bihereseboch na Hizboch	YeDebub Biheroch Bihereseboch na Hizboch	YeDebub Biheroch Bihereseboch na Hizboch
950	FI	FI-01	Aland	Aland	Aland
951	FI	FI-06	Lapland	Lapland	Lapland
952	FI	FI-08	Oulu	Oulu	Oulu
953	FI	FI-13	Southern Finland	Southern Finland	Southern Finland
954	FI	FI-14	Eastern Finland	Eastern Finland	Eastern Finland
955	FI	FI-15	Western Finland	Western Finland	Western Finland
956	FJ	FJ-01	Central	Central	Central
957	FJ	FJ-02	Eastern	Eastern	Eastern
958	FJ	FJ-03	Northern	Northern	Northern
959	FJ	FJ-04	Rotuma	Rotuma	Rotuma
960	FJ	FJ-05	Western	Western	Western
961	FM	FM-01	Kosrae	Kosrae	Kosrae
962	FM	FM-02	Pohnpei	Pohnpei	Pohnpei
963	FM	FM-03	Chuuk	Chuuk	Chuuk
964	FM	FM-04	Yap	Yap	Yap
965	FR	FR-97	Aquitaine	Aquitaine	Aquitaine
966	FR	FR-98	Auvergne	Auvergne	Auvergne
967	FR	FR-99	Basse-Normandie	Basse-Normandie	Basse-Normandie
968	FR	FR-A1	Bourgogne	Bourgogne	Bourgogne
969	FR	FR-A2	Bretagne	Bretagne	Bretagne
970	FR	FR-A3	Centre	Centre	Centre
971	FR	FR-A4	Champagne-Ardenne	Champagne-Ardenne	Champagne-Ardenne
972	FR	FR-A5	Corse	Corse	Corse
973	FR	FR-A6	Franche-Comte	Franche-Comte	Franche-Comte
974	FR	FR-A7	Haute-Normandie	Haute-Normandie	Haute-Normandie
975	FR	FR-A8	Ile-de-France	Ile-de-France	Ile-de-France
976	FR	FR-A9	Languedoc-Roussillon	Languedoc-Roussillon	Languedoc-Roussillon
977	FR	FR-B1	Limousin	Limousin	Limousin
978	FR	FR-B2	Lorraine	Lorraine	Lorraine
979	FR	FR-B3	Midi-Pyrenees	Midi-Pyrenees	Midi-Pyrenees
980	FR	FR-B4	Nord-Pas-de-Calais	Nord-Pas-de-Calais	Nord-Pas-de-Calais
981	FR	FR-B5	Pays de la Loire	Pays de la Loire	Pays de la Loire
982	FR	FR-B6	Picardie	Picardie	Picardie
983	FR	FR-B7	Poitou-Charentes	Poitou-Charentes	Poitou-Charentes
984	FR	FR-B8	Provence-Alpes-Cote dAzur	Provence-Alpes-Cote dAzur	Provence-Alpes-Cote dAzur
985	FR	FR-B9	Rhone-Alpes	Rhone-Alpes	Rhone-Alpes
986	FR	FR-C1	Alsace	Alsace	Alsace
987	GA	GA-01	Estuaire	Estuaire	Estuaire
988	GA	GA-02	Haut-Ogooue	Haut-Ogooue	Haut-Ogooue
989	GA	GA-03	Moyen-Ogooue	Moyen-Ogooue	Moyen-Ogooue
990	GA	GA-04	Ngounie	Ngounie	Ngounie
991	GA	GA-05	Nyanga	Nyanga	Nyanga
992	GA	GA-06	Ogooue-Ivindo	Ogooue-Ivindo	Ogooue-Ivindo
993	GA	GA-07	Ogooue-Lolo	Ogooue-Lolo	Ogooue-Lolo
994	GA	GA-08	Ogooue-Maritime	Ogooue-Maritime	Ogooue-Maritime
995	GA	GA-09	Woleu-Ntem	Woleu-Ntem	Woleu-Ntem
996	GB	GB-A1	Barking and Dagenham	Barking and Dagenham	Barking and Dagenham
997	GB	GB-A2	Barnet	Barnet	Barnet
998	GB	GB-A3	Barnsley	Barnsley	Barnsley
999	GB	GB-A4	Bath and North East Somerset	Bath and North East Somerset	Bath and North East Somerset
1000	GB	GB-A5	Bedfordshire	Bedfordshire	Bedfordshire
1001	GB	GB-A6	Bexley	Bexley	Bexley
1002	GB	GB-A7	Birmingham	Birmingham	Birmingham
1003	GB	GB-A8	Blackburn with Darwen	Blackburn with Darwen	Blackburn with Darwen
1004	GB	GB-A9	Blackpool	Blackpool	Blackpool
1005	GB	GB-B1	Bolton	Bolton	Bolton
1006	GB	GB-B2	Bournemouth	Bournemouth	Bournemouth
1007	GB	GB-B3	Bracknell Forest	Bracknell Forest	Bracknell Forest
1008	GB	GB-B4	Bradford	Bradford	Bradford
1009	GB	GB-B5	Brent	Brent	Brent
1010	GB	GB-B6	Brighton and Hove	Brighton and Hove	Brighton and Hove
1011	GB	GB-B7	Bristol, City of	Bristol, City of	Bristol, City of
1012	GB	GB-B8	Bromley	Bromley	Bromley
1013	GB	GB-B9	Buckinghamshire	Buckinghamshire	Buckinghamshire
1014	GB	GB-C1	Bury	Bury	Bury
1015	GB	GB-C2	Calderdale	Calderdale	Calderdale
1016	GB	GB-C3	Cambridgeshire	Cambridgeshire	Cambridgeshire
1017	GB	GB-C4	Camden	Camden	Camden
1018	GB	GB-C5	Cheshire	Cheshire	Cheshire
1019	GB	GB-C6	Cornwall	Cornwall	Cornwall
1020	GB	GB-C7	Coventry	Coventry	Coventry
1021	GB	GB-C8	Croydon	Croydon	Croydon
1022	GB	GB-C9	Cumbria	Cumbria	Cumbria
1023	GB	GB-D1	Darlington	Darlington	Darlington
1024	GB	GB-D2	Derby	Derby	Derby
1025	GB	GB-D3	Derbyshire	Derbyshire	Derbyshire
1026	GB	GB-D4	Devon	Devon	Devon
1027	GB	GB-D5	Doncaster	Doncaster	Doncaster
1028	GB	GB-D6	Dorset	Dorset	Dorset
1029	GB	GB-D7	Dudley	Dudley	Dudley
1030	GB	GB-D8	Durham	Durham	Durham
1031	GB	GB-D9	Ealing	Ealing	Ealing
1032	GB	GB-E1	East Riding of Yorkshire	East Riding of Yorkshire	East Riding of Yorkshire
1033	GB	GB-E2	East Sussex	East Sussex	East Sussex
1034	GB	GB-E3	Enfield	Enfield	Enfield
1035	GB	GB-E4	Essex	Essex	Essex
1036	GB	GB-E5	Gateshead	Gateshead	Gateshead
1037	GB	GB-E6	Gloucestershire	Gloucestershire	Gloucestershire
1038	GB	GB-E7	Greenwich	Greenwich	Greenwich
1039	GB	GB-E8	Hackney	Hackney	Hackney
1040	GB	GB-E9	Halton	Halton	Halton
1041	GB	GB-F1	Hammersmith and Fulham	Hammersmith and Fulham	Hammersmith and Fulham
1042	GB	GB-F2	Hampshire	Hampshire	Hampshire
1043	GB	GB-F3	Haringey	Haringey	Haringey
1044	GB	GB-F4	Harrow	Harrow	Harrow
1045	GB	GB-F5	Hartlepool	Hartlepool	Hartlepool
1046	GB	GB-F6	Havering	Havering	Havering
1047	GB	GB-F7	Herefordshire	Herefordshire	Herefordshire
1048	GB	GB-F8	Hertford	Hertford	Hertford
1049	GB	GB-F9	Hillingdon	Hillingdon	Hillingdon
1050	GB	GB-G1	Hounslow	Hounslow	Hounslow
1051	GB	GB-G2	Isle of Wight	Isle of Wight	Isle of Wight
1052	GB	GB-G3	Islington	Islington	Islington
1053	GB	GB-G4	Kensington and Chelsea	Kensington and Chelsea	Kensington and Chelsea
1054	GB	GB-G5	Kent	Kent	Kent
1055	GB	GB-G6	Kingston upon Hull, City of	Kingston upon Hull, City of	Kingston upon Hull, City of
1056	GB	GB-G7	Kingston upon Thames	Kingston upon Thames	Kingston upon Thames
1057	GB	GB-G8	Kirklees	Kirklees	Kirklees
1058	GB	GB-G9	Knowsley	Knowsley	Knowsley
1059	GB	GB-H1	Lambeth	Lambeth	Lambeth
1060	GB	GB-H2	Lancashire	Lancashire	Lancashire
1061	GB	GB-H3	Leeds	Leeds	Leeds
1062	GB	GB-H4	Leicester	Leicester	Leicester
1063	GB	GB-H5	Leicestershire	Leicestershire	Leicestershire
1064	GB	GB-H6	Lewisham	Lewisham	Lewisham
1065	GB	GB-H7	Lincolnshire	Lincolnshire	Lincolnshire
1066	GB	GB-H8	Liverpool	Liverpool	Liverpool
1067	GB	GB-H9	London, City of	London, City of	London, City of
1068	GB	GB-I1	Luton	Luton	Luton
1069	GB	GB-I2	Manchester	Manchester	Manchester
1070	GB	GB-I3	Medway	Medway	Medway
1071	GB	GB-I4	Merton	Merton	Merton
1072	GB	GB-I5	Middlesbrough	Middlesbrough	Middlesbrough
1073	GB	GB-I6	Milton Keynes	Milton Keynes	Milton Keynes
1074	GB	GB-I7	Newcastle upon Tyne	Newcastle upon Tyne	Newcastle upon Tyne
1075	GB	GB-I8	Newham	Newham	Newham
1076	GB	GB-I9	Norfolk	Norfolk	Norfolk
1077	GB	GB-J1	Northamptonshire	Northamptonshire	Northamptonshire
1078	GB	GB-J2	North East Lincolnshire	North East Lincolnshire	North East Lincolnshire
1079	GB	GB-J3	North Lincolnshire	North Lincolnshire	North Lincolnshire
1080	GB	GB-J4	North Somerset	North Somerset	North Somerset
1081	GB	GB-J5	North Tyneside	North Tyneside	North Tyneside
1082	GB	GB-J6	Northumberland	Northumberland	Northumberland
1083	GB	GB-J7	North Yorkshire	North Yorkshire	North Yorkshire
1084	GB	GB-J8	Nottingham	Nottingham	Nottingham
1085	GB	GB-J9	Nottinghamshire	Nottinghamshire	Nottinghamshire
1086	GB	GB-K1	Oldham	Oldham	Oldham
1087	GB	GB-K2	Oxfordshire	Oxfordshire	Oxfordshire
1088	GB	GB-K3	Peterborough	Peterborough	Peterborough
1089	GB	GB-K4	Plymouth	Plymouth	Plymouth
1090	GB	GB-K5	Poole	Poole	Poole
1091	GB	GB-K6	Portsmouth	Portsmouth	Portsmouth
1092	GB	GB-K7	Reading	Reading	Reading
1093	GB	GB-K8	Redbridge	Redbridge	Redbridge
1094	GB	GB-K9	Redcar and Cleveland	Redcar and Cleveland	Redcar and Cleveland
1095	GB	GB-L1	Richmond upon Thames	Richmond upon Thames	Richmond upon Thames
1096	GB	GB-L2	Rochdale	Rochdale	Rochdale
1097	GB	GB-L3	Rotherham	Rotherham	Rotherham
1098	GB	GB-L4	Rutland	Rutland	Rutland
1099	GB	GB-L5	Salford	Salford	Salford
1100	GB	GB-L6	Shropshire	Shropshire	Shropshire
1101	GB	GB-L7	Sandwell	Sandwell	Sandwell
1102	GB	GB-L8	Sefton	Sefton	Sefton
1103	GB	GB-L9	Sheffield	Sheffield	Sheffield
1104	GB	GB-M1	Slough	Slough	Slough
1105	GB	GB-M2	Solihull	Solihull	Solihull
1106	GB	GB-M3	Somerset	Somerset	Somerset
1107	GB	GB-M4	Southampton	Southampton	Southampton
1108	GB	GB-M5	Southend-on-Sea	Southend-on-Sea	Southend-on-Sea
1109	GB	GB-M6	South Gloucestershire	South Gloucestershire	South Gloucestershire
1110	GB	GB-M7	South Tyneside	South Tyneside	South Tyneside
1111	GB	GB-M8	Southwark	Southwark	Southwark
1112	GB	GB-M9	Staffordshire	Staffordshire	Staffordshire
1113	GB	GB-N1	St. Helens	St. Helens	St. Helens
1114	GB	GB-N2	Stockport	Stockport	Stockport
1115	GB	GB-N3	Stockton-on-Tees	Stockton-on-Tees	Stockton-on-Tees
1116	GB	GB-N4	Stoke-on-Trent	Stoke-on-Trent	Stoke-on-Trent
1117	GB	GB-N5	Suffolk	Suffolk	Suffolk
1118	GB	GB-N6	Sunderland	Sunderland	Sunderland
1119	GB	GB-N7	Surrey	Surrey	Surrey
1120	GB	GB-N8	Sutton	Sutton	Sutton
1121	GB	GB-N9	Swindon	Swindon	Swindon
1122	GB	GB-O1	Tameside	Tameside	Tameside
1123	GB	GB-O2	Telford and Wrekin	Telford and Wrekin	Telford and Wrekin
1124	GB	GB-O3	Thurrock	Thurrock	Thurrock
1125	GB	GB-O4	Torbay	Torbay	Torbay
1126	GB	GB-O5	Tower Hamlets	Tower Hamlets	Tower Hamlets
1127	GB	GB-O6	Trafford	Trafford	Trafford
1128	GB	GB-O7	Wakefield	Wakefield	Wakefield
1129	GB	GB-O8	Walsall	Walsall	Walsall
1130	GB	GB-O9	Waltham Forest	Waltham Forest	Waltham Forest
1131	GB	GB-P1	Wandsworth	Wandsworth	Wandsworth
1132	GB	GB-P2	Warrington	Warrington	Warrington
1133	GB	GB-P3	Warwickshire	Warwickshire	Warwickshire
1134	GB	GB-P4	West Berkshire	West Berkshire	West Berkshire
1135	GB	GB-P5	Westminster	Westminster	Westminster
1136	GB	GB-P6	West Sussex	West Sussex	West Sussex
1137	GB	GB-P7	Wigan	Wigan	Wigan
1138	GB	GB-P8	Wiltshire	Wiltshire	Wiltshire
1139	GB	GB-P9	Windsor and Maidenhead	Windsor and Maidenhead	Windsor and Maidenhead
1140	GB	GB-Q1	Wirral	Wirral	Wirral
1141	GB	GB-Q2	Wokingham	Wokingham	Wokingham
1142	GB	GB-Q3	Wolverhampton	Wolverhampton	Wolverhampton
1143	GB	GB-Q4	Worcestershire	Worcestershire	Worcestershire
1144	GB	GB-Q5	York	York	York
1145	GB	GB-Q6	Antrim	Antrim	Antrim
1146	GB	GB-Q7	Ards	Ards	Ards
1147	GB	GB-Q8	Armagh	Armagh	Armagh
1148	GB	GB-Q9	Ballymena	Ballymena	Ballymena
1149	GB	GB-R1	Ballymoney	Ballymoney	Ballymoney
1150	GB	GB-R2	Banbridge	Banbridge	Banbridge
1151	GB	GB-R3	Belfast	Belfast	Belfast
1152	GB	GB-R4	Carrickfergus	Carrickfergus	Carrickfergus
1153	GB	GB-R5	Castlereagh	Castlereagh	Castlereagh
1154	GB	GB-R6	Coleraine	Coleraine	Coleraine
1155	GB	GB-R7	Cookstown	Cookstown	Cookstown
1156	GB	GB-R8	Craigavon	Craigavon	Craigavon
1157	GB	GB-R9	Down	Down	Down
1158	GB	GB-S1	Dungannon	Dungannon	Dungannon
1159	GB	GB-S2	Fermanagh	Fermanagh	Fermanagh
1160	GB	GB-S3	Larne	Larne	Larne
1161	GB	GB-S4	Limavady	Limavady	Limavady
1162	GB	GB-S5	Lisburn	Lisburn	Lisburn
1163	GB	GB-S6	Derry	Derry	Derry
1164	GB	GB-S7	Magherafelt	Magherafelt	Magherafelt
1165	GB	GB-S8	Moyle	Moyle	Moyle
1166	GB	GB-S9	Newry and Mourne	Newry and Mourne	Newry and Mourne
1167	GB	GB-T1	Newtownabbey	Newtownabbey	Newtownabbey
1168	GB	GB-T2	North Down	North Down	North Down
1169	GB	GB-T3	Omagh	Omagh	Omagh
1170	GB	GB-T4	Strabane	Strabane	Strabane
1171	GB	GB-T5	Aberdeen City	Aberdeen City	Aberdeen City
1172	GB	GB-T6	Aberdeenshire	Aberdeenshire	Aberdeenshire
1173	GB	GB-T7	Angus	Angus	Angus
1174	GB	GB-T8	Argyll and Bute	Argyll and Bute	Argyll and Bute
1175	GB	GB-T9	Scottish Borders, The	Scottish Borders, The	Scottish Borders, The
1176	GB	GB-U1	Clackmannanshire	Clackmannanshire	Clackmannanshire
1177	GB	GB-U2	Dumfries and Galloway	Dumfries and Galloway	Dumfries and Galloway
1178	GB	GB-U3	Dundee City	Dundee City	Dundee City
1179	GB	GB-U4	East Ayrshire	East Ayrshire	East Ayrshire
1180	GB	GB-U5	East Dunbartonshire	East Dunbartonshire	East Dunbartonshire
1181	GB	GB-U6	East Lothian	East Lothian	East Lothian
1182	GB	GB-U7	East Renfrewshire	East Renfrewshire	East Renfrewshire
1183	GB	GB-U8	Edinburgh, City of	Edinburgh, City of	Edinburgh, City of
1184	GB	GB-U9	Falkirk	Falkirk	Falkirk
1185	GB	GB-V1	Fife	Fife	Fife
1186	GB	GB-V2	Glasgow City	Glasgow City	Glasgow City
1187	GB	GB-V3	Highland	Highland	Highland
1188	GB	GB-V4	Inverclyde	Inverclyde	Inverclyde
1189	GB	GB-V5	Midlothian	Midlothian	Midlothian
1190	GB	GB-V6	Moray	Moray	Moray
1191	GB	GB-V7	North Ayrshire	North Ayrshire	North Ayrshire
1192	GB	GB-V8	North Lanarkshire	North Lanarkshire	North Lanarkshire
1193	GB	GB-V9	Orkney	Orkney	Orkney
1194	GB	GB-W1	Perth and Kinross	Perth and Kinross	Perth and Kinross
1195	GB	GB-W2	Renfrewshire	Renfrewshire	Renfrewshire
1196	GB	GB-W3	Shetland Islands	Shetland Islands	Shetland Islands
1197	GB	GB-W4	South Ayrshire	South Ayrshire	South Ayrshire
1198	GB	GB-W5	South Lanarkshire	South Lanarkshire	South Lanarkshire
1199	GB	GB-W6	Stirling	Stirling	Stirling
1200	GB	GB-W7	West Dunbartonshire	West Dunbartonshire	West Dunbartonshire
1201	GB	GB-W8	Eilean Siar	Eilean Siar	Eilean Siar
1202	GB	GB-W9	West Lothian	West Lothian	West Lothian
1203	GB	GB-X1	Isle of Anglesey	Isle of Anglesey	Isle of Anglesey
1204	GB	GB-X2	Blaenau Gwent	Blaenau Gwent	Blaenau Gwent
1205	GB	GB-X3	Bridgend	Bridgend	Bridgend
1206	GB	GB-X4	Caerphilly	Caerphilly	Caerphilly
1207	GB	GB-X5	Cardiff	Cardiff	Cardiff
1208	GB	GB-X6	Ceredigion	Ceredigion	Ceredigion
1209	GB	GB-X7	Carmarthenshire	Carmarthenshire	Carmarthenshire
1210	GB	GB-X8	Conwy	Conwy	Conwy
1211	GB	GB-X9	Denbighshire	Denbighshire	Denbighshire
1212	GB	GB-Y1	Flintshire	Flintshire	Flintshire
1213	GB	GB-Y2	Gwynedd	Gwynedd	Gwynedd
1214	GB	GB-Y3	Merthyr Tydfil	Merthyr Tydfil	Merthyr Tydfil
1215	GB	GB-Y4	Monmouthshire	Monmouthshire	Monmouthshire
1216	GB	GB-Y5	Neath Port Talbot	Neath Port Talbot	Neath Port Talbot
1217	GB	GB-Y6	Newport	Newport	Newport
1218	GB	GB-Y7	Pembrokeshire	Pembrokeshire	Pembrokeshire
1219	GB	GB-Y8	Powys	Powys	Powys
1220	GB	GB-Y9	Rhondda Cynon Taff	Rhondda Cynon Taff	Rhondda Cynon Taff
1221	GB	GB-Z1	Swansea	Swansea	Swansea
1222	GB	GB-Z2	Torfaen	Torfaen	Torfaen
1223	GB	GB-Z3	Vale of Glamorgan, The	Vale of Glamorgan, The	Vale of Glamorgan, The
1224	GB	GB-Z4	Wrexham	Wrexham	Wrexham
1225	GB	GB-Z5	Bedfordshire	Bedfordshire	Bedfordshire
1226	GB	GB-Z6	Central Bedfordshire	Central Bedfordshire	Central Bedfordshire
1227	GB	GB-Z7	Cheshire East	Cheshire East	Cheshire East
1228	GB	GB-Z8	Cheshire West and Chester	Cheshire West and Chester	Cheshire West and Chester
1229	GB	GB-Z9	Isles of Scilly	Isles of Scilly	Isles of Scilly
1230	GD	GD-01	Saint Andrew	Saint Andrew	Saint Andrew
1231	GD	GD-02	Saint David	Saint David	Saint David
1232	GD	GD-03	Saint George	Saint George	Saint George
1233	GD	GD-04	Saint John	Saint John	Saint John
1234	GD	GD-05	Saint Mark	Saint Mark	Saint Mark
1235	GD	GD-06	Saint Patrick	Saint Patrick	Saint Patrick
1236	GE	GE-01	Abashis Raioni	Abashis Raioni	Abashis Raioni
1237	GE	GE-02	Abkhazia	Abkhazia	Abkhazia
1238	GE	GE-03	Adigenis Raioni	Adigenis Raioni	Adigenis Raioni
1239	GE	GE-04	Ajaria	Ajaria	Ajaria
1240	GE	GE-05	Akhalgoris Raioni	Akhalgoris Raioni	Akhalgoris Raioni
1241	GE	GE-06	Akhalkalakis Raioni	Akhalkalakis Raioni	Akhalkalakis Raioni
1242	GE	GE-07	Akhaltsikhis Raioni	Akhaltsikhis Raioni	Akhaltsikhis Raioni
1243	GE	GE-08	Akhmetis Raioni	Akhmetis Raioni	Akhmetis Raioni
1244	GE	GE-09	Ambrolauris Raioni	Ambrolauris Raioni	Ambrolauris Raioni
1245	GE	GE-10	Aspindzis Raioni	Aspindzis Raioni	Aspindzis Raioni
1246	GE	GE-11	Baghdatis Raioni	Baghdatis Raioni	Baghdatis Raioni
1247	GE	GE-12	Bolnisis Raioni	Bolnisis Raioni	Bolnisis Raioni
1248	GE	GE-13	Borjomis Raioni	Borjomis Raioni	Borjomis Raioni
1249	GE	GE-14	Chiatura	Chiatura	Chiatura
1250	GE	GE-15	Chkhorotsqus Raioni	Chkhorotsqus Raioni	Chkhorotsqus Raioni
1251	GE	GE-16	Chokhatauris Raioni	Chokhatauris Raioni	Chokhatauris Raioni
1252	GE	GE-17	Dedoplistsqaros Raioni	Dedoplistsqaros Raioni	Dedoplistsqaros Raioni
1253	GE	GE-18	Dmanisis Raioni	Dmanisis Raioni	Dmanisis Raioni
1254	GE	GE-19	Dushetis Raioni	Dushetis Raioni	Dushetis Raioni
1255	GE	GE-20	Gardabanis Raioni	Gardabanis Raioni	Gardabanis Raioni
1256	GE	GE-21	Gori	Gori	Gori
1257	GE	GE-22	Goris Raioni	Goris Raioni	Goris Raioni
1258	GE	GE-23	Gurjaanis Raioni	Gurjaanis Raioni	Gurjaanis Raioni
1259	GE	GE-24	Javis Raioni	Javis Raioni	Javis Raioni
1260	GE	GE-25	Karelis Raioni	Karelis Raioni	Karelis Raioni
1261	GE	GE-26	Kaspis Raioni	Kaspis Raioni	Kaspis Raioni
1262	GE	GE-27	Kharagaulis Raioni	Kharagaulis Raioni	Kharagaulis Raioni
1263	GE	GE-28	Khashuris Raioni	Khashuris Raioni	Khashuris Raioni
1264	GE	GE-29	Khobis Raioni	Khobis Raioni	Khobis Raioni
1265	GE	GE-30	Khonis Raioni	Khonis Raioni	Khonis Raioni
1266	GE	GE-31	Kutaisi	Kutaisi	Kutaisi
1267	GE	GE-32	Lagodekhis Raioni	Lagodekhis Raioni	Lagodekhis Raioni
1268	GE	GE-33	Lanchkhutis Raioni	Lanchkhutis Raioni	Lanchkhutis Raioni
1269	GE	GE-34	Lentekhis Raioni	Lentekhis Raioni	Lentekhis Raioni
1270	GE	GE-35	Marneulis Raioni	Marneulis Raioni	Marneulis Raioni
1271	GE	GE-36	Martvilis Raioni	Martvilis Raioni	Martvilis Raioni
1272	GE	GE-37	Mestiis Raioni	Mestiis Raioni	Mestiis Raioni
1273	GE	GE-38	Mtskhetis Raioni	Mtskhetis Raioni	Mtskhetis Raioni
1274	GE	GE-39	Ninotsmindis Raioni	Ninotsmindis Raioni	Ninotsmindis Raioni
1275	GE	GE-40	Onis Raioni	Onis Raioni	Onis Raioni
1276	GE	GE-41	Ozurgetis Raioni	Ozurgetis Raioni	Ozurgetis Raioni
1277	GE	GE-42	Poti	Poti	Poti
1278	GE	GE-43	Qazbegis Raioni	Qazbegis Raioni	Qazbegis Raioni
1279	GE	GE-44	Qvarlis Raioni	Qvarlis Raioni	Qvarlis Raioni
1280	GE	GE-45	Rustavi	Rustavi	Rustavi
1281	GE	GE-46	Sachkheris Raioni	Sachkheris Raioni	Sachkheris Raioni
1282	GE	GE-47	Sagarejos Raioni	Sagarejos Raioni	Sagarejos Raioni
1283	GE	GE-48	Samtrediis Raioni	Samtrediis Raioni	Samtrediis Raioni
1284	GE	GE-49	Senakis Raioni	Senakis Raioni	Senakis Raioni
1285	GE	GE-50	Sighnaghis Raioni	Sighnaghis Raioni	Sighnaghis Raioni
1286	GE	GE-51	Tbilisi	Tbilisi	Tbilisi
1287	GE	GE-52	Telavis Raioni	Telavis Raioni	Telavis Raioni
1288	GE	GE-53	Terjolis Raioni	Terjolis Raioni	Terjolis Raioni
1289	GE	GE-54	Tetritsqaros Raioni	Tetritsqaros Raioni	Tetritsqaros Raioni
1290	GE	GE-55	Tianetis Raioni	Tianetis Raioni	Tianetis Raioni
1291	GE	GE-56	Tqibuli	Tqibuli	Tqibuli
1292	GE	GE-57	Tsageris Raioni	Tsageris Raioni	Tsageris Raioni
1293	GE	GE-58	Tsalenjikhis Raioni	Tsalenjikhis Raioni	Tsalenjikhis Raioni
1294	GE	GE-59	Tsalkis Raioni	Tsalkis Raioni	Tsalkis Raioni
1295	GE	GE-60	Tsqaltubo	Tsqaltubo	Tsqaltubo
1296	GE	GE-61	Vanis Raioni	Vanis Raioni	Vanis Raioni
1297	GE	GE-62	Zestaponis Raioni	Zestaponis Raioni	Zestaponis Raioni
1298	GE	GE-63	Zugdidi	Zugdidi	Zugdidi
1299	GE	GE-64	Zugdidis Raioni	Zugdidis Raioni	Zugdidis Raioni
1300	GH	GH-01	Greater Accra	Greater Accra	Greater Accra
1301	GH	GH-02	Ashanti	Ashanti	Ashanti
1302	GH	GH-03	Brong-Ahafo	Brong-Ahafo	Brong-Ahafo
1303	GH	GH-04	Central	Central	Central
1304	GH	GH-05	Eastern	Eastern	Eastern
1305	GH	GH-06	Northern	Northern	Northern
1306	GH	GH-08	Volta	Volta	Volta
1307	GH	GH-09	Western	Western	Western
1308	GH	GH-10	Upper East	Upper East	Upper East
1309	GH	GH-11	Upper West	Upper West	Upper West
1310	GL	GL-01	Nordgronland	Nordgronland	Nordgronland
1311	GL	GL-02	Ostgronland	Ostgronland	Ostgronland
1312	GL	GL-03	Vestgronland	Vestgronland	Vestgronland
1313	GM	GM-01	Banjul	Banjul	Banjul
1314	GM	GM-02	Lower River	Lower River	Lower River
1315	GM	GM-03	Central River	Central River	Central River
1316	GM	GM-04	Upper River	Upper River	Upper River
1317	GM	GM-05	Western	Western	Western
1318	GM	GM-07	North Bank	North Bank	North Bank
1319	GN	GN-01	Beyla	Beyla	Beyla
1320	GN	GN-02	Boffa	Boffa	Boffa
1321	GN	GN-03	Boke	Boke	Boke
1322	GN	GN-04	Conakry	Conakry	Conakry
1323	GN	GN-05	Dabola	Dabola	Dabola
1324	GN	GN-06	Dalaba	Dalaba	Dalaba
1325	GN	GN-07	Dinguiraye	Dinguiraye	Dinguiraye
1326	GN	GN-09	Faranah	Faranah	Faranah
1327	GN	GN-10	Forecariah	Forecariah	Forecariah
1328	GN	GN-11	Fria	Fria	Fria
1329	GN	GN-12	Gaoual	Gaoual	Gaoual
1330	GN	GN-13	Gueckedou	Gueckedou	Gueckedou
1331	GN	GN-15	Kerouane	Kerouane	Kerouane
1332	GN	GN-16	Kindia	Kindia	Kindia
1333	GN	GN-17	Kissidougou	Kissidougou	Kissidougou
1334	GN	GN-18	Koundara	Koundara	Koundara
1335	GN	GN-19	Kouroussa	Kouroussa	Kouroussa
1336	GN	GN-21	Macenta	Macenta	Macenta
1337	GN	GN-22	Mali	Mali	Mali
1338	GN	GN-23	Mamou	Mamou	Mamou
1339	GN	GN-25	Pita	Pita	Pita
1340	GN	GN-27	Telimele	Telimele	Telimele
1341	GN	GN-28	Tougue	Tougue	Tougue
1342	GN	GN-29	Yomou	Yomou	Yomou
1343	GN	GN-30	Coyah	Coyah	Coyah
1344	GN	GN-31	Dubreka	Dubreka	Dubreka
1345	GN	GN-32	Kankan	Kankan	Kankan
1346	GN	GN-33	Koubia	Koubia	Koubia
1347	GN	GN-34	Labe	Labe	Labe
1348	GN	GN-35	Lelouma	Lelouma	Lelouma
1349	GN	GN-36	Lola	Lola	Lola
1350	GN	GN-37	Mandiana	Mandiana	Mandiana
1351	GN	GN-38	Nzerekore	Nzerekore	Nzerekore
1352	GN	GN-39	Siguiri	Siguiri	Siguiri
1353	GQ	GQ-03	Annobon	Annobon	Annobon
1354	GQ	GQ-04	Bioko Norte	Bioko Norte	Bioko Norte
1355	GQ	GQ-05	Bioko Sur	Bioko Sur	Bioko Sur
1356	GQ	GQ-06	Centro Sur	Centro Sur	Centro Sur
1357	GQ	GQ-07	Kie-Ntem	Kie-Ntem	Kie-Ntem
1358	GQ	GQ-08	Litoral	Litoral	Litoral
1359	GQ	GQ-09	Wele-Nzas	Wele-Nzas	Wele-Nzas
1360	GR	GR-01	Evros	Evros	Evros
1361	GR	GR-02	Rodhopi	Rodhopi	Rodhopi
1362	GR	GR-03	Xanthi	Xanthi	Xanthi
1363	GR	GR-04	Drama	Drama	Drama
1364	GR	GR-05	Serrai	Serrai	Serrai
1365	GR	GR-06	Kilkis	Kilkis	Kilkis
1366	GR	GR-07	Pella	Pella	Pella
1367	GR	GR-08	Florina	Florina	Florina
1368	GR	GR-09	Kastoria	Kastoria	Kastoria
1369	GR	GR-10	Grevena	Grevena	Grevena
1370	GR	GR-11	Kozani	Kozani	Kozani
1371	GR	GR-12	Imathia	Imathia	Imathia
1372	GR	GR-13	Thessaloniki	Thessaloniki	Thessaloniki
1373	GR	GR-14	Kavala	Kavala	Kavala
1374	GR	GR-15	Khalkidhiki	Khalkidhiki	Khalkidhiki
1375	GR	GR-16	Pieria	Pieria	Pieria
1376	GR	GR-17	Ioannina	Ioannina	Ioannina
1377	GR	GR-18	Thesprotia	Thesprotia	Thesprotia
1378	GR	GR-19	Preveza	Preveza	Preveza
1379	GR	GR-20	Arta	Arta	Arta
1380	GR	GR-21	Larisa	Larisa	Larisa
1381	GR	GR-22	Trikala	Trikala	Trikala
1382	GR	GR-23	Kardhitsa	Kardhitsa	Kardhitsa
1383	GR	GR-24	Magnisia	Magnisia	Magnisia
1384	GR	GR-25	Kerkira	Kerkira	Kerkira
1385	GR	GR-26	Levkas	Levkas	Levkas
1386	GR	GR-27	Kefallinia	Kefallinia	Kefallinia
1387	GR	GR-28	Zakinthos	Zakinthos	Zakinthos
1388	GR	GR-29	Fthiotis	Fthiotis	Fthiotis
1389	GR	GR-30	Evritania	Evritania	Evritania
1390	GR	GR-31	Aitolia kai Akarnania	Aitolia kai Akarnania	Aitolia kai Akarnania
1391	GR	GR-32	Fokis	Fokis	Fokis
1392	GR	GR-33	Voiotia	Voiotia	Voiotia
1393	GR	GR-34	Evvoia	Evvoia	Evvoia
1394	GR	GR-35	Attiki	Attiki	Attiki
1395	GR	GR-36	Argolis	Argolis	Argolis
1396	GR	GR-37	Korinthia	Korinthia	Korinthia
1397	GR	GR-38	Akhaia	Akhaia	Akhaia
1398	GR	GR-39	Ilia	Ilia	Ilia
1399	GR	GR-40	Messinia	Messinia	Messinia
1400	GR	GR-41	Arkadhia	Arkadhia	Arkadhia
1401	GR	GR-42	Lakonia	Lakonia	Lakonia
1402	GR	GR-43	Khania	Khania	Khania
1403	GR	GR-44	Rethimni	Rethimni	Rethimni
1404	GR	GR-45	Iraklion	Iraklion	Iraklion
1405	GR	GR-46	Lasithi	Lasithi	Lasithi
1406	GR	GR-47	Dhodhekanisos	Dhodhekanisos	Dhodhekanisos
1407	GR	GR-48	Samos	Samos	Samos
1408	GR	GR-49	Kikladhes	Kikladhes	Kikladhes
1409	GR	GR-50	Khios	Khios	Khios
1410	GR	GR-51	Lesvos	Lesvos	Lesvos
1411	GT	GT-01	Alta Verapaz	Alta Verapaz	Alta Verapaz
1412	GT	GT-02	Baja Verapaz	Baja Verapaz	Baja Verapaz
1413	GT	GT-03	Chimaltenango	Chimaltenango	Chimaltenango
1414	GT	GT-04	Chiquimula	Chiquimula	Chiquimula
1415	GT	GT-05	El Progreso	El Progreso	El Progreso
1416	GT	GT-06	Escuintla	Escuintla	Escuintla
1417	GT	GT-07	Guatemala	Guatemala	Guatemala
1418	GT	GT-08	Huehuetenango	Huehuetenango	Huehuetenango
1419	GT	GT-09	Izabal	Izabal	Izabal
1420	GT	GT-10	Jalapa	Jalapa	Jalapa
1421	GT	GT-11	Jutiapa	Jutiapa	Jutiapa
1422	GT	GT-12	Peten	Peten	Peten
1423	GT	GT-13	Quetzaltenango	Quetzaltenango	Quetzaltenango
1424	GT	GT-14	Quiche	Quiche	Quiche
1425	GT	GT-15	Retalhuleu	Retalhuleu	Retalhuleu
1426	GT	GT-16	Sacatepequez	Sacatepequez	Sacatepequez
1427	GT	GT-17	San Marcos	San Marcos	San Marcos
1428	GT	GT-18	Santa Rosa	Santa Rosa	Santa Rosa
1429	GT	GT-19	Solola	Solola	Solola
1430	GT	GT-20	Suchitepequez	Suchitepequez	Suchitepequez
1431	GT	GT-21	Totonicapan	Totonicapan	Totonicapan
1432	GT	GT-22	Zacapa	Zacapa	Zacapa
1433	GW	GW-01	Bafata	Bafata	Bafata
1434	GW	GW-02	Quinara	Quinara	Quinara
1435	GW	GW-04	Oio	Oio	Oio
1436	GW	GW-05	Bolama	Bolama	Bolama
1437	GW	GW-06	Cacheu	Cacheu	Cacheu
1438	GW	GW-07	Tombali	Tombali	Tombali
1439	GW	GW-10	Gabu	Gabu	Gabu
1440	GW	GW-11	Bissau	Bissau	Bissau
1441	GW	GW-12	Biombo	Biombo	Biombo
1442	GY	GY-10	Barima-Waini	Barima-Waini	Barima-Waini
1443	GY	GY-11	Cuyuni-Mazaruni	Cuyuni-Mazaruni	Cuyuni-Mazaruni
1444	GY	GY-12	Demerara-Mahaica	Demerara-Mahaica	Demerara-Mahaica
1445	GY	GY-13	East Berbice-Corentyne	East Berbice-Corentyne	East Berbice-Corentyne
1446	GY	GY-14	Essequibo Islands-West Demerara	Essequibo Islands-West Demerara	Essequibo Islands-West Demerara
1447	GY	GY-15	Mahaica-Berbice	Mahaica-Berbice	Mahaica-Berbice
1448	GY	GY-16	Pomeroon-Supenaam	Pomeroon-Supenaam	Pomeroon-Supenaam
1449	GY	GY-17	Potaro-Siparuni	Potaro-Siparuni	Potaro-Siparuni
1450	GY	GY-18	Upper Demerara-Berbice	Upper Demerara-Berbice	Upper Demerara-Berbice
1451	GY	GY-19	Upper Takutu-Upper Essequibo	Upper Takutu-Upper Essequibo	Upper Takutu-Upper Essequibo
1452	HN	HN-01	Atlantida	Atlantida	Atlantida
1453	HN	HN-02	Choluteca	Choluteca	Choluteca
1454	HN	HN-03	Colon	Colon	Colon
1455	HN	HN-04	Comayagua	Comayagua	Comayagua
1456	HN	HN-05	Copan	Copan	Copan
1457	HN	HN-06	Cortes	Cortes	Cortes
1458	HN	HN-07	El Paraiso	El Paraiso	El Paraiso
1459	HN	HN-08	Francisco Morazan	Francisco Morazan	Francisco Morazan
1460	HN	HN-09	Gracias a Dios	Gracias a Dios	Gracias a Dios
1461	HN	HN-10	Intibuca	Intibuca	Intibuca
1462	HN	HN-11	Islas de la Bahia	Islas de la Bahia	Islas de la Bahia
1463	HN	HN-12	La Paz	La Paz	La Paz
1464	HN	HN-13	Lempira	Lempira	Lempira
1465	HN	HN-14	Ocotepeque	Ocotepeque	Ocotepeque
1466	HN	HN-15	Olancho	Olancho	Olancho
1467	HN	HN-16	Santa Barbara	Santa Barbara	Santa Barbara
1468	HN	HN-17	Valle	Valle	Valle
1469	HN	HN-18	Yoro	Yoro	Yoro
1470	HR	HR-01	Bjelovarsko-Bilogorska	Bjelovarsko-Bilogorska	Bjelovarsko-Bilogorska
1471	HR	HR-02	Brodsko-Posavska	Brodsko-Posavska	Brodsko-Posavska
1472	HR	HR-03	Dubrovacko-Neretvanska	Dubrovacko-Neretvanska	Dubrovacko-Neretvanska
1473	HR	HR-04	Istarska	Istarska	Istarska
1474	HR	HR-05	Karlovacka	Karlovacka	Karlovacka
1475	HR	HR-06	Koprivnicko-Krizevacka	Koprivnicko-Krizevacka	Koprivnicko-Krizevacka
1476	HR	HR-07	Krapinsko-Zagorska	Krapinsko-Zagorska	Krapinsko-Zagorska
1477	HR	HR-08	Licko-Senjska	Licko-Senjska	Licko-Senjska
1478	HR	HR-09	Medimurska	Medimurska	Medimurska
1479	HR	HR-10	Osjecko-Baranjska	Osjecko-Baranjska	Osjecko-Baranjska
1480	HR	HR-11	Pozesko-Slavonska	Pozesko-Slavonska	Pozesko-Slavonska
1481	HR	HR-12	Primorsko-Goranska	Primorsko-Goranska	Primorsko-Goranska
1482	HR	HR-13	Sibensko-Kninska	Sibensko-Kninska	Sibensko-Kninska
1483	HR	HR-14	Sisacko-Moslavacka	Sisacko-Moslavacka	Sisacko-Moslavacka
1484	HR	HR-15	Splitsko-Dalmatinska	Splitsko-Dalmatinska	Splitsko-Dalmatinska
1485	HR	HR-16	Varazdinska	Varazdinska	Varazdinska
1486	HR	HR-17	Viroviticko-Podravska	Viroviticko-Podravska	Viroviticko-Podravska
1487	HR	HR-18	Vukovarsko-Srijemska	Vukovarsko-Srijemska	Vukovarsko-Srijemska
1488	HR	HR-19	Zadarska	Zadarska	Zadarska
1489	HR	HR-20	Zagrebacka	Zagrebacka	Zagrebacka
1490	HR	HR-21	Grad Zagreb	Grad Zagreb	Grad Zagreb
1491	HT	HT-03	Nord-Ouest	Nord-Ouest	Nord-Ouest
1492	HT	HT-06	Artibonite	Artibonite	Artibonite
1493	HT	HT-07	Centre	Centre	Centre
1494	HT	HT-09	Nord	Nord	Nord
1495	HT	HT-10	Nord-Est	Nord-Est	Nord-Est
1496	HT	HT-11	Ouest	Ouest	Ouest
1497	HT	HT-12	Sud	Sud	Sud
1498	HT	HT-13	Sud-Est	Sud-Est	Sud-Est
1499	HT	HT-14	Grand Anse	Grand Anse	Grand Anse
1500	HT	HT-15	Nippes	Nippes	Nippes
1501	HU	HU-01	Bacs-Kiskun	Bacs-Kiskun	Bacs-Kiskun
1502	HU	HU-02	Baranya	Baranya	Baranya
1503	HU	HU-03	Bekes	Bekes	Bekes
1504	HU	HU-04	Borsod-Abauj-Zemplen	Borsod-Abauj-Zemplen	Borsod-Abauj-Zemplen
1505	HU	HU-05	Budapest	Budapest	Budapest
1506	HU	HU-06	Csongrad	Csongrad	Csongrad
1507	HU	HU-07	Debrecen	Debrecen	Debrecen
1508	HU	HU-08	Fejer	Fejer	Fejer
1509	HU	HU-09	Gyor-Moson-Sopron	Gyor-Moson-Sopron	Gyor-Moson-Sopron
1510	HU	HU-10	Hajdu-Bihar	Hajdu-Bihar	Hajdu-Bihar
1511	HU	HU-11	Heves	Heves	Heves
1512	HU	HU-12	Komarom-Esztergom	Komarom-Esztergom	Komarom-Esztergom
1513	HU	HU-13	Miskolc	Miskolc	Miskolc
1514	HU	HU-14	Nograd	Nograd	Nograd
1515	HU	HU-15	Pecs	Pecs	Pecs
1516	HU	HU-16	Pest	Pest	Pest
1517	HU	HU-17	Somogy	Somogy	Somogy
1518	HU	HU-18	Szabolcs-Szatmar-Bereg	Szabolcs-Szatmar-Bereg	Szabolcs-Szatmar-Bereg
1519	HU	HU-19	Szeged	Szeged	Szeged
1520	HU	HU-20	Jasz-Nagykun-Szolnok	Jasz-Nagykun-Szolnok	Jasz-Nagykun-Szolnok
1521	HU	HU-21	Tolna	Tolna	Tolna
1522	HU	HU-22	Vas	Vas	Vas
1523	HU	HU-23	Veszprem	Veszprem	Veszprem
1524	HU	HU-24	Zala	Zala	Zala
1525	HU	HU-25	Gyor	Gyor	Gyor
1526	HU	HU-26	Bekescsaba	Bekescsaba	Bekescsaba
1527	HU	HU-27	Dunaujvaros	Dunaujvaros	Dunaujvaros
1528	HU	HU-28	Eger	Eger	Eger
1529	HU	HU-29	Hodmezovasarhely	Hodmezovasarhely	Hodmezovasarhely
1530	HU	HU-30	Kaposvar	Kaposvar	Kaposvar
1531	HU	HU-31	Kecskemet	Kecskemet	Kecskemet
1532	HU	HU-32	Nagykanizsa	Nagykanizsa	Nagykanizsa
1533	HU	HU-33	Nyiregyhaza	Nyiregyhaza	Nyiregyhaza
1534	HU	HU-34	Sopron	Sopron	Sopron
1535	HU	HU-35	Szekesfehervar	Szekesfehervar	Szekesfehervar
1536	HU	HU-36	Szolnok	Szolnok	Szolnok
1537	HU	HU-37	Szombathely	Szombathely	Szombathely
1538	HU	HU-38	Tatabanya	Tatabanya	Tatabanya
1539	HU	HU-39	Veszprem	Veszprem	Veszprem
1540	HU	HU-40	Zalaegerszeg	Zalaegerszeg	Zalaegerszeg
1541	HU	HU-41	Salgotarjan	Salgotarjan	Salgotarjan
1542	HU	HU-42	Szekszard	Szekszard	Szekszard
1543	HU	HU-43	Erd	Erd	Erd
1544	ID	ID-01	Aceh	Aceh	Aceh
1545	ID	ID-02	Bali	Bali	Bali
1546	ID	ID-03	Bengkulu	Bengkulu	Bengkulu
1547	ID	ID-04	Jakarta Raya	Jakarta Raya	Jakarta Raya
1548	ID	ID-05	Jambi	Jambi	Jambi
1549	ID	ID-07	Jawa Tengah	Jawa Tengah	Jawa Tengah
1550	ID	ID-08	Jawa Timur	Jawa Timur	Jawa Timur
1551	ID	ID-10	Yogyakarta	Yogyakarta	Yogyakarta
1552	ID	ID-11	Kalimantan Barat	Kalimantan Barat	Kalimantan Barat
1553	ID	ID-12	Kalimantan Selatan	Kalimantan Selatan	Kalimantan Selatan
1554	ID	ID-13	Kalimantan Tengah	Kalimantan Tengah	Kalimantan Tengah
1555	ID	ID-14	Kalimantan Timur	Kalimantan Timur	Kalimantan Timur
1556	ID	ID-15	Lampung	Lampung	Lampung
1557	ID	ID-17	Nusa Tenggara Barat	Nusa Tenggara Barat	Nusa Tenggara Barat
1558	ID	ID-18	Nusa Tenggara Timur	Nusa Tenggara Timur	Nusa Tenggara Timur
1559	ID	ID-21	Sulawesi Tengah	Sulawesi Tengah	Sulawesi Tengah
1560	ID	ID-22	Sulawesi Tenggara	Sulawesi Tenggara	Sulawesi Tenggara
1561	ID	ID-24	Sumatera Barat	Sumatera Barat	Sumatera Barat
1562	ID	ID-26	Sumatera Utara	Sumatera Utara	Sumatera Utara
1563	ID	ID-28	Maluku	Maluku	Maluku
1564	ID	ID-29	Maluku Utara	Maluku Utara	Maluku Utara
1565	ID	ID-30	Jawa Barat	Jawa Barat	Jawa Barat
1566	ID	ID-31	Sulawesi Utara	Sulawesi Utara	Sulawesi Utara
1567	ID	ID-32	Sumatera Selatan	Sumatera Selatan	Sumatera Selatan
1568	ID	ID-33	Banten	Banten	Banten
1569	ID	ID-34	Gorontalo	Gorontalo	Gorontalo
1570	ID	ID-35	Kepulauan Bangka Belitung	Kepulauan Bangka Belitung	Kepulauan Bangka Belitung
1571	ID	ID-36	Papua	Papua	Papua
1572	ID	ID-37	Riau	Riau	Riau
1573	ID	ID-38	Sulawesi Selatan	Sulawesi Selatan	Sulawesi Selatan
1574	ID	ID-39	Irian Jaya Barat	Irian Jaya Barat	Irian Jaya Barat
1575	ID	ID-40	Kepulauan Riau	Kepulauan Riau	Kepulauan Riau
1576	ID	ID-41	Sulawesi Barat	Sulawesi Barat	Sulawesi Barat
1577	IE	IE-01	Carlow	Carlow	Carlow
1578	IE	IE-02	Cavan	Cavan	Cavan
1579	IE	IE-03	Clare	Clare	Clare
1580	IE	IE-04	Cork	Cork	Cork
1581	IE	IE-06	Donegal	Donegal	Donegal
1582	IE	IE-07	Dublin	Dublin	Dublin
1583	IE	IE-10	Galway	Galway	Galway
1584	IE	IE-11	Kerry	Kerry	Kerry
1585	IE	IE-12	Kildare	Kildare	Kildare
1586	IE	IE-13	Kilkenny	Kilkenny	Kilkenny
1587	IE	IE-14	Leitrim	Leitrim	Leitrim
1588	IE	IE-15	Laois	Laois	Laois
1589	IE	IE-16	Limerick	Limerick	Limerick
1590	IE	IE-18	Longford	Longford	Longford
1591	IE	IE-19	Louth	Louth	Louth
1592	IE	IE-20	Mayo	Mayo	Mayo
1593	IE	IE-21	Meath	Meath	Meath
1594	IE	IE-22	Monaghan	Monaghan	Monaghan
1595	IE	IE-23	Offaly	Offaly	Offaly
1596	IE	IE-24	Roscommon	Roscommon	Roscommon
1597	IE	IE-25	Sligo	Sligo	Sligo
1598	IE	IE-26	Tipperary	Tipperary	Tipperary
1599	IE	IE-27	Waterford	Waterford	Waterford
1600	IE	IE-29	Westmeath	Westmeath	Westmeath
1601	IE	IE-30	Wexford	Wexford	Wexford
1602	IE	IE-31	Wicklow	Wicklow	Wicklow
1603	IL	IL-01	HaDarom	HaDarom	HaDarom
1604	IL	IL-02	HaMerkaz	HaMerkaz	HaMerkaz
1605	IL	IL-03	HaZafon	HaZafon	HaZafon
1606	IL	IL-04	Hefa	Hefa	Hefa
1607	IL	IL-05	Tel Aviv	Tel Aviv	Tel Aviv
1608	IL	IL-06	Yerushalayim	Yerushalayim	Yerushalayim
1609	IN	IN-01	Andaman and Nicobar Islands	Andaman and Nicobar Islands	Andaman and Nicobar Islands
1610	IN	IN-02	Andhra Pradesh	Andhra Pradesh	Andhra Pradesh
1611	IN	IN-03	Assam	Assam	Assam
1612	IN	IN-05	Chandigarh	Chandigarh	Chandigarh
1613	IN	IN-06	Dadra and Nagar Haveli	Dadra and Nagar Haveli	Dadra and Nagar Haveli
1614	IN	IN-07	Delhi	Delhi	Delhi
1615	IN	IN-09	Gujarat	Gujarat	Gujarat
1616	IN	IN-10	Haryana	Haryana	Haryana
1617	IN	IN-11	Himachal Pradesh	Himachal Pradesh	Himachal Pradesh
1618	IN	IN-12	Jammu and Kashmir	Jammu and Kashmir	Jammu and Kashmir
1619	IN	IN-13	Kerala	Kerala	Kerala
1620	IN	IN-14	Lakshadweep	Lakshadweep	Lakshadweep
1621	IN	IN-16	Maharashtra	Maharashtra	Maharashtra
1622	IN	IN-17	Manipur	Manipur	Manipur
1623	IN	IN-18	Meghalaya	Meghalaya	Meghalaya
1624	IN	IN-19	Karnataka	Karnataka	Karnataka
1625	IN	IN-20	Nagaland	Nagaland	Nagaland
1626	IN	IN-21	Orissa	Orissa	Orissa
1627	IN	IN-22	Puducherry	Puducherry	Puducherry
1628	IN	IN-23	Punjab	Punjab	Punjab
1629	IN	IN-24	Rajasthan	Rajasthan	Rajasthan
1630	IN	IN-25	Tamil Nadu	Tamil Nadu	Tamil Nadu
1631	IN	IN-26	Tripura	Tripura	Tripura
1632	IN	IN-28	West Bengal	West Bengal	West Bengal
1633	IN	IN-29	Sikkim	Sikkim	Sikkim
1634	IN	IN-30	Arunachal Pradesh	Arunachal Pradesh	Arunachal Pradesh
1635	IN	IN-31	Mizoram	Mizoram	Mizoram
1636	IN	IN-32	Daman and Diu	Daman and Diu	Daman and Diu
1637	IN	IN-33	Goa	Goa	Goa
1638	IN	IN-34	Bihar	Bihar	Bihar
1639	IN	IN-35	Madhya Pradesh	Madhya Pradesh	Madhya Pradesh
1640	IN	IN-36	Uttar Pradesh	Uttar Pradesh	Uttar Pradesh
1641	IN	IN-37	Chhattisgarh	Chhattisgarh	Chhattisgarh
1642	IN	IN-38	Jharkhand	Jharkhand	Jharkhand
1643	IN	IN-39	Uttarakhand	Uttarakhand	Uttarakhand
1644	IQ	IQ-01	Al Anbar	Al Anbar	Al Anbar
1645	IQ	IQ-02	Al Basrah	Al Basrah	Al Basrah
1646	IQ	IQ-03	Al Muthanna	Al Muthanna	Al Muthanna
1647	IQ	IQ-04	Al Qadisiyah	Al Qadisiyah	Al Qadisiyah
1648	IQ	IQ-05	As Sulaymaniyah	As Sulaymaniyah	As Sulaymaniyah
1649	IQ	IQ-06	Babil	Babil	Babil
1650	IQ	IQ-07	Baghdad	Baghdad	Baghdad
1651	IQ	IQ-08	Dahuk	Dahuk	Dahuk
1652	IQ	IQ-09	Dhi Qar	Dhi Qar	Dhi Qar
1653	IQ	IQ-10	Diyala	Diyala	Diyala
1654	IQ	IQ-11	Arbil	Arbil	Arbil
1655	IQ	IQ-12	Karbala	Karbala	Karbala
1656	IQ	IQ-13	At Tamim	At Tamim	At Tamim
1657	IQ	IQ-14	Maysan	Maysan	Maysan
1658	IQ	IQ-15	Ninawa	Ninawa	Ninawa
1659	IQ	IQ-16	Wasit	Wasit	Wasit
1660	IQ	IQ-17	An Najaf	An Najaf	An Najaf
1661	IQ	IQ-18	Salah ad Din	Salah ad Din	Salah ad Din
1662	IR	IR-01	Azarbayjan-e Bakhtari	Azarbayjan-e Bakhtari	Azarbayjan-e Bakhtari
1663	IR	IR-03	Chahar Mahall va Bakhtiari	Chahar Mahall va Bakhtiari	Chahar Mahall va Bakhtiari
1664	IR	IR-04	Sistan va Baluchestan	Sistan va Baluchestan	Sistan va Baluchestan
1665	IR	IR-05	Kohkiluyeh va Buyer Ahmadi	Kohkiluyeh va Buyer Ahmadi	Kohkiluyeh va Buyer Ahmadi
1666	IR	IR-07	Fars	Fars	Fars
1667	IR	IR-08	Gilan	Gilan	Gilan
1668	IR	IR-09	Hamadan	Hamadan	Hamadan
1669	IR	IR-10	Ilam	Ilam	Ilam
1670	IR	IR-11	Hormozgan	Hormozgan	Hormozgan
1671	IR	IR-12	Kerman	Kerman	Kerman
1672	IR	IR-13	Bakhtaran	Bakhtaran	Bakhtaran
1673	IR	IR-15	Khuzestan	Khuzestan	Khuzestan
1674	IR	IR-16	Kordestan	Kordestan	Kordestan
1675	IR	IR-17	Mazandaran	Mazandaran	Mazandaran
1676	IR	IR-18	Semnan Province	Semnan Province	Semnan Province
1677	IR	IR-19	Markazi	Markazi	Markazi
1678	IR	IR-21	Zanjan	Zanjan	Zanjan
1679	IR	IR-22	Bushehr	Bushehr	Bushehr
1680	IR	IR-23	Lorestan	Lorestan	Lorestan
1681	IR	IR-24	Markazi	Markazi	Markazi
1682	IR	IR-25	Semnan	Semnan	Semnan
1683	IR	IR-26	Tehran	Tehran	Tehran
1684	IR	IR-27	Zanjan	Zanjan	Zanjan
1685	IR	IR-28	Esfahan	Esfahan	Esfahan
1686	IR	IR-29	Kerman	Kerman	Kerman
1687	IR	IR-30	Khorasan	Khorasan	Khorasan
1688	IR	IR-31	Yazd	Yazd	Yazd
1689	IR	IR-32	Ardabil	Ardabil	Ardabil
1690	IR	IR-33	East Azarbaijan	East Azarbaijan	East Azarbaijan
1691	IR	IR-34	Markazi	Markazi	Markazi
1692	IR	IR-35	Mazandaran	Mazandaran	Mazandaran
1693	IR	IR-36	Zanjan	Zanjan	Zanjan
1694	IR	IR-37	Golestan	Golestan	Golestan
1695	IR	IR-38	Qazvin	Qazvin	Qazvin
1696	IR	IR-39	Qom	Qom	Qom
1697	IR	IR-40	Yazd	Yazd	Yazd
1698	IR	IR-41	Khorasan-e Janubi	Khorasan-e Janubi	Khorasan-e Janubi
1699	IR	IR-42	Khorasan-e Razavi	Khorasan-e Razavi	Khorasan-e Razavi
1700	IR	IR-43	Khorasan-e Shemali	Khorasan-e Shemali	Khorasan-e Shemali
1701	IR	IR-44	Alborz	Alborz	Alborz
1702	IS	IS-03	Arnessysla	Arnessysla	Arnessysla
1703	IS	IS-05	Austur-Hunavatnssysla	Austur-Hunavatnssysla	Austur-Hunavatnssysla
1704	IS	IS-06	Austur-Skaftafellssysla	Austur-Skaftafellssysla	Austur-Skaftafellssysla
1705	IS	IS-07	Borgarfjardarsysla	Borgarfjardarsysla	Borgarfjardarsysla
1706	IS	IS-09	Eyjafjardarsysla	Eyjafjardarsysla	Eyjafjardarsysla
1707	IS	IS-10	Gullbringusysla	Gullbringusysla	Gullbringusysla
1708	IS	IS-15	Kjosarsysla	Kjosarsysla	Kjosarsysla
1709	IS	IS-17	Myrasysla	Myrasysla	Myrasysla
1710	IS	IS-20	Nordur-Mulasysla	Nordur-Mulasysla	Nordur-Mulasysla
1711	IS	IS-21	Nordur-Tingeyjarsysla	Nordur-Tingeyjarsysla	Nordur-Tingeyjarsysla
1712	IS	IS-23	Rangarvallasysla	Rangarvallasysla	Rangarvallasysla
1713	IS	IS-28	Skagafjardarsysla	Skagafjardarsysla	Skagafjardarsysla
1714	IS	IS-29	Snafellsnes- og Hnappadalssysla	Snafellsnes- og Hnappadalssysla	Snafellsnes- og Hnappadalssysla
1715	IS	IS-30	Strandasysla	Strandasysla	Strandasysla
1716	IS	IS-31	Sudur-Mulasysla	Sudur-Mulasysla	Sudur-Mulasysla
1717	IS	IS-32	Sudur-Tingeyjarsysla	Sudur-Tingeyjarsysla	Sudur-Tingeyjarsysla
1718	IS	IS-34	Vestur-Bardastrandarsysla	Vestur-Bardastrandarsysla	Vestur-Bardastrandarsysla
1719	IS	IS-35	Vestur-Hunavatnssysla	Vestur-Hunavatnssysla	Vestur-Hunavatnssysla
1720	IS	IS-36	Vestur-Isafjardarsysla	Vestur-Isafjardarsysla	Vestur-Isafjardarsysla
1721	IS	IS-37	Vestur-Skaftafellssysla	Vestur-Skaftafellssysla	Vestur-Skaftafellssysla
1722	IS	IS-38	Austurland	Austurland	Austurland
1723	IS	IS-39	Hofuoborgarsvaoio	Hofuoborgarsvaoio	Hofuoborgarsvaoio
1724	IS	IS-40	Norourland Eystra	Norourland Eystra	Norourland Eystra
1725	IS	IS-41	Norourland Vestra	Norourland Vestra	Norourland Vestra
1726	IS	IS-42	Suourland	Suourland	Suourland
1727	IS	IS-43	Suournes	Suournes	Suournes
1728	IS	IS-44	Vestfiroir	Vestfiroir	Vestfiroir
1729	IS	IS-45	Vesturland	Vesturland	Vesturland
1730	IT	IT-01	Abruzzi	Abruzzi	Abruzzi
1731	IT	IT-02	Basilicata	Basilicata	Basilicata
1732	IT	IT-03	Calabria	Calabria	Calabria
1733	IT	IT-04	Campania	Campania	Campania
1734	IT	IT-05	Emilia-Romagna	Emilia-Romagna	Emilia-Romagna
1735	IT	IT-06	Friuli-Venezia Giulia	Friuli-Venezia Giulia	Friuli-Venezia Giulia
1736	IT	IT-07	Lazio	Lazio	Lazio
1737	IT	IT-08	Liguria	Liguria	Liguria
1738	IT	IT-09	Lombardia	Lombardia	Lombardia
1739	IT	IT-10	Marche	Marche	Marche
1740	IT	IT-11	Molise	Molise	Molise
1741	IT	IT-12	Piemonte	Piemonte	Piemonte
1742	IT	IT-13	Puglia	Puglia	Puglia
1743	IT	IT-14	Sardegna	Sardegna	Sardegna
1744	IT	IT-15	Sicilia	Sicilia	Sicilia
1745	IT	IT-16	Toscana	Toscana	Toscana
1746	IT	IT-17	Trentino-Alto Adige	Trentino-Alto Adige	Trentino-Alto Adige
1747	IT	IT-18	Umbria	Umbria	Umbria
1748	IT	IT-19	Valle dAosta	Valle dAosta	Valle dAosta
1749	IT	IT-20	Veneto	Veneto	Veneto
1750	JM	JM-01	Clarendon	Clarendon	Clarendon
1751	JM	JM-02	Hanover	Hanover	Hanover
1752	JM	JM-04	Manchester	Manchester	Manchester
1753	JM	JM-07	Portland	Portland	Portland
1754	JM	JM-08	Saint Andrew	Saint Andrew	Saint Andrew
1755	JM	JM-09	Saint Ann	Saint Ann	Saint Ann
1756	JM	JM-10	Saint Catherine	Saint Catherine	Saint Catherine
1757	JM	JM-11	Saint Elizabeth	Saint Elizabeth	Saint Elizabeth
1758	JM	JM-12	Saint James	Saint James	Saint James
1759	JM	JM-13	Saint Mary	Saint Mary	Saint Mary
1760	JM	JM-14	Saint Thomas	Saint Thomas	Saint Thomas
1761	JM	JM-15	Trelawny	Trelawny	Trelawny
1762	JM	JM-16	Westmoreland	Westmoreland	Westmoreland
1763	JM	JM-17	Kingston	Kingston	Kingston
1764	JO	JO-02	Al Balqa	Al Balqa	Al Balqa
1765	JO	JO-09	Al Karak	Al Karak	Al Karak
1766	JO	JO-12	At Tafilah	At Tafilah	At Tafilah
1767	JO	JO-15	Al Mafraq	Al Mafraq	Al Mafraq
1768	JO	JO-16	Amman	Amman	Amman
1769	JO	JO-17	Az Zaraqa	Az Zaraqa	Az Zaraqa
1770	JO	JO-18	Irbid	Irbid	Irbid
1771	JO	JO-19	Maan	Maan	Maan
1772	JO	JO-20	Ajlun	Ajlun	Ajlun
1773	JO	JO-21	Al Aqabah	Al Aqabah	Al Aqabah
1774	JO	JO-22	Jarash	Jarash	Jarash
1775	JO	JO-23	Madaba	Madaba	Madaba
1776	JP	JP-01	Aichi	Aichi	Aichi
1777	JP	JP-02	Akita	Akita	Akita
1778	JP	JP-03	Aomori	Aomori	Aomori
1779	JP	JP-04	Chiba	Chiba	Chiba
1780	JP	JP-05	Ehime	Ehime	Ehime
1781	JP	JP-06	Fukui	Fukui	Fukui
1782	JP	JP-07	Fukuoka	Fukuoka	Fukuoka
1783	JP	JP-08	Fukushima	Fukushima	Fukushima
1784	JP	JP-09	Gifu	Gifu	Gifu
1785	JP	JP-10	Gumma	Gumma	Gumma
1786	JP	JP-11	Hiroshima	Hiroshima	Hiroshima
1787	JP	JP-12	Hokkaido	Hokkaido	Hokkaido
1788	JP	JP-13	Hyogo	Hyogo	Hyogo
1789	JP	JP-14	Ibaraki	Ibaraki	Ibaraki
1790	JP	JP-15	Ishikawa	Ishikawa	Ishikawa
1791	JP	JP-16	Iwate	Iwate	Iwate
1792	JP	JP-17	Kagawa	Kagawa	Kagawa
1793	JP	JP-18	Kagoshima	Kagoshima	Kagoshima
1794	JP	JP-19	Kanagawa	Kanagawa	Kanagawa
1795	JP	JP-20	Kochi	Kochi	Kochi
1796	JP	JP-21	Kumamoto	Kumamoto	Kumamoto
1797	JP	JP-22	Kyoto	Kyoto	Kyoto
1798	JP	JP-23	Mie	Mie	Mie
1799	JP	JP-24	Miyagi	Miyagi	Miyagi
1800	JP	JP-25	Miyazaki	Miyazaki	Miyazaki
1801	JP	JP-26	Nagano	Nagano	Nagano
1802	JP	JP-27	Nagasaki	Nagasaki	Nagasaki
1803	JP	JP-28	Nara	Nara	Nara
1804	JP	JP-29	Niigata	Niigata	Niigata
1805	JP	JP-30	Oita	Oita	Oita
1806	JP	JP-31	Okayama	Okayama	Okayama
1807	JP	JP-32	Osaka	Osaka	Osaka
1808	JP	JP-33	Saga	Saga	Saga
1809	JP	JP-34	Saitama	Saitama	Saitama
1810	JP	JP-35	Shiga	Shiga	Shiga
1811	JP	JP-36	Shimane	Shimane	Shimane
1812	JP	JP-37	Shizuoka	Shizuoka	Shizuoka
1813	JP	JP-38	Tochigi	Tochigi	Tochigi
1814	JP	JP-39	Tokushima	Tokushima	Tokushima
1815	JP	JP-40	Tokyo	Tokyo	Tokyo
1816	JP	JP-41	Tottori	Tottori	Tottori
1817	JP	JP-42	Toyama	Toyama	Toyama
1818	JP	JP-43	Wakayama	Wakayama	Wakayama
1819	JP	JP-44	Yamagata	Yamagata	Yamagata
1820	JP	JP-45	Yamaguchi	Yamaguchi	Yamaguchi
1821	JP	JP-46	Yamanashi	Yamanashi	Yamanashi
1822	JP	JP-47	Okinawa	Okinawa	Okinawa
1823	KE	KE-01	Central	Central	Central
1824	KE	KE-02	Coast	Coast	Coast
1825	KE	KE-03	Eastern	Eastern	Eastern
1826	KE	KE-05	Nairobi Area	Nairobi Area	Nairobi Area
1827	KE	KE-06	North-Eastern	North-Eastern	North-Eastern
1828	KE	KE-07	Nyanza	Nyanza	Nyanza
1829	KE	KE-08	Rift Valley	Rift Valley	Rift Valley
1830	KE	KE-09	Western	Western	Western
1831	KG	KG-01	Bishkek	Bishkek	Bishkek
1832	KG	KG-02	Chuy	Chuy	Chuy
1833	KG	KG-03	Jalal-Abad	Jalal-Abad	Jalal-Abad
1834	KG	KG-04	Naryn	Naryn	Naryn
1835	KG	KG-05	Osh	Osh	Osh
1836	KG	KG-06	Talas	Talas	Talas
1837	KG	KG-07	Ysyk-Kol	Ysyk-Kol	Ysyk-Kol
1838	KG	KG-08	Osh	Osh	Osh
1839	KG	KG-09	Batken	Batken	Batken
1840	KH	KH-01	Batdambang	Batdambang	Batdambang
1841	KH	KH-02	Kampong Cham	Kampong Cham	Kampong Cham
1842	KH	KH-03	Kampong Chhnang	Kampong Chhnang	Kampong Chhnang
1843	KH	KH-04	Kampong Speu	Kampong Speu	Kampong Speu
1844	KH	KH-05	Kampong Thum	Kampong Thum	Kampong Thum
1845	KH	KH-06	Kampot	Kampot	Kampot
1846	KH	KH-07	Kandal	Kandal	Kandal
1847	KH	KH-08	Koh Kong	Koh Kong	Koh Kong
1848	KH	KH-09	Kracheh	Kracheh	Kracheh
1849	KH	KH-10	Mondulkiri	Mondulkiri	Mondulkiri
1850	KH	KH-11	Phnum Penh	Phnum Penh	Phnum Penh
1851	KH	KH-12	Pursat	Pursat	Pursat
1852	KH	KH-13	Preah Vihear	Preah Vihear	Preah Vihear
1853	KH	KH-14	Prey Veng	Prey Veng	Prey Veng
1854	KH	KH-15	Ratanakiri Kiri	Ratanakiri Kiri	Ratanakiri Kiri
1855	KH	KH-16	Siem Reap	Siem Reap	Siem Reap
1856	KH	KH-17	Stung Treng	Stung Treng	Stung Treng
1857	KH	KH-18	Svay Rieng	Svay Rieng	Svay Rieng
1858	KH	KH-19	Takeo	Takeo	Takeo
1859	KH	KH-22	Phnum Penh	Phnum Penh	Phnum Penh
1860	KH	KH-23	Ratanakiri	Ratanakiri	Ratanakiri
1861	KH	KH-25	Banteay Meanchey	Banteay Meanchey	Banteay Meanchey
1862	KH	KH-28	Preah Seihanu	Preah Seihanu	Preah Seihanu
1863	KH	KH-29	Batdambang	Batdambang	Batdambang
1864	KH	KH-30	Pailin	Pailin	Pailin
1865	KI	KI-01	Gilbert Islands	Gilbert Islands	Gilbert Islands
1866	KI	KI-02	Line Islands	Line Islands	Line Islands
1867	KI	KI-03	Phoenix Islands	Phoenix Islands	Phoenix Islands
1868	KM	KM-01	Anjouan	Anjouan	Anjouan
1869	KM	KM-02	Grande Comore	Grande Comore	Grande Comore
1870	KM	KM-03	Moheli	Moheli	Moheli
1871	KN	KN-01	Christ Church Nichola Town	Christ Church Nichola Town	Christ Church Nichola Town
1872	KN	KN-02	Saint Anne Sandy Point	Saint Anne Sandy Point	Saint Anne Sandy Point
1873	KN	KN-03	Saint George Basseterre	Saint George Basseterre	Saint George Basseterre
1874	KN	KN-04	Saint George Gingerland	Saint George Gingerland	Saint George Gingerland
1875	KN	KN-05	Saint James Windward	Saint James Windward	Saint James Windward
1876	KN	KN-06	Saint John Capisterre	Saint John Capisterre	Saint John Capisterre
1877	KN	KN-07	Saint John Figtree	Saint John Figtree	Saint John Figtree
1878	KN	KN-08	Saint Mary Cayon	Saint Mary Cayon	Saint Mary Cayon
1879	KN	KN-09	Saint Paul Capisterre	Saint Paul Capisterre	Saint Paul Capisterre
1880	KN	KN-10	Saint Paul Charlestown	Saint Paul Charlestown	Saint Paul Charlestown
1881	KN	KN-11	Saint Peter Basseterre	Saint Peter Basseterre	Saint Peter Basseterre
1882	KN	KN-12	Saint Thomas Lowland	Saint Thomas Lowland	Saint Thomas Lowland
1883	KN	KN-13	Saint Thomas Middle Island	Saint Thomas Middle Island	Saint Thomas Middle Island
1884	KN	KN-15	Trinity Palmetto Point	Trinity Palmetto Point	Trinity Palmetto Point
1885	KP	KP-01	Chagang-do	Chagang-do	Chagang-do
1886	KP	KP-03	Hamgyong-namdo	Hamgyong-namdo	Hamgyong-namdo
1887	KP	KP-06	Hwanghae-namdo	Hwanghae-namdo	Hwanghae-namdo
1888	KP	KP-07	Hwanghae-bukto	Hwanghae-bukto	Hwanghae-bukto
1889	KP	KP-08	Kaesong-si	Kaesong-si	Kaesong-si
1890	KP	KP-09	Kangwon-do	Kangwon-do	Kangwon-do
1891	KP	KP-11	Pyongan-bukto	Pyongan-bukto	Pyongan-bukto
1892	KP	KP-12	Pyongyang-si	Pyongyang-si	Pyongyang-si
1893	KP	KP-13	Yanggang-do	Yanggang-do	Yanggang-do
1894	KP	KP-14	Nampo-si	Nampo-si	Nampo-si
1895	KP	KP-15	Pyongan-namdo	Pyongan-namdo	Pyongan-namdo
1896	KP	KP-17	Hamgyong-bukto	Hamgyong-bukto	Hamgyong-bukto
1897	KP	KP-18	Najin Sonbong-si	Najin Sonbong-si	Najin Sonbong-si
1898	KR	KR-01	Cheju-do	Cheju-do	Cheju-do
1899	KR	KR-03	Cholla-bukto	Cholla-bukto	Cholla-bukto
1900	KR	KR-05	Chungchong-bukto	Chungchong-bukto	Chungchong-bukto
1901	KR	KR-06	Kangwon-do	Kangwon-do	Kangwon-do
1902	KR	KR-10	Pusan-jikhalsi	Pusan-jikhalsi	Pusan-jikhalsi
1903	KR	KR-11	Seoul-tukpyolsi	Seoul-tukpyolsi	Seoul-tukpyolsi
1904	KR	KR-12	Inchon-jikhalsi	Inchon-jikhalsi	Inchon-jikhalsi
1905	KR	KR-13	Kyonggi-do	Kyonggi-do	Kyonggi-do
1906	KR	KR-14	Kyongsang-bukto	Kyongsang-bukto	Kyongsang-bukto
1907	KR	KR-15	Taegu-jikhalsi	Taegu-jikhalsi	Taegu-jikhalsi
1908	KR	KR-16	Cholla-namdo	Cholla-namdo	Cholla-namdo
1909	KR	KR-17	Chungchong-namdo	Chungchong-namdo	Chungchong-namdo
1910	KR	KR-18	Kwangju-jikhalsi	Kwangju-jikhalsi	Kwangju-jikhalsi
1911	KR	KR-19	Taejon-jikhalsi	Taejon-jikhalsi	Taejon-jikhalsi
1912	KR	KR-20	Kyongsang-namdo	Kyongsang-namdo	Kyongsang-namdo
1913	KR	KR-21	Ulsan-gwangyoksi	Ulsan-gwangyoksi	Ulsan-gwangyoksi
1914	KW	KW-01	Al Ahmadi	Al Ahmadi	Al Ahmadi
1915	KW	KW-02	Al Kuwayt	Al Kuwayt	Al Kuwayt
1916	KW	KW-05	Al Jahra	Al Jahra	Al Jahra
1917	KW	KW-07	Al Farwaniyah	Al Farwaniyah	Al Farwaniyah
1918	KW	KW-08	Hawalli	Hawalli	Hawalli
1919	KW	KW-09	Mubarak al Kabir	Mubarak al Kabir	Mubarak al Kabir
1920	KY	KY-01	Creek	Creek	Creek
1921	KY	KY-02	Eastern	Eastern	Eastern
1922	KY	KY-03	Midland	Midland	Midland
1923	KY	KY-04	South Town	South Town	South Town
1924	KY	KY-05	Spot Bay	Spot Bay	Spot Bay
1925	KY	KY-06	Stake Bay	Stake Bay	Stake Bay
1926	KY	KY-07	West End	West End	West End
1927	KY	KY-08	Western	Western	Western
1928	KZ	KZ-01	Almaty	Алматинская область	Almaty
1929	KZ	KZ-02	Almaty City	Алма-Ата	Almaty City
1930	KZ	KZ-03	Aqmola	Акмолинская область	Aqmola
1931	KZ	KZ-04	Aqtobe	Актобе	Aqtobe
1932	KZ	KZ-05	Astana	Астана	Astana
1933	KZ	KZ-06	Atyrau	Атырауская область	Atyrau
1934	KZ	KZ-07	West Kazakhstan	Западно-Казахстанская область	West Kazakhstan
1935	KZ	KZ-08	Bayqonyr	Байконур	Bayqonyr
1936	KZ	KZ-09	Mangghystau	Мангистауская область	Mangghystau
1937	KZ	KZ-10	South Kazakhstan	Южно-Казахстанская область	South Kazakhstan
1938	KZ	KZ-11	Pavlodar	Павлодарская область	Pavlodar
1939	KZ	KZ-12	Qaraghandy	Караганда	Qaraghandy
1940	KZ	KZ-13	Qostanay	Костанайская область	Qostanay
1941	KZ	KZ-14	Qyzylorda	Кызылординская област	Qyzylorda
1942	KZ	KZ-15	East Kazakhstan	Восточно-Казахстанская область	East Kazakhstan
1943	KZ	KZ-16	North Kazakhstan	Северный Казахстан	North Kazakhstan
1944	KZ	KZ-17	Zhambyl	Жамбылская область	Zhambyl
1945	LA	LA-01	Attapu	Attapu	Attapu
1946	LA	LA-02	Champasak	Champasak	Champasak
1947	LA	LA-03	Houaphan	Houaphan	Houaphan
1948	LA	LA-04	Khammouan	Khammouan	Khammouan
1949	LA	LA-05	Louang Namtha	Louang Namtha	Louang Namtha
1950	LA	LA-07	Oudomxai	Oudomxai	Oudomxai
1951	LA	LA-08	Phongsali	Phongsali	Phongsali
1952	LA	LA-09	Saravan	Saravan	Saravan
1953	LA	LA-10	Savannakhet	Savannakhet	Savannakhet
1954	LA	LA-11	Vientiane	Vientiane	Vientiane
1955	LA	LA-13	Xaignabouri	Xaignabouri	Xaignabouri
1956	LA	LA-14	Xiangkhoang	Xiangkhoang	Xiangkhoang
1957	LA	LA-17	Louangphrabang	Louangphrabang	Louangphrabang
1958	LB	LB-01	Beqaa	Beqaa	Beqaa
1959	LB	LB-02	Al Janub	Al Janub	Al Janub
1960	LB	LB-03	Liban-Nord	Liban-Nord	Liban-Nord
1961	LB	LB-04	Beyrouth	Beyrouth	Beyrouth
1962	LB	LB-05	Mont-Liban	Mont-Liban	Mont-Liban
1963	LB	LB-06	Liban-Sud	Liban-Sud	Liban-Sud
1964	LB	LB-07	Nabatiye	Nabatiye	Nabatiye
1965	LB	LB-08	Beqaa	Beqaa	Beqaa
1966	LB	LB-09	Liban-Nord	Liban-Nord	Liban-Nord
1967	LB	LB-10	Aakk,r	Aakk,r	Aakk,r
1968	LB	LB-11	Baalbek-Hermel	Baalbek-Hermel	Baalbek-Hermel
1969	LC	LC-01	Anse-la-Raye	Anse-la-Raye	Anse-la-Raye
1970	LC	LC-02	Dauphin	Dauphin	Dauphin
1971	LC	LC-03	Castries	Castries	Castries
1972	LC	LC-04	Choiseul	Choiseul	Choiseul
1973	LC	LC-05	Dennery	Dennery	Dennery
1974	LC	LC-06	Gros-Islet	Gros-Islet	Gros-Islet
1975	LC	LC-07	Laborie	Laborie	Laborie
1976	LC	LC-08	Micoud	Micoud	Micoud
1977	LC	LC-09	Soufriere	Soufriere	Soufriere
1978	LC	LC-10	Vieux-Fort	Vieux-Fort	Vieux-Fort
1979	LC	LC-11	Praslin	Praslin	Praslin
1980	LI	LI-01	Balzers	Balzers	Balzers
1981	LI	LI-02	Eschen	Eschen	Eschen
1982	LI	LI-03	Gamprin	Gamprin	Gamprin
1983	LI	LI-04	Mauren	Mauren	Mauren
1984	LI	LI-05	Planken	Planken	Planken
1985	LI	LI-06	Ruggell	Ruggell	Ruggell
1986	LI	LI-07	Schaan	Schaan	Schaan
1987	LI	LI-08	Schellenberg	Schellenberg	Schellenberg
1988	LI	LI-09	Triesen	Triesen	Triesen
1989	LI	LI-10	Triesenberg	Triesenberg	Triesenberg
1990	LI	LI-11	Vaduz	Vaduz	Vaduz
1991	LI	LI-21	Gbarpolu	Gbarpolu	Gbarpolu
1992	LI	LI-22	River Gee	River Gee	River Gee
1993	LK	LK-29	Central	Central	Central
1994	LK	LK-30	North Central	North Central	North Central
1995	LK	LK-32	North Western	North Western	North Western
1996	LK	LK-33	Sabaragamuwa	Sabaragamuwa	Sabaragamuwa
1997	LK	LK-34	Southern	Southern	Southern
1998	LK	LK-35	Uva	Uva	Uva
1999	LK	LK-36	Western	Western	Western
2000	LK	LK-37	Eastern	Eastern	Eastern
2001	LK	LK-38	Northern	Northern	Northern
2002	LR	LR-01	Bong	Bong	Bong
2003	LR	LR-04	Grand Cape Mount	Grand Cape Mount	Grand Cape Mount
2004	LR	LR-05	Lofa	Lofa	Lofa
2005	LR	LR-06	Maryland	Maryland	Maryland
2006	LR	LR-07	Monrovia	Monrovia	Monrovia
2007	LR	LR-09	Nimba	Nimba	Nimba
2008	LR	LR-10	Sino	Sino	Sino
2009	LR	LR-11	Grand Bassa	Grand Bassa	Grand Bassa
2010	LR	LR-12	Grand Cape Mount	Grand Cape Mount	Grand Cape Mount
2011	LR	LR-13	Maryland	Maryland	Maryland
2012	LR	LR-14	Montserrado	Montserrado	Montserrado
2013	LR	LR-17	Margibi	Margibi	Margibi
2014	LR	LR-18	River Cess	River Cess	River Cess
2015	LR	LR-19	Grand Gedeh	Grand Gedeh	Grand Gedeh
2016	LR	LR-20	Lofa	Lofa	Lofa
2017	LR	LR-21	Gbarpolu	Gbarpolu	Gbarpolu
2018	LR	LR-22	River Gee	River Gee	River Gee
2019	LS	LS-10	Berea	Berea	Berea
2020	LS	LS-11	Butha-Buthe	Butha-Buthe	Butha-Buthe
2021	LS	LS-12	Leribe	Leribe	Leribe
2022	LS	LS-13	Mafeteng	Mafeteng	Mafeteng
2023	LS	LS-14	Maseru	Maseru	Maseru
2024	LS	LS-15	Mohales Hoek	Mohales Hoek	Mohales Hoek
2025	LS	LS-16	Mokhotlong	Mokhotlong	Mokhotlong
2026	LS	LS-17	Qachas Nek	Qachas Nek	Qachas Nek
2027	LS	LS-18	Quthing	Quthing	Quthing
2028	LS	LS-19	Thaba-Tseka	Thaba-Tseka	Thaba-Tseka
2029	LT	LT-56	Alytaus Apskritis	Alytaus Apskritis	Alytaus Apskritis
2030	LT	LT-57	Kauno Apskritis	Kauno Apskritis	Kauno Apskritis
2031	LT	LT-58	Klaipedos Apskritis	Klaipedos Apskritis	Klaipedos Apskritis
2032	LT	LT-59	Marijampoles Apskritis	Marijampoles Apskritis	Marijampoles Apskritis
2033	LT	LT-60	Panevezio Apskritis	Panevezio Apskritis	Panevezio Apskritis
2034	LT	LT-61	Siauliu Apskritis	Siauliu Apskritis	Siauliu Apskritis
2035	LT	LT-62	Taurages Apskritis	Taurages Apskritis	Taurages Apskritis
2036	LT	LT-63	Telsiu Apskritis	Telsiu Apskritis	Telsiu Apskritis
2037	LT	LT-64	Utenos Apskritis	Utenos Apskritis	Utenos Apskritis
2038	LT	LT-65	Vilniaus Apskritis	Vilniaus Apskritis	Vilniaus Apskritis
2039	LU	LU-01	Diekirch	Diekirch	Diekirch
2040	LU	LU-02	Grevenmacher	Grevenmacher	Grevenmacher
2041	LU	LU-03	Luxembourg	Luxembourg	Luxembourg
2042	LV	LV-01	Aizkraukles	Aizkraukles	Aizkraukles
2043	LV	LV-02	Aluksnes	Aluksnes	Aluksnes
2044	LV	LV-03	Balvu	Balvu	Balvu
2045	LV	LV-04	Bauskas	Bauskas	Bauskas
2046	LV	LV-05	Cesu	Cesu	Cesu
2047	LV	LV-06	Daugavpils	Daugavpils	Daugavpils
2048	LV	LV-07	Daugavpils	Daugavpils	Daugavpils
2049	LV	LV-08	Dobeles	Dobeles	Dobeles
2050	LV	LV-09	Gulbenes	Gulbenes	Gulbenes
2051	LV	LV-10	Jekabpils	Jekabpils	Jekabpils
2052	LV	LV-11	Jelgava	Jelgava	Jelgava
2053	LV	LV-12	Jelgavas	Jelgavas	Jelgavas
2054	LV	LV-13	Jurmala	Jurmala	Jurmala
2055	LV	LV-14	Kraslavas	Kraslavas	Kraslavas
2056	LV	LV-15	Kuldigas	Kuldigas	Kuldigas
2057	LV	LV-16	Liepaja	Liepaja	Liepaja
2058	LV	LV-17	Liepajas	Liepajas	Liepajas
2059	LV	LV-18	Limbazu	Limbazu	Limbazu
2060	LV	LV-19	Ludzas	Ludzas	Ludzas
2061	LV	LV-20	Madonas	Madonas	Madonas
2062	LV	LV-21	Ogres	Ogres	Ogres
2063	LV	LV-22	Preilu	Preilu	Preilu
2064	LV	LV-23	Rezekne	Rezekne	Rezekne
2065	LV	LV-24	Rezeknes	Rezeknes	Rezeknes
2066	LV	LV-25	Riga	Riga	Riga
2067	LV	LV-26	Rigas	Rigas	Rigas
2068	LV	LV-27	Saldus	Saldus	Saldus
2069	LV	LV-28	Talsu	Talsu	Talsu
2070	LV	LV-29	Tukuma	Tukuma	Tukuma
2071	LV	LV-30	Valkas	Valkas	Valkas
2072	LV	LV-31	Valmieras	Valmieras	Valmieras
2073	LV	LV-32	Ventspils	Ventspils	Ventspils
2074	LV	LV-33	Ventspils	Ventspils	Ventspils
2075	LY	LY-03	Al Aziziyah	Al Aziziyah	Al Aziziyah
2076	LY	LY-05	Al Jufrah	Al Jufrah	Al Jufrah
2077	LY	LY-08	Al Kufrah	Al Kufrah	Al Kufrah
2078	LY	LY-13	Ash Shati	Ash Shati	Ash Shati
2079	LY	LY-30	Murzuq	Murzuq	Murzuq
2080	LY	LY-34	Sabha	Sabha	Sabha
2081	LY	LY-41	Tarhunah	Tarhunah	Tarhunah
2082	LY	LY-42	Tubruq	Tubruq	Tubruq
2083	LY	LY-45	Zlitan	Zlitan	Zlitan
2084	LY	LY-47	Ajdabiya	Ajdabiya	Ajdabiya
2085	LY	LY-48	Al Fatih	Al Fatih	Al Fatih
2086	LY	LY-49	Al Jabal al Akhdar	Al Jabal al Akhdar	Al Jabal al Akhdar
2087	LY	LY-50	Al Khums	Al Khums	Al Khums
2088	LY	LY-51	An Nuqat al Khams	An Nuqat al Khams	An Nuqat al Khams
2089	LY	LY-52	Awbari	Awbari	Awbari
2090	LY	LY-53	Az Zawiyah	Az Zawiyah	Az Zawiyah
2091	LY	LY-54	Banghazi	Banghazi	Banghazi
2092	LY	LY-55	Darnah	Darnah	Darnah
2093	LY	LY-56	Ghadamis	Ghadamis	Ghadamis
2094	LY	LY-57	Gharyan	Gharyan	Gharyan
2095	LY	LY-58	Misratah	Misratah	Misratah
2096	LY	LY-59	Sawfajjin	Sawfajjin	Sawfajjin
2097	LY	LY-60	Surt	Surt	Surt
2098	LY	LY-61	Tarabulus	Tarabulus	Tarabulus
2099	LY	LY-62	Yafran	Yafran	Yafran
2100	MA	MA-45	Grand Casablanca	Grand Casablanca	Grand Casablanca
2101	MA	MA-46	Fes-Boulemane	Fes-Boulemane	Fes-Boulemane
2102	MA	MA-47	Marrakech-Tensift-Al Haouz	Marrakech-Tensift-Al Haouz	Marrakech-Tensift-Al Haouz
2103	MA	MA-48	Meknes-Tafilalet	Meknes-Tafilalet	Meknes-Tafilalet
2104	MA	MA-49	Rabat-Sale-Zemmour-Zaer	Rabat-Sale-Zemmour-Zaer	Rabat-Sale-Zemmour-Zaer
2105	MA	MA-50	Chaouia-Ouardigha	Chaouia-Ouardigha	Chaouia-Ouardigha
2106	MA	MA-51	Doukkala-Abda	Doukkala-Abda	Doukkala-Abda
2107	MA	MA-52	Gharb-Chrarda-Beni Hssen	Gharb-Chrarda-Beni Hssen	Gharb-Chrarda-Beni Hssen
2108	MA	MA-53	Guelmim-Es Smara	Guelmim-Es Smara	Guelmim-Es Smara
2109	MA	MA-54	Oriental	Oriental	Oriental
2110	MA	MA-55	Souss-Massa-Dr,a	Souss-Massa-Dr,a	Souss-Massa-Dr,a
2111	MA	MA-56	Tadla-Azilal	Tadla-Azilal	Tadla-Azilal
2112	MA	MA-57	Tanger-Tetouan	Tanger-Tetouan	Tanger-Tetouan
2113	MA	MA-58	Taza-Al Hoceima-Taounate	Taza-Al Hoceima-Taounate	Taza-Al Hoceima-Taounate
2114	MA	MA-59	La,youne-Boujdour-Sakia El Hamra	La,youne-Boujdour-Sakia El Hamra	La,youne-Boujdour-Sakia El Hamra
2115	MC	MC-01	La Condamine	La Condamine	La Condamine
2116	MC	MC-02	Monaco	Monaco	Monaco
2117	MC	MC-03	Monte-Carlo	Monte-Carlo	Monte-Carlo
2118	MD	MD-51	Gagauzia	Gagauzia	Gagauzia
2119	MD	MD-57	Chisinau	Chisinau	Chisinau
2120	MD	MD-58	Stinga Nistrului	Stinga Nistrului	Stinga Nistrului
2121	MD	MD-59	Anenii Noi	Anenii Noi	Anenii Noi
2122	MD	MD-60	Balti	Balti	Balti
2123	MD	MD-61	Basarabeasca	Basarabeasca	Basarabeasca
2124	MD	MD-62	Bender	Bender	Bender
2125	MD	MD-63	Briceni	Briceni	Briceni
2126	MD	MD-64	Cahul	Cahul	Cahul
2127	MD	MD-65	Cantemir	Cantemir	Cantemir
2128	MD	MD-66	Calarasi	Calarasi	Calarasi
2129	MD	MD-67	Causeni	Causeni	Causeni
2130	MD	MD-68	Cimislia	Cimislia	Cimislia
2131	MD	MD-69	Criuleni	Criuleni	Criuleni
2132	MD	MD-70	Donduseni	Donduseni	Donduseni
2133	MD	MD-71	Drochia	Drochia	Drochia
2134	MD	MD-72	Dubasari	Dubasari	Dubasari
2135	MD	MD-73	Edinet	Edinet	Edinet
2136	MD	MD-74	Falesti	Falesti	Falesti
2137	MD	MD-75	Floresti	Floresti	Floresti
2138	MD	MD-76	Glodeni	Glodeni	Glodeni
2139	MD	MD-77	Hincesti	Hincesti	Hincesti
2140	MD	MD-78	Ialoveni	Ialoveni	Ialoveni
2141	MD	MD-79	Leova	Leova	Leova
2142	MD	MD-80	Nisporeni	Nisporeni	Nisporeni
2143	MD	MD-81	Ocnita	Ocnita	Ocnita
2144	MD	MD-82	Orhei	Orhei	Orhei
2145	MD	MD-83	Rezina	Rezina	Rezina
2146	MD	MD-84	Riscani	Riscani	Riscani
2147	MD	MD-85	Singerei	Singerei	Singerei
2148	MD	MD-86	Soldanesti	Soldanesti	Soldanesti
2149	MD	MD-87	Soroca	Soroca	Soroca
2150	MD	MD-88	Stefan-Voda	Stefan-Voda	Stefan-Voda
2151	MD	MD-89	Straseni	Straseni	Straseni
2152	MD	MD-90	Taraclia	Taraclia	Taraclia
2153	MD	MD-91	Telenesti	Telenesti	Telenesti
2154	MD	MD-92	Ungheni	Ungheni	Ungheni
2155	MG	MG-01	Antsiranana	Antsiranana	Antsiranana
2156	MG	MG-02	Fianarantsoa	Fianarantsoa	Fianarantsoa
2157	MG	MG-03	Mahajanga	Mahajanga	Mahajanga
2158	MG	MG-04	Toamasina	Toamasina	Toamasina
2159	MG	MG-05	Antananarivo	Antananarivo	Antananarivo
2160	MG	MG-06	Toliara	Toliara	Toliara
2161	MK	MK-01	Aracinovo	Aracinovo	Aracinovo
2162	MK	MK-02	Bac	Bac	Bac
2163	MK	MK-03	Belcista	Belcista	Belcista
2164	MK	MK-04	Berovo	Berovo	Berovo
2165	MK	MK-05	Bistrica	Bistrica	Bistrica
2166	MK	MK-06	Bitola	Bitola	Bitola
2167	MK	MK-07	Blatec	Blatec	Blatec
2168	MK	MK-08	Bogdanci	Bogdanci	Bogdanci
2169	MK	MK-09	Bogomila	Bogomila	Bogomila
2170	MK	MK-10	Bogovinje	Bogovinje	Bogovinje
2171	MK	MK-11	Bosilovo	Bosilovo	Bosilovo
2172	MK	MK-12	Brvenica	Brvenica	Brvenica
2173	MK	MK-13	Cair	Cair	Cair
2174	MK	MK-14	Capari	Capari	Capari
2175	MK	MK-15	Caska	Caska	Caska
2176	MK	MK-16	Cegrane	Cegrane	Cegrane
2177	MK	MK-17	Centar	Centar	Centar
2178	MK	MK-18	Centar Zupa	Centar Zupa	Centar Zupa
2179	MK	MK-19	Cesinovo	Cesinovo	Cesinovo
2180	MK	MK-20	Cucer-Sandevo	Cucer-Sandevo	Cucer-Sandevo
2181	MK	MK-21	Debar	Debar	Debar
2182	MK	MK-22	Delcevo	Delcevo	Delcevo
2183	MK	MK-23	Delogozdi	Delogozdi	Delogozdi
2184	MK	MK-24	Demir Hisar	Demir Hisar	Demir Hisar
2185	MK	MK-25	Demir Kapija	Demir Kapija	Demir Kapija
2186	MK	MK-26	Dobrusevo	Dobrusevo	Dobrusevo
2187	MK	MK-27	Dolna Banjica	Dolna Banjica	Dolna Banjica
2188	MK	MK-28	Dolneni	Dolneni	Dolneni
2189	MK	MK-29	Dorce Petrov	Dorce Petrov	Dorce Petrov
2190	MK	MK-30	Drugovo	Drugovo	Drugovo
2191	MK	MK-31	Dzepciste	Dzepciste	Dzepciste
2192	MK	MK-32	Gazi Baba	Gazi Baba	Gazi Baba
2193	MK	MK-33	Gevgelija	Gevgelija	Gevgelija
2194	MK	MK-34	Gostivar	Gostivar	Gostivar
2195	MK	MK-35	Gradsko	Gradsko	Gradsko
2196	MK	MK-36	Ilinden	Ilinden	Ilinden
2197	MK	MK-37	Izvor	Izvor	Izvor
2198	MK	MK-38	Jegunovce	Jegunovce	Jegunovce
2199	MK	MK-39	Kamenjane	Kamenjane	Kamenjane
2200	MK	MK-40	Karbinci	Karbinci	Karbinci
2201	MK	MK-41	Karpos	Karpos	Karpos
2202	MK	MK-42	Kavadarci	Kavadarci	Kavadarci
2203	MK	MK-43	Kicevo	Kicevo	Kicevo
2204	MK	MK-44	Kisela Voda	Kisela Voda	Kisela Voda
2205	MK	MK-45	Klecevce	Klecevce	Klecevce
2206	MK	MK-46	Kocani	Kocani	Kocani
2207	MK	MK-47	Konce	Konce	Konce
2208	MK	MK-48	Kondovo	Kondovo	Kondovo
2209	MK	MK-49	Konopiste	Konopiste	Konopiste
2210	MK	MK-50	Kosel	Kosel	Kosel
2211	MK	MK-51	Kratovo	Kratovo	Kratovo
2212	MK	MK-52	Kriva Palanka	Kriva Palanka	Kriva Palanka
2213	MK	MK-53	Krivogastani	Krivogastani	Krivogastani
2214	MK	MK-54	Krusevo	Krusevo	Krusevo
2215	MK	MK-55	Kuklis	Kuklis	Kuklis
2216	MK	MK-56	Kukurecani	Kukurecani	Kukurecani
2217	MK	MK-57	Kumanovo	Kumanovo	Kumanovo
2218	MK	MK-58	Labunista	Labunista	Labunista
2219	MK	MK-59	Lipkovo	Lipkovo	Lipkovo
2220	MK	MK-60	Lozovo	Lozovo	Lozovo
2221	MK	MK-61	Lukovo	Lukovo	Lukovo
2222	MK	MK-62	Makedonska Kamenica	Makedonska Kamenica	Makedonska Kamenica
2223	MK	MK-63	Makedonski Brod	Makedonski Brod	Makedonski Brod
2224	MK	MK-64	Mavrovi Anovi	Mavrovi Anovi	Mavrovi Anovi
2225	MK	MK-65	Meseista	Meseista	Meseista
2226	MK	MK-66	Miravci	Miravci	Miravci
2227	MK	MK-67	Mogila	Mogila	Mogila
2228	MK	MK-68	Murtino	Murtino	Murtino
2229	MK	MK-69	Negotino	Negotino	Negotino
2230	MK	MK-70	Negotino-Polosko	Negotino-Polosko	Negotino-Polosko
2231	MK	MK-71	Novaci	Novaci	Novaci
2232	MK	MK-72	Novo Selo	Novo Selo	Novo Selo
2233	MK	MK-73	Oblesevo	Oblesevo	Oblesevo
2234	MK	MK-74	Ohrid	Ohrid	Ohrid
2235	MK	MK-75	Orasac	Orasac	Orasac
2236	MK	MK-76	Orizari	Orizari	Orizari
2237	MK	MK-77	Oslomej	Oslomej	Oslomej
2238	MK	MK-78	Pehcevo	Pehcevo	Pehcevo
2239	MK	MK-79	Petrovec	Petrovec	Petrovec
2240	MK	MK-80	Plasnica	Plasnica	Plasnica
2241	MK	MK-81	Podares	Podares	Podares
2242	MK	MK-82	Prilep	Prilep	Prilep
2243	MK	MK-83	Probistip	Probistip	Probistip
2244	MK	MK-84	Radovis	Radovis	Radovis
2245	MK	MK-85	Rankovce	Rankovce	Rankovce
2246	MK	MK-86	Resen	Resen	Resen
2247	MK	MK-87	Rosoman	Rosoman	Rosoman
2248	MK	MK-88	Rostusa	Rostusa	Rostusa
2249	MK	MK-89	Samokov	Samokov	Samokov
2250	MK	MK-90	Saraj	Saraj	Saraj
2251	MK	MK-91	Sipkovica	Sipkovica	Sipkovica
2252	MK	MK-92	Sopiste	Sopiste	Sopiste
2253	MK	MK-93	Sopotnica	Sopotnica	Sopotnica
2254	MK	MK-94	Srbinovo	Srbinovo	Srbinovo
2255	MK	MK-95	Staravina	Staravina	Staravina
2256	MK	MK-96	Star Dojran	Star Dojran	Star Dojran
2257	MK	MK-97	Staro Nagoricane	Staro Nagoricane	Staro Nagoricane
2258	MK	MK-98	Stip	Stip	Stip
2259	MK	MK-99	Struga	Struga	Struga
2260	MK	MK-A1	Strumica	Strumica	Strumica
2261	MK	MK-A2	Studenicani	Studenicani	Studenicani
2262	MK	MK-A3	Suto Orizari	Suto Orizari	Suto Orizari
2263	MK	MK-A4	Sveti Nikole	Sveti Nikole	Sveti Nikole
2264	MK	MK-A5	Tearce	Tearce	Tearce
2265	MK	MK-A6	Tetovo	Tetovo	Tetovo
2266	MK	MK-A7	Topolcani	Topolcani	Topolcani
2267	MK	MK-A8	Valandovo	Valandovo	Valandovo
2268	MK	MK-A9	Vasilevo	Vasilevo	Vasilevo
2269	MK	MK-B1	Veles	Veles	Veles
2270	MK	MK-B2	Velesta	Velesta	Velesta
2271	MK	MK-B3	Vevcani	Vevcani	Vevcani
2272	MK	MK-B4	Vinica	Vinica	Vinica
2273	MK	MK-B5	Vitoliste	Vitoliste	Vitoliste
2274	MK	MK-B6	Vranestica	Vranestica	Vranestica
2275	MK	MK-B7	Vrapciste	Vrapciste	Vrapciste
2276	MK	MK-B8	Vratnica	Vratnica	Vratnica
2277	MK	MK-B9	Vrutok	Vrutok	Vrutok
2278	MK	MK-C1	Zajas	Zajas	Zajas
2279	MK	MK-C2	Zelenikovo	Zelenikovo	Zelenikovo
2280	MK	MK-C3	Zelino	Zelino	Zelino
2281	MK	MK-C4	Zitose	Zitose	Zitose
2282	MK	MK-C5	Zletovo	Zletovo	Zletovo
2283	MK	MK-C6	Zrnovci	Zrnovci	Zrnovci
2284	MK	MK-C8	Cair	Cair	Cair
2285	MK	MK-C9	Caska	Caska	Caska
2286	MK	MK-D2	Debar	Debar	Debar
2287	MK	MK-D3	Demir Hisar	Demir Hisar	Demir Hisar
2288	MK	MK-D4	Gostivar	Gostivar	Gostivar
2289	MK	MK-D5	Jegunovce	Jegunovce	Jegunovce
2290	MK	MK-D6	Kavadarci	Kavadarci	Kavadarci
2291	MK	MK-D7	Kumanovo	Kumanovo	Kumanovo
2292	MK	MK-D8	Makedonski Brod	Makedonski Brod	Makedonski Brod
2293	MK	MK-E2	Ohrid	Ohrid	Ohrid
2294	MK	MK-E3	Prilep	Prilep	Prilep
2295	MK	MK-E5	Dojran	Dojran	Dojran
2296	MK	MK-E6	Struga	Struga	Struga
2297	MK	MK-E7	Strumica	Strumica	Strumica
2298	MK	MK-E8	Tetovo	Tetovo	Tetovo
2299	MK	MK-E9	Valandovo	Valandovo	Valandovo
2300	MK	MK-F1	Veles	Veles	Veles
2301	MK	MK-F2	Aerodrom	Aerodrom	Aerodrom
2302	ML	ML-01	Bamako	Bamako	Bamako
2303	ML	ML-03	Kayes	Kayes	Kayes
2304	ML	ML-04	Mopti	Mopti	Mopti
2305	ML	ML-05	Segou	Segou	Segou
2306	ML	ML-06	Sikasso	Sikasso	Sikasso
2307	ML	ML-07	Koulikoro	Koulikoro	Koulikoro
2308	ML	ML-08	Tombouctou	Tombouctou	Tombouctou
2309	ML	ML-09	Gao	Gao	Gao
2310	ML	ML-10	Kidal	Kidal	Kidal
2311	MM	MM-01	Rakhine State	Rakhine State	Rakhine State
2312	MM	MM-02	Chin State	Chin State	Chin State
2313	MM	MM-03	Irrawaddy	Irrawaddy	Irrawaddy
2314	MM	MM-04	Kachin State	Kachin State	Kachin State
2315	MM	MM-05	Karan State	Karan State	Karan State
2316	MM	MM-06	Kayah State	Kayah State	Kayah State
2317	MM	MM-07	Magwe	Magwe	Magwe
2318	MM	MM-08	Mandalay	Mandalay	Mandalay
2319	MM	MM-09	Pegu	Pegu	Pegu
2320	MM	MM-10	Sagaing	Sagaing	Sagaing
2321	MM	MM-11	Shan State	Shan State	Shan State
2322	MM	MM-12	Tenasserim	Tenasserim	Tenasserim
2323	MM	MM-13	Mon State	Mon State	Mon State
2324	MM	MM-14	Rangoon	Rangoon	Rangoon
2325	MM	MM-17	Yangon	Yangon	Yangon
2326	MN	MN-01	Arhangay	Arhangay	Arhangay
2327	MN	MN-02	Bayanhongor	Bayanhongor	Bayanhongor
2328	MN	MN-03	Bayan-Olgiy	Bayan-Olgiy	Bayan-Olgiy
2329	MN	MN-05	Darhan	Darhan	Darhan
2330	MN	MN-06	Dornod	Dornod	Dornod
2331	MN	MN-07	Dornogovi	Dornogovi	Dornogovi
2332	MN	MN-08	Dundgovi	Dundgovi	Dundgovi
2333	MN	MN-09	Dzavhan	Dzavhan	Dzavhan
2334	MN	MN-10	Govi-Altay	Govi-Altay	Govi-Altay
2335	MN	MN-11	Hentiy	Hentiy	Hentiy
2336	MN	MN-12	Hovd	Hovd	Hovd
2337	MN	MN-13	Hovsgol	Hovsgol	Hovsgol
2338	MN	MN-14	Omnogovi	Omnogovi	Omnogovi
2339	MN	MN-15	Ovorhangay	Ovorhangay	Ovorhangay
2340	MN	MN-16	Selenge	Selenge	Selenge
2341	MN	MN-17	Suhbaatar	Suhbaatar	Suhbaatar
2342	MN	MN-18	Tov	Tov	Tov
2343	MN	MN-19	Uvs	Uvs	Uvs
2344	MN	MN-20	Ulaanbaatar	Ulaanbaatar	Ulaanbaatar
2345	MN	MN-21	Bulgan	Bulgan	Bulgan
2346	MN	MN-22	Erdenet	Erdenet	Erdenet
2347	MN	MN-23	Darhan-Uul	Darhan-Uul	Darhan-Uul
2348	MN	MN-24	Govisumber	Govisumber	Govisumber
2349	MN	MN-25	Orhon	Orhon	Orhon
2350	MO	MO-01	Ilhas	Ilhas	Ilhas
2351	MO	MO-02	Macau	Macau	Macau
2352	MR	MR-01	Hodh Ech Chargui	Hodh Ech Chargui	Hodh Ech Chargui
2353	MR	MR-02	Hodh El Gharbi	Hodh El Gharbi	Hodh El Gharbi
2354	MR	MR-03	Assaba	Assaba	Assaba
2355	MR	MR-04	Gorgol	Gorgol	Gorgol
2356	MR	MR-05	Brakna	Brakna	Brakna
2357	MR	MR-06	Trarza	Trarza	Trarza
2358	MR	MR-07	Adrar	Adrar	Adrar
2359	MR	MR-08	Dakhlet Nouadhibou	Dakhlet Nouadhibou	Dakhlet Nouadhibou
2360	MR	MR-09	Tagant	Tagant	Tagant
2361	MR	MR-10	Guidimaka	Guidimaka	Guidimaka
2362	MR	MR-11	Tiris Zemmour	Tiris Zemmour	Tiris Zemmour
2363	MR	MR-12	Inchiri	Inchiri	Inchiri
2364	MS	MS-01	Saint Anthony	Saint Anthony	Saint Anthony
2365	MS	MS-02	Saint Georges	Saint Georges	Saint Georges
2366	MS	MS-03	Saint Peter	Saint Peter	Saint Peter
2367	MU	MU-12	Black River	Black River	Black River
2368	MU	MU-13	Flacq	Flacq	Flacq
2369	MU	MU-14	Grand Port	Grand Port	Grand Port
2370	MU	MU-15	Moka	Moka	Moka
2371	MU	MU-16	Pamplemousses	Pamplemousses	Pamplemousses
2372	MU	MU-17	Plaines Wilhems	Plaines Wilhems	Plaines Wilhems
2373	MU	MU-18	Port Louis	Port Louis	Port Louis
2374	MU	MU-19	Riviere du Rempart	Riviere du Rempart	Riviere du Rempart
2375	MU	MU-20	Savanne	Savanne	Savanne
2376	MU	MU-21	Agalega Islands	Agalega Islands	Agalega Islands
2377	MU	MU-22	Cargados Carajos	Cargados Carajos	Cargados Carajos
2378	MU	MU-23	Rodrigues	Rodrigues	Rodrigues
2379	MV	MV-01	Seenu	Seenu	Seenu
2380	MV	MV-05	Laamu	Laamu	Laamu
2381	MV	MV-30	Alifu	Alifu	Alifu
2382	MV	MV-31	Baa	Baa	Baa
2383	MV	MV-32	Dhaalu	Dhaalu	Dhaalu
2384	MV	MV-33	Faafu 	Faafu 	Faafu 
2385	MV	MV-34	Gaafu Alifu	Gaafu Alifu	Gaafu Alifu
2386	MV	MV-35	Gaafu Dhaalu	Gaafu Dhaalu	Gaafu Dhaalu
2387	MV	MV-36	Haa Alifu	Haa Alifu	Haa Alifu
2388	MV	MV-37	Haa Dhaalu	Haa Dhaalu	Haa Dhaalu
2389	MV	MV-38	Kaafu	Kaafu	Kaafu
2390	MV	MV-39	Lhaviyani	Lhaviyani	Lhaviyani
2391	MV	MV-40	Maale	Maale	Maale
2392	MV	MV-41	Meemu	Meemu	Meemu
2393	MV	MV-42	Gnaviyani	Gnaviyani	Gnaviyani
2394	MV	MV-43	Noonu	Noonu	Noonu
2395	MV	MV-44	Raa	Raa	Raa
2396	MV	MV-45	Shaviyani	Shaviyani	Shaviyani
2397	MV	MV-46	Thaa	Thaa	Thaa
2398	MV	MV-47	Vaavu	Vaavu	Vaavu
2399	MW	MW-02	Chikwawa	Chikwawa	Chikwawa
2400	MW	MW-03	Chiradzulu	Chiradzulu	Chiradzulu
2401	MW	MW-04	Chitipa	Chitipa	Chitipa
2402	MW	MW-05	Thyolo	Thyolo	Thyolo
2403	MW	MW-06	Dedza	Dedza	Dedza
2404	MW	MW-07	Dowa	Dowa	Dowa
2405	MW	MW-08	Karonga	Karonga	Karonga
2406	MW	MW-09	Kasungu	Kasungu	Kasungu
2407	MW	MW-11	Lilongwe	Lilongwe	Lilongwe
2408	MW	MW-12	Mangochi	Mangochi	Mangochi
2409	MW	MW-13	Mchinji	Mchinji	Mchinji
2410	MW	MW-15	Mzimba	Mzimba	Mzimba
2411	MW	MW-16	Ntcheu	Ntcheu	Ntcheu
2412	MW	MW-17	Nkhata Bay	Nkhata Bay	Nkhata Bay
2413	MW	MW-18	Nkhotakota	Nkhotakota	Nkhotakota
2414	MW	MW-19	Nsanje	Nsanje	Nsanje
2415	MW	MW-20	Ntchisi	Ntchisi	Ntchisi
2416	MW	MW-21	Rumphi	Rumphi	Rumphi
2417	MW	MW-22	Salima	Salima	Salima
2418	MW	MW-23	Zomba	Zomba	Zomba
2419	MW	MW-24	Blantyre	Blantyre	Blantyre
2420	MW	MW-25	Mwanza	Mwanza	Mwanza
2421	MW	MW-26	Balaka	Balaka	Balaka
2422	MW	MW-27	Likoma	Likoma	Likoma
2423	MW	MW-28	Machinga	Machinga	Machinga
2424	MW	MW-29	Mulanje	Mulanje	Mulanje
2425	MW	MW-30	Phalombe	Phalombe	Phalombe
2426	MX	MX-01	Aguascalientes	Aguascalientes	Aguascalientes
2427	MX	MX-02	Baja California	Baja California	Baja California
2428	MX	MX-03	Baja California Sur	Baja California Sur	Baja California Sur
2429	MX	MX-04	Campeche	Campeche	Campeche
2430	MX	MX-05	Chiapas	Chiapas	Chiapas
2431	MX	MX-06	Chihuahua	Chihuahua	Chihuahua
2432	MX	MX-07	Coahuila de Zaragoza	Coahuila de Zaragoza	Coahuila de Zaragoza
2433	MX	MX-08	Colima	Colima	Colima
2434	MX	MX-09	Distrito Federal	Distrito Federal	Distrito Federal
2435	MX	MX-10	Durango	Durango	Durango
2436	MX	MX-11	Guanajuato	Guanajuato	Guanajuato
2437	MX	MX-12	Guerrero	Guerrero	Guerrero
2438	MX	MX-13	Hidalgo	Hidalgo	Hidalgo
2439	MX	MX-14	Jalisco	Jalisco	Jalisco
2440	MX	MX-15	Mexico	Mexico	Mexico
2441	MX	MX-16	Michoacan de Ocampo	Michoacan de Ocampo	Michoacan de Ocampo
2442	MX	MX-17	Morelos	Morelos	Morelos
2443	MX	MX-18	Nayarit	Nayarit	Nayarit
2444	MX	MX-19	Nuevo Leon	Nuevo Leon	Nuevo Leon
2445	MX	MX-20	Oaxaca	Oaxaca	Oaxaca
2446	MX	MX-21	Puebla	Puebla	Puebla
2447	MX	MX-22	Queretaro de Arteaga	Queretaro de Arteaga	Queretaro de Arteaga
2448	MX	MX-23	Quintana Roo	Quintana Roo	Quintana Roo
2449	MX	MX-24	San Luis Potosi	San Luis Potosi	San Luis Potosi
2450	MX	MX-25	Sinaloa	Sinaloa	Sinaloa
2451	MX	MX-26	Sonora	Sonora	Sonora
2452	MX	MX-27	Tabasco	Tabasco	Tabasco
2453	MX	MX-28	Tamaulipas	Tamaulipas	Tamaulipas
2454	MX	MX-29	Tlaxcala	Tlaxcala	Tlaxcala
2455	MX	MX-30	Veracruz-Llave	Veracruz-Llave	Veracruz-Llave
2456	MX	MX-31	Yucatan	Yucatan	Yucatan
2457	MX	MX-32	Zacatecas	Zacatecas	Zacatecas
2458	MY	MY-01	Johor	Johor	Johor
2459	MY	MY-02	Kedah	Kedah	Kedah
2460	MY	MY-03	Kelantan	Kelantan	Kelantan
2461	MY	MY-04	Melaka	Melaka	Melaka
2462	MY	MY-05	Negeri Sembilan	Negeri Sembilan	Negeri Sembilan
2463	MY	MY-06	Pahang	Pahang	Pahang
2464	MY	MY-07	Perak	Perak	Perak
2465	MY	MY-08	Perlis	Perlis	Perlis
2466	MY	MY-09	Pulau Pinang	Pulau Pinang	Pulau Pinang
2467	MY	MY-11	Sarawak	Sarawak	Sarawak
2468	MY	MY-12	Selangor	Selangor	Selangor
2469	MY	MY-13	Terengganu	Terengganu	Terengganu
2470	MY	MY-14	Kuala Lumpur	Kuala Lumpur	Kuala Lumpur
2471	MY	MY-15	Labuan	Labuan	Labuan
2472	MY	MY-16	Sabah	Sabah	Sabah
2473	MY	MY-17	Putrajaya	Putrajaya	Putrajaya
2474	MZ	MZ-01	Cabo Delgado	Cabo Delgado	Cabo Delgado
2475	MZ	MZ-02	Gaza	Gaza	Gaza
2476	MZ	MZ-03	Inhambane	Inhambane	Inhambane
2477	MZ	MZ-04	Maputo	Maputo	Maputo
2478	MZ	MZ-05	Sofala	Sofala	Sofala
2479	MZ	MZ-06	Nampula	Nampula	Nampula
2480	MZ	MZ-07	Niassa	Niassa	Niassa
2481	MZ	MZ-08	Tete	Tete	Tete
2482	MZ	MZ-09	Zambezia	Zambezia	Zambezia
2483	MZ	MZ-10	Manica	Manica	Manica
2484	MZ	MZ-11	Maputo	Maputo	Maputo
2485	NA	NA-01	Bethanien	Bethanien	Bethanien
2486	NA	NA-02	Caprivi Oos	Caprivi Oos	Caprivi Oos
2487	NA	NA-03	Boesmanland	Boesmanland	Boesmanland
2488	NA	NA-04	Gobabis	Gobabis	Gobabis
2489	NA	NA-05	Grootfontein	Grootfontein	Grootfontein
2490	NA	NA-06	Kaokoland	Kaokoland	Kaokoland
2491	NA	NA-07	Karibib	Karibib	Karibib
2492	NA	NA-08	Keetmanshoop	Keetmanshoop	Keetmanshoop
2493	NA	NA-09	Luderitz	Luderitz	Luderitz
2494	NA	NA-10	Maltahohe	Maltahohe	Maltahohe
2495	NA	NA-11	Okahandja	Okahandja	Okahandja
2496	NA	NA-12	Omaruru	Omaruru	Omaruru
2497	NA	NA-13	Otjiwarongo	Otjiwarongo	Otjiwarongo
2498	NA	NA-14	Outjo	Outjo	Outjo
2499	NA	NA-15	Owambo	Owambo	Owambo
2500	NA	NA-16	Rehoboth	Rehoboth	Rehoboth
2501	NA	NA-17	Swakopmund	Swakopmund	Swakopmund
2502	NA	NA-18	Tsumeb	Tsumeb	Tsumeb
2503	NA	NA-20	Karasburg	Karasburg	Karasburg
2504	NA	NA-21	Windhoek	Windhoek	Windhoek
2505	NA	NA-22	Damaraland	Damaraland	Damaraland
2506	NA	NA-23	Hereroland Oos	Hereroland Oos	Hereroland Oos
2507	NA	NA-24	Hereroland Wes	Hereroland Wes	Hereroland Wes
2508	NA	NA-25	Kavango	Kavango	Kavango
2509	NA	NA-26	Mariental	Mariental	Mariental
2510	NA	NA-27	Namaland	Namaland	Namaland
2511	NA	NA-28	Caprivi	Caprivi	Caprivi
2512	NA	NA-29	Erongo	Erongo	Erongo
2513	NA	NA-30	Hardap	Hardap	Hardap
2514	NA	NA-31	Karas	Karas	Karas
2515	NA	NA-32	Kunene	Kunene	Kunene
2516	NA	NA-33	Ohangwena	Ohangwena	Ohangwena
2517	NA	NA-34	Okavango	Okavango	Okavango
2518	NA	NA-35	Omaheke	Omaheke	Omaheke
2519	NA	NA-36	Omusati	Omusati	Omusati
2520	NA	NA-37	Oshana	Oshana	Oshana
2521	NA	NA-38	Oshikoto	Oshikoto	Oshikoto
2522	NA	NA-39	Otjozondjupa	Otjozondjupa	Otjozondjupa
2523	NE	NE-01	Agadez	Agadez	Agadez
2524	NE	NE-02	Diffa	Diffa	Diffa
2525	NE	NE-03	Dosso	Dosso	Dosso
2526	NE	NE-04	Maradi	Maradi	Maradi
2527	NE	NE-05	Niamey	Niamey	Niamey
2528	NE	NE-06	Tahoua	Tahoua	Tahoua
2529	NE	NE-07	Zinder	Zinder	Zinder
2530	NE	NE-08	Niamey	Niamey	Niamey
2531	NG	NG-05	Lagos	Lagos	Lagos
2532	NG	NG-11	Federal Capital Territory	Federal Capital Territory	Federal Capital Territory
2533	NG	NG-16	Ogun	Ogun	Ogun
2534	NG	NG-21	Akwa Ibom	Akwa Ibom	Akwa Ibom
2535	NG	NG-22	Cross River	Cross River	Cross River
2536	NG	NG-23	Kaduna	Kaduna	Kaduna
2537	NG	NG-24	Katsina	Katsina	Katsina
2538	NG	NG-25	Anambra	Anambra	Anambra
2539	NG	NG-26	Benue	Benue	Benue
2540	NG	NG-27	Borno	Borno	Borno
2541	NG	NG-28	Imo	Imo	Imo
2542	NG	NG-29	Kano	Kano	Kano
2543	NG	NG-30	Kwara	Kwara	Kwara
2544	NG	NG-31	Niger	Niger	Niger
2545	NG	NG-32	Oyo	Oyo	Oyo
2546	NG	NG-35	Adamawa	Adamawa	Adamawa
2547	NG	NG-36	Delta	Delta	Delta
2548	NG	NG-37	Edo	Edo	Edo
2549	NG	NG-39	Jigawa	Jigawa	Jigawa
2550	NG	NG-40	Kebbi	Kebbi	Kebbi
2551	NG	NG-41	Kogi	Kogi	Kogi
2552	NG	NG-42	Osun	Osun	Osun
2553	NG	NG-43	Taraba	Taraba	Taraba
2554	NG	NG-44	Yobe	Yobe	Yobe
2555	NG	NG-45	Abia	Abia	Abia
2556	NG	NG-46	Bauchi	Bauchi	Bauchi
2557	NG	NG-47	Enugu	Enugu	Enugu
2558	NG	NG-48	Ondo	Ondo	Ondo
2559	NG	NG-49	Plateau	Plateau	Plateau
2560	NG	NG-50	Rivers	Rivers	Rivers
2561	NG	NG-51	Sokoto	Sokoto	Sokoto
2562	NG	NG-52	Bayelsa	Bayelsa	Bayelsa
2563	NG	NG-53	Ebonyi	Ebonyi	Ebonyi
2564	NG	NG-54	Ekiti	Ekiti	Ekiti
2565	NG	NG-55	Gombe	Gombe	Gombe
2566	NG	NG-56	Nassarawa	Nassarawa	Nassarawa
2567	NG	NG-57	Zamfara	Zamfara	Zamfara
2568	NI	NI-01	Boaco	Boaco	Boaco
2569	NI	NI-02	Carazo	Carazo	Carazo
2570	NI	NI-03	Chinandega	Chinandega	Chinandega
2571	NI	NI-04	Chontales	Chontales	Chontales
2572	NI	NI-05	Esteli	Esteli	Esteli
2573	NI	NI-06	Granada	Granada	Granada
2574	NI	NI-07	Jinotega	Jinotega	Jinotega
2575	NI	NI-08	Leon	Leon	Leon
2576	NI	NI-09	Madriz	Madriz	Madriz
2577	NI	NI-10	Managua	Managua	Managua
2578	NI	NI-11	Masaya	Masaya	Masaya
2579	NI	NI-12	Matagalpa	Matagalpa	Matagalpa
2580	NI	NI-13	Nueva Segovia	Nueva Segovia	Nueva Segovia
2581	NI	NI-14	Rio San Juan	Rio San Juan	Rio San Juan
2582	NI	NI-15	Rivas	Rivas	Rivas
2583	NI	NI-16	Zelaya	Zelaya	Zelaya
2584	NI	NI-17	Autonoma Atlantico Norte	Autonoma Atlantico Norte	Autonoma Atlantico Norte
2585	NI	NI-18	Region Autonoma Atlantico Sur	Region Autonoma Atlantico Sur	Region Autonoma Atlantico Sur
2586	NL	NL-01	Drenthe	Drenthe	Drenthe
2587	NL	NL-02	Friesland	Friesland	Friesland
2588	NL	NL-03	Gelderland	Gelderland	Gelderland
2589	NL	NL-04	Groningen	Groningen	Groningen
2590	NL	NL-05	Limburg	Limburg	Limburg
2591	NL	NL-06	Noord-Brabant	Noord-Brabant	Noord-Brabant
2592	NL	NL-07	Noord-Holland	Noord-Holland	Noord-Holland
2593	NL	NL-09	Utrecht	Utrecht	Utrecht
2594	NL	NL-10	Zeeland	Zeeland	Zeeland
2595	NL	NL-11	Zuid-Holland	Zuid-Holland	Zuid-Holland
2596	NL	NL-15	Overijssel	Overijssel	Overijssel
2597	NL	NL-16	Flevoland	Flevoland	Flevoland
2598	NO	NO-01	Akershus	Akershus	Akershus
2599	NO	NO-02	Aust-Agder	Aust-Agder	Aust-Agder
2600	NO	NO-04	Buskerud	Buskerud	Buskerud
2601	NO	NO-05	Finnmark	Finnmark	Finnmark
2602	NO	NO-06	Hedmark	Hedmark	Hedmark
2603	NO	NO-07	Hordaland	Hordaland	Hordaland
2604	NO	NO-08	More og Romsdal	More og Romsdal	More og Romsdal
2605	NO	NO-09	Nordland	Nordland	Nordland
2606	NO	NO-10	Nord-Trondelag	Nord-Trondelag	Nord-Trondelag
2607	NO	NO-11	Oppland	Oppland	Oppland
2608	NO	NO-12	Oslo	Oslo	Oslo
2609	NO	NO-13	Ostfold	Ostfold	Ostfold
2610	NO	NO-14	Rogaland	Rogaland	Rogaland
2611	NO	NO-15	Sogn og Fjordane	Sogn og Fjordane	Sogn og Fjordane
2612	NO	NO-16	Sor-Trondelag	Sor-Trondelag	Sor-Trondelag
2613	NO	NO-17	Telemark	Telemark	Telemark
2614	NO	NO-18	Troms	Troms	Troms
2615	NO	NO-19	Vest-Agder	Vest-Agder	Vest-Agder
2616	NO	NO-20	Vestfold	Vestfold	Vestfold
2617	NP	NP-01	Bagmati	Bagmati	Bagmati
2618	NP	NP-02	Bheri	Bheri	Bheri
2619	NP	NP-03	Dhawalagiri	Dhawalagiri	Dhawalagiri
2620	NP	NP-04	Gandaki	Gandaki	Gandaki
2621	NP	NP-05	Janakpur	Janakpur	Janakpur
2622	NP	NP-06	Karnali	Karnali	Karnali
2623	NP	NP-07	Kosi	Kosi	Kosi
2624	NP	NP-08	Lumbini	Lumbini	Lumbini
2625	NP	NP-09	Mahakali	Mahakali	Mahakali
2626	NP	NP-10	Mechi	Mechi	Mechi
2627	NP	NP-11	Narayani	Narayani	Narayani
2628	NP	NP-12	Rapti	Rapti	Rapti
2629	NP	NP-13	Sagarmatha	Sagarmatha	Sagarmatha
2630	NP	NP-14	Seti	Seti	Seti
2631	NR	NR-01	Aiwo	Aiwo	Aiwo
2632	NR	NR-02	Anabar	Anabar	Anabar
2633	NR	NR-03	Anetan	Anetan	Anetan
2634	NR	NR-04	Anibare	Anibare	Anibare
2635	NR	NR-05	Baiti	Baiti	Baiti
2636	NR	NR-06	Boe	Boe	Boe
2637	NR	NR-07	Buada	Buada	Buada
2638	NR	NR-08	Denigomodu	Denigomodu	Denigomodu
2639	NR	NR-09	Ewa	Ewa	Ewa
2640	NR	NR-10	Ijuw	Ijuw	Ijuw
2641	NR	NR-11	Meneng	Meneng	Meneng
2642	NR	NR-12	Nibok	Nibok	Nibok
2643	NR	NR-13	Uaboe	Uaboe	Uaboe
2644	NR	NR-14	Yaren	Yaren	Yaren
2645	NZ	NZ-10	Chatham Islands	Chatham Islands	Chatham Islands
2646	NZ	NZ-E7	Auckland	Auckland	Auckland
2647	NZ	NZ-E8	Bay of Plenty	Bay of Plenty	Bay of Plenty
2648	NZ	NZ-E9	Canterbury	Canterbury	Canterbury
2649	NZ	NZ-F1	Gisborne	Gisborne	Gisborne
2650	NZ	NZ-F2	Hawkes Bay	Hawkes Bay	Hawkes Bay
2651	NZ	NZ-F3	Manawatu-Wanganui	Manawatu-Wanganui	Manawatu-Wanganui
2652	NZ	NZ-F4	Marlborough	Marlborough	Marlborough
2653	NZ	NZ-F5	Nelson	Nelson	Nelson
2654	NZ	NZ-F6	Northland	Northland	Northland
2655	NZ	NZ-F7	Otago	Otago	Otago
2656	NZ	NZ-F8	Southland	Southland	Southland
2657	NZ	NZ-F9	Taranaki	Taranaki	Taranaki
2658	NZ	NZ-G1	Waikato	Waikato	Waikato
2659	NZ	NZ-G2	Wellington	Wellington	Wellington
2660	NZ	NZ-G3	West Coast	West Coast	West Coast
2661	OM	OM-01	Ad Dakhiliyah	Ad Dakhiliyah	Ad Dakhiliyah
2662	OM	OM-02	Al Batinah	Al Batinah	Al Batinah
2663	OM	OM-03	Al Wusta	Al Wusta	Al Wusta
2664	OM	OM-04	Ash Sharqiyah	Ash Sharqiyah	Ash Sharqiyah
2665	OM	OM-05	Az Zahirah	Az Zahirah	Az Zahirah
2666	OM	OM-06	Masqat	Masqat	Masqat
2667	OM	OM-07	Musandam	Musandam	Musandam
2668	OM	OM-08	Zufar	Zufar	Zufar
2669	PA	PA-01	Bocas del Toro	Bocas del Toro	Bocas del Toro
2670	PA	PA-02	Chiriqui	Chiriqui	Chiriqui
2671	PA	PA-03	Cocle	Cocle	Cocle
2672	PA	PA-04	Colon	Colon	Colon
2673	PA	PA-05	Darien	Darien	Darien
2674	PA	PA-06	Herrera	Herrera	Herrera
2675	PA	PA-07	Los Santos	Los Santos	Los Santos
2676	PA	PA-08	Panama	Panama	Panama
2677	PA	PA-09	San Blas	San Blas	San Blas
2678	PA	PA-10	Veraguas	Veraguas	Veraguas
2679	PE	PE-01	Amazonas	Amazonas	Amazonas
2680	PE	PE-02	Ancash	Ancash	Ancash
2681	PE	PE-03	Apurimac	Apurimac	Apurimac
2682	PE	PE-04	Arequipa	Arequipa	Arequipa
2683	PE	PE-05	Ayacucho	Ayacucho	Ayacucho
2684	PE	PE-06	Cajamarca	Cajamarca	Cajamarca
2685	PE	PE-07	Callao	Callao	Callao
2686	PE	PE-08	Cusco	Cusco	Cusco
2687	PE	PE-09	Huancavelica	Huancavelica	Huancavelica
2688	PE	PE-10	Huanuco	Huanuco	Huanuco
2689	PE	PE-11	Ica	Ica	Ica
2690	PE	PE-12	Junin	Junin	Junin
2691	PE	PE-13	La Libertad	La Libertad	La Libertad
2692	PE	PE-14	Lambayeque	Lambayeque	Lambayeque
2693	PE	PE-15	Lima	Lima	Lima
2694	PE	PE-16	Loreto	Loreto	Loreto
2695	PE	PE-17	Madre de Dios	Madre de Dios	Madre de Dios
2696	PE	PE-18	Moquegua	Moquegua	Moquegua
2697	PE	PE-19	Pasco	Pasco	Pasco
2698	PE	PE-20	Piura	Piura	Piura
2699	PE	PE-21	Puno	Puno	Puno
2700	PE	PE-22	San Martin	San Martin	San Martin
2701	PE	PE-23	Tacna	Tacna	Tacna
2702	PE	PE-24	Tumbes	Tumbes	Tumbes
2703	PE	PE-25	Ucayali	Ucayali	Ucayali
2704	PG	PG-01	Central	Central	Central
2705	PG	PG-02	Gulf	Gulf	Gulf
2706	PG	PG-03	Milne Bay	Milne Bay	Milne Bay
2707	PG	PG-04	Northern	Northern	Northern
2708	PG	PG-05	Southern Highlands	Southern Highlands	Southern Highlands
2709	PG	PG-06	Western	Western	Western
2710	PG	PG-07	North Solomons	North Solomons	North Solomons
2711	PG	PG-08	Chimbu	Chimbu	Chimbu
2712	PG	PG-09	Eastern Highlands	Eastern Highlands	Eastern Highlands
2713	PG	PG-10	East New Britain	East New Britain	East New Britain
2714	PG	PG-11	East Sepik	East Sepik	East Sepik
2715	PG	PG-12	Madang	Madang	Madang
2716	PG	PG-13	Manus	Manus	Manus
2717	PG	PG-14	Morobe	Morobe	Morobe
2718	PG	PG-15	New Ireland	New Ireland	New Ireland
2719	PG	PG-16	Western Highlands	Western Highlands	Western Highlands
2720	PG	PG-17	West New Britain	West New Britain	West New Britain
2721	PG	PG-18	Sandaun	Sandaun	Sandaun
2722	PG	PG-19	Enga	Enga	Enga
2723	PG	PG-20	National Capital	National Capital	National Capital
2724	PH	PH-01	Abra	Abra	Abra
2725	PH	PH-02	Agusan del Norte	Agusan del Norte	Agusan del Norte
2726	PH	PH-03	Agusan del Sur	Agusan del Sur	Agusan del Sur
2727	PH	PH-04	Aklan	Aklan	Aklan
2728	PH	PH-05	Albay	Albay	Albay
2729	PH	PH-06	Antique	Antique	Antique
2730	PH	PH-07	Bataan	Bataan	Bataan
2731	PH	PH-08	Batanes	Batanes	Batanes
2732	PH	PH-09	Batangas	Batangas	Batangas
2733	PH	PH-10	Benguet	Benguet	Benguet
2734	PH	PH-11	Bohol	Bohol	Bohol
2735	PH	PH-12	Bukidnon	Bukidnon	Bukidnon
2736	PH	PH-13	Bulacan	Bulacan	Bulacan
2737	PH	PH-14	Cagayan	Cagayan	Cagayan
2738	PH	PH-15	Camarines Norte	Camarines Norte	Camarines Norte
2739	PH	PH-16	Camarines Sur	Camarines Sur	Camarines Sur
2740	PH	PH-17	Camiguin	Camiguin	Camiguin
2741	PH	PH-18	Capiz	Capiz	Capiz
2742	PH	PH-19	Catanduanes	Catanduanes	Catanduanes
2743	PH	PH-20	Cavite	Cavite	Cavite
2744	PH	PH-21	Cebu	Cebu	Cebu
2745	PH	PH-22	Basilan	Basilan	Basilan
2746	PH	PH-23	Eastern Samar	Eastern Samar	Eastern Samar
2747	PH	PH-24	Davao	Davao	Davao
2748	PH	PH-25	Davao del Sur	Davao del Sur	Davao del Sur
2749	PH	PH-26	Davao Oriental	Davao Oriental	Davao Oriental
2750	PH	PH-27	Ifugao	Ifugao	Ifugao
2751	PH	PH-28	Ilocos Norte	Ilocos Norte	Ilocos Norte
2752	PH	PH-29	Ilocos Sur	Ilocos Sur	Ilocos Sur
2753	PH	PH-30	Iloilo	Iloilo	Iloilo
2754	PH	PH-31	Isabela	Isabela	Isabela
2755	PH	PH-32	Kalinga-Apayao	Kalinga-Apayao	Kalinga-Apayao
2756	PH	PH-33	Laguna	Laguna	Laguna
2757	PH	PH-34	Lanao del Norte	Lanao del Norte	Lanao del Norte
2758	PH	PH-35	Lanao del Sur	Lanao del Sur	Lanao del Sur
2759	PH	PH-36	La Union	La Union	La Union
2760	PH	PH-37	Leyte	Leyte	Leyte
2761	PH	PH-38	Marinduque	Marinduque	Marinduque
2762	PH	PH-39	Masbate	Masbate	Masbate
2763	PH	PH-40	Mindoro Occidental	Mindoro Occidental	Mindoro Occidental
2764	PH	PH-41	Mindoro Oriental	Mindoro Oriental	Mindoro Oriental
2765	PH	PH-42	Misamis Occidental	Misamis Occidental	Misamis Occidental
2766	PH	PH-43	Misamis Oriental	Misamis Oriental	Misamis Oriental
2767	PH	PH-44	Mountain	Mountain	Mountain
2768	PH	PH-45	Negros Occidental	Negros Occidental	Negros Occidental
2769	PH	PH-46	Negros Oriental	Negros Oriental	Negros Oriental
2770	PH	PH-47	Nueva Ecija	Nueva Ecija	Nueva Ecija
2771	PH	PH-48	Nueva Vizcaya	Nueva Vizcaya	Nueva Vizcaya
2772	PH	PH-49	Palawan	Palawan	Palawan
2773	PH	PH-50	Pampanga	Pampanga	Pampanga
2774	PH	PH-51	Pangasinan	Pangasinan	Pangasinan
2775	PH	PH-53	Rizal	Rizal	Rizal
2776	PH	PH-54	Romblon	Romblon	Romblon
2777	PH	PH-55	Samar	Samar	Samar
2778	PH	PH-56	Maguindanao	Maguindanao	Maguindanao
2779	PH	PH-57	North Cotabato	North Cotabato	North Cotabato
2780	PH	PH-58	Sorsogon	Sorsogon	Sorsogon
2781	PH	PH-59	Southern Leyte	Southern Leyte	Southern Leyte
2782	PH	PH-60	Sulu	Sulu	Sulu
2783	PH	PH-61	Surigao del Norte	Surigao del Norte	Surigao del Norte
2784	PH	PH-62	Surigao del Sur	Surigao del Sur	Surigao del Sur
2785	PH	PH-63	Tarlac	Tarlac	Tarlac
2786	PH	PH-64	Zambales	Zambales	Zambales
2787	PH	PH-65	Zamboanga del Norte	Zamboanga del Norte	Zamboanga del Norte
2788	PH	PH-66	Zamboanga del Sur	Zamboanga del Sur	Zamboanga del Sur
2789	PH	PH-67	Northern Samar	Northern Samar	Northern Samar
2790	PH	PH-68	Quirino	Quirino	Quirino
2791	PH	PH-69	Siquijor	Siquijor	Siquijor
2792	PH	PH-70	South Cotabato	South Cotabato	South Cotabato
2793	PH	PH-71	Sultan Kudarat	Sultan Kudarat	Sultan Kudarat
2794	PH	PH-72	Tawitawi	Tawitawi	Tawitawi
2795	PH	PH-A1	Angeles	Angeles	Angeles
2796	PH	PH-A2	Bacolod	Bacolod	Bacolod
2797	PH	PH-A3	Bago	Bago	Bago
2798	PH	PH-A4	Baguio	Baguio	Baguio
2799	PH	PH-A5	Bais	Bais	Bais
2800	PH	PH-A6	Basilan City	Basilan City	Basilan City
2801	PH	PH-A7	Batangas City	Batangas City	Batangas City
2802	PH	PH-A8	Butuan	Butuan	Butuan
2803	PH	PH-A9	Cabanatuan	Cabanatuan	Cabanatuan
2804	PH	PH-B1	Cadiz	Cadiz	Cadiz
2805	PH	PH-B2	Cagayan de Oro	Cagayan de Oro	Cagayan de Oro
2806	PH	PH-B3	Calbayog	Calbayog	Calbayog
2807	PH	PH-B4	Caloocan	Caloocan	Caloocan
2808	PH	PH-B5	Canlaon	Canlaon	Canlaon
2809	PH	PH-B6	Cavite City	Cavite City	Cavite City
2810	PH	PH-B7	Cebu City	Cebu City	Cebu City
2811	PH	PH-B8	Cotabato	Cotabato	Cotabato
2812	PH	PH-B9	Dagupan	Dagupan	Dagupan
2813	PH	PH-C1	Danao	Danao	Danao
2814	PH	PH-C2	Dapitan	Dapitan	Dapitan
2815	PH	PH-C3	Davao City	Davao City	Davao City
2816	PH	PH-C4	Dipolog	Dipolog	Dipolog
2817	PH	PH-C5	Dumaguete	Dumaguete	Dumaguete
2818	PH	PH-C6	General Santos	General Santos	General Santos
2819	PH	PH-C7	Gingoog	Gingoog	Gingoog
2820	PH	PH-C8	Iligan	Iligan	Iligan
2821	PH	PH-C9	Iloilo City	Iloilo City	Iloilo City
2822	PH	PH-D1	Iriga	Iriga	Iriga
2823	PH	PH-D2	La Carlota	La Carlota	La Carlota
2824	PH	PH-D3	Laoag	Laoag	Laoag
2825	PH	PH-D4	Lapu-Lapu	Lapu-Lapu	Lapu-Lapu
2826	PH	PH-D5	Legaspi	Legaspi	Legaspi
2827	PH	PH-D6	Lipa	Lipa	Lipa
2828	PH	PH-D7	Lucena	Lucena	Lucena
2829	PH	PH-D8	Mandaue	Mandaue	Mandaue
2830	PH	PH-D9	Manila	Manila	Manila
2831	PH	PH-E1	Marawi	Marawi	Marawi
2832	PH	PH-E2	Naga	Naga	Naga
2833	PH	PH-E3	Olongapo	Olongapo	Olongapo
2834	PH	PH-E4	Ormoc	Ormoc	Ormoc
2835	PH	PH-E5	Oroquieta	Oroquieta	Oroquieta
2836	PH	PH-E6	Ozamis	Ozamis	Ozamis
2837	PH	PH-E7	Pagadian	Pagadian	Pagadian
2838	PH	PH-E8	Palayan	Palayan	Palayan
2839	PH	PH-E9	Pasay	Pasay	Pasay
2840	PH	PH-F1	Puerto Princesa	Puerto Princesa	Puerto Princesa
2841	PH	PH-F2	Quezon City	Quezon City	Quezon City
2842	PH	PH-F3	Roxas	Roxas	Roxas
2843	PH	PH-F4	San Carlos	San Carlos	San Carlos
2844	PH	PH-F5	San Carlos	San Carlos	San Carlos
2845	PH	PH-F6	San Jose	San Jose	San Jose
2846	PH	PH-F7	San Pablo	San Pablo	San Pablo
2847	PH	PH-F8	Silay	Silay	Silay
2848	PH	PH-F9	Surigao	Surigao	Surigao
2849	PH	PH-G1	Tacloban	Tacloban	Tacloban
2850	PH	PH-G2	Tagaytay	Tagaytay	Tagaytay
2851	PH	PH-G3	Tagbilaran	Tagbilaran	Tagbilaran
2852	PH	PH-G4	Tangub	Tangub	Tangub
2853	PH	PH-G5	Toledo	Toledo	Toledo
2854	PH	PH-G6	Trece Martires	Trece Martires	Trece Martires
2855	PH	PH-G7	Zamboanga	Zamboanga	Zamboanga
2856	PH	PH-G8	Aurora	Aurora	Aurora
2857	PH	PH-H2	Quezon	Quezon	Quezon
2858	PH	PH-H3	Negros Occidental	Negros Occidental	Negros Occidental
2859	PH	PH-H9	Biliran	Biliran	Biliran
2860	PH	PH-I6	Compostela Valley	Compostela Valley	Compostela Valley
2861	PH	PH-I7	Davao del Norte	Davao del Norte	Davao del Norte
2862	PH	PH-J3	Guimaras	Guimaras	Guimaras
2863	PH	PH-J4	Himamaylan	Himamaylan	Himamaylan
2864	PH	PH-J7	Kalinga	Kalinga	Kalinga
2865	PH	PH-K1	Las Pinas	Las Pinas	Las Pinas
2866	PH	PH-K5	Malabon	Malabon	Malabon
2867	PH	PH-K6	Malaybalay	Malaybalay	Malaybalay
2868	PH	PH-L4	Muntinlupa	Muntinlupa	Muntinlupa
2869	PH	PH-L5	Navotas	Navotas	Navotas
2870	PH	PH-L7	Paranaque	Paranaque	Paranaque
2871	PH	PH-L9	Passi	Passi	Passi
2872	PH	PH-P1	Zambales	Zambales	Zambales
2873	PH	PH-M5	San Jose del Monte	San Jose del Monte	San Jose del Monte
2874	PH	PH-M6	San Juan	San Juan	San Juan
2875	PH	PH-M8	Santiago	Santiago	Santiago
2876	PH	PH-M9	Sarangani	Sarangani	Sarangani
2877	PH	PH-N1	Sipalay	Sipalay	Sipalay
2878	PH	PH-N3	Surigao del Norte	Surigao del Norte	Surigao del Norte
2879	PH	PH-P2	Zamboanga	Zamboanga	Zamboanga
2880	PK	PK-01	Federally Administered Tribal Areas	Federally Administered Tribal Areas	Federally Administered Tribal Areas
2881	PK	PK-02	Balochistan	Balochistan	Balochistan
2882	PK	PK-03	North-West Frontier	North-West Frontier	North-West Frontier
2883	PK	PK-04	Punjab	Punjab	Punjab
2884	PK	PK-05	Sindh	Sindh	Sindh
2885	PK	PK-06	Azad Kashmir	Azad Kashmir	Azad Kashmir
2886	PK	PK-07	Northern Areas	Northern Areas	Northern Areas
2887	PK	PK-08	Islamabad	Islamabad	Islamabad
2888	PL	PL-72	Dolnoslaskie	Dolnoslaskie	Dolnoslaskie
2889	PL	PL-73	Kujawsko-Pomorskie	Kujawsko-Pomorskie	Kujawsko-Pomorskie
2890	PL	PL-74	Lodzkie	Lodzkie	Lodzkie
2891	PL	PL-75	Lubelskie	Lubelskie	Lubelskie
2892	PL	PL-76	Lubuskie	Lubuskie	Lubuskie
2893	PL	PL-77	Malopolskie	Malopolskie	Malopolskie
2894	PL	PL-78	Mazowieckie	Mazowieckie	Mazowieckie
2895	PL	PL-79	Opolskie	Opolskie	Opolskie
2896	PL	PL-80	Podkarpackie	Podkarpackie	Podkarpackie
2897	PL	PL-81	Podlaskie	Podlaskie	Podlaskie
2898	PL	PL-82	Pomorskie	Pomorskie	Pomorskie
2899	PL	PL-83	Slaskie	Slaskie	Slaskie
2900	PL	PL-84	Swietokrzyskie	Swietokrzyskie	Swietokrzyskie
2901	PL	PL-85	Warminsko-Mazurskie	Warminsko-Mazurskie	Warminsko-Mazurskie
2902	PL	PL-86	Wielkopolskie	Wielkopolskie	Wielkopolskie
2903	PL	PL-87	Zachodniopomorskie	Zachodniopomorskie	Zachodniopomorskie
2904	PS	PS-GZ	Gaza	Gaza	Gaza
2905	PS	PS-WE	West Bank	West Bank	West Bank
2906	PT	PT-02	Aveiro	Aveiro	Aveiro
2907	PT	PT-03	Beja	Beja	Beja
2908	PT	PT-04	Braga	Braga	Braga
2909	PT	PT-05	Braganca	Braganca	Braganca
2910	PT	PT-06	Castelo Branco	Castelo Branco	Castelo Branco
2911	PT	PT-07	Coimbra	Coimbra	Coimbra
2912	PT	PT-08	Evora	Evora	Evora
2913	PT	PT-09	Faro	Faro	Faro
2914	PT	PT-10	Madeira	Madeira	Madeira
2915	PT	PT-11	Guarda	Guarda	Guarda
2916	PT	PT-13	Leiria	Leiria	Leiria
2917	PT	PT-14	Lisboa	Lisboa	Lisboa
2918	PT	PT-16	Portalegre	Portalegre	Portalegre
2919	PT	PT-17	Porto	Porto	Porto
2920	PT	PT-18	Santarem	Santarem	Santarem
2921	PT	PT-19	Setubal	Setubal	Setubal
2922	PT	PT-20	Viana do Castelo	Viana do Castelo	Viana do Castelo
2923	PT	PT-21	Vila Real	Vila Real	Vila Real
2924	PT	PT-22	Viseu	Viseu	Viseu
2925	PT	PT-23	Azores	Azores	Azores
2926	PY	PY-01	Alto Parana	Alto Parana	Alto Parana
2927	PY	PY-02	Amambay	Amambay	Amambay
2928	PY	PY-04	Caaguazu	Caaguazu	Caaguazu
2929	PY	PY-05	Caazapa	Caazapa	Caazapa
2930	PY	PY-06	Central	Central	Central
2931	PY	PY-07	Concepcion	Concepcion	Concepcion
2932	PY	PY-08	Cordillera	Cordillera	Cordillera
2933	PY	PY-10	Guaira	Guaira	Guaira
2934	PY	PY-11	Itapua	Itapua	Itapua
2935	PY	PY-12	Misiones	Misiones	Misiones
2936	PY	PY-13	Neembucu	Neembucu	Neembucu
2937	PY	PY-15	Paraguari	Paraguari	Paraguari
2938	PY	PY-16	Presidente Hayes	Presidente Hayes	Presidente Hayes
2939	PY	PY-17	San Pedro	San Pedro	San Pedro
2940	PY	PY-19	Canindeyu	Canindeyu	Canindeyu
2941	PY	PY-22	Asuncion	Asuncion	Asuncion
2942	PY	PY-23	Alto Paraguay	Alto Paraguay	Alto Paraguay
2943	PY	PY-24	Boqueron	Boqueron	Boqueron
2944	QA	QA-01	Ad Dawhah	Ad Dawhah	Ad Dawhah
2945	QA	QA-02	Al Ghuwariyah	Al Ghuwariyah	Al Ghuwariyah
2946	QA	QA-03	Al Jumaliyah	Al Jumaliyah	Al Jumaliyah
2947	QA	QA-04	Al Khawr	Al Khawr	Al Khawr
2948	QA	QA-05	Al Wakrah Municipality	Al Wakrah Municipality	Al Wakrah Municipality
2949	QA	QA-06	Ar Rayyan	Ar Rayyan	Ar Rayyan
2950	QA	QA-08	Madinat ach Shamal	Madinat ach Shamal	Madinat ach Shamal
2951	QA	QA-09	Umm Salal	Umm Salal	Umm Salal
2952	QA	QA-10	Al Wakrah	Al Wakrah	Al Wakrah
2953	QA	QA-11	Jariyan al Batnah	Jariyan al Batnah	Jariyan al Batnah
2954	QA	QA-12	Umm Said	Umm Said	Umm Said
2955	RO	RO-01	Alba	Alba	Alba
2956	RO	RO-02	Arad	Arad	Arad
2957	RO	RO-03	Arges	Arges	Arges
2958	RO	RO-04	Bacau	Bacau	Bacau
2959	RO	RO-05	Bihor	Bihor	Bihor
2960	RO	RO-06	Bistrita-Nasaud	Bistrita-Nasaud	Bistrita-Nasaud
2961	RO	RO-07	Botosani	Botosani	Botosani
2962	RO	RO-08	Braila	Braila	Braila
2963	RO	RO-09	Brasov	Brasov	Brasov
2964	RO	RO-10	Bucuresti	Bucuresti	Bucuresti
2965	RO	RO-11	Buzau	Buzau	Buzau
2966	RO	RO-12	Caras-Severin	Caras-Severin	Caras-Severin
2967	RO	RO-13	Cluj	Cluj	Cluj
2968	RO	RO-14	Constanta	Constanta	Constanta
2969	RO	RO-15	Covasna	Covasna	Covasna
2970	RO	RO-16	Dambovita	Dambovita	Dambovita
2971	RO	RO-17	Dolj	Dolj	Dolj
2972	RO	RO-18	Galati	Galati	Galati
2973	RO	RO-19	Gorj	Gorj	Gorj
2974	RO	RO-20	Harghita	Harghita	Harghita
2975	RO	RO-21	Hunedoara	Hunedoara	Hunedoara
2976	RO	RO-22	Ialomita	Ialomita	Ialomita
2977	RO	RO-23	Iasi	Iasi	Iasi
2978	RO	RO-25	Maramures	Maramures	Maramures
2979	RO	RO-26	Mehedinti	Mehedinti	Mehedinti
2980	RO	RO-27	Mures	Mures	Mures
2981	RO	RO-28	Neamt	Neamt	Neamt
2982	RO	RO-29	Olt	Olt	Olt
2983	RO	RO-30	Prahova	Prahova	Prahova
2984	RO	RO-31	Salaj	Salaj	Salaj
2985	RO	RO-32	Satu Mare	Satu Mare	Satu Mare
2986	RO	RO-33	Sibiu	Sibiu	Sibiu
2987	RO	RO-34	Suceava	Suceava	Suceava
2988	RO	RO-35	Teleorman	Teleorman	Teleorman
2989	RO	RO-36	Timis	Timis	Timis
2990	RO	RO-37	Tulcea	Tulcea	Tulcea
2991	RO	RO-38	Vaslui	Vaslui	Vaslui
2992	RO	RO-39	Valcea	Valcea	Valcea
2993	RO	RO-40	Vrancea	Vrancea	Vrancea
2994	RO	RO-41	Calarasi	Calarasi	Calarasi
2995	RO	RO-42	Giurgiu	Giurgiu	Giurgiu
2996	RO	RO-43	Ilfov	Ilfov	Ilfov
2997	RS	RS-01	Kosovo	Kosovo	Kosovo
2998	RS	RS-02	Vojvodina	Vojvodina	Vojvodina
2999	RU	RU-01	Adygeya, Republic of	Республика Адыгея	Adygeya, Republic of
3001	RU	RU-03	Gorno-Altay	Республика Алтай	Gorno-Altay
3002	RU	RU-04	Altaisky krai	Алтайский край	Altaisky krai
3003	RU	RU-05	Amur	Амурская область	Amur
3004	RU	RU-06	Arkhangelsk	Архангельская область	Arkhangelsk
3005	RU	RU-07	Astrakhan	Астраханская область	Astrakhan
3006	RU	RU-08	Bashkortostan	Республика Башкортостан	Bashkortostan
3007	RU	RU-09	Belgorod	Белгородская область	Belgorod
3008	RU	RU-10	Bryansk	Брянская область	Bryansk
3009	RU	RU-11	Buryat	Республика Бурятия	Buryat
3010	RU	RU-12	Chechnya	Республика Чечня	Chechnya
3011	RU	RU-13	Chelyabinsk	Челябинская область	Chelyabinsk
3012	RU	RU-14	Chita	Забайкальский край	Chita
3013	RU	RU-15	Chukot	Чукотский автономный округ	Chukot
3014	RU	RU-16	Chuvashia	Республика Чувашия	Chuvashia
3015	RU	RU-17	Dagestan	Республика Дагестан	Dagestan
3017	RU	RU-19	Ingush	Республика Ингушетия	Ingush
3018	RU	RU-20	Irkutsk	Иркутская область	Irkutsk
3019	RU	RU-21	Ivanovo	Ивановская область	Ivanovo
3020	RU	RU-22	Kabardin-Balkar	Республика Кабардино-Балкария	Kabardin-Balkar
3021	RU	RU-23	Kaliningrad	Калининградская область	Kaliningrad
3022	RU	RU-24	Kalmyk	Республика Калмыкия	Kalmyk
3023	RU	RU-25	Kaluga	Калужская область	Kaluga
3024	RU	RU-26	Kamchatka	Камчатка	Kamchatka
3025	RU	RU-27	Karachay-Cherkess	Республика Карачаево-Черкессия	Karachay-Cherkess
3026	RU	RU-28	Karelia	Республика Карелия	Karelia
3027	RU	RU-29	Kemerovo	Кемеровская область	Kemerovo
3028	RU	RU-30	Khabarovsk	Хабаровский край	Khabarovsk
3029	RU	RU-31	Khakass	Республика Хакасия	Khakass
3030	RU	RU-32	Khanty-Mansiy	Ханты-Мансийский автономный округ	Khanty-Mansiy
3031	RU	RU-33	Kirov	Кировская область	Kirov
3032	RU	RU-34	Komi	Республика Коми	Komi
3034	RU	RU-37	Kostroma	Костромская область	Kostroma
3035	RU	RU-38	Krasnodar	Краснодарский край	Krasnodar
3036	RU	RU-39	Krasnoyarsk	Красноярск	Krasnoyarsk
3037	RU	RU-40	Kurgan	Курганская область	Kurgan
3038	RU	RU-41	Kursk	Курская область	Kursk
3039	RU	RU-42	Leningrad	Ленинградская область	Leningrad
3040	RU	RU-43	Lipetsk	Липецкая область	Lipetsk
3041	RU	RU-44	Magadan	Магаданская область	Magadan
3042	RU	RU-45	Mariy-El	Республика Марий Эл	Mariy-El
3043	RU	RU-46	Mordovia	Республика Мордовия	Mordovia
3044	RU	RU-47	Moskva	Московская область	Moskva
3045	RU	RU-48	Moscow City	Москва	Moscow City
3046	RU	RU-49	Murmansk	Мурманская область	Murmansk
3047	RU	RU-50	Nenets	Ненецкий автономный округ	Nenets
3048	RU	RU-51	Nizhegorod	Нижегородская область	Nizhegorod
3049	RU	RU-52	Novgorod	Новгородская область	Novgorod
3050	RU	RU-53	Novosibirsk	Новосибирская область	Novosibirsk
3051	RU	RU-54	Omsk	Омская область	Omsk
3052	RU	RU-55	Orenburg	Оренбургская область	Orenburg
3053	RU	RU-56	Orel	Орловская область	Orel
3054	RU	RU-57	Penza	Пензенская область	Penza
3055	RU	RU-58	Perm	Пермский край	Perm
3056	RU	RU-59	Primorye	Приморский край	Primorye
3057	RU	RU-60	Pskov	Псковская область	Pskov
3058	RU	RU-61	Rostov	Ростовская область	Rostov
3059	RU	RU-62	Ryazan	Рязанская область	Ryazan
3060	RU	RU-63	Sakha	Республика Саха (Якутия)	Sakha
3061	RU	RU-64	Sakhalin	Сахалинская область	Sakhalin
3062	RU	RU-65	Samara	Самарская область	Samara
3063	RU	RU-66	Saint Petersburg City	Санкт-Петербург	Saint Petersburg City
3064	RU	RU-67	Saratov	Саратовская область	Saratov
3065	RU	RU-68	North Ossetia	Республика Северная Осетия (Алания)	North Ossetia
3066	RU	RU-69	Smolensk	Смоленская область	Smolensk
3067	RU	RU-70	Stavropol	Ставропольский край	Stavropol
3068	RU	RU-71	Sverdlovsk	Свердловская область	Sverdlovsk
3069	RU	RU-72	Tambovskaya oblast	Тамбовская область	Tambovskaya oblast
3070	RU	RU-73	Tatarstan	Республика Татарстан	Tatarstan
3072	RU	RU-75	Tomsk	Томская область	Tomsk
3073	RU	RU-76	Tula	Тульская область	Tula
3074	RU	RU-77	Tver	Тверская область	Tver
3075	RU	RU-78	Tyumen	Тюменская область	Tyumen
3076	RU	RU-79	Tuva	Республика Тыва (Тува)	Tuva
3077	RU	RU-80	Udmurt	Республика Удмуртия	Udmurt
3078	RU	RU-81	Ulyanovsk	Ульяновская область	Ulyanovsk
3079	RU	RU-83	Vladimir	Владимирская область	Vladimir
3080	RU	RU-84	Volgograd	Волгоградская область	Volgograd
3081	RU	RU-85	Vologda	Вологодская область	Vologda
3082	RU	RU-86	Voronezh	Воронежская область	Voronezh
3083	RU	RU-87	Yamal-Nenets	Ямало-Ненецкий автономный округ	Yamal-Nenets
3084	RU	RU-88	Yaroslavl	Ярославская область	Yaroslavl
3085	RU	RU-89	Yevrey	Еврейская автономная область	Yevrey
3086	RU	RU-90	Permskiy Kray	Пермский край	Permskiy Kray
3087	RU	RU-91	Krasnoyarskiy Kray	Красноярский край	Krasnoyarskiy Kray
3088	RU	RU-92	Kamchatskiy Kray	Камчатский край	Kamchatskiy Kray
3089	RU	RU-93	Zabaykalskiy Kray	Забайкальский край	Zabaykalskiy Kray
3090	RW	RW-01	Butare	Butare	Butare
3091	RW	RW-06	Gitarama	Gitarama	Gitarama
3092	RW	RW-07	Kibungo	Kibungo	Kibungo
3093	RW	RW-09	Kigali	Kigali	Kigali
3094	RW	RW-11	Est	Est	Est
3095	RW	RW-12	Kigali	Kigali	Kigali
3096	RW	RW-13	Nord	Nord	Nord
3097	RW	RW-14	Ouest	Ouest	Ouest
3098	RW	RW-15	Sud	Sud	Sud
3099	SA	SA-02	Al Bahah	Al Bahah	Al Bahah
3100	SA	SA-05	Al Madinah	Al Madinah	Al Madinah
3101	SA	SA-06	Ash Sharqiyah	Ash Sharqiyah	Ash Sharqiyah
3102	SA	SA-08	Al Qasim	Al Qasim	Al Qasim
3103	SA	SA-10	Ar Riyad	Ar Riyad	Ar Riyad
3104	SA	SA-11	Asir Province	Asir Province	Asir Province
3105	SA	SA-13	Hail	Hail	Hail
3106	SA	SA-14	Makkah	Makkah	Makkah
3107	SA	SA-15	Al Hudud ash Shamaliyah	Al Hudud ash Shamaliyah	Al Hudud ash Shamaliyah
3108	SA	SA-16	Najran	Najran	Najran
3109	SA	SA-17	Jizan	Jizan	Jizan
3110	SA	SA-19	Tabuk	Tabuk	Tabuk
3111	SA	SA-20	Al Jawf	Al Jawf	Al Jawf
3112	SB	SB-03	Malaita	Malaita	Malaita
3113	SB	SB-06	Guadalcanal	Guadalcanal	Guadalcanal
3114	SB	SB-07	Isabel	Isabel	Isabel
3115	SB	SB-08	Makira	Makira	Makira
3116	SB	SB-09	Temotu	Temotu	Temotu
3117	SB	SB-10	Central	Central	Central
3118	SB	SB-11	Western	Western	Western
3119	SB	SB-12	Choiseul	Choiseul	Choiseul
3120	SB	SB-13	Rennell and Bellona	Rennell and Bellona	Rennell and Bellona
3121	SC	SC-01	Anse aux Pins	Anse aux Pins	Anse aux Pins
3122	SC	SC-02	Anse Boileau	Anse Boileau	Anse Boileau
3123	SC	SC-03	Anse Etoile	Anse Etoile	Anse Etoile
3124	SC	SC-04	Anse Louis	Anse Louis	Anse Louis
3125	SC	SC-05	Anse Royale	Anse Royale	Anse Royale
3126	SC	SC-06	Baie Lazare	Baie Lazare	Baie Lazare
3127	SC	SC-07	Baie Sainte Anne	Baie Sainte Anne	Baie Sainte Anne
3128	SC	SC-08	Beau Vallon	Beau Vallon	Beau Vallon
3129	SC	SC-09	Bel Air	Bel Air	Bel Air
3130	SC	SC-10	Bel Ombre	Bel Ombre	Bel Ombre
3131	SC	SC-11	Cascade	Cascade	Cascade
3132	SC	SC-12	Glacis	Glacis	Glacis
3133	SC	SC-13	Grand Anse	Grand Anse	Grand Anse
3134	SC	SC-14	Grand Anse	Grand Anse	Grand Anse
3135	SC	SC-15	La Digue	La Digue	La Digue
3136	SC	SC-16	La Riviere Anglaise	La Riviere Anglaise	La Riviere Anglaise
3137	SC	SC-17	Mont Buxton	Mont Buxton	Mont Buxton
3138	SC	SC-18	Mont Fleuri	Mont Fleuri	Mont Fleuri
3139	SC	SC-19	Plaisance	Plaisance	Plaisance
3140	SC	SC-20	Pointe La Rue	Pointe La Rue	Pointe La Rue
3141	SC	SC-21	Port Glaud	Port Glaud	Port Glaud
3142	SC	SC-22	Saint Louis	Saint Louis	Saint Louis
3143	SC	SC-23	Takamaka	Takamaka	Takamaka
3144	SD	SD-27	Al Wusta	Al Wusta	Al Wusta
3145	SD	SD-28	Al Istiwaiyah	Al Istiwaiyah	Al Istiwaiyah
3146	SD	SD-29	Al Khartum	Al Khartum	Al Khartum
3147	SD	SD-30	Ash Shamaliyah	Ash Shamaliyah	Ash Shamaliyah
3148	SD	SD-31	Ash Sharqiyah	Ash Sharqiyah	Ash Sharqiyah
3149	SD	SD-32	Bahr al Ghazal	Bahr al Ghazal	Bahr al Ghazal
3150	SD	SD-33	Darfur	Darfur	Darfur
3151	SD	SD-34	Kurdufan	Kurdufan	Kurdufan
3152	SD	SD-35	Upper Nile	Upper Nile	Upper Nile
3153	SD	SD-40	Al Wahadah State	Al Wahadah State	Al Wahadah State
3154	SD	SD-44	Central Equatoria State	Central Equatoria State	Central Equatoria State
3155	SD	SD-49	Southern Darfur	Southern Darfur	Southern Darfur
3156	SD	SD-50	Southern Kordofan	Southern Kordofan	Southern Kordofan
3157	SD	SD-52	Kassala	Kassala	Kassala
3158	SD	SD-53	River Nile	River Nile	River Nile
3159	SD	SD-55	Northern Darfur	Northern Darfur	Northern Darfur
3160	SE	SE-02	Blekinge Lan	Blekinge Lan	Blekinge Lan
3161	SE	SE-03	Gavleborgs Lan	Gavleborgs Lan	Gavleborgs Lan
3162	SE	SE-05	Gotlands Lan	Gotlands Lan	Gotlands Lan
3163	SE	SE-06	Hallands Lan	Hallands Lan	Hallands Lan
3164	SE	SE-07	Jamtlands Lan	Jamtlands Lan	Jamtlands Lan
3165	SE	SE-08	Jonkopings Lan	Jonkopings Lan	Jonkopings Lan
3166	SE	SE-09	Kalmar Lan	Kalmar Lan	Kalmar Lan
3167	SE	SE-10	Dalarnas Lan	Dalarnas Lan	Dalarnas Lan
3168	SE	SE-12	Kronobergs Lan	Kronobergs Lan	Kronobergs Lan
3169	SE	SE-14	Norrbottens Lan	Norrbottens Lan	Norrbottens Lan
3170	SE	SE-15	Orebro Lan	Orebro Lan	Orebro Lan
3171	SE	SE-16	Ostergotlands Lan	Ostergotlands Lan	Ostergotlands Lan
3172	SE	SE-18	Sodermanlands Lan	Sodermanlands Lan	Sodermanlands Lan
3173	SE	SE-21	Uppsala Lan	Uppsala Lan	Uppsala Lan
3174	SE	SE-22	Varmlands Lan	Varmlands Lan	Varmlands Lan
3175	SE	SE-23	Vasterbottens Lan	Vasterbottens Lan	Vasterbottens Lan
3176	SE	SE-24	Vasternorrlands Lan	Vasternorrlands Lan	Vasternorrlands Lan
3177	SE	SE-25	Vastmanlands Lan	Vastmanlands Lan	Vastmanlands Lan
3178	SE	SE-26	Stockholms Lan	Stockholms Lan	Stockholms Lan
3179	SE	SE-27	Skane Lan	Skane Lan	Skane Lan
3180	SE	SE-28	Vastra Gotaland	Vastra Gotaland	Vastra Gotaland
3181	SH	SH-01	Ascension	Ascension	Ascension
3182	SH	SH-02	Saint Helena	Saint Helena	Saint Helena
3183	SH	SH-03	Tristan da Cunha	Tristan da Cunha	Tristan da Cunha
3184	SI	SI-01	Ajdovscina Commune	Ajdovscina Commune	Ajdovscina Commune
3185	SI	SI-02	Beltinci Commune	Beltinci Commune	Beltinci Commune
3186	SI	SI-03	Bled Commune	Bled Commune	Bled Commune
3187	SI	SI-04	Bohinj Commune	Bohinj Commune	Bohinj Commune
3188	SI	SI-05	Borovnica Commune	Borovnica Commune	Borovnica Commune
3189	SI	SI-06	Bovec Commune	Bovec Commune	Bovec Commune
3190	SI	SI-07	Brda Commune	Brda Commune	Brda Commune
3191	SI	SI-08	Brezice Commune	Brezice Commune	Brezice Commune
3192	SI	SI-09	Brezovica Commune	Brezovica Commune	Brezovica Commune
3193	SI	SI-11	Celje Commune	Celje Commune	Celje Commune
3194	SI	SI-12	Cerklje na Gorenjskem Commune	Cerklje na Gorenjskem Commune	Cerklje na Gorenjskem Commune
3195	SI	SI-13	Cerknica Commune	Cerknica Commune	Cerknica Commune
3196	SI	SI-14	Cerkno Commune	Cerkno Commune	Cerkno Commune
3197	SI	SI-15	Crensovci Commune	Crensovci Commune	Crensovci Commune
3198	SI	SI-16	Crna na Koroskem Commune	Crna na Koroskem Commune	Crna na Koroskem Commune
3199	SI	SI-17	Crnomelj Commune	Crnomelj Commune	Crnomelj Commune
3200	SI	SI-19	Divaca Commune	Divaca Commune	Divaca Commune
3201	SI	SI-20	Dobrepolje Commune	Dobrepolje Commune	Dobrepolje Commune
3202	SI	SI-22	Dol pri Ljubljani Commune	Dol pri Ljubljani Commune	Dol pri Ljubljani Commune
3203	SI	SI-24	Dornava Commune	Dornava Commune	Dornava Commune
3204	SI	SI-25	Dravograd Commune	Dravograd Commune	Dravograd Commune
3205	SI	SI-26	Duplek Commune	Duplek Commune	Duplek Commune
3206	SI	SI-27	Gorenja vas-Poljane Commune	Gorenja vas-Poljane Commune	Gorenja vas-Poljane Commune
3207	SI	SI-28	Gorisnica Commune	Gorisnica Commune	Gorisnica Commune
3208	SI	SI-29	Gornja Radgona Commune	Gornja Radgona Commune	Gornja Radgona Commune
3209	SI	SI-30	Gornji Grad Commune	Gornji Grad Commune	Gornji Grad Commune
3210	SI	SI-31	Gornji Petrovci Commune	Gornji Petrovci Commune	Gornji Petrovci Commune
3211	SI	SI-32	Grosuplje Commune	Grosuplje Commune	Grosuplje Commune
3212	SI	SI-34	Hrastnik Commune	Hrastnik Commune	Hrastnik Commune
3213	SI	SI-35	Hrpelje-Kozina Commune	Hrpelje-Kozina Commune	Hrpelje-Kozina Commune
3214	SI	SI-36	Idrija Commune	Idrija Commune	Idrija Commune
3215	SI	SI-37	Ig Commune	Ig Commune	Ig Commune
3216	SI	SI-38	Ilirska Bistrica Commune	Ilirska Bistrica Commune	Ilirska Bistrica Commune
3217	SI	SI-39	Ivancna Gorica Commune	Ivancna Gorica Commune	Ivancna Gorica Commune
3218	SI	SI-40	Izola-Isola Commune	Izola-Isola Commune	Izola-Isola Commune
3219	SI	SI-42	Jursinci Commune	Jursinci Commune	Jursinci Commune
3220	SI	SI-44	Kanal Commune	Kanal Commune	Kanal Commune
3221	SI	SI-45	Kidricevo Commune	Kidricevo Commune	Kidricevo Commune
3222	SI	SI-46	Kobarid Commune	Kobarid Commune	Kobarid Commune
3223	SI	SI-47	Kobilje Commune	Kobilje Commune	Kobilje Commune
3224	SI	SI-49	Komen Commune	Komen Commune	Komen Commune
3225	SI	SI-50	Koper-Capodistria Urban Commune	Koper-Capodistria Urban Commune	Koper-Capodistria Urban Commune
3226	SI	SI-51	Kozje Commune	Kozje Commune	Kozje Commune
3227	SI	SI-52	Kranj Commune	Kranj Commune	Kranj Commune
3228	SI	SI-53	Kranjska Gora Commune	Kranjska Gora Commune	Kranjska Gora Commune
3229	SI	SI-54	Krsko Commune	Krsko Commune	Krsko Commune
3230	SI	SI-55	Kungota Commune	Kungota Commune	Kungota Commune
3231	SI	SI-57	Lasko Commune	Lasko Commune	Lasko Commune
3232	SI	SI-61	Ljubljana Urban Commune	Ljubljana Urban Commune	Ljubljana Urban Commune
3233	SI	SI-62	Ljubno Commune	Ljubno Commune	Ljubno Commune
3234	SI	SI-64	Logatec Commune	Logatec Commune	Logatec Commune
3235	SI	SI-66	Loski Potok Commune	Loski Potok Commune	Loski Potok Commune
3236	SI	SI-68	Lukovica Commune	Lukovica Commune	Lukovica Commune
3237	SI	SI-71	Medvode Commune	Medvode Commune	Medvode Commune
3238	SI	SI-72	Menges Commune	Menges Commune	Menges Commune
3239	SI	SI-73	Metlika Commune	Metlika Commune	Metlika Commune
3240	SI	SI-74	Mezica Commune	Mezica Commune	Mezica Commune
3241	SI	SI-76	Mislinja Commune	Mislinja Commune	Mislinja Commune
3242	SI	SI-77	Moravce Commune	Moravce Commune	Moravce Commune
3243	SI	SI-78	Moravske Toplice Commune	Moravske Toplice Commune	Moravske Toplice Commune
3244	SI	SI-79	Mozirje Commune	Mozirje Commune	Mozirje Commune
3245	SI	SI-80	Murska Sobota Urban Commune	Murska Sobota Urban Commune	Murska Sobota Urban Commune
3246	SI	SI-81	Muta Commune	Muta Commune	Muta Commune
3247	SI	SI-82	Naklo Commune	Naklo Commune	Naklo Commune
3248	SI	SI-83	Nazarje Commune	Nazarje Commune	Nazarje Commune
3249	SI	SI-84	Nova Gorica Urban Commune	Nova Gorica Urban Commune	Nova Gorica Urban Commune
3250	SI	SI-86	Odranci Commune	Odranci Commune	Odranci Commune
3251	SI	SI-87	Ormoz Commune	Ormoz Commune	Ormoz Commune
3252	SI	SI-88	Osilnica Commune	Osilnica Commune	Osilnica Commune
3253	SI	SI-89	Pesnica Commune	Pesnica Commune	Pesnica Commune
3254	SI	SI-91	Pivka Commune	Pivka Commune	Pivka Commune
3255	SI	SI-92	Podcetrtek Commune	Podcetrtek Commune	Podcetrtek Commune
3256	SI	SI-94	Postojna Commune	Postojna Commune	Postojna Commune
3257	SI	SI-97	Puconci Commune	Puconci Commune	Puconci Commune
3258	SI	SI-98	Race-Fram Commune	Race-Fram Commune	Race-Fram Commune
3259	SI	SI-99	Radece Commune	Radece Commune	Radece Commune
3260	SI	SI-A1	Radenci Commune	Radenci Commune	Radenci Commune
3261	SI	SI-A2	Radlje ob Dravi Commune	Radlje ob Dravi Commune	Radlje ob Dravi Commune
3262	SI	SI-A3	Radovljica Commune	Radovljica Commune	Radovljica Commune
3263	SI	SI-A6	Rogasovci Commune	Rogasovci Commune	Rogasovci Commune
3264	SI	SI-A7	Rogaska Slatina Commune	Rogaska Slatina Commune	Rogaska Slatina Commune
3265	SI	SI-A8	Rogatec Commune	Rogatec Commune	Rogatec Commune
3266	SI	SI-B1	Semic Commune	Semic Commune	Semic Commune
3267	SI	SI-B2	Sencur Commune	Sencur Commune	Sencur Commune
3268	SI	SI-B3	Sentilj Commune	Sentilj Commune	Sentilj Commune
3269	SI	SI-B4	Sentjernej Commune	Sentjernej Commune	Sentjernej Commune
3270	SI	SI-B6	Sevnica Commune	Sevnica Commune	Sevnica Commune
3271	SI	SI-B7	Sezana Commune	Sezana Commune	Sezana Commune
3272	SI	SI-B8	Skocjan Commune	Skocjan Commune	Skocjan Commune
3273	SI	SI-B9	Skofja Loka Commune	Skofja Loka Commune	Skofja Loka Commune
3274	SI	SI-C1	Skofljica Commune	Skofljica Commune	Skofljica Commune
3275	SI	SI-C2	Slovenj Gradec Urban Commune	Slovenj Gradec Urban Commune	Slovenj Gradec Urban Commune
3276	SI	SI-C4	Slovenske Konjice Commune	Slovenske Konjice Commune	Slovenske Konjice Commune
3277	SI	SI-C5	Smarje pri Jelsah Commune	Smarje pri Jelsah Commune	Smarje pri Jelsah Commune
3278	SI	SI-C6	Smartno ob Paki Commune	Smartno ob Paki Commune	Smartno ob Paki Commune
3279	SI	SI-C7	Sostanj Commune	Sostanj Commune	Sostanj Commune
3280	SI	SI-C8	Starse Commune	Starse Commune	Starse Commune
3281	SI	SI-C9	Store Commune	Store Commune	Store Commune
3282	SI	SI-D1	Sveti Jurij Commune	Sveti Jurij Commune	Sveti Jurij Commune
3283	SI	SI-D2	Tolmin Commune	Tolmin Commune	Tolmin Commune
3284	SI	SI-D3	Trbovlje Commune	Trbovlje Commune	Trbovlje Commune
3285	SI	SI-D4	Trebnje Commune	Trebnje Commune	Trebnje Commune
3286	SI	SI-D5	Trzic Commune	Trzic Commune	Trzic Commune
3287	SI	SI-D6	Turnisce Commune	Turnisce Commune	Turnisce Commune
3472	SV	SV-06	La Paz	La Paz	La Paz
3288	SI	SI-D7	Velenje Urban Commune	Velenje Urban Commune	Velenje Urban Commune
3289	SI	SI-D8	Velike Lasce Commune	Velike Lasce Commune	Velike Lasce Commune
3290	SI	SI-E1	Vipava Commune	Vipava Commune	Vipava Commune
3291	SI	SI-E2	Vitanje Commune	Vitanje Commune	Vitanje Commune
3292	SI	SI-E3	Vodice Commune	Vodice Commune	Vodice Commune
3293	SI	SI-E5	Vrhnika Commune	Vrhnika Commune	Vrhnika Commune
3294	SI	SI-E6	Vuzenica Commune	Vuzenica Commune	Vuzenica Commune
3295	SI	SI-E7	Zagorje ob Savi Commune	Zagorje ob Savi Commune	Zagorje ob Savi Commune
3296	SI	SI-E9	Zavrc Commune	Zavrc Commune	Zavrc Commune
3297	SI	SI-F1	Zelezniki Commune	Zelezniki Commune	Zelezniki Commune
3298	SI	SI-F2	Ziri Commune	Ziri Commune	Ziri Commune
3299	SI	SI-F3	Zrece Commune	Zrece Commune	Zrece Commune
3300	SI	SI-F4	Benedikt Commune	Benedikt Commune	Benedikt Commune
3301	SI	SI-F5	Bistrica ob Sotli Commune	Bistrica ob Sotli Commune	Bistrica ob Sotli Commune
3302	SI	SI-F6	Bloke Commune	Bloke Commune	Bloke Commune
3303	SI	SI-F7	Braslovce Commune	Braslovce Commune	Braslovce Commune
3304	SI	SI-F8	Cankova Commune	Cankova Commune	Cankova Commune
3305	SI	SI-F9	Cerkvenjak Commune	Cerkvenjak Commune	Cerkvenjak Commune
3306	SI	SI-G1	Destrnik Commune	Destrnik Commune	Destrnik Commune
3307	SI	SI-G2	Dobje Commune	Dobje Commune	Dobje Commune
3308	SI	SI-G3	Dobrna Commune	Dobrna Commune	Dobrna Commune
3309	SI	SI-G4	Dobrova-Horjul-Polhov Gradec Commune	Dobrova-Horjul-Polhov Gradec Commune	Dobrova-Horjul-Polhov Gradec Commune
3310	SI	SI-G5	Dobrovnik-Dobronak Commune	Dobrovnik-Dobronak Commune	Dobrovnik-Dobronak Commune
3311	SI	SI-G6	Dolenjske Toplice Commune	Dolenjske Toplice Commune	Dolenjske Toplice Commune
3312	SI	SI-G7	Domzale Commune	Domzale Commune	Domzale Commune
3313	SI	SI-G8	Grad Commune	Grad Commune	Grad Commune
3314	SI	SI-G9	Hajdina Commune	Hajdina Commune	Hajdina Commune
3315	SI	SI-H1	Hoce-Slivnica Commune	Hoce-Slivnica Commune	Hoce-Slivnica Commune
3316	SI	SI-H2	Hodos-Hodos Commune	Hodos-Hodos Commune	Hodos-Hodos Commune
3317	SI	SI-H3	Horjul Commune	Horjul Commune	Horjul Commune
3318	SI	SI-H4	Jesenice Commune	Jesenice Commune	Jesenice Commune
3319	SI	SI-H5	Jezersko Commune	Jezersko Commune	Jezersko Commune
3320	SI	SI-H6	Kamnik Commune	Kamnik Commune	Kamnik Commune
3321	SI	SI-H7	Kocevje Commune	Kocevje Commune	Kocevje Commune
3322	SI	SI-H8	Komenda Commune	Komenda Commune	Komenda Commune
3323	SI	SI-H9	Kostel Commune	Kostel Commune	Kostel Commune
3324	SI	SI-I1	Krizevci Commune	Krizevci Commune	Krizevci Commune
3325	SI	SI-I2	Kuzma Commune	Kuzma Commune	Kuzma Commune
3326	SI	SI-I3	Lenart Commune	Lenart Commune	Lenart Commune
3327	SI	SI-I4	Lendava-Lendva Commune	Lendava-Lendva Commune	Lendava-Lendva Commune
3328	SI	SI-I5	Litija Commune	Litija Commune	Litija Commune
3329	SI	SI-I6	Ljutomer Commune	Ljutomer Commune	Ljutomer Commune
3330	SI	SI-I7	Loska Dolina Commune	Loska Dolina Commune	Loska Dolina Commune
3331	SI	SI-I8	Lovrenc na Pohorju Commune	Lovrenc na Pohorju Commune	Lovrenc na Pohorju Commune
3332	SI	SI-I9	Luce Commune	Luce Commune	Luce Commune
3333	SI	SI-J1	Majsperk Commune	Majsperk Commune	Majsperk Commune
3334	SI	SI-J2	Maribor Commune	Maribor Commune	Maribor Commune
3335	SI	SI-J3	Markovci Commune	Markovci Commune	Markovci Commune
3336	SI	SI-J4	Miklavz na Dravskem polju Commune	Miklavz na Dravskem polju Commune	Miklavz na Dravskem polju Commune
3337	SI	SI-J5	Miren-Kostanjevica Commune	Miren-Kostanjevica Commune	Miren-Kostanjevica Commune
3338	SI	SI-J6	Mirna Pec Commune	Mirna Pec Commune	Mirna Pec Commune
3339	SI	SI-J7	Novo mesto Urban Commune	Novo mesto Urban Commune	Novo mesto Urban Commune
3340	SI	SI-J8	Oplotnica Commune	Oplotnica Commune	Oplotnica Commune
3341	SI	SI-J9	Piran-Pirano Commune	Piran-Pirano Commune	Piran-Pirano Commune
3342	SI	SI-K1	Podlehnik Commune	Podlehnik Commune	Podlehnik Commune
3343	SI	SI-K2	Podvelka Commune	Podvelka Commune	Podvelka Commune
3344	SI	SI-K3	Polzela Commune	Polzela Commune	Polzela Commune
3345	SI	SI-K4	Prebold Commune	Prebold Commune	Prebold Commune
3346	SI	SI-K5	Preddvor Commune	Preddvor Commune	Preddvor Commune
3347	SI	SI-K6	Prevalje Commune	Prevalje Commune	Prevalje Commune
3348	SI	SI-K7	Ptuj Urban Commune	Ptuj Urban Commune	Ptuj Urban Commune
3349	SI	SI-K8	Ravne na Koroskem Commune	Ravne na Koroskem Commune	Ravne na Koroskem Commune
3350	SI	SI-K9	Razkrizje Commune	Razkrizje Commune	Razkrizje Commune
3351	SI	SI-L1	Ribnica Commune	Ribnica Commune	Ribnica Commune
3352	SI	SI-L2	Ribnica na Pohorju Commune	Ribnica na Pohorju Commune	Ribnica na Pohorju Commune
3353	SI	SI-L3	Ruse Commune	Ruse Commune	Ruse Commune
3354	SI	SI-L4	Salovci Commune	Salovci Commune	Salovci Commune
3355	SI	SI-L5	Selnica ob Dravi Commune	Selnica ob Dravi Commune	Selnica ob Dravi Commune
3356	SI	SI-L6	Sempeter-Vrtojba Commune	Sempeter-Vrtojba Commune	Sempeter-Vrtojba Commune
3357	SI	SI-L7	Sentjur pri Celju Commune	Sentjur pri Celju Commune	Sentjur pri Celju Commune
3358	SI	SI-L8	Slovenska Bistrica Commune	Slovenska Bistrica Commune	Slovenska Bistrica Commune
3359	SI	SI-L9	Smartno pri Litiji Commune	Smartno pri Litiji Commune	Smartno pri Litiji Commune
3360	SI	SI-M1	Sodrazica Commune	Sodrazica Commune	Sodrazica Commune
3361	SI	SI-M2	Solcava Commune	Solcava Commune	Solcava Commune
3362	SI	SI-M3	Sveta Ana Commune	Sveta Ana Commune	Sveta Ana Commune
3363	SI	SI-M4	Sveti Andraz v Slovenskih goricah Commune	Sveti Andraz v Slovenskih goricah Commune	Sveti Andraz v Slovenskih goricah Commune
3364	SI	SI-M5	Tabor Commune	Tabor Commune	Tabor Commune
3365	SI	SI-M6	Tisina Commune	Tisina Commune	Tisina Commune
3366	SI	SI-M7	Trnovska vas Commune	Trnovska vas Commune	Trnovska vas Commune
3367	SI	SI-M8	Trzin Commune	Trzin Commune	Trzin Commune
3368	SI	SI-M9	Velika Polana Commune	Velika Polana Commune	Velika Polana Commune
3369	SI	SI-N1	Verzej Commune	Verzej Commune	Verzej Commune
3370	SI	SI-N2	Videm Commune	Videm Commune	Videm Commune
3371	SI	SI-N3	Vojnik Commune	Vojnik Commune	Vojnik Commune
3372	SI	SI-N4	Vransko Commune	Vransko Commune	Vransko Commune
3373	SI	SI-N5	Zalec Commune	Zalec Commune	Zalec Commune
3374	SI	SI-N6	Zetale Commune	Zetale Commune	Zetale Commune
3375	SI	SI-N7	Zirovnica Commune	Zirovnica Commune	Zirovnica Commune
3376	SI	SI-N8	Zuzemberk Commune	Zuzemberk Commune	Zuzemberk Commune
3377	SI	SI-N9	Apace Commune	Apace Commune	Apace Commune
3378	SI	SI-O1	Cirkulane Commune	Cirkulane Commune	Cirkulane Commune
3379	SI	SI-O2	Gorje	Gorje	Gorje
3380	SI	SI-O3	Kostanjevica na Krki	Kostanjevica na Krki	Kostanjevica na Krki
3381	SI	SI-O4	Log-Dragomer	Log-Dragomer	Log-Dragomer
3382	SI	SI-O5	Makole	Makole	Makole
3383	SI	SI-O6	Mirna	Mirna	Mirna
3384	SI	SI-O7	Mokronog-Trebelno	Mokronog-Trebelno	Mokronog-Trebelno
3385	SI	SI-O8	Poljcane	Poljcane	Poljcane
3386	SI	SI-O9	Recica ob Savinji	Recica ob Savinji	Recica ob Savinji
3387	SI	SI-P1	Rence-Vogrsko	Rence-Vogrsko	Rence-Vogrsko
3388	SI	SI-P2	Sentrupert	Sentrupert	Sentrupert
3389	SI	SI-P3	Smarjesk Toplice	Smarjesk Toplice	Smarjesk Toplice
3390	SI	SI-P4	Sredisce ob Dravi	Sredisce ob Dravi	Sredisce ob Dravi
3391	SI	SI-P5	Straza	Straza	Straza
3392	SI	SI-P7	Sveti Jurij v Slovenskih Goricah	Sveti Jurij v Slovenskih Goricah	Sveti Jurij v Slovenskih Goricah
3393	SK	SK-01	Banska Bystrica	Banska Bystrica	Banska Bystrica
3394	SK	SK-02	Bratislava	Bratislava	Bratislava
3395	SK	SK-03	Kosice	Kosice	Kosice
3396	SK	SK-04	Nitra	Nitra	Nitra
3397	SK	SK-05	Presov	Presov	Presov
3398	SK	SK-06	Trencin	Trencin	Trencin
3399	SK	SK-07	Trnava	Trnava	Trnava
3400	SK	SK-08	Zilina	Zilina	Zilina
3401	SL	SL-01	Eastern	Eastern	Eastern
3402	SL	SL-02	Northern	Northern	Northern
3403	SL	SL-03	Southern	Southern	Southern
3404	SL	SL-04	Western Area	Western Area	Western Area
3405	SM	SM-01	Acquaviva	Acquaviva	Acquaviva
3406	SM	SM-02	Chiesanuova	Chiesanuova	Chiesanuova
3407	SM	SM-03	Domagnano	Domagnano	Domagnano
3408	SM	SM-04	Faetano	Faetano	Faetano
3409	SM	SM-05	Fiorentino	Fiorentino	Fiorentino
3410	SM	SM-06	Borgo Maggiore	Borgo Maggiore	Borgo Maggiore
3411	SM	SM-07	San Marino	San Marino	San Marino
3412	SM	SM-08	Monte Giardino	Monte Giardino	Monte Giardino
3413	SM	SM-09	Serravalle	Serravalle	Serravalle
3414	SN	SN-01	Dakar	Dakar	Dakar
3415	SN	SN-03	Diourbel	Diourbel	Diourbel
3416	SN	SN-05	Tambacounda	Tambacounda	Tambacounda
3417	SN	SN-07	Thies	Thies	Thies
3418	SN	SN-09	Fatick	Fatick	Fatick
3419	SN	SN-10	Kaolack	Kaolack	Kaolack
3420	SN	SN-11	Kolda	Kolda	Kolda
3421	SN	SN-12	Ziguinchor	Ziguinchor	Ziguinchor
3422	SN	SN-13	Louga	Louga	Louga
3423	SN	SN-14	Saint-Louis	Saint-Louis	Saint-Louis
3424	SN	SN-15	Matam	Matam	Matam
3425	SO	SO-01	Bakool	Bakool	Bakool
3426	SO	SO-02	Banaadir	Banaadir	Banaadir
3427	SO	SO-03	Bari	Bari	Bari
3428	SO	SO-04	Bay	Bay	Bay
3429	SO	SO-05	Galguduud	Galguduud	Galguduud
3430	SO	SO-06	Gedo	Gedo	Gedo
3431	SO	SO-07	Hiiraan	Hiiraan	Hiiraan
3432	SO	SO-08	Jubbada Dhexe	Jubbada Dhexe	Jubbada Dhexe
3433	SO	SO-09	Jubbada Hoose	Jubbada Hoose	Jubbada Hoose
3434	SO	SO-10	Mudug	Mudug	Mudug
3435	SO	SO-11	Nugaal	Nugaal	Nugaal
3436	SO	SO-12	Sanaag	Sanaag	Sanaag
3437	SO	SO-13	Shabeellaha Dhexe	Shabeellaha Dhexe	Shabeellaha Dhexe
3438	SO	SO-14	Shabeellaha Hoose	Shabeellaha Hoose	Shabeellaha Hoose
3439	SO	SO-16	Woqooyi Galbeed	Woqooyi Galbeed	Woqooyi Galbeed
3440	SO	SO-18	Nugaal	Nugaal	Nugaal
3441	SO	SO-19	Togdheer	Togdheer	Togdheer
3442	SO	SO-20	Woqooyi Galbeed	Woqooyi Galbeed	Woqooyi Galbeed
3443	SO	SO-21	Awdal	Awdal	Awdal
3444	SO	SO-22	Sool	Sool	Sool
3445	SR	SR-10	Brokopondo	Brokopondo	Brokopondo
3446	SR	SR-11	Commewijne	Commewijne	Commewijne
3447	SR	SR-12	Coronie	Coronie	Coronie
3448	SR	SR-13	Marowijne	Marowijne	Marowijne
3449	SR	SR-14	Nickerie	Nickerie	Nickerie
3450	SR	SR-15	Para	Para	Para
3451	SR	SR-16	Paramaribo	Paramaribo	Paramaribo
3452	SR	SR-17	Saramacca	Saramacca	Saramacca
3453	SR	SR-18	Sipaliwini	Sipaliwini	Sipaliwini
3454	SR	SR-19	Wanica	Wanica	Wanica
3455	SS	SS-01	Central Equatoria	Central Equatoria	Central Equatoria
3456	SS	SS-02	Eastern Equatoria	Eastern Equatoria	Eastern Equatoria
3457	SS	SS-03	Jonglei	Jonglei	Jonglei
3458	SS	SS-04	Lakes	Lakes	Lakes
3459	SS	SS-05	Northern Bahr el Ghazal	Northern Bahr el Ghazal	Northern Bahr el Ghazal
3460	SS	SS-06	Unity	Unity	Unity
3461	SS	SS-07	Upper Nile	Upper Nile	Upper Nile
3462	SS	SS-08	Warrap	Warrap	Warrap
3463	SS	SS-09	Western Bahr el Ghazal	Western Bahr el Ghazal	Western Bahr el Ghazal
3464	SS	SS-10	Western Equatoria	Western Equatoria	Western Equatoria
3465	ST	ST-01	Principe	Principe	Principe
3466	ST	ST-02	Sao Tome	Sao Tome	Sao Tome
3467	SV	SV-01	Ahuachapan	Ahuachapan	Ahuachapan
3468	SV	SV-02	Cabanas	Cabanas	Cabanas
3469	SV	SV-03	Chalatenango	Chalatenango	Chalatenango
3470	SV	SV-04	Cuscatlan	Cuscatlan	Cuscatlan
3471	SV	SV-05	La Libertad	La Libertad	La Libertad
3473	SV	SV-07	La Union	La Union	La Union
3474	SV	SV-08	Morazan	Morazan	Morazan
3475	SV	SV-09	San Miguel	San Miguel	San Miguel
3476	SV	SV-10	San Salvador	San Salvador	San Salvador
3477	SV	SV-11	Santa Ana	Santa Ana	Santa Ana
3478	SV	SV-12	San Vicente	San Vicente	San Vicente
3479	SV	SV-13	Sonsonate	Sonsonate	Sonsonate
3480	SV	SV-14	Usulutan	Usulutan	Usulutan
3481	SY	SY-01	Al Hasakah	Al Hasakah	Al Hasakah
3482	SY	SY-02	Al Ladhiqiyah	Al Ladhiqiyah	Al Ladhiqiyah
3483	SY	SY-03	Al Qunaytirah	Al Qunaytirah	Al Qunaytirah
3484	SY	SY-04	Ar Raqqah	Ar Raqqah	Ar Raqqah
3485	SY	SY-05	As Suwayda	As Suwayda	As Suwayda
3486	SY	SY-06	Dar	Dar	Dar
3487	SY	SY-07	Dayr az Zawr	Dayr az Zawr	Dayr az Zawr
3488	SY	SY-08	Rif Dimashq	Rif Dimashq	Rif Dimashq
3489	SY	SY-09	Halab	Halab	Halab
3490	SY	SY-10	Hamah	Hamah	Hamah
3491	SY	SY-11	Hims	Hims	Hims
3492	SY	SY-12	Idlib	Idlib	Idlib
3493	SY	SY-13	Dimashq	Dimashq	Dimashq
3494	SY	SY-14	Tartus	Tartus	Tartus
3495	SZ	SZ-01	Hhohho	Hhohho	Hhohho
3496	SZ	SZ-02	Lubombo	Lubombo	Lubombo
3497	SZ	SZ-03	Manzini	Manzini	Manzini
3498	SZ	SZ-04	Shiselweni	Shiselweni	Shiselweni
3499	SZ	SZ-05	Praslin	Praslin	Praslin
3500	TD	TD-01	Batha	Batha	Batha
3501	TD	TD-02	Biltine	Biltine	Biltine
3502	TD	TD-03	Borkou-Ennedi-Tibesti	Borkou-Ennedi-Tibesti	Borkou-Ennedi-Tibesti
3503	TD	TD-04	Chari-Baguirmi	Chari-Baguirmi	Chari-Baguirmi
3504	TD	TD-05	Guera	Guera	Guera
3505	TD	TD-06	Kanem	Kanem	Kanem
3506	TD	TD-07	Lac	Lac	Lac
3507	TD	TD-08	Logone Occidental	Logone Occidental	Logone Occidental
3508	TD	TD-09	Logone Oriental	Logone Oriental	Logone Oriental
3509	TD	TD-10	Mayo-Kebbi	Mayo-Kebbi	Mayo-Kebbi
3510	TD	TD-11	Moyen-Chari	Moyen-Chari	Moyen-Chari
3511	TD	TD-12	Ouaddai	Ouaddai	Ouaddai
3512	TD	TD-13	Salamat	Salamat	Salamat
3513	TD	TD-14	Tandjile	Tandjile	Tandjile
3514	TG	TG-22	Centrale	Centrale	Centrale
3515	TG	TG-23	Kara	Kara	Kara
3516	TG	TG-24	Maritime	Maritime	Maritime
3517	TG	TG-25	Plateaux	Plateaux	Plateaux
3518	TG	TG-26	Savanes	Savanes	Savanes
3519	TH	TH-01	Mae Hong Son	Mae Hong Son	Mae Hong Son
3520	TH	TH-02	Chiang Mai	Chiang Mai	Chiang Mai
3521	TH	TH-03	Chiang Rai	Chiang Rai	Chiang Rai
3522	TH	TH-04	Nan	Nan	Nan
3523	TH	TH-05	Lamphun	Lamphun	Lamphun
3524	TH	TH-06	Lampang	Lampang	Lampang
3525	TH	TH-07	Phrae	Phrae	Phrae
3526	TH	TH-08	Tak	Tak	Tak
3527	TH	TH-09	Sukhothai	Sukhothai	Sukhothai
3528	TH	TH-10	Uttaradit	Uttaradit	Uttaradit
3529	TH	TH-11	Kamphaeng Phet	Kamphaeng Phet	Kamphaeng Phet
3530	TH	TH-12	Phitsanulok	Phitsanulok	Phitsanulok
3531	TH	TH-13	Phichit	Phichit	Phichit
3532	TH	TH-14	Phetchabun	Phetchabun	Phetchabun
3533	TH	TH-15	Uthai Thani	Uthai Thani	Uthai Thani
3534	TH	TH-16	Nakhon Sawan	Nakhon Sawan	Nakhon Sawan
3535	TH	TH-17	Nong Khai	Nong Khai	Nong Khai
3536	TH	TH-18	Loei	Loei	Loei
3537	TH	TH-20	Sakon Nakhon	Sakon Nakhon	Sakon Nakhon
3538	TH	TH-21	Nakhon Phanom	Nakhon Phanom	Nakhon Phanom
3539	TH	TH-22	Khon Kaen	Khon Kaen	Khon Kaen
3540	TH	TH-23	Kalasin	Kalasin	Kalasin
3541	TH	TH-24	Maha Sarakham	Maha Sarakham	Maha Sarakham
3542	TH	TH-25	Roi Et	Roi Et	Roi Et
3543	TH	TH-26	Chaiyaphum	Chaiyaphum	Chaiyaphum
3544	TH	TH-27	Nakhon Ratchasima	Nakhon Ratchasima	Nakhon Ratchasima
3545	TH	TH-28	Buriram	Buriram	Buriram
3546	TH	TH-29	Surin	Surin	Surin
3547	TH	TH-30	Sisaket	Sisaket	Sisaket
3548	TH	TH-31	Narathiwat	Narathiwat	Narathiwat
3549	TH	TH-32	Chai Nat	Chai Nat	Chai Nat
3550	TH	TH-33	Sing Buri	Sing Buri	Sing Buri
3551	TH	TH-34	Lop Buri	Lop Buri	Lop Buri
3552	TH	TH-35	Ang Thong	Ang Thong	Ang Thong
3553	TH	TH-36	Phra Nakhon Si Ayutthaya	Phra Nakhon Si Ayutthaya	Phra Nakhon Si Ayutthaya
3554	TH	TH-37	Saraburi	Saraburi	Saraburi
3555	TH	TH-38	Nonthaburi	Nonthaburi	Nonthaburi
3556	TH	TH-39	Pathum Thani	Pathum Thani	Pathum Thani
3557	TH	TH-40	Krung Thep	Krung Thep	Krung Thep
3558	TH	TH-41	Phayao	Phayao	Phayao
3559	TH	TH-42	Samut Prakan	Samut Prakan	Samut Prakan
3560	TH	TH-43	Nakhon Nayok	Nakhon Nayok	Nakhon Nayok
3561	TH	TH-44	Chachoengsao	Chachoengsao	Chachoengsao
3562	TH	TH-45	Prachin Buri	Prachin Buri	Prachin Buri
3563	TH	TH-46	Chon Buri	Chon Buri	Chon Buri
3564	TH	TH-47	Rayong	Rayong	Rayong
3565	TH	TH-48	Chanthaburi	Chanthaburi	Chanthaburi
3566	TH	TH-49	Trat	Trat	Trat
3567	TH	TH-50	Kanchanaburi	Kanchanaburi	Kanchanaburi
3568	TH	TH-51	Suphan Buri	Suphan Buri	Suphan Buri
3569	TH	TH-52	Ratchaburi	Ratchaburi	Ratchaburi
3570	TH	TH-53	Nakhon Pathom	Nakhon Pathom	Nakhon Pathom
3571	TH	TH-54	Samut Songkhram	Samut Songkhram	Samut Songkhram
3572	TH	TH-55	Samut Sakhon	Samut Sakhon	Samut Sakhon
3573	TH	TH-56	Phetchaburi	Phetchaburi	Phetchaburi
3574	TH	TH-57	Prachuap Khiri Khan	Prachuap Khiri Khan	Prachuap Khiri Khan
3575	TH	TH-58	Chumphon	Chumphon	Chumphon
3576	TH	TH-59	Ranong	Ranong	Ranong
3577	TH	TH-60	Surat Thani	Surat Thani	Surat Thani
3578	TH	TH-61	Phangnga	Phangnga	Phangnga
3579	TH	TH-62	Phuket	Phuket	Phuket
3580	TH	TH-63	Krabi	Krabi	Krabi
3698	TR	TR-74	Siirt	Siirt	Siirt
3581	TH	TH-64	Nakhon Si Thammarat	Nakhon Si Thammarat	Nakhon Si Thammarat
3582	TH	TH-65	Trang	Trang	Trang
3583	TH	TH-66	Phatthalung	Phatthalung	Phatthalung
3584	TH	TH-67	Satun	Satun	Satun
3585	TH	TH-68	Songkhla	Songkhla	Songkhla
3586	TH	TH-69	Pattani	Pattani	Pattani
3587	TH	TH-70	Yala	Yala	Yala
3588	TH	TH-71	Ubon Ratchathani	Ubon Ratchathani	Ubon Ratchathani
3589	TH	TH-72	Yasothon	Yasothon	Yasothon
3590	TH	TH-73	Nakhon Phanom	Nakhon Phanom	Nakhon Phanom
3591	TH	TH-74	Prachin Buri	Prachin Buri	Prachin Buri
3592	TH	TH-75	Ubon Ratchathani	Ubon Ratchathani	Ubon Ratchathani
3593	TH	TH-76	Udon Thani	Udon Thani	Udon Thani
3594	TH	TH-77	Amnat Charoen	Amnat Charoen	Amnat Charoen
3595	TH	TH-78	Mukdahan	Mukdahan	Mukdahan
3596	TH	TH-79	Nong Bua Lamphu	Nong Bua Lamphu	Nong Bua Lamphu
3597	TH	TH-80	Sa Kaeo	Sa Kaeo	Sa Kaeo
3598	TH	TH-81	Bueng Kan	Bueng Kan	Bueng Kan
3599	TJ	TJ-01	Kuhistoni Badakhshon	Kuhistoni Badakhshon	Kuhistoni Badakhshon
3600	TJ	TJ-02	Khatlon	Khatlon	Khatlon
3601	TJ	TJ-03	Sughd	Sughd	Sughd
3602	TJ	TJ-04	Dushanbe	Dushanbe	Dushanbe
3603	TJ	TJ-05	Nohiyahoi Tobei Jumhuri	Nohiyahoi Tobei Jumhuri	Nohiyahoi Tobei Jumhuri
3604	TL	TL-06	Dili	Dili	Dili
3605	TM	TM-01	Ahal	Ahal	Ahal
3606	TM	TM-02	Balkan	Balkan	Balkan
3607	TM	TM-03	Dashoguz	Dashoguz	Dashoguz
3608	TM	TM-04	Lebap	Lebap	Lebap
3609	TM	TM-05	Mary	Mary	Mary
3610	TN	TN-02	Kasserine	Kasserine	Kasserine
3611	TN	TN-03	Kairouan	Kairouan	Kairouan
3612	TN	TN-06	Jendouba	Jendouba	Jendouba
3613	TN	TN-10	Qafsah	Qafsah	Qafsah
3614	TN	TN-14	El Kef	El Kef	El Kef
3615	TN	TN-15	Al Mahdia	Al Mahdia	Al Mahdia
3616	TN	TN-16	Al Munastir	Al Munastir	Al Munastir
3617	TN	TN-17	Bajah	Bajah	Bajah
3618	TN	TN-18	Bizerte	Bizerte	Bizerte
3619	TN	TN-19	Nabeul	Nabeul	Nabeul
3620	TN	TN-22	Siliana	Siliana	Siliana
3621	TN	TN-23	Sousse	Sousse	Sousse
3622	TN	TN-27	Ben Arous	Ben Arous	Ben Arous
3623	TN	TN-28	Madanin	Madanin	Madanin
3624	TN	TN-29	Gabes	Gabes	Gabes
3625	TN	TN-31	Kebili	Kebili	Kebili
3626	TN	TN-32	Sfax	Sfax	Sfax
3627	TN	TN-33	Sidi Bou Zid	Sidi Bou Zid	Sidi Bou Zid
3628	TN	TN-34	Tataouine	Tataouine	Tataouine
3629	TN	TN-35	Tozeur	Tozeur	Tozeur
3630	TN	TN-36	Tunis	Tunis	Tunis
3631	TN	TN-37	Zaghouan	Zaghouan	Zaghouan
3632	TN	TN-38	Aiana	Aiana	Aiana
3633	TN	TN-39	Manouba	Manouba	Manouba
3634	TO	TO-01	Ha	Ha	Ha
3635	TO	TO-02	Tongatapu	Tongatapu	Tongatapu
3636	TO	TO-03	Vava	Vava	Vava
3637	TR	TR-02	Adiyaman	Adiyaman	Adiyaman
3638	TR	TR-03	Afyonkarahisar	Afyonkarahisar	Afyonkarahisar
3639	TR	TR-04	Agri	Agri	Agri
3640	TR	TR-05	Amasya	Amasya	Amasya
3641	TR	TR-07	Antalya	Antalya	Antalya
3642	TR	TR-08	Artvin	Artvin	Artvin
3643	TR	TR-09	Aydin	Aydin	Aydin
3644	TR	TR-10	Balikesir	Balikesir	Balikesir
3645	TR	TR-11	Bilecik	Bilecik	Bilecik
3646	TR	TR-12	Bingol	Bingol	Bingol
3647	TR	TR-13	Bitlis	Bitlis	Bitlis
3648	TR	TR-14	Bolu	Bolu	Bolu
3649	TR	TR-15	Burdur	Burdur	Burdur
3650	TR	TR-16	Bursa	Bursa	Bursa
3651	TR	TR-17	Canakkale	Canakkale	Canakkale
3652	TR	TR-19	Corum	Corum	Corum
3653	TR	TR-20	Denizli	Denizli	Denizli
3654	TR	TR-21	Diyarbakir	Diyarbakir	Diyarbakir
3655	TR	TR-22	Edirne	Edirne	Edirne
3656	TR	TR-23	Elazig	Elazig	Elazig
3657	TR	TR-24	Erzincan	Erzincan	Erzincan
3658	TR	TR-25	Erzurum	Erzurum	Erzurum
3659	TR	TR-26	Eskisehir	Eskisehir	Eskisehir
3660	TR	TR-28	Giresun	Giresun	Giresun
3661	TR	TR-31	Hatay	Hatay	Hatay
3662	TR	TR-32	Mersin	Mersin	Mersin
3663	TR	TR-33	Isparta	Isparta	Isparta
3664	TR	TR-34	Istanbul	Istanbul	Istanbul
3665	TR	TR-35	Izmir	Izmir	Izmir
3666	TR	TR-37	Kastamonu	Kastamonu	Kastamonu
3667	TR	TR-38	Kayseri	Kayseri	Kayseri
3668	TR	TR-39	Kirklareli	Kirklareli	Kirklareli
3669	TR	TR-40	Kirsehir	Kirsehir	Kirsehir
3670	TR	TR-41	Kocaeli	Kocaeli	Kocaeli
3671	TR	TR-43	Kutahya	Kutahya	Kutahya
3672	TR	TR-44	Malatya	Malatya	Malatya
3673	TR	TR-45	Manisa	Manisa	Manisa
3674	TR	TR-46	Kahramanmaras	Kahramanmaras	Kahramanmaras
3675	TR	TR-48	Mugla	Mugla	Mugla
3676	TR	TR-49	Mus	Mus	Mus
3677	TR	TR-50	Nevsehir	Nevsehir	Nevsehir
3678	TR	TR-52	Ordu	Ordu	Ordu
3679	TR	TR-53	Rize	Rize	Rize
3680	TR	TR-54	Sakarya	Sakarya	Sakarya
3681	TR	TR-55	Samsun	Samsun	Samsun
3682	TR	TR-57	Sinop	Sinop	Sinop
3683	TR	TR-58	Sivas	Sivas	Sivas
3684	TR	TR-59	Tekirdag	Tekirdag	Tekirdag
3685	TR	TR-60	Tokat	Tokat	Tokat
3686	TR	TR-61	Trabzon	Trabzon	Trabzon
3687	TR	TR-62	Tunceli	Tunceli	Tunceli
3688	TR	TR-63	Sanliurfa	Sanliurfa	Sanliurfa
3689	TR	TR-64	Usak	Usak	Usak
3690	TR	TR-65	Van	Van	Van
3691	TR	TR-66	Yozgat	Yozgat	Yozgat
3692	TR	TR-68	Ankara	Ankara	Ankara
3693	TR	TR-69	Gumushane	Gumushane	Gumushane
3694	TR	TR-70	Hakkari	Hakkari	Hakkari
3695	TR	TR-71	Konya	Konya	Konya
3696	TR	TR-72	Mardin	Mardin	Mardin
3697	TR	TR-73	Nigde	Nigde	Nigde
3699	TR	TR-75	Aksaray	Aksaray	Aksaray
3700	TR	TR-76	Batman	Batman	Batman
3701	TR	TR-77	Bayburt	Bayburt	Bayburt
3702	TR	TR-78	Karaman	Karaman	Karaman
3703	TR	TR-79	Kirikkale	Kirikkale	Kirikkale
3704	TR	TR-80	Sirnak	Sirnak	Sirnak
3705	TR	TR-81	Adana	Adana	Adana
3706	TR	TR-82	Cankiri	Cankiri	Cankiri
3707	TR	TR-83	Gaziantep	Gaziantep	Gaziantep
3708	TR	TR-84	Kars	Kars	Kars
3709	TR	TR-85	Zonguldak	Zonguldak	Zonguldak
3710	TR	TR-86	Ardahan	Ardahan	Ardahan
3711	TR	TR-87	Bartin	Bartin	Bartin
3712	TR	TR-88	Igdir	Igdir	Igdir
3713	TR	TR-89	Karabuk	Karabuk	Karabuk
3714	TR	TR-90	Kilis	Kilis	Kilis
3715	TR	TR-91	Osmaniye	Osmaniye	Osmaniye
3716	TR	TR-92	Yalova	Yalova	Yalova
3717	TR	TR-93	Duzce	Duzce	Duzce
3718	TT	TT-01	Arima	Arima	Arima
3719	TT	TT-02	Caroni	Caroni	Caroni
3720	TT	TT-03	Mayaro	Mayaro	Mayaro
3721	TT	TT-04	Nariva	Nariva	Nariva
3722	TT	TT-05	Port-of-Spain	Port-of-Spain	Port-of-Spain
3723	TT	TT-06	Saint Andrew	Saint Andrew	Saint Andrew
3724	TT	TT-07	Saint David	Saint David	Saint David
3725	TT	TT-08	Saint George	Saint George	Saint George
3726	TT	TT-09	Saint Patrick	Saint Patrick	Saint Patrick
3727	TT	TT-10	San Fernando	San Fernando	San Fernando
3728	TT	TT-11	Tobago	Tobago	Tobago
3729	TT	TT-12	Victoria	Victoria	Victoria
3730	TW	TW-01	Fu-chien	Fu-chien	Fu-chien
3731	TW	TW-02	Kao-hsiung	Kao-hsiung	Kao-hsiung
3732	TW	TW-03	Tai-pei	Tai-pei	Tai-pei
3733	TW	TW-04	Tai-wan	Tai-wan	Tai-wan
3734	TZ	TZ-02	Pwani	Pwani	Pwani
3735	TZ	TZ-03	Dodoma	Dodoma	Dodoma
3736	TZ	TZ-04	Iringa	Iringa	Iringa
3737	TZ	TZ-05	Kigoma	Kigoma	Kigoma
3738	TZ	TZ-06	Kilimanjaro	Kilimanjaro	Kilimanjaro
3739	TZ	TZ-07	Lindi	Lindi	Lindi
3740	TZ	TZ-08	Mara	Mara	Mara
3741	TZ	TZ-09	Mbeya	Mbeya	Mbeya
3742	TZ	TZ-10	Morogoro	Morogoro	Morogoro
3743	TZ	TZ-11	Mtwara	Mtwara	Mtwara
3744	TZ	TZ-12	Mwanza	Mwanza	Mwanza
3745	TZ	TZ-13	Pemba North	Pemba North	Pemba North
3746	TZ	TZ-14	Ruvuma	Ruvuma	Ruvuma
3747	TZ	TZ-15	Shinyanga	Shinyanga	Shinyanga
3748	TZ	TZ-16	Singida	Singida	Singida
3749	TZ	TZ-17	Tabora	Tabora	Tabora
3750	TZ	TZ-18	Tanga	Tanga	Tanga
3751	TZ	TZ-19	Kagera	Kagera	Kagera
3752	TZ	TZ-20	Pemba South	Pemba South	Pemba South
3753	TZ	TZ-21	Zanzibar Central	Zanzibar Central	Zanzibar Central
3754	TZ	TZ-22	Zanzibar North	Zanzibar North	Zanzibar North
3755	TZ	TZ-23	Dar es Salaam	Dar es Salaam	Dar es Salaam
3756	TZ	TZ-24	Rukwa	Rukwa	Rukwa
3757	TZ	TZ-25	Zanzibar Urban	Zanzibar Urban	Zanzibar Urban
3758	TZ	TZ-26	Arusha	Arusha	Arusha
3759	TZ	TZ-27	Manyara	Manyara	Manyara
3760	UA	UA-01	Cherkaska Oblast	Черкасская область	Черкаська область
3761	UA	UA-02	Chernihivska Oblast	Черниговская область	Чернігівська область
3762	UA	UA-03	Chernivetska Oblast	Черновицкая область	Чернівецька область
3763	UA	UA-04	Dnipropetrovska Oblast	Днепропетровская область	Дніпропетровська область
3764	UA	UA-05	Donetska Oblast	Донецкая область	Донецька область
3765	UA	UA-06	Ivano-Frankivska Oblast	Ивано-Франковская область	Івано-Франківська область
3766	UA	UA-07	Kharkivska Oblast	Харьковская область	Харківська область
3767	UA	UA-08	Khersonska Oblast	Херсонская область	Херсонська область
3768	UA	UA-09	Khmelnytska Oblast	Хмельницкая область	Хмельницька область
3769	UA	UA-10	Kirovohradska Oblast	Кировоградская область	Кіровоградська область
3770	UA	UA-11	Krym	АР Крым	АР Крим
3771	UA	UA-12	Kyiv	Киев	Київ
3772	UA	UA-13	Kyyivska Oblast	Киевская область	Київська область
3773	UA	UA-14	Luhanska Oblast	Луганская область	Луганська область
3774	UA	UA-15	Lvivska Oblast	Львовская область	Львівська область
3775	UA	UA-16	Mykolayivska Oblast	Николаевская область	Миколаївська область
3776	UA	UA-17	Odeska Oblast	Одесская область	Одеська область
3777	UA	UA-18	Poltavska Oblast	Полтавская область	Полтавська область
3778	UA	UA-19	Rivnenska Oblast	Ровненская область	Рівненська область
3779	UA	UA-20	Sevastopol	Севастополь	Севастополь
3780	UA	UA-21	Sumska Oblast	Сумская область	Сумська область
3781	UA	UA-22	Ternopilska Oblast	Тернопольская область	Тернопільська область
3782	UA	UA-23	Vinnytska Oblast	Винницкая область	Вінницька область
3783	UA	UA-24	Volynska Oblast	Волынская область	Волинська область
3784	UA	UA-25	Zakarpatska Oblast	Закарпатская область	Закарпатська область
3785	UA	UA-26	Zaporizka Oblast	Запорожская область	Запорізька область
3786	UA	UA-27	Zhytomyrska Oblast	Житомирская область	Житомирська область
3787	UG	UG-26	Apac	Apac	Apac
3788	UG	UG-28	Bundibugyo	Bundibugyo	Bundibugyo
3789	UG	UG-29	Bushenyi	Bushenyi	Bushenyi
3790	UG	UG-30	Gulu	Gulu	Gulu
3791	UG	UG-31	Hoima	Hoima	Hoima
3792	UG	UG-33	Jinja	Jinja	Jinja
3793	UG	UG-36	Kalangala	Kalangala	Kalangala
3794	UG	UG-37	Kampala	Kampala	Kampala
3795	UG	UG-38	Kamuli	Kamuli	Kamuli
3796	UG	UG-39	Kapchorwa	Kapchorwa	Kapchorwa
3797	UG	UG-40	Kasese	Kasese	Kasese
3798	UG	UG-41	Kibale	Kibale	Kibale
3799	UG	UG-42	Kiboga	Kiboga	Kiboga
3800	UG	UG-43	Kisoro	Kisoro	Kisoro
3801	UG	UG-45	Kotido	Kotido	Kotido
3802	UG	UG-46	Kumi	Kumi	Kumi
3803	UG	UG-47	Lira	Lira	Lira
3804	UG	UG-50	Masindi	Masindi	Masindi
3805	UG	UG-52	Mbarara	Mbarara	Mbarara
3806	UG	UG-56	Mubende	Mubende	Mubende
3807	UG	UG-58	Nebbi	Nebbi	Nebbi
3808	UG	UG-59	Ntungamo	Ntungamo	Ntungamo
3809	UG	UG-60	Pallisa	Pallisa	Pallisa
3810	UG	UG-61	Rakai	Rakai	Rakai
3811	UG	UG-65	Adjumani	Adjumani	Adjumani
3812	UG	UG-66	Bugiri	Bugiri	Bugiri
3813	UG	UG-67	Busia	Busia	Busia
3814	UG	UG-69	Katakwi	Katakwi	Katakwi
3815	UG	UG-70	Luwero	Luwero	Luwero
3816	UG	UG-71	Masaka	Masaka	Masaka
3817	UG	UG-72	Moyo	Moyo	Moyo
3818	UG	UG-73	Nakasongola	Nakasongola	Nakasongola
3819	UG	UG-74	Sembabule	Sembabule	Sembabule
3820	UG	UG-76	Tororo	Tororo	Tororo
3821	UG	UG-77	Arua	Arua	Arua
3822	UG	UG-78	Iganga	Iganga	Iganga
3823	UG	UG-79	Kabarole	Kabarole	Kabarole
3824	UG	UG-80	Kaberamaido	Kaberamaido	Kaberamaido
3825	UG	UG-81	Kamwenge	Kamwenge	Kamwenge
3826	UG	UG-82	Kanungu	Kanungu	Kanungu
3827	UG	UG-83	Kayunga	Kayunga	Kayunga
3828	UG	UG-84	Kitgum	Kitgum	Kitgum
3829	UG	UG-85	Kyenjojo	Kyenjojo	Kyenjojo
3830	UG	UG-86	Mayuge	Mayuge	Mayuge
3831	UG	UG-87	Mbale	Mbale	Mbale
3832	UG	UG-88	Moroto	Moroto	Moroto
3833	UG	UG-89	Mpigi	Mpigi	Mpigi
3834	UG	UG-90	Mukono	Mukono	Mukono
3835	UG	UG-91	Nakapiripirit	Nakapiripirit	Nakapiripirit
3836	UG	UG-92	Pader	Pader	Pader
3837	UG	UG-93	Rukungiri	Rukungiri	Rukungiri
3838	UG	UG-94	Sironko	Sironko	Sironko
3839	UG	UG-95	Soroti	Soroti	Soroti
3840	UG	UG-96	Wakiso	Wakiso	Wakiso
3841	UG	UG-97	Yumbe	Yumbe	Yumbe
3842	US	US-AA	Armed Forces Americas	Armed Forces Americas	Armed Forces Americas
3843	US	US-AE	Armed Forces Europe, Middle East, & Canada	Armed Forces Europe, Middle East, & Canada	Armed Forces Europe, Middle East, & Canada
3844	US	US-AK	Alaska	Alaska	Alaska
3845	US	US-AL	Alabama	Alabama	Alabama
3846	US	US-AP	Armed Forces Pacific	Armed Forces Pacific	Armed Forces Pacific
3847	US	US-AR	Arkansas	Arkansas	Arkansas
3848	US	US-AS	American Samoa	American Samoa	American Samoa
3849	US	US-AZ	Arizona	Arizona	Arizona
3850	US	US-CA	California	California	California
3851	US	US-CO	Colorado	Colorado	Colorado
3852	US	US-CT	Connecticut	Connecticut	Connecticut
3853	US	US-DC	District of Columbia	District of Columbia	District of Columbia
3854	US	US-DE	Delaware	Delaware	Delaware
3855	US	US-FL	Florida	Florida	Florida
3856	US	US-FM	Federated States of Micronesia	Federated States of Micronesia	Federated States of Micronesia
3857	US	US-GA	Georgia	Georgia	Georgia
3858	US	US-GU	Guam	Guam	Guam
3859	US	US-HI	Hawaii	Hawaii	Hawaii
3860	US	US-IA	Iowa	Iowa	Iowa
3861	US	US-ID	Idaho	Idaho	Idaho
3862	US	US-IL	Illinois	Illinois	Illinois
3863	US	US-IN	Indiana	Indiana	Indiana
3864	US	US-KS	Kansas	Kansas	Kansas
3865	US	US-KY	Kentucky	Kentucky	Kentucky
3866	US	US-LA	Louisiana	Louisiana	Louisiana
3867	US	US-MA	Massachusetts	Massachusetts	Massachusetts
3868	US	US-MD	Maryland	Maryland	Maryland
3869	US	US-ME	Maine	Maine	Maine
3870	US	US-MH	Marshall Islands	Marshall Islands	Marshall Islands
3871	US	US-MI	Michigan	Michigan	Michigan
3872	US	US-MN	Minnesota	Minnesota	Minnesota
3873	US	US-MO	Missouri	Missouri	Missouri
3874	US	US-MP	Northern Mariana Islands	Northern Mariana Islands	Northern Mariana Islands
3875	US	US-MS	Mississippi	Mississippi	Mississippi
3876	US	US-MT	Montana	Montana	Montana
3877	US	US-NC	North Carolina	North Carolina	North Carolina
3878	US	US-ND	North Dakota	North Dakota	North Dakota
3879	US	US-NE	Nebraska	Nebraska	Nebraska
3880	US	US-NH	New Hampshire	New Hampshire	New Hampshire
3881	US	US-NJ	New Jersey	New Jersey	New Jersey
3882	US	US-NM	New Mexico	New Mexico	New Mexico
3883	US	US-NV	Nevada	Nevada	Nevada
3884	US	US-NY	New York	New York	New York
3885	US	US-OH	Ohio	Ohio	Ohio
3886	US	US-OK	Oklahoma	Oklahoma	Oklahoma
3887	US	US-OR	Oregon	Oregon	Oregon
3888	US	US-PA	Pennsylvania	Pennsylvania	Pennsylvania
3889	US	US-PW	Palau	Palau	Palau
3890	US	US-RI	Rhode Island	Rhode Island	Rhode Island
3891	US	US-SC	South Carolina	South Carolina	South Carolina
3892	US	US-SD	South Dakota	South Dakota	South Dakota
3893	US	US-TN	Tennessee	Tennessee	Tennessee
3894	US	US-TX	Texas	Texas	Texas
3895	US	US-UT	Utah	Utah	Utah
3896	US	US-VA	Virginia	Virginia	Virginia
3897	US	US-VI	Virgin Islands	Virgin Islands	Virgin Islands
3898	US	US-VT	Vermont	Vermont	Vermont
3899	US	US-WA	Washington	Washington	Washington
3900	US	US-WI	Wisconsin	Wisconsin	Wisconsin
3901	US	US-WV	West Virginia	West Virginia	West Virginia
3902	US	US-WY	Wyoming	Wyoming	Wyoming
3903	UY	UY-01	Artigas	Artigas	Artigas
3904	UY	UY-02	Canelones	Canelones	Canelones
3905	UY	UY-03	Cerro Largo	Cerro Largo	Cerro Largo
3906	UY	UY-04	Colonia	Colonia	Colonia
3907	UY	UY-05	Durazno	Durazno	Durazno
3908	UY	UY-06	Flores	Flores	Flores
3909	UY	UY-07	Florida	Florida	Florida
3910	UY	UY-08	Lavalleja	Lavalleja	Lavalleja
3911	UY	UY-09	Maldonado	Maldonado	Maldonado
3912	UY	UY-10	Montevideo	Montevideo	Montevideo
3913	UY	UY-11	Paysandu	Paysandu	Paysandu
3914	UY	UY-12	Rio Negro	Rio Negro	Rio Negro
3915	UY	UY-13	Rivera	Rivera	Rivera
3916	UY	UY-14	Rocha	Rocha	Rocha
3917	UY	UY-15	Salto	Salto	Salto
3918	UY	UY-16	San Jose	San Jose	San Jose
3919	UY	UY-17	Soriano	Soriano	Soriano
3920	UY	UY-18	Tacuarembo	Tacuarembo	Tacuarembo
3921	UY	UY-19	Treinta y Tres	Treinta y Tres	Treinta y Tres
3922	UZ	UZ-01	Andijon	Andijon	Andijon
3923	UZ	UZ-02	Bukhoro	Bukhoro	Bukhoro
3924	UZ	UZ-03	Farghona	Farghona	Farghona
3925	UZ	UZ-04	Jizzakh	Jizzakh	Jizzakh
3926	UZ	UZ-05	Khorazm	Khorazm	Khorazm
3927	UZ	UZ-06	Namangan	Namangan	Namangan
3928	UZ	UZ-07	Nawoiy	Nawoiy	Nawoiy
3929	UZ	UZ-08	Qashqadaryo	Qashqadaryo	Qashqadaryo
3930	UZ	UZ-09	Qoraqalpoghiston	Qoraqalpoghiston	Qoraqalpoghiston
3931	UZ	UZ-10	Samarqand	Samarqand	Samarqand
3932	UZ	UZ-11	Sirdaryo	Sirdaryo	Sirdaryo
3933	UZ	UZ-12	Surkhondaryo	Surkhondaryo	Surkhondaryo
3934	UZ	UZ-13	Toshkent	Toshkent	Toshkent
3935	UZ	UZ-14	Toshkent	Toshkent	Toshkent
3936	UZ	UZ-15	Jizzax	Jizzax	Jizzax
3937	VC	VC-01	Charlotte	Charlotte	Charlotte
3938	VC	VC-02	Saint Andrew	Saint Andrew	Saint Andrew
3939	VC	VC-03	Saint David	Saint David	Saint David
3940	VC	VC-04	Saint George	Saint George	Saint George
3941	VC	VC-05	Saint Patrick	Saint Patrick	Saint Patrick
3942	VC	VC-06	Grenadines	Grenadines	Grenadines
3943	VE	VE-01	Amazonas	Amazonas	Amazonas
3944	VE	VE-02	Anzoategui	Anzoategui	Anzoategui
3945	VE	VE-03	Apure	Apure	Apure
3946	VE	VE-04	Aragua	Aragua	Aragua
3947	VE	VE-05	Barinas	Barinas	Barinas
3948	VE	VE-06	Bolivar	Bolivar	Bolivar
3949	VE	VE-07	Carabobo	Carabobo	Carabobo
3950	VE	VE-08	Cojedes	Cojedes	Cojedes
3951	VE	VE-09	Delta Amacuro	Delta Amacuro	Delta Amacuro
3952	VE	VE-11	Falcon	Falcon	Falcon
3953	VE	VE-12	Guarico	Guarico	Guarico
3954	VE	VE-13	Lara	Lara	Lara
3955	VE	VE-14	Merida	Merida	Merida
3956	VE	VE-15	Miranda	Miranda	Miranda
3957	VE	VE-16	Monagas	Monagas	Monagas
3958	VE	VE-17	Nueva Esparta	Nueva Esparta	Nueva Esparta
3959	VE	VE-18	Portuguesa	Portuguesa	Portuguesa
3960	VE	VE-19	Sucre	Sucre	Sucre
3961	VE	VE-20	Tachira	Tachira	Tachira
3962	VE	VE-21	Trujillo	Trujillo	Trujillo
3963	VE	VE-22	Yaracuy	Yaracuy	Yaracuy
3964	VE	VE-23	Zulia	Zulia	Zulia
3965	VE	VE-24	Dependencias Federales	Dependencias Federales	Dependencias Federales
3966	VE	VE-25	Distrito Federal	Distrito Federal	Distrito Federal
3967	VE	VE-26	Vargas	Vargas	Vargas
3968	VN	VN-01	An Giang	An Giang	An Giang
3969	VN	VN-03	Ben Tre	Ben Tre	Ben Tre
3970	VN	VN-05	Cao Bang	Cao Bang	Cao Bang
3971	VN	VN-09	Dong Thap	Dong Thap	Dong Thap
3972	VN	VN-13	Hai Phong	Hai Phong	Hai Phong
3973	VN	VN-20	Ho Chi Minh	Ho Chi Minh	Ho Chi Minh
3974	VN	VN-21	Kien Giang	Kien Giang	Kien Giang
3975	VN	VN-23	Lam Dong	Lam Dong	Lam Dong
3976	VN	VN-24	Long An	Long An	Long An
3977	VN	VN-30	Quang Ninh	Quang Ninh	Quang Ninh
3978	VN	VN-32	Son La	Son La	Son La
3979	VN	VN-33	Tay Ninh	Tay Ninh	Tay Ninh
3980	VN	VN-34	Thanh Hoa	Thanh Hoa	Thanh Hoa
3981	VN	VN-35	Thai Binh	Thai Binh	Thai Binh
3982	VN	VN-37	Tien Giang	Tien Giang	Tien Giang
3983	VN	VN-39	Lang Son	Lang Son	Lang Son
3984	VN	VN-43	Dong Nai	Dong Nai	Dong Nai
3985	VN	VN-44	Ha Noi	Ha Noi	Ha Noi
3986	VN	VN-45	Ba Ria-Vung Tau	Ba Ria-Vung Tau	Ba Ria-Vung Tau
3987	VN	VN-46	Binh Dinh	Binh Dinh	Binh Dinh
3988	VN	VN-47	Binh Thuan	Binh Thuan	Binh Thuan
3989	VN	VN-49	Gia Lai	Gia Lai	Gia Lai
3990	VN	VN-50	Ha Giang	Ha Giang	Ha Giang
3991	VN	VN-52	Ha Tinh	Ha Tinh	Ha Tinh
3992	VN	VN-53	Hoa Binh	Hoa Binh	Hoa Binh
3993	VN	VN-54	Khanh Hoa	Khanh Hoa	Khanh Hoa
3994	VN	VN-55	Kon Tum	Kon Tum	Kon Tum
3995	VN	VN-58	Nghe An	Nghe An	Nghe An
3996	VN	VN-59	Ninh Binh	Ninh Binh	Ninh Binh
3997	VN	VN-60	Ninh Thuan	Ninh Thuan	Ninh Thuan
3998	VN	VN-61	Phu Yen	Phu Yen	Phu Yen
3999	VN	VN-62	Quang Binh	Quang Binh	Quang Binh
4000	VN	VN-63	Quang Ngai	Quang Ngai	Quang Ngai
4001	VN	VN-64	Quang Tri	Quang Tri	Quang Tri
4002	VN	VN-65	Soc Trang	Soc Trang	Soc Trang
4003	VN	VN-66	Thua Thien-Hue	Thua Thien-Hue	Thua Thien-Hue
4004	VN	VN-67	Tra Vinh	Tra Vinh	Tra Vinh
4005	VN	VN-68	Tuyen Quang	Tuyen Quang	Tuyen Quang
4006	VN	VN-69	Vinh Long	Vinh Long	Vinh Long
4007	VN	VN-70	Yen Bai	Yen Bai	Yen Bai
4008	VN	VN-71	Bac Giang	Bac Giang	Bac Giang
4009	VN	VN-72	Bac Kan	Bac Kan	Bac Kan
4010	VN	VN-73	Bac Lieu	Bac Lieu	Bac Lieu
4011	VN	VN-74	Bac Ninh	Bac Ninh	Bac Ninh
4012	VN	VN-75	Binh Duong	Binh Duong	Binh Duong
4013	VN	VN-76	Binh Phuoc	Binh Phuoc	Binh Phuoc
4014	VN	VN-77	Ca Mau	Ca Mau	Ca Mau
4015	VN	VN-78	Da Nang	Da Nang	Da Nang
4016	VN	VN-79	Hai Duong	Hai Duong	Hai Duong
4017	VN	VN-80	Ha Nam	Ha Nam	Ha Nam
4018	VN	VN-81	Hung Yen	Hung Yen	Hung Yen
4019	VN	VN-82	Nam Dinh	Nam Dinh	Nam Dinh
4020	VN	VN-83	Phu Tho	Phu Tho	Phu Tho
4021	VN	VN-84	Quang Nam	Quang Nam	Quang Nam
4022	VN	VN-85	Thai Nguyen	Thai Nguyen	Thai Nguyen
4023	VN	VN-86	Vinh Phuc	Vinh Phuc	Vinh Phuc
4024	VN	VN-87	Can Tho	Can Tho	Can Tho
4025	VN	VN-88	Dac Lak	Dac Lak	Dac Lak
4026	VN	VN-89	Lai Chau	Lai Chau	Lai Chau
4027	VN	VN-90	Lao Cai	Lao Cai	Lao Cai
4028	VN	VN-91	Dak Nong	Dak Nong	Dak Nong
4029	VN	VN-92	Dien Bien	Dien Bien	Dien Bien
4030	VN	VN-93	Hau Giang	Hau Giang	Hau Giang
4031	VU	VU-05	Ambrym	Ambrym	Ambrym
4032	VU	VU-06	Aoba	Aoba	Aoba
4033	VU	VU-07	Torba	Torba	Torba
4034	VU	VU-08	Efate	Efate	Efate
4035	VU	VU-09	Epi	Epi	Epi
4036	VU	VU-10	Malakula	Malakula	Malakula
4037	VU	VU-11	Paama	Paama	Paama
4038	VU	VU-12	Pentecote	Pentecote	Pentecote
4039	VU	VU-13	Sanma	Sanma	Sanma
4040	VU	VU-14	Shepherd	Shepherd	Shepherd
4041	VU	VU-15	Tafea	Tafea	Tafea
4042	VU	VU-16	Malampa	Malampa	Malampa
4043	VU	VU-17	Penama	Penama	Penama
4044	VU	VU-18	Shefa	Shefa	Shefa
4045	WS	WS-02	Aiga-i-le-Tai	Aiga-i-le-Tai	Aiga-i-le-Tai
4046	WS	WS-03	Atua	Atua	Atua
4047	WS	WS-04	Fa	Fa	Fa
4048	WS	WS-05	Gaga	Gaga	Gaga
4049	WS	WS-06	Va	Va	Va
4050	WS	WS-07	Gagaifomauga	Gagaifomauga	Gagaifomauga
4051	WS	WS-08	Palauli	Palauli	Palauli
4052	WS	WS-09	Satupa	Satupa	Satupa
4053	WS	WS-10	Tuamasaga	Tuamasaga	Tuamasaga
4054	WS	WS-11	Vaisigano	Vaisigano	Vaisigano
4055	YE	YE-01	Abyan	Abyan	Abyan
4056	YE	YE-02	Adan	Adan	Adan
4057	YE	YE-03	Al Mahrah	Al Mahrah	Al Mahrah
4058	YE	YE-04	Hadramawt	Hadramawt	Hadramawt
4059	YE	YE-05	Shabwah	Shabwah	Shabwah
4060	YE	YE-06	Lahij	Lahij	Lahij
4061	YE	YE-07	Al Bayda	Al Bayda	Al Bayda
4062	YE	YE-08	Al Hudaydah	Al Hudaydah	Al Hudaydah
4063	YE	YE-09	Al Jawf	Al Jawf	Al Jawf
4064	YE	YE-10	Al Mahwit	Al Mahwit	Al Mahwit
4065	YE	YE-11	Dhamar	Dhamar	Dhamar
4066	YE	YE-12	Hajjah	Hajjah	Hajjah
4067	YE	YE-13	Ibb	Ibb	Ibb
4068	YE	YE-14	Marib	Marib	Marib
4069	YE	YE-15	Sadah	Sadah	Sadah
4070	YE	YE-16	Sana	Sana	Sana
4071	YE	YE-17	Taizz	Taizz	Taizz
4072	YE	YE-18	Ad Dali	Ad Dali	Ad Dali
4073	YE	YE-19	Amran	Amran	Amran
4074	YE	YE-20	Al Bayda	Al Bayda	Al Bayda
4075	YE	YE-21	Al Jawf	Al Jawf	Al Jawf
4076	YE	YE-22	Hajjah	Hajjah	Hajjah
4077	YE	YE-23	Ibb	Ibb	Ibb
4078	YE	YE-24	Lahij	Lahij	Lahij
4079	YE	YE-25	Taizz	Taizz	Taizz
4080	ZA	ZA-01	North-Western Province	North-Western Province	North-Western Province
4081	ZA	ZA-02	KwaZulu-Natal	KwaZulu-Natal	KwaZulu-Natal
4082	ZA	ZA-03	Free State	Free State	Free State
4083	ZA	ZA-05	Eastern Cape	Eastern Cape	Eastern Cape
4084	ZA	ZA-06	Gauteng	Gauteng	Gauteng
4085	ZA	ZA-07	Mpumalanga	Mpumalanga	Mpumalanga
4086	ZA	ZA-08	Northern Cape	Northern Cape	Northern Cape
4087	ZA	ZA-09	Limpopo	Limpopo	Limpopo
4088	ZA	ZA-10	North-West	North-West	North-West
4089	ZA	ZA-11	Western Cape	Western Cape	Western Cape
4090	ZM	ZM-01	Western	Western	Western
4091	ZM	ZM-02	Central	Central	Central
4092	ZM	ZM-03	Eastern	Eastern	Eastern
4093	ZM	ZM-04	Luapula	Luapula	Luapula
4094	ZM	ZM-05	Northern	Northern	Northern
4095	ZM	ZM-06	North-Western	North-Western	North-Western
4096	ZM	ZM-07	Southern	Southern	Southern
4097	ZM	ZM-08	Copperbelt	Copperbelt	Copperbelt
4098	ZM	ZM-09	Lusaka	Lusaka	Lusaka
4099	ZW	ZW-01	Manicaland	Manicaland	Manicaland
4100	ZW	ZW-02	Midlands	Midlands	Midlands
4101	ZW	ZW-03	Mashonaland Central	Mashonaland Central	Mashonaland Central
4102	ZW	ZW-04	Mashonaland East	Mashonaland East	Mashonaland East
4103	ZW	ZW-05	Mashonaland West	Mashonaland West	Mashonaland West
4104	ZW	ZW-06	Matabeleland North	Matabeleland North	Matabeleland North
4105	ZW	ZW-07	Matabeleland South	Matabeleland South	Matabeleland South
4106	ZW	ZW-08	Masvingo	Masvingo	Masvingo
4107	ZW	ZW-09	Bulawayo	Bulawayo	Bulawayo
4108	ZW	ZW-10	Harare	Harare	Harare
\.


--
-- Data for Name: role_action_link; Type: TABLE DATA; Schema: public; Owner: pma
--

COPY public.role_action_link (id, role_id, action_id) FROM stdin;
\.


--
-- Data for Name: role_actions; Type: TABLE DATA; Schema: public; Owner: pma
--

COPY public.role_actions (id, role_id, action) FROM stdin;
\.


--
-- Data for Name: role_rules; Type: TABLE DATA; Schema: public; Owner: pma
--

COPY public.role_rules (id, role_id, action, route, "V", "C", "E", "D") FROM stdin;
6038	2		/user/healthController	t	f	f	f
6039	2		/user/cacheReset	t	f	f	f
6040	2		/user/access	t	f	f	f
6041	2		/user/verify-contact	t	f	f	f
6042	2		/user/check-contact	t	f	f	f
6043	2		/user/auth/sign-up	t	t	f	f
6044	2		/user/auth/sign-in	t	f	f	f
6045	2		/user/auth/forgot-password	t	t	f	f
6046	2		/user/auth/reset-password	t	t	f	f
6047	2		/user/auth/confirm-account	t	t	f	f
6048	2		/user/auth/check-code	t	f	f	f
6049	2		/user/me	t	f	f	f
6050	2		/user/user-additional	t	f	f	f
6051	2		/user/refresh-token	t	f	f	f
6052	2		/user/auth/auto-login	t	f	f	f
6053	2		/user/role	t	f	f	f
6054	2		/user/role/:id	t	f	f	f
6055	2		/user/role/:id/set	t	t	f	f
6056	2		/user/role/:id/unset	t	f	f	t
6057	2		/user/group	t	t	f	f
6058	2		/user/group/:id	t	f	f	f
6059	2		/user/group/:id/set	t	t	f	f
6060	2		/user/group/:id/unset	t	t	f	f
6061	2		/user/action	t	f	f	f
6062	2		/user/action/:id	t	f	f	f
6063	2		/user/handbook/groups	t	f	f	f
6064	2		/user/handbook/groups/:id	t	f	f	f
6065	2		/user/handbook	t	f	f	f
6066	2		/user/handbook/:id	t	f	f	f
6067	2		/user/handbook/code/:code	t	f	f	f
6068	2		/user/handbook/set	t	f	f	f
6069	2		/user/handbook/unset	t	f	f	f
6070	2		/user/users	t	f	f	f
6071	2		/user/shoppers	t	f	f	f
6072	2		/user/users/:id/base	t	f	f	f
6073	2		/user/users/:id/fields	t	f	f	f
6074	2		/user/users/:id	t	f	f	f
6075	2		/user/users/ids	t	f	f	f
6076	2		/user/users/restore	t	f	f	f
6077	2		/user/access/client/set	t	f	f	f
6078	2		/user/access/client/unset	t	f	f	f
6079	2		/user/access/client/flush	t	f	f	f
6080	2		/user/users/:id/activity-status	t	f	f	f
6081	2		/user/settings	t	f	f	f
6082	2		/user/comments	t	t	f	f
6083	2		/user/comments/:id	t	f	t	t
6084	2		/user/competitors	t	t	f	f
6085	2		/user/competitors/:id	t	f	t	t
6086	2		/user/competitors/bind	t	f	t	f
6087	2		/user/competitors/unbind	t	f	t	f
6088	2		/user/clients	t	f	f	f
6089	2		/user/client/:id/settings	t	f	f	f
6090	2		/user/client/settings	t	f	t	f
6091	2		/user/client/:id/workers	t	f	f	f
6092	2		/user/client/:id/worker/:workerId	t	f	f	t
6093	2		/user/client	t	t	f	f
6094	2		/user/client/:id/worker	t	t	f	f
6095	2		/user/client/:id/level	t	t	f	f
6096	2		/user/msp/sub	t	f	f	f
6097	2		/user/msp	t	f	f	f
6098	2		/file/healthController	t	f	f	f
6099	2		/file/providers	t	f	f	f
6100	2		/file/provider/:id	t	f	f	f
6101	2		/file/provider	t	f	f	f
6102	2		/file/provider/set-user-provider	t	f	f	f
6103	2		/file/make-workspace	t	f	f	f
6104	2		/file/upload	t	t	f	f
6105	2		/file/uploads	t	t	f	f
6106	2		/file/read/:provider/*	t	f	f	f
6107	2		/notifications/healthController	t	f	f	f
6108	2		/notifications/actions	t	f	f	f
6109	2		/notifications/action/code/:code	t	f	f	f
6110	2		/notifications/action/:id	t	f	f	f
6111	2		/notifications/action	t	f	f	f
6112	2		/notifications/communication/:id	t	f	f	f
6113	2		/notifications/communications	t	f	f	f
6114	2		/notifications/communication	t	f	f	f
6115	2		/notifications/communication/:id/set	t	f	f	f
6116	2		/notifications/communication/:id/delete	t	f	f	f
6117	2		/notifications/communication/:id/users	t	f	f	f
6118	2		/notifications/communication/:id/update	t	f	f	f
6119	2		/notifications/templates	t	f	f	f
6120	2		/notifications/template/:id	t	f	f	f
6121	2		/notifications/template/communication/:communicationId	t	f	f	f
6122	2		/notifications/template/action/:actionId	t	f	f	f
6123	2		/notifications/template	t	f	f	f
6124	2		/notifications/template/render/:id	t	f	f	f
6125	2		/notifications/send	t	f	f	f
6126	2		/locations/healthController	t	f	f	f
6127	2		/locations/group/change-locations	t	f	f	f
6128	2		/locations/group-client-set	t	f	f	f
6129	2		/locations/groups	t	f	f	f
6130	2		/locations/group/:id	t	f	f	f
6131	2		/locations/group	t	f	f	f
6132	2		/locations/locations	t	f	f	f
6133	2		/locations/location/:id	t	f	f	f
6134	2		/locations/locations/ids	t	f	f	f
6135	2		/locations/location/test	t	f	f	f
6136	2		/locations/location/status	t	f	f	f
6137	2		/locations/location-status/:id	t	f	f	f
6138	2		/locations/countries	t	f	f	f
6139	2		/locations/countries/:countryCode/city	t	f	f	f
6140	2		/locations/countries/:countryCode/regions	t	f	f	f
6141	2		/locations/regions/:regionId/cities	t	f	f	f
6142	2		/locations/countries/:countryCode	t	f	f	f
6143	2		/locations/regions/:regionId	t	f	f	f
6144	2		/locations/cities/:cityId	t	f	f	f
6145	2		/locations/locationInfo	t	f	f	f
6146	2		/locations/shopping/executions	t	f	f	f
6147	2		/locations/shopping/executions-confirm	t	f	f	f
6148	2		/locations/shopping/executions-submit	t	f	f	f
6149	2		/locations/shopping/executions-duplicate	t	f	f	f
6150	2		/locations/shopping/received-visit/:id	t	f	f	f
6151	2		/locations/shopping/visit-list	t	f	f	f
6152	2		/locations/shopping/execution-list	t	f	f	f
6153	2		/locations/shopping/executions/status	t	f	f	f
6154	2		/locations/shopping/executions/:id	t	f	f	f
6155	2		/locations/shopping/executions/delete-all	t	f	f	f
6156	2		/locations/program-types	t	f	f	f
6157	2		/locations/program-type/status	t	f	f	f
6158	2		/locations/program-type/delete-all	t	f	f	f
6159	2		/locations/program-type/:id	t	f	f	f
6160	2		/locations/bonus	t	f	f	f
6161	2		/locations/bonus/delete-all	t	f	f	f
6162	2		/locations/bonus/status	t	f	f	f
6163	2		/locations/bonus/:id	t	f	f	f
6164	2		/locations/client/:id/level	t	f	f	f
6165	2		/locations/access/execution/:user_id	t	f	f	f
6166	2		/locations/access/program/:user_id	t	f	f	f
6167	2		/locations/access/execution/set	t	f	f	f
6168	2		/locations/access/execution/unset	t	f	f	f
6169	2		/locations/access/program/set	t	f	f	f
6170	2		/locations/access/program/unset	t	f	f	f
6171	2		/locations/access/program/flush	t	f	f	f
6172	2		/locations/access/execution/flush	t	f	f	f
6173	2		/import-export/healthController	t	f	f	f
6174	2		/import-export/export/answer-list	t	f	f	f
6175	2		/import-export/export/workers	t	f	f	f
6176	2		/import-export/export/clients	t	f	f	f
6177	2		/import-export/export/shoppers	t	f	f	f
6178	2		/import-export/export/users	t	f	f	f
6179	2		/import-export/export/msp	t	f	f	f
6180	2		/import-export/export/locations	t	f	f	f
6181	2		/import-export/export/location-groups	t	f	f	f
6182	2		/import-export/export/executions	t	f	f	f
6183	2		/import-export/export/program-types	t	f	f	f
6184	2		/import-export/export/pdf/locations	t	f	f	f
6185	2		/import-export/export/pdf/location-groups	t	f	f	f
6186	2		/import-export/export/pdf/workers	t	f	f	f
6187	2		/import-export/export/pdf/clients	t	f	f	f
6188	2		/import-export/export/pdf/shoppers	t	f	f	f
6189	2		/import-export/export/pdf/users	t	f	f	f
6190	2		/import-export/export/pdf/msp	t	f	f	f
6191	2		/import-export/export/pdf/executions	t	f	f	f
6192	2		/import-export/export/pdf/program-types	t	f	f	f
6193	2		/import-export/import/users	t	f	f	f
6194	2		/import-export/import/clients	t	f	f	f
6195	2		/import-export/import/workers	t	f	f	f
6196	2		/import-export/import/msp	t	f	f	f
6197	2		/import-export/import/myMo	t	f	f	f
6198	2		/import-export/import/parse	t	f	f	f
6199	2		/import-export/import/locations	t	f	f	f
6200	2		/import-export/import/programs	t	f	f	f
6201	2		/questionnaire/healthController	t	f	f	f
6202	2		/questionnaire/quest	t	f	f	f
6203	2		/questionnaire/quest/:id	t	f	f	f
6204	2		/questionnaire/test	t	f	f	f
6205	2		/questionnaire/answer/stats	t	f	f	f
6206	2		/questionnaire/answer/stats/sections	t	f	f	f
6207	2		/questionnaire/answers	t	f	f	f
6208	2		/questionnaire/answer/:id	t	f	f	f
6209	2		/questionnaire/answer/:id/:status	t	f	f	f
6210	2		/questionnaire/answer/create-execution-link	t	f	f	f
6211	2		/questionnaire/appeal	t	f	f	f
6212	2		/questionnaire/appeal/:id	t	f	f	f
6213	2		/questionnaire/appeal/reply/:appealId	t	f	f	f
6214	2		/questionnaire/appeal/manager-reply/:appealId	t	f	f	f
6215	2		/questionnaire/integration/v1/sign-in	t	f	f	f
6216	2		/questionnaire/integration/v1/all	t	f	f	f
6217	2		/questionnaire/integration/v1/answer/:id	t	f	f	f
6218	2		/questionnaire/integration/v2/sign-in	t	f	f	f
6219	2		/questionnaire/integration/v2/all	t	f	f	f
6220	2		/questionnaire/integration/v2/answer/:id	t	f	f	f
6221	2		/social-service/healthController	t	f	f	f
6222	2		/social-service/statistics	t	f	f	f
6223	2		/backup/healthController	t	f	f	f
6224	2		/backup/list	t	f	f	f
6225	2		/backup/	t	f	f	f
6226	2		/backup/restore	t	f	f	f
7732	1		/user/healthController	t	t	f	t
7733	1		/user/cacheReset	f	t	f	t
7734	1		/user/access	t	t	f	t
7735	1		/user/verify-contact	t	t	f	t
7736	1		/user/check-contact	t	t	f	t
7737	1		/user/auth/sign-up	t	t	f	t
7738	1		/user/auth/sign-in	t	t	f	t
7739	1		/user/auth/forgot-password	t	t	f	t
7740	1		/user/auth/reset-password	t	t	f	t
7741	1		/user/auth/confirm-account	t	t	f	t
7742	1		/user/auth/check-code	t	t	f	t
7743	1		/user/me	t	t	f	t
7744	1		/user/user-additional	t	t	f	t
7745	1		/user/refresh-token	t	t	f	t
7746	1		/user/auth/auto-login	f	t	f	t
7747	1		/user/role/:id	t	t	f	f
7748	1		/user/role/:id/unset	t	t	f	f
7749	1		/user/group/:id	t	t	f	f
7750	1		/user/action/:id	t	t	f	f
7751	1		/user/handbook/groups/:id	t	t	f	f
7752	1		/user/handbook/:id	t	t	f	f
7753	1		/user/handbook/code/:code	t	t	f	t
7754	1		/user/users	t	t	f	f
7755	1		/user/shoppers	t	t	f	t
7756	1		/user/users/:id/base	t	t	f	t
7757	1		/user/users/:id/fields	t	t	f	t
7758	1		/user/users/:id	t	t	f	t
7759	1		/user/users/ids	t	t	f	f
7760	1		/user/users/restore	t	t	f	t
7761	1		/user/access/client/set	t	t	f	t
7762	1		/user/access/client/unset	t	t	f	t
7763	1		/user/access/client/flush	t	t	f	f
7764	1		/user/users/:id/activity-status	t	t	f	t
7765	1		/user/settings	t	t	f	t
7766	1		/user/comments/:id	t	t	f	t
7767	1		/user/competitors/:id	t	t	f	f
7768	1		/user/competitors/bind	t	t	f	t
7769	1		/user/competitors/unbind	t	t	f	t
7770	1		/user/clients	t	t	f	t
7771	1		/user/client/:id/settings	t	t	f	t
7772	1		/user/client/settings	t	t	f	t
7773	1		/user/client/:id/workers	t	t	f	t
7774	1		/user/client/:id/worker/:workerId	t	t	f	f
7775	1		/file/healthController	f	t	f	t
7776	1		/file/providers	f	t	f	t
7777	1		/file/provider/:id	f	t	f	f
7778	1		/file/upload	t	t	f	t
7779	1		/file/uploads	t	t	f	t
7780	1		/file/read/:provider/*	t	t	f	t
7781	1		/notifications/healthController	t	t	f	t
7782	1		/notifications/actions	t	t	f	t
7783	1		/notifications/action/code/:code	t	t	f	t
7784	1		/notifications/action/:id	t	t	f	f
7785	1		/notifications/communication/:id	t	t	f	f
7786	1		/notifications/communications	t	t	f	t
7787	1		/notifications/communication/:id/delete	t	t	f	f
7788	1		/notifications/communication/:id/users	t	t	f	t
7789	1		/notifications/communication/:id/update	t	t	f	t
7790	1		/notifications/templates	t	t	f	t
7791	1		/notifications/template/:id	t	t	f	f
7792	1		/notifications/template/communication/:communicationId	t	t	f	t
7793	1		/notifications/template/action/:actionId	t	t	f	t
7794	1		/notifications/template/render/:id	t	t	f	t
7795	1		/notifications/send	t	t	f	t
7796	1		/locations/healthController	t	t	t	t
7797	1		/locations/group/change-locations	t	t	t	t
7798	1		/locations/group-client-set	t	t	t	t
7799	1		/locations/group/:id	t	t	t	t
7800	1		/locations/group	t	t	t	t
7801	1		/locations/location/:id	t	t	t	t
7802	1		/locations/locations/ids	t	t	t	t
7803	1		/locations/location/test	t	t	t	t
7804	1		/locations/location/status	t	t	f	t
7805	1		/locations/location-status/:id	t	t	t	t
7806	1		/locations/countries	t	t	t	t
7807	1		/locations/countries/:countryCode/city	t	t	t	t
7808	1		/locations/countries/:countryCode/regions	t	t	t	t
7809	1		/locations/regions/:regionId/cities	t	t	t	t
7810	1		/locations/countries/:countryCode	t	t	t	t
7811	1		/locations/regions/:regionId	t	t	t	t
7812	1		/locations/cities/:cityId	t	t	t	t
7813	1		/locations/locationInfo	t	t	t	t
7814	1		/locations/shopping/visit-list	t	t	t	t
7815	1		/locations/shopping/execution-list	t	t	t	t
7816	1		/locations/shopping/executions/status	t	t	t	t
7817	1		/locations/shopping/executions/:id	t	t	t	f
7818	1		/locations/shopping/executions/delete-all	t	t	t	f
7819	1		/locations/program-type/status	t	t	t	t
7820	1		/locations/program-type/delete-all	t	t	t	f
7821	1		/locations/program-type/:id	t	t	t	f
7822	1		/locations/bonus/delete-all	t	t	t	f
7823	1		/locations/bonus/status	t	t	t	t
7824	1		/locations/bonus/:id	t	t	t	f
7825	1		/locations/client/:id/level	t	t	t	t
7826	1		/locations/access/execution/:user_id	t	t	t	t
7827	1		/locations/access/program/:user_id	t	t	t	t
7828	1		/locations/access/execution/set	t	t	t	t
7829	1		/locations/access/execution/unset	t	t	t	t
7830	1		/locations/access/program/set	t	t	t	t
7831	1		/locations/access/program/unset	t	t	t	t
7832	1		/locations/access/program/flush	t	t	t	t
7833	1		/locations/access/execution/flush	t	t	t	t
7834	1		/import-export/healthController	f	f	f	t
7835	1		/import-export/export/answer-list	f	f	f	t
7836	1		/import-export/export/workers	f	f	f	t
7837	1		/import-export/export/clients	f	f	f	t
7838	1		/import-export/export/shoppers	f	f	f	t
7839	1		/import-export/export/users	f	f	f	t
7840	1		/import-export/export/msp	f	f	f	t
7841	1		/import-export/export/locations	f	f	f	t
7842	1		/import-export/export/location-groups	f	f	f	t
7843	1		/import-export/export/executions	f	f	f	t
7844	1		/import-export/export/program-types	f	f	f	t
7845	1		/import-export/export/pdf/locations	f	f	f	t
7846	1		/import-export/export/pdf/location-groups	f	f	f	t
7847	1		/import-export/export/pdf/workers	f	f	f	t
7848	1		/import-export/export/pdf/clients	f	f	f	t
7849	1		/import-export/export/pdf/shoppers	f	f	f	t
7850	1		/import-export/export/pdf/users	f	f	f	t
7851	1		/import-export/export/pdf/msp	f	f	f	t
7852	1		/import-export/export/pdf/executions	f	f	f	t
7853	1		/import-export/export/pdf/program-types	f	f	f	t
7854	1		/import-export/import/users	f	f	f	t
7855	1		/import-export/import/clients	f	f	f	t
7856	1		/import-export/import/workers	f	f	f	t
7857	1		/import-export/import/msp	f	f	f	t
7858	1		/import-export/import/myMo	f	f	f	t
7859	1		/import-export/import/parse	f	f	f	t
7860	1		/import-export/import/locations	f	f	f	t
7861	1		/import-export/import/programs	f	f	f	t
7862	1		/questionnaire/healthController	t	t	t	t
7863	1		/questionnaire/quest	t	t	t	t
7864	1		/questionnaire/quest/:id	t	t	t	t
7865	1		/questionnaire/test	t	t	t	t
7866	1		/questionnaire/answer/stats	t	t	t	t
7867	1		/questionnaire/answer/stats/sections	t	t	t	t
7868	1		/questionnaire/answers	t	t	t	t
7869	1		/questionnaire/answer/:id	t	t	t	t
7870	1		/questionnaire/answer/:id/:status	t	t	t	t
7871	1		/questionnaire/appeal/:id	t	t	t	f
7872	1		/questionnaire/integration/v1/sign-in	t	t	t	t
7873	1		/questionnaire/integration/v1/all	t	t	t	t
7874	1		/questionnaire/integration/v1/answer/:id	t	t	t	t
7875	1		/questionnaire/integration/v2/sign-in	t	t	t	t
7876	1		/questionnaire/integration/v2/all	t	t	t	t
7877	1		/questionnaire/integration/v2/answer/:id	t	t	t	t
7878	1		/social-service/healthController	f	t	f	t
7879	1		/social-service/statistics	f	t	f	t
7880	1		/backup/healthController	f	t	f	f
7881	1		/backup/list	f	t	f	f
7882	1		/backup/	t	t	f	f
7883	1		/backup/restore	t	t	f	f
7884	1		/backup/:fileName	t	t	f	f
7885	1		/questionnaire/answer/create-execution-link	t	t	t	t
7886	1		/questionnaire/appeal	t	t	t	t
7887	1		/questionnaire/appeal/reply/:appealId	t	t	t	t
7888	1		/questionnaire/appeal/manager-reply/:appealId	t	t	t	t
7889	1		/notifications/action	t	f	f	t
7890	1		/notifications/communication	t	f	f	t
7891	1		/notifications/communication/:id/set	t	f	f	t
7892	1		/notifications/template	t	f	f	t
7893	1		/locations/groups	t	t	t	t
7894	1		/locations/locations	t	t	t	t
7895	1		/locations/shopping/executions	t	t	t	t
7896	1		/locations/shopping/executions-confirm	t	t	t	t
7897	1		/locations/shopping/executions-submit	t	t	t	t
7898	1		/locations/shopping/executions-duplicate	t	t	t	t
7899	1		/locations/shopping/received-visit/:id	t	t	t	t
7900	1		/locations/program-types	t	t	t	t
7901	1		/locations/bonus	t	t	t	t
7902	1		/file/provider	t	f	f	t
7903	1		/file/provider/set-user-provider	t	f	f	t
7904	1		/file/make-workspace	t	f	f	t
7905	1		/user/role	t	f	f	t
7906	1		/user/role/:id/set	t	f	f	t
7907	1		/user/group	t	f	f	t
7908	1		/user/group/:id/set	t	f	f	t
7909	1		/user/group/:id/unset	t	f	f	t
7910	1		/user/action	t	f	f	t
7911	1		/user/handbook/groups	t	f	f	t
7912	1		/user/handbook	t	f	f	t
7913	1		/user/handbook/set	t	f	f	t
7914	1		/user/handbook/unset	t	f	f	t
7915	1		/user/comments	t	f	f	t
7916	1		/user/competitors	t	f	f	t
7917	1		/user/client	t	f	f	t
7918	1		/user/client/:id/worker	t	f	f	t
7919	1		/user/client/:id/level	t	f	f	t
7920	1		/user/msp/sub	t	f	f	t
7921	1		/user/msp	t	f	f	t
6227	2		/backup/:fileName	t	f	f	f
6228	2		/import-export/export/sub-msp	t	f	f	f
6229	2		/import-export/export/pdf/sub-msp	t	f	f	f
6230	2		/import-export/import/sub-msp	t	f	f	f
6231	2		/locations/shops/:id	t	f	f	f
6232	2		/locations/shops/by-respondent/:respondent_id	t	f	f	f
6233	2		/locations/shops/check-location	t	f	f	f
6234	2		/locations/shops	t	f	f	f
6887	7		/user/healthController	t	t	t	t
6888	7		/user/cacheReset	t	t	t	t
6889	7		/user/access	t	t	t	t
6890	7		/user/verify-contact	t	t	t	t
6891	7		/user/check-contact	t	t	t	t
6892	7		/user/auth/sign-up	t	t	t	t
6893	7		/user/auth/sign-in	t	t	t	t
6894	7		/user/auth/forgot-password	t	t	t	t
6895	7		/user/auth/reset-password	t	t	t	t
6896	7		/user/auth/confirm-account	t	t	t	t
6897	7		/user/auth/check-code	t	t	t	t
6898	7		/user/me	t	t	t	t
6899	7		/user/user-additional	t	t	t	t
6900	7		/user/refresh-token	t	t	t	t
6901	7		/user/auth/auto-login	t	t	t	t
6902	7		/user/role	t	t	t	t
6903	7		/user/role/:id	t	t	t	t
6904	7		/user/role/:id/set	t	t	t	t
6905	7		/user/role/:id/unset	t	t	t	t
6906	7		/user/group	t	t	t	t
6907	7		/user/group/:id	t	t	t	t
6908	7		/user/group/:id/set	t	t	t	t
6909	7		/user/group/:id/unset	t	t	t	t
6910	7		/user/action	t	t	t	t
6911	7		/user/action/:id	t	t	t	t
6912	7		/user/handbook/groups	t	t	t	t
6913	7		/user/handbook/groups/:id	t	t	t	t
6914	7		/user/handbook	t	t	t	t
6915	7		/user/handbook/:id	t	t	t	t
6916	7		/user/handbook/code/:code	t	t	t	t
6917	7		/user/handbook/set	t	t	t	t
6918	7		/user/handbook/unset	t	t	t	t
6919	7		/user/users	t	t	t	t
6920	7		/user/shoppers	t	t	t	t
6921	7		/user/users/:id/base	t	t	t	t
6922	7		/user/users/:id/fields	t	t	t	t
6923	7		/user/users/:id	t	t	t	t
6924	7		/user/users/ids	t	t	t	t
6925	7		/user/users/restore	t	t	t	t
6926	7		/user/access/client/set	t	t	t	t
6927	7		/user/access/client/unset	t	t	t	t
6928	7		/user/access/client/flush	t	t	t	t
6929	7		/user/users/:id/activity-status	t	t	t	t
6930	7		/user/settings	t	t	t	t
6931	7		/user/customizations	t	t	t	t
6932	7		/user/comments	t	t	t	t
6933	7		/user/comments/:id	t	t	t	t
6934	7		/user/competitors	t	t	t	t
6935	7		/user/competitors/:id	t	t	t	t
6936	7		/user/competitors/bind	t	t	t	t
6937	7		/user/competitors/unbind	t	t	t	t
6938	7		/user/clients	t	t	t	t
6939	7		/user/client/:id/settings	t	t	t	t
6940	7		/user/client/settings	t	t	t	t
6941	7		/user/client/:id/workers	t	t	t	t
6942	7		/user/client/:id/worker/:workerId	t	t	t	t
6943	7		/user/client	t	t	t	t
6944	7		/user/client/:id/worker	t	t	t	t
6945	7		/user/client/:id/level	t	t	t	t
6946	7		/user/msp/sub	t	t	t	t
6947	7		/user/msp	t	t	t	t
6948	7		/file/healthController	t	t	t	t
6949	7		/file/providers	t	t	t	t
6950	7		/file/provider/:id	t	t	t	t
6951	7		/file/provider	t	t	t	t
6952	7		/file/provider/set-user-provider	t	t	t	t
6953	7		/file/make-workspace	t	t	t	t
6954	7		/file/upload	t	t	t	t
6955	7		/file/uploads	t	t	t	t
6956	7		/file/read/:provider/*	t	t	t	t
6957	7		/notifications/healthController	t	t	t	t
6958	7		/notifications/actions	t	t	t	t
6959	7		/notifications/action/code/:code	t	t	t	t
6960	7		/notifications/action/:id	t	t	t	t
6961	7		/notifications/action	t	t	t	t
6962	7		/notifications/communication/:id	t	t	t	t
6963	7		/notifications/communications	t	t	t	t
6964	7		/notifications/communication	t	t	t	t
6965	7		/notifications/communication/:user_id/users	t	t	t	t
6966	7		/notifications/communication/:id/set	t	t	t	t
6967	7		/notifications/communication/:id/delete	t	t	t	t
6968	7		/notifications/communication/:id/users	t	t	t	t
6969	7		/notifications/communication/:user_id/clear	t	t	t	t
6970	7		/notifications/communication/:id/update	t	t	t	t
6971	7		/notifications/templates	t	t	t	t
6972	7		/notifications/template/:id	t	t	t	t
6973	7		/notifications/template/communication/:communicationId	t	t	t	t
6974	7		/notifications/template/action/:actionId	t	t	t	t
6975	7		/notifications/template	t	t	t	t
6976	7		/notifications/template/render/:id	t	t	t	t
6977	7		/notifications/send	t	t	t	t
6978	7		/locations/healthController	t	t	t	t
6979	7		/locations/group/change-locations	t	t	t	t
6980	7		/locations/status	t	t	t	t
6981	7		/locations/group-client-set	t	t	t	t
6982	7		/locations/groups	t	t	t	t
6983	7		/locations/group/:id	t	t	t	t
6984	7		/locations/group	t	t	t	t
6985	7		/locations/locations	t	t	t	t
6986	7		/locations/location/:id	t	t	t	t
6987	7		/locations/locations/ids	t	t	t	t
6988	7		/locations/location/test	t	t	t	t
6989	7		/locations/location-status/:id	t	t	t	t
6990	7		/locations/countries	t	t	t	t
6991	7		/locations/countries/:countryCode/city	t	t	t	t
6992	7		/locations/countries/:countryCode/regions	t	t	t	t
6993	7		/locations/regions/:regionId/cities	t	t	t	t
6994	7		/locations/countries/:countryCode	t	t	t	t
6995	7		/locations/regions/:regionId	t	t	t	t
6996	7		/locations/cities/:cityId	t	t	t	t
6997	7		/locations/locationInfo	t	t	t	t
6998	7		/locations/shopping/executions	t	t	t	t
6999	7		/locations/shopping/executions-confirm	t	t	t	t
7000	7		/locations/shopping/executions-submit	t	t	t	t
7001	7		/locations/shopping/executions-duplicate	t	t	t	t
7002	7		/locations/shopping/received-visit/:id	t	t	t	t
7003	7		/locations/shopping/visit-list	t	t	t	t
7004	7		/locations/shopping/execution-list	t	t	t	t
7005	7		/locations/shopping/executions/status	t	t	t	t
7006	7		/locations/shopping/executions/:id	t	t	t	t
7007	7		/locations/shopping/executions/delete-all	t	t	t	t
7008	7		/locations/shopping/executions/connect-questionnaire	t	t	t	t
7009	7		/locations/program-types	t	t	t	t
7010	7		/locations/program-type/status	t	t	t	t
7011	7		/locations/program-type/delete-all	t	t	t	t
7012	7		/locations/program-type/:id	t	t	t	t
7013	7		/locations/program-type/connect-questionnaire	t	t	t	t
7014	7		/locations/bonus	t	t	t	t
7015	7		/locations/bonus/delete-all	t	t	t	t
7016	7		/locations/bonus/status	t	t	t	t
7017	7		/locations/bonus/:id	t	t	t	t
7018	7		/locations/client/:id/level	t	t	t	t
7019	7		/locations/access/execution/:user_id	t	t	t	t
7020	7		/locations/access/program/:user_id	t	t	t	t
7021	7		/locations/access/execution/set	t	t	t	t
7022	7		/locations/access/execution/unset	t	t	t	t
7023	7		/locations/access/program/set	t	t	t	t
7024	7		/locations/access/program/unset	t	t	t	t
7025	7		/locations/access/program/flush	t	t	t	t
7026	7		/locations/access/execution/flush	t	t	t	t
7027	7		/locations/shops	t	t	t	t
7028	7		/locations/shops/:id	t	t	t	t
7029	7		/locations/shops/set-respondent	t	t	t	t
7030	7		/locations/shops/by-respondent/:respondent_id	t	t	t	t
7031	7		/locations/shops/check-location	t	t	t	t
7032	7		/import-export/healthController	t	t	t	t
7033	7		/import-export/export/answer-list	t	t	t	t
7034	7		/import-export/export/workers	t	t	t	t
7035	7		/import-export/export/clients	t	t	t	t
7036	7		/import-export/export/shoppers	t	t	t	t
7037	7		/import-export/export/users	t	t	t	t
7038	7		/import-export/export/msp	t	t	t	t
7039	7		/import-export/export/sub-msp	t	t	t	t
7040	7		/import-export/export/locations	t	t	t	t
7041	7		/import-export/export/location-groups	t	t	t	t
7042	7		/import-export/export/executions	t	t	t	t
7043	7		/import-export/export/program-types	t	t	t	t
7044	7		/import-export/export/pdf/locations	t	t	t	t
7045	7		/import-export/export/pdf/location-groups	t	t	t	t
7046	7		/import-export/export/pdf/workers	t	t	t	t
7047	7		/import-export/export/pdf/clients	t	t	t	t
7048	7		/import-export/export/pdf/shoppers	t	t	t	t
7049	7		/import-export/export/pdf/users	t	t	t	t
7050	7		/import-export/export/pdf/msp	t	t	t	t
7051	7		/import-export/export/pdf/sub-msp	t	t	t	t
7052	7		/import-export/export/pdf/executions	t	t	t	t
7053	7		/import-export/export/pdf/program-types	t	t	t	t
7054	7		/import-export/import/users	t	t	t	t
7055	7		/import-export/import/clients	t	t	t	t
7056	7		/import-export/import/workers	t	t	t	t
7057	7		/import-export/import/msp	t	t	t	t
7058	7		/import-export/import/sub-msp	t	t	t	t
7059	7		/import-export/import/myMo	t	t	t	t
7060	7		/import-export/import/parse	t	t	t	t
7061	7		/import-export/import/locations	t	t	t	t
7062	7		/import-export/import/programs	t	t	t	t
7063	7		/questionnaire/healthController	t	t	t	t
7064	7		/questionnaire/quest	t	t	t	t
7065	7		/questionnaire/quest/:id	t	t	t	t
7066	7		/questionnaire/quest/all	t	t	t	t
7067	7		/questionnaire/test	t	t	t	t
7068	7		/questionnaire/answer/stats	t	t	t	t
7069	7		/questionnaire/answer/stats/sections	t	t	t	t
7070	7		/questionnaire/answers	t	t	t	t
7071	7		/questionnaire/answer/:id	t	t	t	t
7072	7		/questionnaire/answer/:id/:status	t	t	t	t
7073	7		/questionnaire/answer/create-execution-link	t	t	t	t
7074	7		/questionnaire/appeal	t	t	t	t
7075	7		/questionnaire/appeal/:id	t	t	t	t
7076	7		/questionnaire/appeal/reply/:appealId	t	t	t	t
7077	7		/questionnaire/appeal/manager-reply/:appealId	t	t	t	t
7078	7		/questionnaire/integration/v1/sign-in	t	t	t	t
7079	7		/questionnaire/integration/v1/all	t	t	t	t
7080	7		/questionnaire/integration/v1/answer/:id	t	t	t	t
7081	7		/questionnaire/integration/v2/sign-in	t	t	t	t
7082	7		/questionnaire/integration/v2/all	t	t	t	t
7083	7		/questionnaire/integration/v2/answer/:id	t	t	t	t
7084	7		/questionnaire/integration/v2/links/:id	t	t	t	t
7085	7		/questionnaire/integration/v2/create-link/:id	t	t	t	t
7086	7		/questionnaire/integration/v2/store-questionnaire	t	t	t	t
7087	7		/social-service/healthController	t	t	t	t
7088	7		/social-service/statistics	t	t	t	t
7089	7		/backup/healthController	t	t	t	t
7090	7		/backup/list	t	t	t	t
7091	7		/backup/	t	t	t	t
7092	7		/backup/restore	t	t	t	t
7093	7		/backup/:fileName	t	t	t	t
7094	7		/notifications/actions/list	t	t	t	t
7095	7		/notifications/sender	t	t	t	t
7096	7		/notifications/user/notification	t	t	t	t
7097	7		/notifications/read/:id	t	t	t	t
7098	7		/locations/categories	t	t	t	t
7099	7		/locations/category/:id	t	t	t	t
7100	7		/locations/category	t	t	t	t
7101	7		/locations/category/values/:id	t	t	t	t
7102	7		/locations/category/client-rules/:client_id	t	t	t	t
7441	3		/import-export/export/program-types	t	t	t	t
7442	3		/import-export/export/pdf/locations	t	t	t	t
7443	3		/import-export/export/pdf/location-groups	t	t	t	t
7444	3		/import-export/export/pdf/workers	t	t	t	t
7445	3		/import-export/export/pdf/clients	t	t	t	t
7446	3		/import-export/export/pdf/shoppers	t	t	t	t
7447	3		/import-export/export/pdf/users	t	t	t	t
7448	3		/import-export/export/pdf/msp	t	t	t	t
7449	3		/import-export/export/pdf/executions	t	t	t	t
7450	3		/import-export/export/pdf/program-types	t	t	t	t
7451	3		/import-export/import/users	t	t	t	t
7452	3		/import-export/import/clients	t	t	t	t
7453	3		/import-export/import/workers	t	t	t	t
7454	3		/import-export/import/msp	t	t	t	t
7455	3		/import-export/import/myMo	t	t	t	t
7456	3		/import-export/import/parse	t	t	t	t
7457	3		/import-export/import/locations	t	t	t	t
7458	3		/import-export/import/programs	t	t	t	t
7459	3		/questionnaire/healthController	t	t	t	t
7460	3		/questionnaire/quest	t	t	t	t
7461	3		/questionnaire/quest/:id	t	t	t	t
7462	3		/questionnaire/test	t	t	t	t
7463	3		/questionnaire/answer/stats	t	t	t	t
7464	3		/questionnaire/answer/stats/sections	t	t	t	t
7465	3		/questionnaire/answers	t	t	t	t
7466	3		/questionnaire/answer/:id	t	t	t	t
7467	3		/questionnaire/answer/:id/:status	t	t	t	t
7468	3		/questionnaire/answer/create-execution-link	t	t	t	t
7469	3		/questionnaire/appeal	t	t	t	t
7470	3		/questionnaire/appeal/:id	t	t	t	t
7471	3		/questionnaire/appeal/reply/:appealId	t	t	t	t
7472	3		/questionnaire/appeal/manager-reply/:appealId	t	t	t	t
7473	3		/questionnaire/integration/v1/sign-in	t	t	t	t
7474	3		/questionnaire/integration/v1/all	t	t	t	t
7475	3		/questionnaire/integration/v1/answer/:id	t	t	t	t
7476	3		/questionnaire/integration/v2/sign-in	t	t	t	t
7477	3		/questionnaire/integration/v2/all	t	t	t	t
7478	3		/questionnaire/integration/v2/answer/:id	t	t	t	t
7479	3		/social-service/healthController	t	t	t	t
7480	3		/social-service/statistics	t	t	t	t
7481	3		/backup/healthController	t	t	f	t
7482	3		/backup/list	t	t	f	t
7483	3		/backup/	t	t	f	t
7484	3		/backup/restore	t	t	f	t
7485	3		/backup/:fileName	t	t	f	t
7486	3		/locations/shops/set-respondent	t	t	t	t
7487	3		/locations/shops/:id	t	t	t	t
7488	3		/locations/status	t	t	t	t
7489	3		/notifications/communication/:user_id/users	t	t	t	t
7490	3		/notifications/communication/:user_id/clear	t	t	t	t
7491	3		/locations/shops	t	t	t	t
7492	3		/import-export/import/sub-msp	t	t	t	t
7493	3		/import-export/export/pdf/sub-msp	t	t	t	t
7494	3		/import-export/export/sub-msp	t	t	t	t
7495	3		/locations/shopping/executions/connect-questionnaire	t	t	t	t
7496	3		/locations/program-type/connect-questionnaire	t	t	t	t
7497	3		/locations/shops/by-respondent/:respondent_id	t	t	t	t
7498	3		/locations/shops/check-location	t	t	t	t
7499	3		/questionnaire/integration/v2/links/:id	t	t	t	t
7500	3		/questionnaire/integration/v2/store-questionnaire	t	t	t	t
7501	3		/questionnaire/integration/v2/create-link/:id	t	t	t	t
7502	3		/questionnaire/quest/all	t	t	t	t
7503	3		/user/customizations	t	t	t	t
7504	3		/notifications/actions/list	t	t	t	t
7505	3		/notifications/sender	t	t	t	t
7506	3		/notifications/user/notification	t	t	t	t
7507	3		/notifications/read/:id	t	t	t	t
7508	3		/locations/categories	t	t	t	t
7509	3		/locations/category/:id	t	t	t	t
7510	3		/locations/category	t	t	t	t
7511	3		/locations/category/values/:id	t	t	t	t
7512	3		/locations/category/client-rules/:client_id	t	t	t	t
7513	3		/questionnaire/integration/v2/sync/:id	t	t	t	t
7103	5		/user/healthController	t	f	f	f
7104	5		/user/cacheReset	t	f	f	f
5434	4		/user/healthController	t	f	f	f
5435	4		/user/access	t	f	f	f
5436	4		/user/verify-contact	t	f	f	f
5437	4		/user/check-contact	t	f	f	f
5438	4		/user/auth/sign-up	t	f	f	f
5439	4		/user/auth/sign-in	t	f	f	f
5440	4		/user/auth/forgot-password	t	f	f	f
5441	4		/user/auth/reset-password	t	f	f	f
5442	4		/user/auth/confirm-account	t	f	f	f
5443	4		/user/auth/check-code	t	f	f	f
5444	4		/user/me	t	f	f	f
5445	4		/user/user-additional	t	f	f	f
5446	4		/user/refresh-token	t	f	f	f
5447	4		/user/role	t	f	f	f
5448	4		/user/role/:id	t	f	f	f
5449	4		/user/role/:id/set	t	f	f	f
5450	4		/user/role/:id/unset	t	f	f	f
5451	4		/user/group	t	f	f	f
5452	4		/user/group/:id	t	f	f	f
5453	4		/user/group/:id/set	t	f	f	f
5454	4		/user/group/:id/unset	t	f	f	f
5455	4		/user/action	t	f	f	f
5456	4		/user/action/:id	t	f	f	f
5457	4		/user/handbook/groups	t	f	f	f
5458	4		/user/handbook/groups/:id	t	f	f	f
5459	4		/user/handbook	t	f	f	f
5460	4		/user/handbook/:id	t	f	f	f
5461	4		/user/handbook/code/:code	t	f	f	f
5462	4		/user/handbook/set	t	f	f	f
5463	4		/user/handbook/unset	t	f	f	f
5464	4		/user/users	t	f	f	f
5465	4		/user/shoppers	t	f	f	f
5466	4		/user/users/:id/base	t	f	f	f
5467	4		/user/users/:id/fields	t	f	f	f
5468	4		/user/users/:id	t	f	f	f
5469	4		/user/users/ids	t	f	f	f
5470	4		/user/users/restore	t	f	f	f
5471	4		/user/access/client/set	t	f	f	f
5472	4		/user/access/client/unset	t	f	f	f
5473	4		/user/access/client/flush	t	f	f	f
5474	4		/user/users/:id/activity-status	t	f	f	f
5475	4		/user/settings	t	f	f	f
5476	4		/user/comments	t	f	f	f
5477	4		/user/comments/:id	t	f	f	f
5478	4		/user/competitors	t	f	f	f
5479	4		/user/competitors/:id	t	f	f	f
5480	4		/user/competitors/bind	t	f	f	f
5481	4		/user/competitors/unbind	t	f	f	f
5482	4		/user/clients	t	f	f	f
5483	4		/user/client/:id/settings	t	f	f	f
5484	4		/user/client/settings	t	f	f	f
5485	4		/user/client/:id/workers	t	f	f	f
5486	4		/user/client/:id/worker/:workerId	t	f	f	f
5487	4		/user/client	t	f	f	f
5488	4		/user/client/:id/worker	t	f	f	f
5489	4		/user/client/:id/level	t	f	f	f
5490	4		/user/msp/sub	t	f	f	f
5491	4		/user/msp	t	f	f	f
5492	4		/file/provider	t	f	f	f
5493	4		/file/provider/set-user-provider	t	f	f	f
5494	4		/file/make-workspace	t	t	f	f
5495	4		/file/upload	t	t	f	f
5496	4		/file/uploads	t	t	f	f
5497	4		/file/read/:provider/*	t	f	f	f
5498	4		/notifications/healthController	t	f	f	f
5499	4		/notifications/actions	t	f	f	f
5500	4		/notifications/action/code/:code	t	f	f	f
5501	4		/notifications/action/:id	t	f	f	f
5502	4		/notifications/action	t	f	f	f
5503	4		/notifications/communication/:id	t	f	f	f
5504	4		/notifications/communications	t	f	f	f
5505	4		/notifications/communication	t	f	f	f
5506	4		/notifications/communication/:id/set	t	f	f	f
5507	4		/notifications/communication/:id/delete	t	f	f	f
5508	4		/notifications/communication/:id/users	t	f	f	f
5509	4		/notifications/communication/:id/update	t	f	f	f
5510	4		/notifications/templates	t	f	f	f
5511	4		/notifications/template/:id	t	f	f	f
5512	4		/notifications/template/communication/:communicationId	t	f	f	f
5513	4		/notifications/template/action/:actionId	t	f	f	f
7514	3		/questionnaire/answer/send	t	t	t	t
7515	6		/backup/	t	t	t	t
7516	6		/user/healthController	t	t	t	t
7517	6		/user/cacheReset	t	t	t	t
7518	6		/user/access	t	t	t	t
7519	6		/user/verify-contact	t	t	t	t
7520	6		/user/check-contact	t	t	t	t
7521	6		/user/auth/sign-up	t	t	t	t
7522	6		/user/auth/sign-in	t	t	t	t
7523	6		/user/auth/forgot-password	t	t	t	t
7524	6		/user/auth/reset-password	t	t	t	t
7525	6		/user/auth/confirm-account	t	t	t	t
7526	6		/user/auth/check-code	t	t	t	t
7527	6		/user/me	t	t	t	t
7528	6		/user/user-additional	t	t	t	t
7529	6		/user/refresh-token	t	t	t	t
7530	6		/user/auth/auto-login	t	t	t	t
7531	6		/user/role	t	t	t	t
7532	6		/user/role/:id	t	t	t	t
7533	6		/user/role/:id/set	t	t	t	t
7534	6		/user/role/:id/unset	t	t	t	t
7535	6		/user/group	t	t	t	t
7536	6		/user/group/:id	t	t	t	t
7537	6		/user/group/:id/set	t	t	t	t
7538	6		/user/group/:id/unset	t	t	t	t
7539	6		/user/action	t	t	t	t
7540	6		/user/action/:id	t	t	t	t
7541	6		/user/handbook/groups	t	t	t	t
7542	6		/user/handbook/groups/:id	t	t	t	t
7543	6		/user/handbook	t	t	t	t
7544	6		/user/handbook/:id	t	t	t	t
7545	6		/user/handbook/code/:code	t	t	t	t
7546	6		/user/handbook/set	t	t	t	t
7547	6		/user/handbook/unset	t	t	t	t
7548	6		/user/users	t	t	t	t
7549	6		/user/shoppers	t	t	t	t
7550	6		/user/users/:id/base	t	t	t	t
7551	6		/user/users/:id/fields	t	t	t	t
7552	6		/user/users/:id	t	t	t	t
7553	6		/user/users/ids	t	t	t	t
7554	6		/user/users/restore	t	t	t	t
7555	6		/user/access/client/set	t	t	t	t
7556	6		/user/access/client/unset	t	t	t	t
7557	6		/user/access/client/flush	t	t	t	t
7558	6		/user/users/:id/activity-status	t	t	t	t
7559	6		/user/settings	t	t	t	t
7560	6		/user/comments	t	t	t	t
7561	6		/user/comments/:id	t	t	t	t
7562	6		/user/competitors	t	t	t	t
7563	6		/user/competitors/:id	t	t	t	t
7564	6		/user/competitors/bind	t	t	t	t
7565	6		/user/competitors/unbind	t	t	t	t
7566	6		/user/clients	t	t	t	t
7567	6		/user/client/:id/settings	t	t	t	t
7568	6		/user/client/settings	t	t	t	t
7569	6		/user/client/:id/workers	t	t	t	t
7570	6		/user/client/:id/worker/:workerId	t	t	t	t
7571	6		/user/client	t	t	t	t
7572	6		/user/client/:id/worker	t	t	t	t
7573	6		/user/client/:id/level	t	t	t	t
7574	6		/user/msp/sub	t	t	t	t
7575	6		/user/msp	t	t	t	t
7576	6		/file/healthController	t	t	t	t
7577	6		/file/providers	t	t	t	t
7578	6		/file/provider/:id	t	t	t	t
7579	6		/file/provider	t	t	t	t
7580	6		/file/provider/set-user-provider	t	t	t	t
7581	6		/file/make-workspace	t	t	t	t
7582	6		/file/upload	t	t	t	t
7583	6		/file/uploads	t	t	t	t
7584	6		/file/read/:provider/*	t	t	t	t
7585	6		/notifications/healthController	t	t	t	t
7586	6		/notifications/actions	t	t	t	t
7587	6		/notifications/action/code/:code	t	t	t	t
7588	6		/notifications/action/:id	t	t	t	t
7589	6		/notifications/action	t	t	t	t
7590	6		/notifications/communication/:id	t	t	t	t
7591	6		/notifications/communications	t	t	t	t
7592	6		/notifications/communication	t	t	t	t
7593	6		/notifications/communication/:user_id/users	t	t	t	t
7296	3		/notifications/communication/:id	t	t	t	t
7297	3		/notifications/communications	t	t	t	t
7298	3		/notifications/communication	t	t	t	t
7299	3		/notifications/communication/:id/set	t	t	t	t
7300	3		/notifications/communication/:id/delete	t	t	t	t
7301	3		/notifications/communication/:id/users	t	t	t	t
7302	3		/notifications/communication/:id/update	t	t	t	t
7303	3		/notifications/templates	t	t	t	t
7304	3		/notifications/template/:id	t	t	t	t
7305	3		/notifications/template/communication/:communicationId	t	t	t	t
7306	3		/notifications/template/action/:actionId	t	t	t	t
7307	3		/notifications/template	t	t	t	t
7308	3		/notifications/template/render/:id	t	t	t	t
7309	3		/notifications/send	t	t	t	t
7310	3		/locations/healthController	t	t	t	t
7311	3		/locations/group/change-locations	t	t	t	t
7312	3		/locations/group-client-set	t	t	t	t
7313	3		/locations/groups	t	t	t	t
5514	4		/notifications/template	t	f	f	f
5515	4		/notifications/template/render/:id	t	f	f	f
5516	4		/notifications/send	t	f	f	f
5517	4		/locations/healthController	t	f	f	f
5518	4		/locations/group/change-locations	t	f	f	f
5519	4		/locations/group-client-set	t	f	f	f
5520	4		/locations/groups	t	f	f	f
5521	4		/locations/group/:id	t	f	f	f
5522	4		/locations/group	t	f	f	f
5523	4		/locations/locations	t	f	f	f
5524	4		/locations/location/:id	t	f	f	f
5525	4		/locations/locations/ids	t	f	f	f
5526	4		/locations/location/test	t	f	f	f
5527	4		/locations/location/status	t	f	f	f
5528	4		/locations/location-status/:id	t	f	f	f
5529	4		/locations/countries	t	f	f	f
5530	4		/locations/countries/:countryCode/city	t	f	f	f
5531	4		/locations/countries/:countryCode/regions	t	f	f	f
5532	4		/locations/regions/:regionId/cities	t	f	f	f
5533	4		/locations/countries/:countryCode	t	f	f	f
5534	4		/locations/regions/:regionId	t	f	f	f
5535	4		/locations/cities/:cityId	t	f	f	f
5536	4		/locations/locationInfo	t	f	f	f
5537	4		/locations/shopping/executions	t	f	f	f
5538	4		/locations/shopping/executions-confirm	t	f	f	f
5539	4		/locations/shopping/executions-submit	t	f	f	f
5540	4		/locations/shopping/executions-duplicate	t	f	f	f
5541	4		/locations/shopping/received-visit/:id	t	f	f	f
5542	4		/locations/shopping/visit-list	t	f	f	f
5543	4		/locations/shopping/execution-list	t	f	f	f
5544	4		/locations/shopping/executions/status	t	f	f	f
5545	4		/locations/shopping/executions/:id	t	f	f	f
5546	4		/locations/shopping/executions/delete-all	t	f	f	f
5547	4		/locations/program-types	t	f	f	f
5548	4		/locations/program-type/status	t	f	f	f
5549	4		/locations/program-type/delete-all	t	f	f	f
5550	4		/locations/program-type/:id	t	f	f	f
5551	4		/locations/bonus	t	f	f	f
5552	4		/locations/bonus/delete-all	t	f	f	f
5553	4		/locations/bonus/status	t	f	f	f
5554	4		/locations/bonus/:id	t	f	f	f
5555	4		/locations/client/:id/level	t	f	f	f
5556	4		/locations/access/execution/:user_id	t	f	f	f
5557	4		/locations/access/program/:user_id	t	f	f	f
5558	4		/locations/access/execution/set	t	f	f	f
5559	4		/locations/access/execution/unset	t	f	f	f
5560	4		/locations/access/program/set	t	f	f	f
5561	4		/locations/access/program/unset	t	f	f	f
5562	4		/locations/access/program/flush	t	f	f	f
5563	4		/locations/access/execution/flush	t	f	f	f
5564	4		/import-export/healthController	t	f	f	f
5565	4		/import-export/export/answer-list	t	f	f	f
5566	4		/import-export/export/workers	t	f	f	f
5567	4		/import-export/export/clients	t	f	f	f
5568	4		/import-export/export/shoppers	t	f	f	f
5569	4		/import-export/export/users	t	f	f	f
5570	4		/import-export/export/msp	t	f	f	f
5571	4		/import-export/export/locations	t	f	f	f
5572	4		/import-export/export/location-groups	t	f	f	f
5573	4		/import-export/export/executions	t	f	f	f
5574	4		/import-export/export/program-types	t	f	f	f
5575	4		/import-export/export/pdf/locations	t	f	f	f
5576	4		/import-export/export/pdf/location-groups	t	f	f	f
5577	4		/import-export/export/pdf/workers	t	f	f	f
5578	4		/import-export/export/pdf/clients	t	f	f	f
5579	4		/import-export/export/pdf/shoppers	t	f	f	f
5580	4		/import-export/export/pdf/users	t	f	f	f
5581	4		/import-export/export/pdf/msp	t	f	f	f
5582	4		/import-export/export/pdf/executions	t	f	f	f
5583	4		/import-export/export/pdf/program-types	t	f	f	f
5584	4		/import-export/import/users	t	f	f	f
5585	4		/import-export/import/clients	t	f	f	f
5586	4		/import-export/import/workers	t	f	f	f
5587	4		/import-export/import/msp	t	f	f	f
5588	4		/import-export/import/myMo	t	f	f	f
5589	4		/import-export/import/parse	t	f	f	f
5590	4		/import-export/import/locations	t	f	f	f
5591	4		/import-export/import/programs	t	f	f	f
5592	4		/questionnaire/healthController	t	f	f	f
5593	4		/questionnaire/quest	t	f	f	f
5594	4		/questionnaire/quest/:id	t	f	f	f
5595	4		/questionnaire/test	t	f	f	f
5596	4		/questionnaire/answer/stats	t	f	f	f
5597	4		/questionnaire/answer/stats/sections	t	f	f	f
5598	4		/questionnaire/answers	t	f	f	f
5599	4		/questionnaire/answer/:id	t	f	f	f
5600	4		/questionnaire/answer/:id/:status	t	f	f	f
5601	4		/questionnaire/answer/create-execution-link	t	f	f	f
5602	4		/questionnaire/appeal	t	f	f	f
5603	4		/questionnaire/appeal/:id	t	f	f	f
5604	4		/questionnaire/appeal/reply/:appealId	t	f	f	f
5605	4		/questionnaire/appeal/manager-reply/:appealId	t	f	f	f
5606	4		/questionnaire/integration/v1/sign-in	t	f	f	f
5607	4		/questionnaire/integration/v1/all	t	f	f	f
5608	4		/questionnaire/integration/v1/answer/:id	t	f	f	f
5609	4		/questionnaire/integration/v2/sign-in	t	f	f	f
5610	4		/questionnaire/integration/v2/all	t	f	f	f
5611	4		/questionnaire/integration/v2/answer/:id	t	f	f	f
5612	4		/social-service/healthController	t	f	f	f
5613	4		/social-service/statistics	t	f	f	f
5614	4		/backup/healthController	t	f	f	f
5615	4		/backup/	t	f	f	f
5616	4		/backup/restore	t	f	f	f
5617	4		/backup/:fileName	t	f	f	f
5618	4		/user/cacheReset	t	f	f	f
5619	4		/user/auth/auto-login	t	f	f	f
5620	4		/user/customizations	t	f	f	f
5621	4		/import-export/import/sub-msp	t	f	f	f
5622	4		/import-export/export/sub-msp	t	f	f	f
7314	3		/locations/group/:id	t	t	t	t
7315	3		/locations/group	t	t	t	t
7316	3		/locations/locations	t	t	t	t
7317	3		/locations/location/:id	t	t	t	t
7318	3		/locations/locations/ids	t	t	t	t
7319	3		/locations/location/test	t	t	t	t
7320	3		/locations/location/status	t	t	f	t
7321	3		/locations/location-status/:id	t	t	t	t
7322	3		/locations/countries	t	t	t	t
7323	3		/locations/countries/:countryCode/city	t	t	t	t
7324	3		/locations/countries/:countryCode/regions	t	t	t	t
7325	3		/locations/regions/:regionId/cities	t	t	t	t
7326	3		/locations/countries/:countryCode	t	t	t	t
7327	3		/locations/regions/:regionId	t	t	t	t
7328	3		/locations/cities/:cityId	t	t	t	t
7329	3		/locations/locationInfo	t	t	t	t
7330	3		/locations/shopping/executions	t	t	t	t
7331	3		/locations/shopping/executions-confirm	t	t	t	t
7332	3		/locations/shopping/executions-submit	t	t	t	t
7333	3		/locations/shopping/executions-duplicate	t	t	t	t
7334	3		/locations/shopping/received-visit/:id	t	t	t	t
7335	3		/user/healthController	t	t	t	t
7336	3		/user/cacheReset	t	t	t	t
7337	3		/user/access	t	t	t	t
7338	3		/user/verify-contact	t	t	t	t
7339	3		/user/check-contact	t	t	t	t
7340	3		/user/auth/sign-up	t	t	t	t
7341	3		/user/auth/sign-in	t	t	t	t
7342	3		/user/auth/forgot-password	t	t	t	t
7343	3		/user/auth/reset-password	t	t	t	t
7344	3		/user/auth/confirm-account	t	t	t	t
7345	3		/user/auth/check-code	t	t	t	t
7346	3		/user/me	t	t	t	t
7347	3		/user/user-additional	t	t	t	t
7348	3		/user/refresh-token	t	t	t	t
7349	3		/user/auth/auto-login	t	t	t	t
7350	3		/user/role	t	t	t	t
7351	3		/user/role/:id	t	t	t	t
7352	3		/user/role/:id/set	t	t	t	t
7353	3		/user/role/:id/unset	t	t	t	t
7354	3		/user/group	t	t	t	t
7922	1		/questionnaire/quest-by-shop/:id	t	t	t	f
7923	1		/questionnaire/quest/all	t	t	t	f
7924	1		/questionnaire/integration/v2/links/:id	t	t	t	f
7925	1		/questionnaire/integration/v2/create-link/:id	t	t	t	f
7926	1		/questionnaire/integration/v2/store-questionnaire	t	t	t	f
7927	1		/questionnaire/integration/v2/sync/:id	t	t	t	f
7928	1		/questionnaire/answer/send	t	t	t	f
7929	1		/locations/status	t	t	t	f
7930	1		/locations/categories	t	t	t	f
7931	1		/locations/category/:id	t	t	t	f
7932	1		/locations/category	t	t	t	f
7933	1		/locations/category/values/:id	t	t	t	f
7934	1		/locations/category/client-rules/:client_id	t	t	t	f
7935	1		/locations/shopping/executions/connect-questionnaire	t	t	t	f
7936	1		/locations/program-type/connect-questionnaire	t	t	t	f
7937	1		/locations/shops	t	t	t	f
7938	1		/locations/shops/:id	t	t	t	f
7939	1		/locations/shops/set-respondent	t	t	t	f
7940	1		/locations/shops/by-respondent/:respondent_id	t	t	t	f
7941	1		/locations/shops/check-location	t	t	t	f
7942	1		/locations/shops/by-hash/:hash	t	t	t	f
7943	1		/locations/shops/:id/progress	t	t	t	f
7355	3		/user/group/:id	t	t	t	t
7356	3		/user/group/:id/set	t	t	t	t
7357	3		/user/group/:id/unset	t	t	t	t
7358	3		/user/action	t	t	t	t
7359	3		/user/action/:id	t	t	t	t
7360	3		/user/handbook/groups	t	t	t	t
7361	3		/user/handbook/groups/:id	t	t	t	t
7362	3		/user/handbook	t	t	t	t
7363	3		/user/handbook/:id	t	t	t	t
7364	3		/user/handbook/code/:code	t	t	t	t
7365	3		/user/handbook/set	t	t	t	t
7366	3		/user/handbook/unset	t	t	t	t
7367	3		/user/users	t	t	t	t
7368	3		/user/shoppers	t	t	t	t
7369	3		/user/users/:id/base	t	t	t	t
7370	3		/user/users/:id/fields	t	t	t	t
7371	3		/user/users/:id	t	t	t	t
7372	3		/user/users/ids	t	t	t	t
7373	3		/user/users/restore	t	t	t	t
7374	3		/user/access/client/set	t	t	t	t
7375	3		/user/access/client/unset	t	t	t	t
7376	3		/user/access/client/flush	t	t	t	t
7377	3		/user/users/:id/activity-status	t	t	t	t
7378	3		/user/settings	t	t	t	t
7379	3		/user/comments	t	t	t	t
7380	3		/user/comments/:id	t	t	t	t
7381	3		/user/competitors	t	t	t	t
7382	3		/user/competitors/:id	t	t	t	t
7383	3		/user/competitors/bind	t	t	t	t
7384	3		/user/competitors/unbind	t	t	t	t
7385	3		/user/clients	t	t	t	t
7386	3		/user/client/:id/settings	t	t	t	t
7387	3		/user/client/settings	t	t	t	t
7388	3		/user/client/:id/workers	t	t	t	t
7389	3		/user/client/:id/worker/:workerId	t	t	t	t
7390	3		/user/client	t	t	t	t
7391	3		/user/client/:id/worker	t	t	t	t
7392	3		/user/client/:id/level	t	t	t	t
7393	3		/user/msp/sub	t	t	t	t
7394	3		/user/msp	t	t	t	t
7395	3		/file/healthController	t	t	t	t
7396	3		/file/providers	t	t	t	t
7397	3		/file/provider/:id	t	t	t	t
7398	3		/file/provider	t	t	t	t
7399	3		/file/provider/set-user-provider	t	t	t	t
7400	3		/file/make-workspace	t	t	t	t
7401	3		/file/upload	t	t	t	t
7402	3		/file/uploads	t	t	t	t
7403	3		/file/read/:provider/*	t	t	t	t
7404	3		/notifications/healthController	t	t	t	t
7405	3		/notifications/actions	t	t	t	t
7406	3		/notifications/action/code/:code	t	t	t	t
7407	3		/notifications/action/:id	t	t	t	t
7408	3		/notifications/action	t	t	t	t
7409	3		/locations/shopping/visit-list	t	t	t	t
7410	3		/locations/shopping/execution-list	t	t	t	t
7411	3		/locations/shopping/executions/status	t	t	t	t
7412	3		/locations/shopping/executions/:id	t	t	t	t
7413	3		/locations/shopping/executions/delete-all	t	t	t	t
7414	3		/locations/program-types	t	t	t	t
7415	3		/locations/program-type/status	t	t	t	t
7416	3		/locations/program-type/delete-all	t	t	t	t
7417	3		/locations/program-type/:id	t	t	t	t
7418	3		/locations/bonus	t	t	t	t
7419	3		/locations/bonus/delete-all	t	t	t	t
7420	3		/locations/bonus/status	t	t	t	t
7421	3		/locations/bonus/:id	t	t	t	t
7422	3		/locations/client/:id/level	t	t	t	t
7423	3		/locations/access/execution/:user_id	t	t	t	t
7424	3		/locations/access/program/:user_id	t	t	t	t
7425	3		/locations/access/execution/set	t	t	t	t
7426	3		/locations/access/execution/unset	t	t	t	t
7427	3		/locations/access/program/set	t	t	t	t
7428	3		/locations/access/program/unset	t	t	t	t
7429	3		/locations/access/program/flush	t	t	t	t
7430	3		/locations/access/execution/flush	t	t	t	t
7431	3		/import-export/healthController	t	t	t	t
7432	3		/import-export/export/answer-list	t	t	t	t
7433	3		/import-export/export/workers	t	t	t	t
7434	3		/import-export/export/clients	t	t	t	t
7435	3		/import-export/export/shoppers	t	t	t	t
7436	3		/import-export/export/users	t	t	t	t
7437	3		/import-export/export/msp	t	t	t	t
7438	3		/import-export/export/locations	t	t	t	t
7439	3		/import-export/export/location-groups	t	t	t	t
7440	3		/import-export/export/executions	t	t	t	t
7594	6		/notifications/communication/:id/set	t	t	t	t
7595	6		/notifications/communication/:id/delete	t	t	t	t
7596	6		/notifications/communication/:id/users	t	t	t	t
7597	6		/notifications/communication/:user_id/clear	t	t	t	t
7598	6		/notifications/communication/:id/update	t	t	t	t
7599	6		/notifications/templates	t	t	t	t
7600	6		/notifications/template/:id	t	t	t	t
7601	6		/notifications/template/communication/:communicationId	t	t	t	t
7602	6		/notifications/template/action/:actionId	t	t	t	t
7603	6		/notifications/template	t	t	t	t
7604	6		/notifications/template/render/:id	t	t	t	t
7605	6		/notifications/send	t	t	t	t
7606	6		/locations/healthController	t	t	t	t
7607	6		/locations/group/change-locations	t	t	t	t
7608	6		/locations/status	t	t	t	t
7609	6		/locations/group-client-set	t	t	t	t
7610	6		/locations/groups	t	t	t	t
7611	6		/locations/group/:id	t	t	t	t
7612	6		/locations/group	t	t	t	t
7613	6		/locations/locations	t	t	t	t
7614	6		/locations/location/:id	t	t	t	t
7615	6		/locations/locations/ids	t	t	t	t
7616	6		/locations/location/test	t	t	t	t
7617	6		/locations/location-status/:id	t	t	t	t
7618	6		/locations/countries	t	t	t	t
7619	6		/locations/countries/:countryCode/city	t	t	t	t
7620	6		/locations/countries/:countryCode/regions	t	t	t	t
7621	6		/locations/regions/:regionId/cities	t	t	t	t
7622	6		/locations/countries/:countryCode	t	t	t	t
7623	6		/locations/regions/:regionId	t	t	t	t
7624	6		/locations/cities/:cityId	t	t	t	t
7625	6		/locations/locationInfo	t	t	t	t
7626	6		/locations/shopping/executions	t	t	t	t
7627	6		/locations/shopping/executions-confirm	t	t	t	t
7628	6		/locations/shopping/executions-submit	t	t	t	t
7629	6		/locations/shopping/executions-duplicate	t	t	t	t
7630	6		/locations/shopping/received-visit/:id	t	t	t	t
7631	6		/locations/shopping/visit-list	t	t	t	t
7632	6		/locations/shopping/execution-list	t	t	t	t
7633	6		/locations/shopping/executions/status	t	t	t	t
7634	6		/locations/shopping/executions/:id	t	t	t	t
7635	6		/locations/shopping/executions/delete-all	t	t	t	t
7636	6		/locations/program-types	t	t	t	t
7637	6		/locations/program-type/status	t	t	t	t
7638	6		/locations/program-type/delete-all	t	t	t	t
7639	6		/locations/program-type/:id	t	t	t	t
7640	6		/locations/bonus	t	t	t	t
7641	6		/locations/bonus/delete-all	t	t	t	t
7642	6		/locations/bonus/status	t	t	t	t
7643	6		/locations/bonus/:id	t	t	t	t
7644	6		/locations/client/:id/level	t	t	t	t
7645	6		/locations/access/execution/:user_id	t	t	t	t
7646	6		/locations/access/program/:user_id	t	t	t	t
7647	6		/locations/access/execution/set	t	t	t	t
7648	6		/locations/access/execution/unset	t	t	t	t
7649	6		/locations/access/program/set	t	t	t	t
7650	6		/locations/access/program/unset	t	t	t	t
7651	6		/locations/access/program/flush	t	t	t	t
7652	6		/locations/access/execution/flush	t	t	t	t
7653	6		/import-export/healthController	t	t	t	t
7654	6		/import-export/export/answer-list	t	t	t	t
7655	6		/import-export/export/workers	t	t	t	t
7656	6		/import-export/export/clients	t	t	t	t
7657	6		/import-export/export/shoppers	t	t	t	t
7658	6		/import-export/export/users	t	t	t	t
7659	6		/import-export/export/msp	t	t	t	t
7660	6		/import-export/export/sub-msp	t	t	t	t
7661	6		/import-export/export/locations	t	t	t	t
7662	6		/import-export/export/location-groups	t	t	t	t
7663	6		/import-export/export/executions	t	t	t	t
7664	6		/import-export/export/program-types	t	t	t	t
7665	6		/import-export/export/pdf/locations	t	t	t	t
7666	6		/import-export/export/pdf/location-groups	t	t	t	t
7667	6		/import-export/export/pdf/workers	t	t	t	t
7668	6		/import-export/export/pdf/clients	t	t	t	t
7669	6		/import-export/export/pdf/shoppers	t	t	t	t
7670	6		/import-export/export/pdf/users	t	t	t	t
7671	6		/import-export/export/pdf/msp	t	t	t	t
7672	6		/import-export/export/pdf/sub-msp	t	t	t	t
7673	6		/import-export/export/pdf/executions	t	t	t	t
7674	6		/import-export/export/pdf/program-types	t	t	t	t
7675	6		/import-export/import/users	t	t	t	t
7676	6		/import-export/import/clients	t	t	t	t
7677	6		/import-export/import/workers	t	t	t	t
7678	6		/import-export/import/msp	t	t	t	t
7679	6		/import-export/import/sub-msp	t	t	t	t
7680	6		/import-export/import/myMo	t	t	t	t
7681	6		/import-export/import/parse	t	t	t	t
7682	6		/import-export/import/locations	t	t	t	t
7683	6		/import-export/import/programs	t	t	t	t
7684	6		/questionnaire/healthController	t	t	t	t
7685	6		/questionnaire/quest	t	t	t	t
7686	6		/questionnaire/quest/:id	t	t	t	t
7687	6		/questionnaire/test	t	t	t	t
7688	6		/questionnaire/answer/stats	t	t	t	t
7689	6		/questionnaire/answer/stats/sections	t	t	t	t
7690	6		/questionnaire/answers	t	t	t	t
7691	6		/questionnaire/answer/:id	t	t	t	t
7692	6		/questionnaire/answer/:id/:status	t	t	t	t
7693	6		/questionnaire/answer/create-execution-link	t	t	t	t
7694	6		/questionnaire/appeal	t	t	t	t
7695	6		/questionnaire/appeal/:id	t	t	t	t
7696	6		/questionnaire/appeal/reply/:appealId	t	t	t	t
7697	6		/questionnaire/appeal/manager-reply/:appealId	t	t	t	t
7698	6		/questionnaire/integration/v1/sign-in	t	t	t	t
7699	6		/questionnaire/integration/v1/all	t	t	t	t
7700	6		/questionnaire/integration/v1/answer/:id	t	t	t	t
7701	6		/questionnaire/integration/v2/sign-in	t	t	t	t
7702	6		/questionnaire/integration/v2/all	t	t	t	t
7703	6		/questionnaire/integration/v2/answer/:id	t	t	t	t
7704	6		/social-service/healthController	t	t	t	t
7705	6		/social-service/statistics	t	t	t	t
7706	6		/backup/healthController	t	t	t	t
7707	6		/backup/list	t	t	t	t
7708	6		/backup/restore	t	t	t	t
7709	6		/backup/:fileName	t	t	t	t
7710	6		/user/customizations	t	t	t	t
7711	6		/locations/shopping/executions/connect-questionnaire	t	t	t	t
7712	6		/locations/program-type/connect-questionnaire	t	t	t	t
7713	6		/locations/shops	t	t	t	t
7714	6		/locations/shops/:id	t	t	t	t
7715	6		/locations/shops/set-respondent	t	t	t	t
7716	6		/locations/shops/by-respondent/:respondent_id	t	t	t	t
7717	6		/locations/shops/check-location	t	t	t	t
7718	6		/questionnaire/quest/all	t	t	t	t
7719	6		/questionnaire/integration/v2/links/:id	t	t	t	t
7720	6		/questionnaire/integration/v2/create-link/:id	t	t	t	t
7721	6		/questionnaire/integration/v2/store-questionnaire	t	t	t	t
7722	6		/notifications/actions/list	t	t	t	t
7723	6		/notifications/sender	t	t	t	t
7724	6		/notifications/user/notification	t	t	t	t
7725	6		/notifications/read/:id	t	t	t	t
7726	6		/locations/categories	t	t	t	t
7727	6		/locations/category/:id	t	t	t	t
7728	6		/locations/category	t	t	t	t
7729	6		/locations/category/values/:id	t	t	t	t
7730	6		/locations/category/client-rules/:client_id	t	t	t	t
7731	6		/questionnaire/answer/send	f	t	f	f
\.


--
-- Data for Name: role_user_link; Type: TABLE DATA; Schema: public; Owner: pma
--

COPY public.role_user_link (id, role_id, user_id) FROM stdin;
1	7	1
2	1	2
3	2	3
4	2	4
6	2	6
7	2	8
8	2	9
9	2	10
10	2	11
5	7	5
12	1	13
13	2	14
11	4	12
14	4	15
15	4	16
16	4	17
17	4	18
18	4	19
19	4	20
20	4	21
21	4	22
22	6	23
23	6	24
24	2	25
25	4	26
26	1	27
27	2	28
28	2	29
29	2	30
30	2	31
31	2	32
32	2	33
\.


--
-- Data for Name: roles; Type: TABLE DATA; Schema: public; Owner: pma
--

COPY public.roles (id, name, default_role, access_pages, deleted_at, delete_at) FROM stdin;
2	Client	f	[{"name": "User", "path": "/crm/users", "view": true, "routes": [{"name": "User List", "path": "/crm/users", "view": true}, {"name": "Clients", "path": "/crm/users/clients", "view": true}, {"name": "Shoppers", "path": "/crm/users/shoppers", "view": true}, {"name": "Group", "path": "/crm/users/groups", "view": true}, {"name": "Role", "path": "/crm/users/role", "view": true}, {"name": "Settings", "path": "/crm/users/settings/edit", "view": true}]}, {"name": "Handbook", "path": "/crm/handbook", "view": true, "routes": [{"name": "Group", "path": "/crm/handbook/group", "view": true}, {"name": "Handbook", "path": "/crm/handbook", "view": true}]}, {"name": "Notifications", "path": "/notifications", "view": true, "routes": [{"name": "Providers", "path": "/crm/notifications/providers", "view": true}, {"name": "Templates", "path": "/crm/notifications/templates", "view": true}, {"name": "Action", "path": "/crm/notifications/actions", "view": true}]}, {"name": "Locations", "path": "/crm/locations", "view": true, "routes": [{"name": "Locations Group", "path": "/crm/locations/groups?page=1&parent_id=0", "view": true}, {"name": "Locations", "path": "/crm/locations", "view": true}]}]	\N	\N
4	Worker	f	[]	\N	\N
5	Competitor	f	[{"name": "User", "path": "/crm/users", "view": true, "routes": [{"name": "User List", "path": "/crm/users", "view": true}, {"name": "Clients", "path": "/crm/users/clients", "view": true}, {"name": "Shoppers", "path": "/crm/users/shoppers", "view": true}, {"name": "Group", "path": "/crm/users/groups", "view": true}, {"name": "Role", "path": "/crm/users/role", "view": true}, {"name": "Settings", "path": "/crm/users/settings/edit", "view": true}]}, {"name": "Handbook", "path": "/crm/handbook", "view": true, "routes": [{"name": "Group", "path": "/crm/handbook/group", "view": true}, {"name": "Handbook", "path": "/crm/handbook", "view": true}]}, {"name": "Notifications", "path": "/notifications", "view": true, "routes": [{"name": "Providers", "path": "/crm/notifications/providers", "view": true}, {"name": "Templates", "path": "/crm/notifications/templates", "view": true}, {"name": "Action", "path": "/crm/notifications/actions", "view": true}]}, {"name": "Locations", "path": "/crm/locations", "view": true, "routes": [{"name": "Locations Group", "path": "/crm/locations/groups", "view": true}, {"name": "Locations", "path": "/crm/locations", "view": true}]}, {"name": "Backup", "path": "/crm/backup-service", "view": true, "routes": [{"name": "Backup List", "path": "/crm/backup-service", "view": true}]}]	\N	\N
6	MSP	f	[{"name": "User", "path": "/crm/users", "view": true, "routes": [{"name": "User List", "path": "/crm/users", "view": true}, {"name": "Clients", "path": "/crm/users/clients", "view": true}, {"name": "Shoppers", "path": "/crm/users/shoppers", "view": true}, {"name": "Group", "path": "/crm/users/groups", "view": true}, {"name": "Role", "path": "/crm/users/role", "view": true}, {"name": "Settings", "path": "/crm/users/settings/edit", "view": true}]}, {"name": "Handbook", "path": "/crm/handbook", "view": true, "routes": [{"name": "Group", "path": "/crm/handbook/group", "view": true}, {"name": "Handbook", "path": "/crm/handbook", "view": true}]}, {"name": "Notifications", "path": "/notifications", "view": true, "routes": [{"name": "Providers", "path": "/crm/notifications/providers", "view": true}, {"name": "Templates", "path": "/crm/notifications/templates", "view": true}, {"name": "Action", "path": "/crm/notifications/actions", "view": true}]}, {"name": "Locations", "path": "/crm/locations", "view": true, "routes": [{"name": "Locations Group", "path": "/crm/locations/groups", "view": true}, {"name": "Locations", "path": "/crm/locations", "view": true}]}, {"name": "Backup", "path": "/crm/backup-service", "view": true, "routes": [{"name": "Backup List", "path": "/crm/backup-service", "view": true}]}]	\N	\N
7	Admin	f	[{"name": "User", "path": "/crm/users", "view": true, "routes": [{"name": "User List", "path": "/crm/users", "view": true}, {"name": "Clients", "path": "/crm/users/clients", "view": true}, {"name": "Shoppers", "path": "/crm/users/shoppers", "view": true}, {"name": "Group", "path": "/crm/users/groups", "view": true}, {"name": "Role", "path": "/crm/users/role", "view": true}, {"name": "Settings", "path": "/crm/users/settings/edit", "view": true}]}, {"name": "Handbook", "path": "/crm/handbook", "view": true, "routes": [{"name": "Group", "path": "/crm/handbook/group", "view": true}, {"name": "Handbook", "path": "/crm/handbook", "view": true}]}, {"name": "Notifications", "path": "/notifications", "view": true, "routes": [{"name": "Providers", "path": "/crm/notifications/providers", "view": true}, {"name": "Templates", "path": "/crm/notifications/templates", "view": true}, {"name": "Action", "path": "/crm/notifications/actions", "view": true}]}, {"name": "Locations", "path": "/crm/locations", "view": true, "routes": [{"name": "Locations Group", "path": "/crm/locations/groups", "view": true}, {"name": "Locations", "path": "/crm/locations", "view": true}]}, {"name": "Backup", "path": "/crm/backup-service", "view": true, "routes": [{"name": "Backup List", "path": "/crm/backup-service", "view": true}]}]	\N	\N
3	Manager	f	[{"name": "User", "path": "/crm/users", "view": true, "routes": [{"name": "User List", "path": "/crm/users", "view": true}, {"name": "Clients", "path": "/crm/users/clients", "view": true}, {"name": "Shoppers", "path": "/crm/users/shoppers", "view": true}, {"name": "Group", "path": "/crm/users/groups", "view": true}, {"name": "Role", "path": "/crm/users/role", "view": true}, {"name": "Settings", "path": "/crm/users/settings/edit", "view": true}]}, {"name": "Handbook", "path": "/crm/handbook", "view": true, "routes": [{"name": "Group", "path": "/crm/handbook/group", "view": true}, {"name": "Handbook", "path": "/crm/handbook", "view": true}]}, {"name": "Notifications", "path": "/notifications", "view": true, "routes": [{"name": "Providers", "path": "/crm/notifications/providers", "view": true}, {"name": "Templates", "path": "/crm/notifications/templates", "view": true}, {"name": "Action", "path": "/crm/notifications/actions", "view": true}]}, {"name": "Locations", "path": "/crm/locations", "view": true, "routes": [{"name": "Locations Group", "path": "/crm/locations/groups", "view": true}, {"name": "Locations", "path": "/crm/locations", "view": true}]}, {"name": "Backup", "path": "/crm/backup-service", "view": true, "routes": [{"name": "Backup List", "path": "/crm/backup-service", "view": true}]}]	\N	\N
1	Shopper	t	[{"name": "User", "path": "/crm/users", "view": true, "routes": [{"name": "User List", "path": "/crm/users", "view": true}, {"name": "Clients", "path": "/crm/users/clients", "view": true}, {"name": "Shoppers", "path": "/crm/users/shoppers", "view": true}, {"name": "Group", "path": "/crm/users/groups", "view": true}, {"name": "Role", "path": "/crm/users/role", "view": true}, {"name": "Settings", "path": "/crm/users/settings/edit", "view": true}]}, {"name": "Handbook", "path": "/crm/handbook", "view": true, "routes": [{"name": "Group", "path": "/crm/handbook/group", "view": true}, {"name": "Handbook", "path": "/crm/handbook", "view": true}]}, {"name": "Notifications", "path": "/notifications", "view": true, "routes": [{"name": "Providers", "path": "/crm/notifications/providers", "view": true}, {"name": "Templates", "path": "/crm/notifications/templates", "view": true}, {"name": "Action", "path": "/crm/notifications/actions", "view": true}]}, {"name": "Locations", "path": "/crm/locations", "view": true, "routes": [{"name": "Locations Group", "path": "/crm/locations/groups", "view": true}, {"name": "Locations", "path": "/crm/locations", "view": true}]}, {"name": "Backup", "path": "/crm/backup-service", "view": true, "routes": [{"name": "Backup List", "path": "/crm/backup-service", "view": true}]}]	\N	\N
\.


--
-- Data for Name: scheduling_shops; Type: TABLE DATA; Schema: public; Owner: pma
--

COPY public.scheduling_shops (id, name, location_name, project_id, location_id, respondent_id, status, scheduler_id, visit_date, visit_date_time, visit_start, visit_start_time, visit_price, bank, course, expense_price, expense_bank, expense_course, incentive_price, incentive_bank, incentive_course, reimbursement_price, reimbursement_bank, reimbursement_course, special_price, special_bank, special_course, special_description, hash, progress, visit_bonus) FROM stdin;
141	Новый Арбат_2	Новый Арбат	15	30	\N	1	1	2024-12-18	08:38:27	2024-12-18	08:38:27	300	bank_1	usd	0	bank_1	usd	0	bank_1	usd	0	bank_1	usd	0	bank_1	usd		7650462550	\N	0
143	Тверская_2	Тверская	15	31	\N	1	1	2024-12-18	08:38:27	2024-12-18	08:38:27	300	bank_1	usd	0	bank_1	usd	0	bank_1	usd	0	bank_1	usd	0	bank_1	usd		8895558199	\N	0
145	Михайловский проезд_2	Михайловский проезд	15	29	\N	1	1	2024-12-18	08:38:27	2024-12-18	08:38:27	300	bank_1	usd	0	bank_1	usd	0	bank_1	usd	0	bank_1	usd	0	bank_1	usd		2332397254	\N	0
142	Новый Арбат_2_1	Новый Арбат	15	30	27	2	1	2024-12-18	08:45:50	2024-12-18	08:45:50	300	bank_1	usd	0	bank_1	usd	0	bank_1	usd	0	bank_1	usd	0	bank_1	usd		6819285146	\N	0
144	Тверская_2_1	Тверская	15	31	27	2	1	2024-12-18	08:45:50	2024-12-18	08:45:50	300	bank_1	usd	0	bank_1	usd	0	bank_1	usd	0	bank_1	usd	0	bank_1	usd		9047964317	\N	0
146	Михайловский проезд_2_1	Михайловский проезд	15	29	27	9	1	2024-12-18	08:45:50	2024-12-18	08:45:50	300	bank_1	usd	0	bank_1	usd	0	bank_1	usd	0	bank_1	usd	0	bank_1	usd		7972280675	100	0
152	Михайловский проезд_2	Михайловский проезд	15	29	27	2	1	2024-12-18	16:11:03	2024-12-18	16:11:03	300	bank_1	usd	0	bank_1	usd	0	bank_1	usd	0	bank_1	usd	0	bank_1	usd		0693806047	\N	0
153	Михайловский проезд_2_1	Михайловский проезд	15	29	27	2	1	2024-12-18	16:11:03	2024-12-18	16:11:03	300	bank_1	usd	0	bank_1	usd	0	bank_1	usd	0	bank_1	usd	0	bank_1	usd		8188637110	\N	0
139	Test name 1_2	Test name 1	12	21	27	9	1	2024-12-17	08:09:07	2024-12-17	08:09:07	50	bank_1	usd	0	bank_1	usd	0	bank_1	usd	0	bank_1	usd	10	bank_1	usd		4860889238	100	0
147	Тверская_2	Тверская	15	31	\N	1	1	2024-12-18	13:07:58	2024-12-18	13:07:58	300	bank_1	usd	0	bank_1	usd	0	bank_1	usd	0	bank_1	usd	0	bank_1	usd		5179739879	\N	0
148	Тверская_2_1	Тверская	15	31	\N	1	1	2024-12-18	13:07:58	2024-12-18	13:07:58	300	bank_1	usd	0	bank_1	usd	0	bank_1	usd	0	bank_1	usd	0	bank_1	usd		6573862614	\N	0
149	Тверская_2_2	Тверская	15	31	\N	1	1	2024-12-18	13:07:58	2024-12-18	13:07:58	300	bank_1	usd	0	bank_1	usd	0	bank_1	usd	0	bank_1	usd	0	bank_1	usd		5351847111	\N	0
150	Тверская_2_3	Тверская	15	31	\N	1	1	2024-12-18	13:07:58	2024-12-18	13:07:58	300	bank_1	usd	0	bank_1	usd	0	bank_1	usd	0	bank_1	usd	0	bank_1	usd		3763260816	\N	0
151	Новый Арбат_2	Новый Арбат	15	30	\N	1	1	2024-12-18	13:07:58	2024-12-18	13:07:58	300	bank_1	usd	0	bank_1	usd	0	bank_1	usd	0	bank_1	usd	0	bank_1	usd		9182914501	\N	0
154	Михайловский проезд_2	Михайловский проезд	15	29	\N	1	1	2024-12-18	13:27:04	2024-12-18	13:27:04	300	bank_1	usd	0	bank_1	usd	0	bank_1	usd	0	bank_1	usd	0	bank_1	usd		1173631751	\N	0
140	Test name 2_2	Test name 2	12	20	27	2	1	2024-12-17	08:09:07	2024-12-17	08:09:07	50	bank_1	usd	0	bank_1	usd	0	bank_1	usd	0	bank_1	usd	10	bank_1	usd		4593312813	100	0
\.


--
-- Data for Name: status_changes; Type: TABLE DATA; Schema: public; Owner: pma
--

COPY public.status_changes (id, entity_id, entity_type, user_id, old_status, new_status, changed_at) FROM stdin;
1	11	user	1	0	1	2024-10-03 11:26:53.491889
2	11	user	1	1	0	2024-10-03 11:27:05.461988
3	28	user	1	0	1	2024-12-17 14:18:21.51485
4	28	user	1	1	0	2024-12-17 14:19:16.429719
5	12	user	1	0	1	2024-12-20 16:16:36.761131
6	12	user	1	1	0	2024-12-20 16:16:40.75751
\.


--
-- Data for Name: user_client_access; Type: TABLE DATA; Schema: public; Owner: pma
--

COPY public.user_client_access (id, client_id, user_id) FROM stdin;
1	14	23
2	10	23
4	14	24
5	11	24
6	10	24
3	11	23
\.


--
-- Data for Name: user_clients; Type: TABLE DATA; Schema: public; Owner: pma
--

COPY public.user_clients (id, user_id, logo, created_at, updated_at, dashboard_positions, levels, customization) FROM stdin;
1	3	https://proxy.happeas.space/file/read/local/1/Google_2015_logo.svg.png	2024-10-01 12:42:03.367	2024-10-01 12:42:03.367	\N	\N	\N
2	4	https://proxy.happeas.space/file/read/local/1/Google_2015_logo.svg.png	2024-10-01 12:45:50.209	2024-10-01 12:45:50.209	\N	\N	\N
3	6	https://proxy.happeas.space/file/read/local/1/Google_2015_logo.svg.png	2024-10-02 15:55:49.173	2024-10-02 15:55:49.173	\N	\N	\N
4	8	https://proxy.happeas.space/file/read/local/1/Google_2015_logo.svg.png	2024-10-02 15:58:59.402	2024-10-02 15:58:59.402	\N	\N	\N
5	9	https://proxy.happeas.space/file/read/local/1/Google_2015_logo.svg.png	2024-10-02 16:00:29.55	2024-10-02 16:00:29.55	\N	\N	\N
6	10	https://proxy.happeas.space/file/read/local/1/Google_2015_logo.svg.png	2024-10-02 16:11:38.853	2024-10-02 16:11:38.853	\N	\N	\N
8	1	\N	2024-10-11 09:43:20.576	2024-10-31 09:19:49.213	{"componentsOrder":["AreaChartComponent","Box","BasicTables"],"lineChartData":[{"id":"lineValue1","title":"32.5","subTitle":"Lorem","data":[820,932,901,934,1290,1330,1320,820,932,901,934,1290,1330,1320],"color":"#FFA500"},{"id":"lineValue2","title":"65.0","subTitle":"Lorem","data":[820,932,901,934,1290,1330,1320],"color":"#3F56CB"},{"id":"lineValue3","title":"86.8","subTitle":"Lorem","data":[820,932,901,934,1290,1330,1320],"color":"#0D8F6F"},{"id":"lineValue4","title":"74.8","subTitle":"Lorem","data":[820,932,901,934,1290,1330,1320],"color":"#D82700"}],"sliderValues":[13,6,6,2]}	\N	\N
11	28	https://proxy.happeas.space/file/read/local/1/ava.png	2024-11-12 10:14:36.481	2024-12-09 07:26:48.613	""	[]	{"background": "", "cell_color": "#000000", "text_color": "#000000", "chart_color": "#000000", "button_color": "#000000", "overlay_color": "#000000", "submenu_color": "#000000", "surveyTextColor": "#000000", "top_panel_color": "#000000", "background_color": "#000000", "title_on_widgets": "#000000", "bottom_cell_color": "#000000", "surveyHeaderColor": "#000000", "button_hover_color": "#e13333", "surveySectionColor": "#ff1414", "surveyBackgroundColor": "#000000", "surveyHeaderBackground": "#63a810", "surveySectionBackground": "#000000", "text_color_in_sub_buttons": "#000000"}
10	25	https://proxy.happeas.space/file/read/local/1/Screenshot at Oct 30 10-09-34.png	2024-10-30 08:11:36.044	2024-12-13 09:59:23.986	""	[]	{"background": "", "cell_color": "#000000", "text_color": "#000000", "chart_color": "#000000", "button_color": "#000000", "overlay_color": "#000000", "submenu_color": "#000000", "surveyTextColor": "#000000", "top_panel_color": "#000000", "background_color": "#000000", "title_on_widgets": "#000000", "bottom_cell_color": "#000000", "surveyHeaderColor": "#000000", "button_hover_color": "#000000", "surveySectionColor": "#000000", "surveyBackgroundColor": "#000000", "surveyHeaderBackground": "#000000", "surveySectionBackground": "#000000", "text_color_in_sub_buttons": "#000000"}
9	14	https://proxy.happeas.space/file/read/local/1/ÃÂ»ÃÂ¸ÃÂÃÂÃÂ¾ÃÂ½.jpg	2024-10-17 13:23:19.357	2024-12-13 10:01:28.085	""	[]	{"background": "", "cell_color": "#000000", "text_color": "#000000", "chart_color": "#000000", "button_color": "#000000", "overlay_color": "#000000", "submenu_color": "#000000", "surveyTextColor": "#000000", "top_panel_color": "#000000", "background_color": "#000000", "title_on_widgets": "#000000", "bottom_cell_color": "#000000", "surveyHeaderColor": "#000000", "button_hover_color": "#000000", "surveySectionColor": "#000000", "surveyBackgroundColor": "#000000", "surveyHeaderBackground": "#000000", "surveySectionBackground": "#000000", "text_color_in_sub_buttons": "#000000"}
7	11	https://proxy.happeas.space/file/read/local/1/5581197.png	2024-10-03 11:26:07.593	2024-12-13 10:02:12.606	""	[]	{"background": "https://proxy.happeas.space/file/read/local/1/5581197.png", "cell_color": "#000000", "text_color": "#000000", "chart_color": "#000000", "button_color": "#000000", "overlay_color": "#000000", "submenu_color": "#000000", "surveyTextColor": "#000000", "top_panel_color": "#196728", "background_color": "#e22828", "title_on_widgets": "#000000", "bottom_cell_color": "#000000", "surveyHeaderColor": "#f5f5f5", "button_hover_color": "#000000", "surveySectionColor": "#ededed", "surveyBackgroundColor": "#1babf3", "surveyHeaderBackground": "#1c1b46", "surveySectionBackground": "#0c0e41", "text_color_in_sub_buttons": "#000000"}
12	29	https://proxy.happeas.space/file/read/local/1/image 1.png	2024-12-18 08:20:25.257	2024-12-18 08:20:25.257	""	[]	{"background": "https://proxy.happeas.space/file/read/local/1/PING.png", "cell_color": "#000000", "text_color": "#FFA800", "chart_color": "#000000", "button_color": "#FFA800", "overlay_color": "#000000", "submenu_color": "#000000", "top_panel_color": "#000000", "background_color": "#FFA800", "title_on_widgets": "#000000", "bottom_cell_color": "#000000", "button_hover_color": "#FFA800", "text_color_in_sub_buttons": "#000000"}
13	30	https://proxy.happeas.space/file/read/local/1/images (1).png	2024-12-18 08:23:38.249	2024-12-18 12:49:25.079	""	[]	{"background": "https://proxy.happeas.space/file/read/local/1/images (1).png", "cell_color": "#000000", "text_color": "#FFA800", "chart_color": "#000000", "button_color": "#FFA800", "overlay_color": "#000000", "submenu_color": "#000000", "surveyTextColor": "#000000", "top_panel_color": "#000000", "background_color": "#FFA800", "title_on_widgets": "#000000", "bottom_cell_color": "#000000", "surveyHeaderColor": "#000000", "button_hover_color": "#FFA800", "surveySectionColor": "#000000", "surveyBackgroundColor": "#000000", "surveyHeaderBackground": "#000000", "surveySectionBackground": "#000000", "text_color_in_sub_buttons": "#000000"}
14	31	https://proxy.happeas.space/file/read/local/1/PING.png	2024-12-18 12:54:40.546	2024-12-18 12:54:40.546	""	[]	{"background": "https://proxy.happeas.space/file/read/local/1/PING.png", "cell_color": "#000000", "text_color": "#FFA800", "chart_color": "#000000", "button_color": "#FFA800", "overlay_color": "#000000", "submenu_color": "#000000", "top_panel_color": "#000000", "background_color": "#FFA800", "title_on_widgets": "#000000", "bottom_cell_color": "#000000", "button_hover_color": "#FFA800", "text_color_in_sub_buttons": "#000000"}
15	32	https://proxy.happeas.space/file/read/local/1/PING.png	2024-12-18 12:55:40.094	2024-12-18 12:58:15.08	""	[]	{"background": "https://proxy.happeas.space/file/read/local/1/PING.png", "cell_color": "#000000", "text_color": "#FFA800", "chart_color": "#000000", "button_color": "#FFA800", "overlay_color": "#000000", "submenu_color": "#000000", "surveyTextColor": "#000000", "top_panel_color": "#000000", "background_color": "#FFA800", "title_on_widgets": "#000000", "bottom_cell_color": "#000000", "surveyHeaderColor": "#000000", "button_hover_color": "#FFA800", "surveySectionColor": "#000000", "surveyBackgroundColor": "#000000", "surveyHeaderBackground": "#000000", "surveySectionBackground": "#000000", "text_color_in_sub_buttons": "#000000"}
16	33	https://proxy.happeas.space/file/read/local/1/53eaab7a1f19ebe42b0b2667ef0abf64.jpg	2024-12-20 12:16:09.93	2024-12-20 15:54:53.496	""	[]	{"background": "https://proxy.happeas.space/file/read/local/1/53eaab7a1f19ebe42b0b2667ef0abf64.jpg", "cell_color": "#000000", "text_color": "#FFA800", "chart_color": "#000000", "button_color": "#FFA800", "overlay_color": "#000000", "submenu_color": "#000000", "surveyTextColor": "#000000", "top_panel_color": "#000000", "background_color": "#FFA800", "title_on_widgets": "#000000", "bottom_cell_color": "#000000", "surveyHeaderColor": "#000000", "button_hover_color": "#FFA800", "surveySectionColor": "#000000", "surveyBackgroundColor": "#000000", "surveyHeaderBackground": "#000000", "surveySectionBackground": "#000000", "text_color_in_sub_buttons": "#000000"}
\.


--
-- Data for Name: user_comments; Type: TABLE DATA; Schema: public; Owner: pma
--

COPY public.user_comments (id, who_created, user_id, comment, created_at, updated_at, deleted_at) FROM stdin;
\.


--
-- Data for Name: user_handbook; Type: TABLE DATA; Schema: public; Owner: pma
--

COPY public.user_handbook (id, name, type, handbook_group_id, sort, status, code) FROM stdin;
1	If you have a car?	radio	1	1	t	have_car
2	Where are you willing to visit?	radio	1	1	t	willing_visit
3	Zip code	input	1	1	t	zip_code
6	Office address	input	2	4	t	office_address
7	Contract end date	input	2	5	t	contract_end_date
8	Contract person name	input	2	6	t	contract_person_name
9	Competitor client	input	2	7	t	competitor_client
11	Date of birth	date	3	1	t	date_of_birth
12	Reliable transportation	select	4	2	t	reliable_transportation
13	Highest completed educational(optional)	select	4	3	t	completed_educational
14	Current job(optional)	input	4	4	t	current_job
15	Income level	input	4	5	t	income_level
16	Employment type	select	4	6	t	employment_type
17	Partner employment type	input	4	7	t	partner_employment_type
18	Number of children(optional)	select	4	8	t	number_of_children
19	Where did you hear from us?	select	4	9	t	here_from_us
20	Postal code	input	4	10	t	postal_code
21	PayPal address	input	4	11	t	paypal_address
22	Do you like to travel?	select	4	12	t	like_travel
23	Pets(optional)	input	4	13	t	pets
24	Do you have a valid driver’s licence?	select	4	14	t	driver_licence
38	Colour	input	5	2	t	colour_competitor
39	Competitor location	input	5	1	t	location_competitor
25	Driving Experience	select	3	1	t	driving_experience
27	Currency	select	3	3	t	currencies
28	MSP Logo	input	6	1	t	logo
29	MSP App Logo	input	6	2	t	app_logo
30	MSP Main Color	input	6	3	t	main_color
31	MSP Text Color	input	6	4	t	text_color
32	MSP Sub Menu Color	input	6	5	t	sub_menu_color
33	MSP Sub Menu Text Color	input	6	6	t	sub_menu_text_color
34	Address	input	1	9	t	address
35	Sub MSP Name	input	1	10	t	sub_msp_name
36	Manager Link	input	1	11	t	manager_link
37	Shopper Link	input	1	12	t	shopper_link
26	Bank	select	3	2	t	bank
10	Subdivisions client	multiselect	2	8	t	subdivisions_client
4	Language	select	1	2	t	language
5	Industry	select	2	3	t	industry
\.


--
-- Data for Name: user_handbook_filling; Type: TABLE DATA; Schema: public; Owner: pma
--

COPY public.user_handbook_filling (id, user_id, handbook_id, value, json_value, color) FROM stdin;
1	3	3	3334	\N	\N
2	3	5	convenience_stores	\N	\N
3	3	4	en	\N	\N
4	3	6	wqewqe	\N	\N
5	3	7	2024-10-31	\N	\N
6	3	9	eqweq	\N	\N
7	3	8	Petro	\N	\N
8	3	10		["customer_service"]	\N
9	4	3	32123	\N	\N
10	4	5	enertainment	\N	\N
11	4	4	en	\N	\N
12	4	7	2024-10-22	\N	\N
13	4	8	qweweqw	\N	\N
14	4	9	32423	\N	\N
15	4	6	wqewqq	\N	\N
16	4	10		["customer_service"]	\N
17	6	3	23323	\N	\N
18	6	5	automotive	\N	\N
19	6	4	en	\N	\N
20	6	6	TestCompany	\N	\N
21	6	9	TestCompany	\N	\N
22	6	7	2024-10-31	\N	\N
23	6	10		["tv_hifi"]	\N
24	6	8	TestCompany	\N	\N
25	8	10		["customer_service"]	\N
26	8	3	2333	\N	\N
27	8	6	dev2studio2018@gmail.com\t	\N	\N
28	8	4	en	\N	\N
29	8	8	dev2studio2018@gmail.com\t	\N	\N
30	8	5	business_to_business	\N	\N
31	8	7	2024-10-24	\N	\N
32	8	9	qwqww	\N	\N
33	9	5	car_wash	\N	\N
34	9	4	en	\N	\N
35	9	3	2323	\N	\N
36	9	7	2024-10-15	\N	\N
37	9	8	dev2studio2018@gmail.com\t	\N	\N
38	9	10		["customer_service"]	\N
39	9	9	sdsdf	\N	\N
40	9	6	sadasa	\N	\N
41	10	3	3333	\N	\N
42	10	5	automotive	\N	\N
43	10	6	werwe	\N	\N
44	10	4	en	\N	\N
45	10	7	2024-10-23	\N	\N
46	10	10		["customer_service"]	\N
47	10	8	qwwqeq	\N	\N
48	10	9	wqewqq	\N	\N
49	11	3	1024	\N	\N
50	11	6	31. Lövőház u.	\N	\N
51	11	4	en	\N	\N
53	11	7	2024-10-31	\N	\N
54	11	8	Zoltan Herczeg	\N	\N
55	11	9	Competitor 1	\N	\N
94	29	6	1221	\N	\N
95	29	10		[]	\N
96	29	10		[]	\N
98	30	4	Русский	\N	\N
99	30	5	Одежда	\N	\N
100	30	6	тест	\N	\N
101	30	3	000000	\N	\N
102	30	9	нет конкурентов	\N	\N
52	11	5	automotive	\N	\N
103	30	8	Соловьева Оксана	\N	\N
104	30	10		[]	\N
105	30	10		[]	\N
106	30	7	2025-01-22	\N	\N
58	14	6	г. Москва, Гамсоновский переулок, 1, строение 3	\N	\N
59	14	4	Русский	\N	\N
60	14	3	123456	\N	\N
61	14	8	Иванов Иван Иванович	\N	\N
63	14	7	2025-10-17	\N	\N
64	14	9	тест	\N	\N
97	30	5	Одежда	\N	\N
107	31	3	2323	\N	\N
65	23	3	3333	\N	\N
66	23	34	test	\N	\N
67	23	4	Русский	\N	\N
68	24	34	test2	\N	\N
69	24	3	33333	\N	\N
70	24	4	Русский	\N	\N
108	31	5	qweq	\N	\N
71	25	3	123123	\N	\N
72	25	4	Русский	\N	\N
73	25	6	Moskow	\N	\N
75	25	7	2024-10-31	\N	\N
76	25	8	Александр Сергеевич Пушкин	\N	\N
77	25	9	Лермонтов	\N	\N
79	28	5	qweq	\N	\N
80	28	6	eqewwq	\N	\N
81	28	3	21233	\N	\N
82	28	4	en	\N	\N
83	28	7	2024-11-23	\N	\N
84	28	8	qweqwe	\N	\N
86	28	9	qweq	\N	\N
109	31	5	qweq	\N	\N
110	31	4	Русский	\N	\N
111	31	6	qewqeqw	\N	\N
85	28	10		["tv_hifi"]	\N
112	31	8	23423	\N	\N
113	31	7	2024-12-20	\N	\N
114	31	10		[]	\N
115	31	10		[]	\N
116	32	3	1221	\N	\N
117	32	4	en	\N	\N
74	25	5	dev	\N	\N
120	32	7	2024-12-26	\N	\N
78	25	10		["wood","tiles","life_insurance"]	\N
121	32	8	qweqweqw	\N	\N
122	32	6	qwewqe	\N	\N
123	32	10		[]	\N
57	14	5	Dev	\N	\N
124	32	10		[]	\N
62	14	10		["wood"]	\N
130	33	7	2024-12-27	\N	\N
56	11	10		["wood","sanitary"]	\N
87	29	5	qweq	\N	\N
88	29	3	2122	\N	\N
89	29	5	qweq	\N	\N
90	29	4	Русский	\N	\N
91	29	9	12131212	\N	\N
92	29	8	123123	\N	\N
93	29	7	2024-12-26	\N	\N
119	32	5	одежда	\N	\N
131	33	10		[]	\N
118	32	5	одежда	\N	\N
125	32	9	 йуй	\N	\N
126	33	4	en	\N	\N
127	33	3	72634	\N	\N
129	33	5	Одежда	\N	\N
133	33	8	jkfsdhkfj	\N	\N
132	33	6	fds22	\N	\N
128	33	5	training	\N	\N
134	33	9	231231	\N	\N
\.


--
-- Data for Name: user_handbook_group; Type: TABLE DATA; Schema: public; Owner: pma
--

COPY public.user_handbook_group (id, name, sort, status) FROM stdin;
1	Additional data	1	t
2	Client	1	t
3	Profile(Shopper general)	1	t
4	Profile(Shopper additional)	1	t
5	Competitor	1	t
6	Customizations	1	t
\.


--
-- Data for Name: user_handbook_link; Type: TABLE DATA; Schema: public; Owner: pma
--

COPY public.user_handbook_link (id, handbook_id, handbook_group_id, role_id, group_id) FROM stdin;
4	0	1	3	0
5	0	1	3	0
1	0	2	2	0
3	0	1	2	0
6	0	3	1	0
7	0	4	1	0
2	0	1	1	0
8	0	5	5	0
9	5	0	5	0
10	10	0	5	0
11	0	1	6	0
12	0	6	6	0
13	0	1	3	0
14	0	1	3	0
15	0	2	2	0
16	0	1	2	0
17	0	3	1	0
18	0	4	1	0
19	0	1	1	0
20	0	5	5	0
21	5	0	5	0
22	10	0	5	0
23	0	1	6	0
24	0	6	6	0
25	43	0	6	0
26	3	0	6	0
27	42	0	6	0
28	41	0	6	0
29	34	0	6	0
30	0	6	6	0
31	29	0	6	0
32	30	0	6	0
33	28	0	6	0
34	32	0	6	0
35	33	0	6	0
36	31	0	6	0
\.


--
-- Data for Name: user_handbook_value; Type: TABLE DATA; Schema: public; Owner: pma
--

COPY public.user_handbook_value (id, handbook_id, label, value, sort, color) FROM stdin;
1	1	Yes, the car is on gas	if_car_1	1	\N
2	1	Yes, petrol car	if_car_2	1	\N
3	1	Yes, electric	if_car_3	1	\N
4	1	No	if_car_4	2	\N
5	2	in your area	willing_visit_1	2	\N
6	2	city	willing_visit_2	2	\N
7	2	region	willing_visit_3	2	\N
8	12	Yes	reliable_transportation_1	1	\N
9	12	No	reliable_transportation_2	2	\N
10	13	High school	completed_educational_1	1	\N
11	13	College	completed_educational_2	2	\N
12	13	University	completed_educational_3	3	\N
13	13	Master	completed_educational_4	4	\N
14	13	PhD	completed_educational_5	5	\N
15	16	Full-time	employment_type_1	1	\N
16	16	Part-time	employment_type_2	2	\N
17	16	Freelance	employment_type_3	3	\N
18	16	Contract	employment_type_4	4	\N
19	18	0	number_of_children_1	1	\N
20	18	1	number_of_children_2	2	\N
21	18	2	number_of_children_3	3	\N
22	18	3	number_of_children_4	4	\N
23	18	4	number_of_children_5	5	\N
24	18	5	number_of_children_6	6	\N
25	18	6	number_of_children_7	7	\N
26	18	7	number_of_children_8	8	\N
27	18	8	number_of_children_9	9	\N
28	18	9	number_of_children_10	10	\N
29	19	Google	here_from_us_1	1	\N
30	19	Facebook	here_from_us_2	2	\N
31	19	Instagram	here_from_us_3	3	\N
32	19	Friends	here_from_us_4	4	\N
33	19	Other	here_from_us_5	5	\N
34	22	Yes	like_travel_1	1	\N
35	22	No	like_travel_2	2	\N
36	24	Yes	driver_licence_1	1	\N
37	243	No	driver_licence_2	2	\N
79	25	0-1 year	driving_experience_1	1	\N
80	25	1-3 years	driving_experience_2	2	\N
81	25	3-5 years	driving_experience_3	3	\N
82	25	5-10 years	driving_experience_4	4	\N
83	25	10+ years	driving_experience_5	5	\N
88	27	USD	usd	1	\N
89	27	EUR	eur	2	\N
90	27	UAH	uah	3	\N
91	27	HUF	huf	4	\N
92	27	RUB	rub	5	\N
163	26	PrivatBank	bank_1	1	#000000
164	26	Monobank	bank_2	2	#000000
165	26	Raiffeisen Bank Aval	bank_4	4	#000000
166	26	Oschadbank	bank_3	3	#000000
253	5	qweq	qweq	0	#000000
216	4	Русский	Русский	0	#000000
217	4	English	en	1	#000000
199	10	Wood	wood	1	#000000
201	10	Building material	building_material	5	#000000
218	4	German	de	2	#000000
200	10	Sanitary	sanitary	2	#000000
202	10	Customer service	customer_service	5	#000000
207	10	Photo/Telecommunication	photo_telecommunication	5	#000000
219	4	French	fr	3	#000000
203	10	Tiles	tiles	3	#000000
220	5	Одежда	Одежда	0	#000000
221	5	Pharmacies	pharmacies	5	#000000
222	5	Wholesale	wholesale	5	#000000
235	5	Loft	loft	5	#000000
204	10	Computer Software	computer_software	5	#000000
223	5	Car wash	car_wash	3	#000000
233	5	Storage	storage	5	#000000
241	5	Lodging, accommodation	lodging_accommodation	5	#000000
205	10	Life insurance	life_insurance	4	#000000
224	5	Automotive	automotive	1	#000000
234	5	Grocery	grocery	5	#000000
242	5	Real estate	real_estate	5	#000000
206	10	TV-Hifi	tv_hifi	5	#000000
225	5	Business-to-Business	business_to_business	2	#000000
238	5	Shipping, transportation	shipping_transportation	5	#000000
208	10	Vehicle insurance	vehicle_insurance	5	#000000
226	5	Lottery store	lottery_store	5	#000000
232	5	Retail	retail	5	#000000
240	5	Training	training	5	#000000
209	10	Electric	electric	5	#cb2020
227	5	Health Care	health_care	5	#000000
236	5	Telecommunication	telecommunication	5	#000000
244	5	Other	other	5	#000000
210	10	Property insurance	property_insurance	5	#000000
229	5	Financial	financial	5	#000000
237	5	Food service	food_service	5	#000000
245	5	Gas Stations	gas_stations	5	#000000
211	10	Garden	garden	5	#000000
228	5	Enertainment	enertainment	5	#000000
239	5	Financial consultancy	financial_consultancy	5	#000000
247	5	Одежда	одежда	5	\N
230	5	Convenience Stores	convenience_stores	4	#000000
243	5	Government	government	5	#000000
231	5	FMCG	fmcg	5	#000000
246	5	Construction	construction	5	#000000
248	27	PLN	PLN	0	#000000
249	26	PayPal	PayPal	0	#000000
250	27	GOLD	GOLD	0	#000000
251	5	Dev	Dev	0	#000000
252	5	Dev	dev	5	\N
\.


--
-- Data for Name: user_integrations; Type: TABLE DATA; Schema: public; Owner: pma
--

COPY public.user_integrations (id, user_id, service, token, data, created_at, updated_at) FROM stdin;
\.


--
-- Data for Name: user_notes; Type: TABLE DATA; Schema: public; Owner: pma
--

COPY public.user_notes (id, user_id, theme, comment, created_at, who_created) FROM stdin;
\.


--
-- Data for Name: user_notifications; Type: TABLE DATA; Schema: public; Owner: pma
--

COPY public.user_notifications (id, user_id, action_id, notification, status, created_at, updated_at) FROM stdin;
1	1	0	<p>New client <strong>Google &nbsp;</strong></p>	read	2024-10-01 12:42:03.485315	2024-10-01 12:42:03.485315
2	1	0	<p>New client <a href="https://happeas.space/manager/clients#4"><strong>Jeio &nbsp;</strong></a>qwewqe qweqqw eqweqwewqe</p>	read	2024-10-01 12:45:50.293444	2024-10-01 12:45:50.293444
7	1	0	<p>Test local Zoltan Test Client</p>	read	2024-10-15 09:40:09.0882	2024-10-15 09:40:09.0882
8	1	0	<p>Test local Zoltan Test Client</p>	read	2024-10-15 09:40:19.551275	2024-10-15 09:40:19.551275
12	1	0	<p>Test local Zoltan Test Client</p>	read	2024-10-15 15:49:44.229038	2024-10-15 15:49:44.229038
3	1	0	<p>Test local Zoltan Test Client</p>	read	2024-10-14 16:37:43.427111	2024-10-14 16:37:43.427111
4	1	0	<p>Test local Zoltan Test Client</p>	read	2024-10-14 16:38:10.479292	2024-10-14 16:38:10.479292
5	1	0	<p>Test local Zoltan Test Client</p>	read	2024-10-14 16:38:49.20569	2024-10-14 16:38:49.20569
6	1	0	<p>Test local Zoltan Test Client</p>	read	2024-10-14 16:41:31.879149	2024-10-14 16:41:31.879149
9	1	0	<p>Test local Zoltan Test Client</p>	read	2024-10-15 15:46:38.913859	2024-10-15 15:46:38.913859
10	1	0	<p>Test local Zoltan Test Client</p>	read	2024-10-15 15:47:17.928842	2024-10-15 15:47:17.928842
11	1	0	<p>Test local Zoltan Test Client</p>	read	2024-10-15 15:49:34.356234	2024-10-15 15:49:34.356234
13	1	0	<p>Test local Zoltan Test Client</p>	read	2024-10-15 15:53:39.892708	2024-10-15 15:53:39.892708
14	1	0	<p>Test local Zoltan Test Client</p>	read	2024-10-15 15:54:56.145187	2024-10-15 15:54:56.145187
15	1	0	<p>Test local Zoltan Test Client</p>	read	2024-10-15 15:55:49.079003	2024-10-15 15:55:49.079003
16	1	0	<p>Test local Zoltan Test Client</p>	read	2024-10-16 13:14:29.968254	2024-10-16 13:14:29.968254
17	1	0	<p>Test local Zoltan Test Client</p>	read	2024-10-16 13:14:38.03267	2024-10-16 13:14:38.03267
18	1	0	<p>Test local Zoltan Test Client</p>	read	2024-10-16 13:14:45.730794	2024-10-16 13:14:45.730794
19	1	0	<p>Test local Sneakerbox.ru</p>	read	2024-10-18 09:18:57.025748	2024-10-18 09:18:57.025748
20	1	0	<p>Test local Sneakerbox.ru</p>	read	2024-10-18 09:19:20.342613	2024-10-18 09:19:20.342613
21	1	0	<p>Test local Zoltan Test Client</p>	read	2024-10-18 09:19:39.963867	2024-10-18 09:19:39.963867
22	1	0	<p>Test local Sneakerbox.ru</p>	read	2024-10-18 10:35:52.192132	2024-10-18 10:35:52.192132
23	1	0	<p>Test local Sneakerbox.ru</p>	read	2024-10-18 10:39:45.728425	2024-10-18 10:39:45.728425
24	1	0	<p>Test local Pushkin</p>	read	2024-11-12 10:12:50.164846	2024-11-12 10:12:50.164846
25	1	0	<p>Test local qwewqeqw</p>	read	2024-11-12 10:14:56.007694	2024-11-12 10:14:56.007694
26	1	0	<p>Test local Zoltan Test Client</p>	read	2024-11-15 09:52:30.865288	2024-11-15 09:52:30.865288
27	1	0	<p>Test local Zoltan Test Client</p>	read	2024-11-15 09:52:41.015167	2024-11-15 09:52:41.015167
28	1	0	<p>Test local Zoltan Test Client</p>	read	2024-11-15 09:52:55.066979	2024-11-15 09:52:55.066979
29	1	0	<p>Test local qwewqeqw</p>	read	2024-11-15 10:57:58.939595	2024-11-15 10:57:58.939595
30	1	0	<p>Test local Zoltan Test Client</p>	read	2024-11-21 10:40:51.127727	2024-11-21 10:40:51.127727
31	1	0	<p>Test local Zoltan Test Client</p>	read	2024-11-21 10:46:57.758293	2024-11-21 10:46:57.758293
32	1	0	<p>Test local Zoltan Test Client</p>	read	2024-11-21 10:51:41.678248	2024-11-21 10:51:41.678248
35	1	0	<p>Test local qwewqeqw</p>	read	2024-12-09 07:26:48.743729	2024-12-09 07:26:48.743729
33	1	0	<p>Test local Zoltan Test Client</p>	read	2024-11-22 07:39:12.162578	2024-11-22 07:39:12.162578
34	1	0	<p>Test local Zoltan Test Client</p>	read	2024-11-22 07:39:55.856191	2024-11-22 07:39:55.856191
36	1	0	<p>Test local Pushkin</p>	read	2024-12-10 13:26:31.607558	2024-12-10 13:26:31.607558
37	1	0	<p>Test local Zoltan Test Client</p>	read	2024-12-10 13:27:46.904187	2024-12-10 13:27:46.904187
38	1	0	<p>Test local Sneakerbox.ru</p>	read	2024-12-13 09:17:20.685776	2024-12-13 09:17:20.685776
39	1	0	<p>Test local Pushkin</p>	new	2024-12-13 09:59:24.097719	2024-12-13 09:59:24.097719
40	1	0	<p>Test local Sneakerbox.ru</p>	new	2024-12-13 10:00:04.522146	2024-12-13 10:00:04.522146
41	1	0	<p>Test local Sneakerbox.ru</p>	new	2024-12-13 10:01:28.248905	2024-12-13 10:01:28.248905
42	1	0	<p>Test local Zoltan Test Client</p>	new	2024-12-13 10:02:12.7679	2024-12-13 10:02:12.7679
43	1	0	<p>Test local Борн</p>	new	2024-12-18 12:49:25.25953	2024-12-18 12:49:25.25953
44	1	0	<p>Test local qweqw2</p>	new	2024-12-18 12:57:56.138442	2024-12-18 12:57:56.138442
45	1	0	<p>Test local qweqw2</p>	new	2024-12-18 12:58:06.608294	2024-12-18 12:58:06.608294
46	1	0	<p>Test local qweqw2</p>	new	2024-12-18 12:58:15.278026	2024-12-18 12:58:15.278026
47	1	0	<p>Test local fd</p>	read	2024-12-20 15:54:53.578696	2024-12-20 15:54:53.578696
\.


--
-- Data for Name: user_settings; Type: TABLE DATA; Schema: public; Owner: pma
--

COPY public.user_settings (id, code, value, value_json) FROM stdin;
1	language	en	[]
2	currencies	eur	[]
3	clients_roles		[2]
4	shoppers_roles		[1]
6	time_zone	europe/kiev	[]
7	manager_roles		[3]
8	worker_roles		[4]
9	competitor_roles		[5]
10	msp_roles		[6]
11	currency	usd	[]
12	customizations		{"logo": "https://proxy.happeas.space/file/read/local/1/find-your-inner-rhythm-with-black-and-light-blue-heartbeat-mbunn0r2lh3rkm73.jpg", "app_logo": "https://proxy.happeas.space/file/read/local/1/find-your-inner-rhythm-with-black-and-light-blue-heartbeat-mbunn0r2lh3rkm73.jpg", "background": "https://proxy.happeas.space/file/read/local/1/360_F_490948181_HkpX8eP23SDtleouGEZjSnH8drKYtY7M.jpg", "cell_color": "#000000", "text_color": "#333333", "chart_color": "#000000", "button_color": "#FF5733", "overlay_color": "#000000", "submenu_color": "#000000", "surveyTextColor": "#949494", "top_panel_color": "#000000", "background_color": "#FFFFFF", "title_on_widgets": "#000000", "bottom_cell_color": "#000000", "surveyHeaderColor": "#ff0a0a", "button_hover_color": "#C70039", "surveySectionColor": "#ad3434", "surveyBackgroundColor": "#00e069", "surveyHeaderBackground": "#f00000", "surveySectionBackground": "#001f18", "text_color_in_sub_buttons": "#000000"}
5	default_role	1	[]
\.


--
-- Data for Name: user_workers; Type: TABLE DATA; Schema: public; Owner: pma
--

COPY public.user_workers (id, client_id, user_id, status, created_at, updated_at, "position", department, email_work, phone_work, language) FROM stdin;
1	11	12	0	2024-10-03 11:52:55.85628	2024-10-17 14:04:40.921918	pos	dept	worker@email.ml	123123321	EN
2	14	19	0	2024-10-17 15:38:31.924529	2024-10-17 15:38:31.924529	\N	\N	lyubov.domanova1@sneakerbox.ru	79591175671	ru
3	14	20	0	2024-10-17 15:38:32.161018	2024-10-17 15:38:32.161018	\N	\N	ksenia.ivanova2@sneakerbox.ru	79591175673	ru
4	14	21	0	2024-10-17 15:38:32.325829	2024-10-17 15:38:32.325829	\N	\N	dmitry.alpatkin4@sneakerbox.ru	79591175672	en
5	14	22	0	2024-10-17 15:38:32.506699	2024-10-17 15:38:32.506699	\N	\N	valeria.erkhov5a@sneakerbox.ru	79889450028	en
\.


--
-- Data for Name: users; Type: TABLE DATA; Schema: public; Owner: pma
--

COPY public.users (id, email, phone, activation, password, role_id, created_at, updated_at, last_activity, password_recovery_hash, password_recovery_date, password_recovery_type, name, last_name, country, region, city, address, is_worker, gender, deleted_at, "handbookFillings2Id", status, delete_at) FROM stdin;
22	valeria.erkhov5a@sneakerbox.ru	79889450028	f	$2b$10$xDceK4ni5y3XSxBGFeBSSOyPWCOSLFrPU.0pN3rBfFzy9prJza/ga	4	2024-10-17 15:38:32.506699	2024-10-17 15:38:32.506699	\N	\N	\N	\N	Valeria	\N	RU	Moscow City	36557	\N	t	\N	\N	\N	0	\N
5	famss09@gmail.com	323424443223	t	$2b$10$.vZtGIXrcXh5/0BFz.gSR.NpoPwX8/knGXbdocM4A9kwsh793MKOG	7	2024-10-02 15:54:38.925387	2024-10-04 11:51:07.776513	2024-10-04 11:51:07.772	AE13B4	2024-10-04 11:51:07.772	\N	Dima	Der	AF	AF-03	34	\N	f	\N	\N	\N	0	\N
12	upd@worker.wr	3232141234	f	$2b$10$4Y953aPLSkWtMAaD29Q9X./TNoQm/DjLEkePYzapMCX3Y0mclcOru	4	2024-10-03 11:52:55.85628	2024-12-20 16:16:40.761428	\N	\N	\N	\N	New worker	\N	HU	\N	\N	\N	t	\N	\N	\N	0	\N
1	herczegz@yahoo.com	2222232	t	$2b$10$/Hdc396PXZLNML4mJlEJX.dFpjxqyLThFqs8tHCQ04IwyXk1tDp.u	7	2024-09-30 13:36:23.632273	2024-12-20 17:53:05.512518	2024-12-20 17:53:05.507	560C	2024-09-30 13:36:23.629	\N	Admin	Admin	UA	\N	12	\N	f	\N	\N	\N	0	\N
25	aspushkin@gmail.com	79991231233	f	$2b$10$YlUA8oMjaCyxobZZ4tXV/uHYwNH3uHBAicMajdnvJeQ3aY5XaMDKi	2	2024-10-30 08:11:36.016786	2024-12-13 09:59:23.974641	\N	B9B6	2024-10-30 08:11:36.012	\N	Pushkin		RU	\N	36644	\N	f	\N	\N	\N	0	\N
32	ewdqweeq@mailc.com	12131231231	f	$2b$10$rQIdaNOrFlNa9WUs0kXLl.S5oGvoe9B5ly3YF88C3XwBisahxoYs6	2	2024-12-18 12:55:40.04833	2024-12-18 12:58:15.060418	\N	1972	2024-12-18 12:55:40.044	\N	qweqw2	\N	AF	\N	40	\N	f	\N	\N	\N	0	\N
3	dsfds@ma.com	12332232323	f	$2b$10$XkXVzzFYRl6xCJsvBo.MUeQczGt/niY4tAg9/J4SuV6I6Bta3QNUa	2	2024-10-01 12:42:03.349627	2024-10-01 12:42:03.36155	\N	C814	2024-10-01 12:42:03.348	\N	Google		AM	\N	87	\N	f	\N	\N	\N	0	\N
4	qweqw@mail.com	12342443243	f	$2b$10$l9zYctmSI4tslj2tf4cS1.drW5qq94Pu6zrYasfChCDqUkFoDfwv.	2	2024-10-01 12:45:50.194599	2024-10-01 12:45:50.20438	\N	C475	2024-10-01 12:45:50.193	\N	Jeio		AM	\N	87	\N	f	\N	\N	\N	0	\N
23	test@msp.com	13323423424	f	$2b$10$Q/muM7.xlvgC5cnW9/1vGuSFxEVH8BZ4Khsy50zU92kdrMHieIImy	6	2024-10-18 10:14:19.085557	2024-10-18 10:14:19.102199	\N	578A	2024-10-18 10:14:19.083	\N	test	test	AF	\N	34	\N	f	\N	\N	\N	0	\N
24	test2@gmail.com	14353453453	f	$2b$10$VN1yUgQYXYrNnRHrPSoRLOnOdLaYs6eJ6TBYnKoJ0zJI/UIXT0wQO	6	2024-10-18 10:14:42.2771	2024-10-18 10:14:42.292811	\N	1AE7	2024-10-18 10:14:42.275	\N	test2	test2	AF	\N	34	\N	f	\N	\N	\N	0	\N
13	famss2209@gmail.com	3669962222	f	$2b$10$oFgEyr0zFHbHfs4PQQKKzeD83TuxTHHJq/xdp25xeIwZrQa4IAQjS	1	2024-10-08 07:49:32.048378	2024-10-08 07:49:32.071053	\N	81FD	2024-10-08 07:49:32.041	\N	dimo	ligenko	AF	AF-03	34	\N	f	\N	\N	\N	0	\N
10	dev2studio2018@gmail.com	13333333333	f	$2b$10$Yvh0cupdYIFqIXXEk3y5MOT/9v33z9I7FnJn5uiD4t1RjrLlbohLO	2	2024-10-02 16:11:38.830464	2024-10-08 07:51:11.942409	2024-10-08 07:51:11.94	68889F	2024-10-08 07:51:11.94	\N	qwswq		AM	\N	87	\N	f	\N	\N	\N	0	\N
11	buvarzoli79@gmail.com	11234567888	f	$2b$10$D9NdC1jtor5gWTx0D/CnCepHW7mNaKkGE8k8J5Tm9FFsFj/AiNwKq	2	2024-10-03 11:26:07.570775	2024-12-13 10:02:12.577871	\N	FBBC	2024-10-03 11:26:07.568	\N	Zoltan Test Client		HU	\N	25919	\N	f	\N	\N	\N	0	\N
29	sdfsd@mail.com	12323123123	f	$2b$10$9jhhynFXuw0szOecJty/j.Ung1WlEwP4zHtdQFF5bpM1.9M9QS5qi	2	2024-12-18 08:20:25.224295	2024-12-18 08:20:25.252529	\N	65CD	2024-12-18 08:20:25.22	\N	qwqweqw		JO	\N	30587	\N	f	\N	\N	\N	0	\N
19	lyubov.domanova1@sneakerbox.ru	79591175671	f	$2b$10$DdEIgu9FU.46SNjPBYCHEO/BiGokliNvX5dCvIffoHi79gvXuBGbS	4	2024-10-17 15:38:31.924529	2024-10-17 15:38:31.924529	\N	\N	\N	\N	Lyubov	\N	RU	Moscow City	36557	\N	t	\N	\N	\N	0	\N
20	ksenia.ivanova2@sneakerbox.ru	79591175673	f	$2b$10$a2XGZ3hpKd7SGut0YX3vzOLDvtUr1dtwlSMA/Lmfp8xwNRQoRlHCa	4	2024-10-17 15:38:32.161018	2024-10-17 15:38:32.161018	\N	\N	\N	\N	Ksenia	\N	RU	Moscow City	36557	\N	t	\N	\N	\N	0	\N
26	fmdostoevsky@yandex.ru	+79119879876	f	$2b$10$AAToRU/kVIQaSTm2LxemcO8Tly1nDfrfxr23VlynVc24vWjD0Q.Uq	4	2024-10-30 08:46:35.497459	2024-10-30 08:46:35.528189	\N	6C9B	2024-10-30 08:46:35.493	\N	Фёдор	Достоевский	RU	\N	\N	\N	t	\N	\N	\N	0	\N
21	dmitry.alpatkin4@sneakerbox.ru	79591175672	f	$2b$10$5fjz8JhQYhfhDaij7CNGSu9wsZupFSf4m8pVpEz3vwEoWo3tlnrPu	4	2024-10-17 15:38:32.325829	2024-10-17 15:38:32.325829	\N	\N	\N	\N	Dmitry	\N	RU	Moscow City	36557	\N	t	\N	\N	\N	0	\N
30	o.solovieva444@servizoria.ru	79591175676	f	$2b$10$MJ.6zgiK081X/J8NJtuAKec0hlrXmYw71mVfT1wXvhO7dXqLH.r0G	2	2024-12-18 08:23:38.22751	2024-12-18 12:49:25.053616	\N	1231	2024-12-18 08:23:38.221	\N	Борн		RU	\N	36557	\N	f	\N	\N	\N	0	\N
28	wqeqw@mail.com	11231231212	f	$2b$10$oEom96bP1H9VUhdRpr96W.JGsY0cJFTaCfGY7kYZC03YN/9.ucSvq	2	2024-11-12 10:14:36.461051	2024-12-17 14:19:16.439821	\N	3424	2024-11-12 10:14:36.459	\N	qwewqeqw		AF	\N	34	\N	f	\N	\N	\N	0	\N
2	zoltan.herczeg@activate.hu	0036309063718	t	$2b$10$2W0kc6vu3ZIycbJIck5.tOgLdPbFJCmV6tbpHwuq1.eNOytDcGQSe	1	2024-10-01 11:56:14.348373	2024-10-01 11:56:14.392584	\N	D896	2024-10-01 11:56:14.345	\N	Zoltan	Herczeg	HU	HU-05	25919	\N	f	\N	\N	\N	0	\N
31	werew@mailc.com	13232323232	f	$2b$10$1uZ/zNQTi1Vo7KdoAvS4muv7roxWpzdAP/McwJisTxhAu5WBiofjO	2	2024-12-18 12:54:40.45647	2024-12-18 12:54:40.518585	\N	12F7	2024-12-18 12:54:40.45	\N	wqe		AF	\N	40	\N	f	\N	\N	\N	0	\N
27	shopper@mail.com	2222222132121	t	$2b$10$7/.6u4dMrHQKBfCoQyUmjOy0646ALwdNCIDC6kEsjPEXIIO6YDylq	1	2024-10-31 15:25:20.247763	2024-12-20 15:39:17.322525	2024-12-20 15:39:17.317	1850	2024-10-31 15:25:20.245	\N	Shopper	Maks	UA	UA-01	39470	\N	f	\N	\N	\N	0	\N
33	fdsf@gmail.com	17863287647	f	$2b$10$V9uImD7CUkxNcgX5ThiEteRTVGiZi5G.KeztT0/bzITfqgWirqBam	2	2024-12-20 12:16:09.861659	2024-12-20 15:54:53.475301	\N	433B	2024-12-20 12:16:09.853	\N	fd	\N	AF	\N	35	\N	f	\N	\N	\N	0	\N
\.


--
-- Name: actions_id_seq; Type: SEQUENCE SET; Schema: public; Owner: pma
--

SELECT pg_catalog.setval('public.actions_id_seq', 12, true);


--
-- Name: appeal_question_replies_id_seq; Type: SEQUENCE SET; Schema: public; Owner: pma
--

SELECT pg_catalog.setval('public.appeal_question_replies_id_seq', 1, false);


--
-- Name: appeal_questions_id_seq; Type: SEQUENCE SET; Schema: public; Owner: pma
--

SELECT pg_catalog.setval('public.appeal_questions_id_seq', 1, false);


--
-- Name: appeals_id_seq; Type: SEQUENCE SET; Schema: public; Owner: pma
--

SELECT pg_catalog.setval('public.appeals_id_seq', 1, false);


--
-- Name: bonus_system_id_seq; Type: SEQUENCE SET; Schema: public; Owner: pma
--

SELECT pg_catalog.setval('public.bonus_system_id_seq', 1, false);


--
-- Name: bonus_system_location_link_id_seq; Type: SEQUENCE SET; Schema: public; Owner: pma
--

SELECT pg_catalog.setval('public.bonus_system_location_link_id_seq', 1, false);


--
-- Name: cities_id_seq; Type: SEQUENCE SET; Schema: public; Owner: pma
--

SELECT pg_catalog.setval('public.cities_id_seq', 1, false);


--
-- Name: client_competitors_id_seq; Type: SEQUENCE SET; Schema: public; Owner: pma
--

SELECT pg_catalog.setval('public.client_competitors_id_seq', 1, false);


--
-- Name: client_subdivisions_id_seq; Type: SEQUENCE SET; Schema: public; Owner: pma
--

SELECT pg_catalog.setval('public.client_subdivisions_id_seq', 4, true);


--
-- Name: communication_action_group_id_seq; Type: SEQUENCE SET; Schema: public; Owner: pma
--

SELECT pg_catalog.setval('public.communication_action_group_id_seq', 1, false);


--
-- Name: communication_action_role_id_seq; Type: SEQUENCE SET; Schema: public; Owner: pma
--

SELECT pg_catalog.setval('public.communication_action_role_id_seq', 2, true);


--
-- Name: communication_action_users_id_seq; Type: SEQUENCE SET; Schema: public; Owner: pma
--

SELECT pg_catalog.setval('public.communication_action_users_id_seq', 3, true);


--
-- Name: communication_chanel_users_id_seq; Type: SEQUENCE SET; Schema: public; Owner: pma
--

SELECT pg_catalog.setval('public.communication_chanel_users_id_seq', 1, false);


--
-- Name: communication_templates_id_seq; Type: SEQUENCE SET; Schema: public; Owner: pma
--

SELECT pg_catalog.setval('public.communication_templates_id_seq', 10, true);


--
-- Name: communications_id_seq; Type: SEQUENCE SET; Schema: public; Owner: pma
--

SELECT pg_catalog.setval('public.communications_id_seq', 4, true);


--
-- Name: countries_id_seq; Type: SEQUENCE SET; Schema: public; Owner: pma
--

SELECT pg_catalog.setval('public.countries_id_seq', 246, true);


--
-- Name: file_manager_access_id_seq; Type: SEQUENCE SET; Schema: public; Owner: pma
--

SELECT pg_catalog.setval('public.file_manager_access_id_seq', 469, true);


--
-- Name: file_manager_folder_links_id_seq; Type: SEQUENCE SET; Schema: public; Owner: pma
--

SELECT pg_catalog.setval('public.file_manager_folder_links_id_seq', 1, false);


--
-- Name: file_manager_folders_id_seq; Type: SEQUENCE SET; Schema: public; Owner: pma
--

SELECT pg_catalog.setval('public.file_manager_folders_id_seq', 1, false);


--
-- Name: file_manager_id_seq; Type: SEQUENCE SET; Schema: public; Owner: pma
--

SELECT pg_catalog.setval('public.file_manager_id_seq', 485, true);


--
-- Name: file_manager_provider_id_seq; Type: SEQUENCE SET; Schema: public; Owner: pma
--

SELECT pg_catalog.setval('public.file_manager_provider_id_seq', 1, false);


--
-- Name: file_manager_public_link_id_seq; Type: SEQUENCE SET; Schema: public; Owner: pma
--

SELECT pg_catalog.setval('public.file_manager_public_link_id_seq', 1, false);


--
-- Name: file_manager_user_provider_id_seq; Type: SEQUENCE SET; Schema: public; Owner: pma
--

SELECT pg_catalog.setval('public.file_manager_user_provider_id_seq', 1, false);


--
-- Name: group_user_link_id_seq; Type: SEQUENCE SET; Schema: public; Owner: pma
--

SELECT pg_catalog.setval('public.group_user_link_id_seq', 36, true);


--
-- Name: groups_id_seq; Type: SEQUENCE SET; Schema: public; Owner: pma
--

SELECT pg_catalog.setval('public.groups_id_seq', 6, true);


--
-- Name: imports_id_seq; Type: SEQUENCE SET; Schema: public; Owner: pma
--

SELECT pg_catalog.setval('public.imports_id_seq', 54, true);


--
-- Name: location_categories_id_seq; Type: SEQUENCE SET; Schema: public; Owner: pma
--

SELECT pg_catalog.setval('public.location_categories_id_seq', 9, true);


--
-- Name: location_category_filling_id_seq; Type: SEQUENCE SET; Schema: public; Owner: pma
--

SELECT pg_catalog.setval('public.location_category_filling_id_seq', 171, true);


--
-- Name: location_category_relations_id_seq; Type: SEQUENCE SET; Schema: public; Owner: pma
--

SELECT pg_catalog.setval('public.location_category_relations_id_seq', 1, false);


--
-- Name: location_category_values_id_seq; Type: SEQUENCE SET; Schema: public; Owner: pma
--

SELECT pg_catalog.setval('public.location_category_values_id_seq', 27, true);


--
-- Name: location_execution_access_id_seq; Type: SEQUENCE SET; Schema: public; Owner: pma
--

SELECT pg_catalog.setval('public.location_execution_access_id_seq', 1, false);


--
-- Name: location_execution_assessment_link_id_seq; Type: SEQUENCE SET; Schema: public; Owner: pma
--

SELECT pg_catalog.setval('public.location_execution_assessment_link_id_seq', 29, true);


--
-- Name: location_execution_bonus_links_id_seq; Type: SEQUENCE SET; Schema: public; Owner: pma
--

SELECT pg_catalog.setval('public.location_execution_bonus_links_id_seq', 1, false);


--
-- Name: location_execution_id_seq; Type: SEQUENCE SET; Schema: public; Owner: pma
--

SELECT pg_catalog.setval('public.location_execution_id_seq', 17, true);


--
-- Name: location_execution_instructions_id_seq; Type: SEQUENCE SET; Schema: public; Owner: pma
--

SELECT pg_catalog.setval('public.location_execution_instructions_id_seq', 168, true);


--
-- Name: location_execution_location_link_id_seq; Type: SEQUENCE SET; Schema: public; Owner: pma
--

SELECT pg_catalog.setval('public.location_execution_location_link_id_seq', 90, true);


--
-- Name: location_execution_questionnaire_link_id_seq; Type: SEQUENCE SET; Schema: public; Owner: pma
--

SELECT pg_catalog.setval('public.location_execution_questionnaire_link_id_seq', 41, true);


--
-- Name: location_execution_user_group_link_id_seq; Type: SEQUENCE SET; Schema: public; Owner: pma
--

SELECT pg_catalog.setval('public.location_execution_user_group_link_id_seq', 1, false);


--
-- Name: location_execution_validator_link_id_seq; Type: SEQUENCE SET; Schema: public; Owner: pma
--

SELECT pg_catalog.setval('public.location_execution_validator_link_id_seq', 33, true);


--
-- Name: location_group_links_id_seq; Type: SEQUENCE SET; Schema: public; Owner: pma
--

SELECT pg_catalog.setval('public.location_group_links_id_seq', 9, true);


--
-- Name: location_group_parent_link_id_seq; Type: SEQUENCE SET; Schema: public; Owner: pma
--

SELECT pg_catalog.setval('public.location_group_parent_link_id_seq', 16, true);


--
-- Name: location_group_user_link_id_seq; Type: SEQUENCE SET; Schema: public; Owner: pma
--

SELECT pg_catalog.setval('public.location_group_user_link_id_seq', 11, true);


--
-- Name: location_groups_id_seq; Type: SEQUENCE SET; Schema: public; Owner: pma
--

SELECT pg_catalog.setval('public.location_groups_id_seq', 10, true);


--
-- Name: location_status_id_seq; Type: SEQUENCE SET; Schema: public; Owner: pma
--

SELECT pg_catalog.setval('public.location_status_id_seq', 1, false);


--
-- Name: location_user_id_seq; Type: SEQUENCE SET; Schema: public; Owner: pma
--

SELECT pg_catalog.setval('public.location_user_id_seq', 1, false);


--
-- Name: locations_id_seq; Type: SEQUENCE SET; Schema: public; Owner: pma
--

SELECT pg_catalog.setval('public.locations_id_seq', 31, true);


--
-- Name: migrations_id_seq; Type: SEQUENCE SET; Schema: public; Owner: pma
--

SELECT pg_catalog.setval('public.migrations_id_seq', 155, true);


--
-- Name: mystery_shopper_visit_id_seq; Type: SEQUENCE SET; Schema: public; Owner: pma
--

SELECT pg_catalog.setval('public.mystery_shopper_visit_id_seq', 2, true);


--
-- Name: program_type_access_id_seq; Type: SEQUENCE SET; Schema: public; Owner: pma
--

SELECT pg_catalog.setval('public.program_type_access_id_seq', 1, false);


--
-- Name: program_type_id_seq; Type: SEQUENCE SET; Schema: public; Owner: pma
--

SELECT pg_catalog.setval('public.program_type_id_seq', 8, true);


--
-- Name: program_type_questionnaire_links_id_seq; Type: SEQUENCE SET; Schema: public; Owner: pma
--

SELECT pg_catalog.setval('public.program_type_questionnaire_links_id_seq', 40, true);


--
-- Name: questionnaire_answer_links_id_seq; Type: SEQUENCE SET; Schema: public; Owner: pma
--

SELECT pg_catalog.setval('public.questionnaire_answer_links_id_seq', 11, true);


--
-- Name: questionnaire_answer_statistics_id_seq; Type: SEQUENCE SET; Schema: public; Owner: pma
--

SELECT pg_catalog.setval('public.questionnaire_answer_statistics_id_seq', 1, false);


--
-- Name: questionnaire_answers_id_seq; Type: SEQUENCE SET; Schema: public; Owner: pma
--

SELECT pg_catalog.setval('public.questionnaire_answers_id_seq', 153, true);


--
-- Name: questionnaire_mistakes_id_seq; Type: SEQUENCE SET; Schema: public; Owner: pma
--

SELECT pg_catalog.setval('public.questionnaire_mistakes_id_seq', 46, true);


--
-- Name: questionnaire_mistakes_links_id_seq; Type: SEQUENCE SET; Schema: public; Owner: pma
--

SELECT pg_catalog.setval('public.questionnaire_mistakes_links_id_seq', 174, true);


--
-- Name: questionnaire_question_options_id_seq; Type: SEQUENCE SET; Schema: public; Owner: pma
--

SELECT pg_catalog.setval('public.questionnaire_question_options_id_seq', 161, true);


--
-- Name: questionnaire_questions_id_seq; Type: SEQUENCE SET; Schema: public; Owner: pma
--

SELECT pg_catalog.setval('public.questionnaire_questions_id_seq', 129, true);


--
-- Name: questionnaire_sections_id_seq; Type: SEQUENCE SET; Schema: public; Owner: pma
--

SELECT pg_catalog.setval('public.questionnaire_sections_id_seq', 28, true);


--
-- Name: questionnaires_id_seq; Type: SEQUENCE SET; Schema: public; Owner: pma
--

SELECT pg_catalog.setval('public.questionnaires_id_seq', 84, true);


--
-- Name: regions_id_seq; Type: SEQUENCE SET; Schema: public; Owner: pma
--

SELECT pg_catalog.setval('public.regions_id_seq', 1, false);


--
-- Name: role_action_link_id_seq; Type: SEQUENCE SET; Schema: public; Owner: pma
--

SELECT pg_catalog.setval('public.role_action_link_id_seq', 1, false);


--
-- Name: role_actions_id_seq; Type: SEQUENCE SET; Schema: public; Owner: pma
--

SELECT pg_catalog.setval('public.role_actions_id_seq', 1, false);


--
-- Name: role_rules_id_seq; Type: SEQUENCE SET; Schema: public; Owner: pma
--

SELECT pg_catalog.setval('public.role_rules_id_seq', 7943, true);


--
-- Name: role_user_link_id_seq; Type: SEQUENCE SET; Schema: public; Owner: pma
--

SELECT pg_catalog.setval('public.role_user_link_id_seq', 32, true);


--
-- Name: roles_id_seq; Type: SEQUENCE SET; Schema: public; Owner: pma
--

SELECT pg_catalog.setval('public.roles_id_seq', 8, true);


--
-- Name: scheduling_shops_id_seq; Type: SEQUENCE SET; Schema: public; Owner: pma
--

SELECT pg_catalog.setval('public.scheduling_shops_id_seq', 154, true);


--
-- Name: status_changes_id_seq; Type: SEQUENCE SET; Schema: public; Owner: pma
--

SELECT pg_catalog.setval('public.status_changes_id_seq', 6, true);


--
-- Name: user_client_access_id_seq; Type: SEQUENCE SET; Schema: public; Owner: pma
--

SELECT pg_catalog.setval('public.user_client_access_id_seq', 6, true);


--
-- Name: user_clients_id_seq; Type: SEQUENCE SET; Schema: public; Owner: pma
--

SELECT pg_catalog.setval('public.user_clients_id_seq', 16, true);


--
-- Name: user_comments_id_seq; Type: SEQUENCE SET; Schema: public; Owner: pma
--

SELECT pg_catalog.setval('public.user_comments_id_seq', 1, false);


--
-- Name: user_handbook_filling_id_seq; Type: SEQUENCE SET; Schema: public; Owner: pma
--

SELECT pg_catalog.setval('public.user_handbook_filling_id_seq', 134, true);


--
-- Name: user_handbook_group_id_seq; Type: SEQUENCE SET; Schema: public; Owner: pma
--

SELECT pg_catalog.setval('public.user_handbook_group_id_seq', 7, true);


--
-- Name: user_handbook_id_seq; Type: SEQUENCE SET; Schema: public; Owner: pma
--

SELECT pg_catalog.setval('public.user_handbook_id_seq', 40, true);


--
-- Name: user_handbook_link_id_seq; Type: SEQUENCE SET; Schema: public; Owner: pma
--

SELECT pg_catalog.setval('public.user_handbook_link_id_seq', 37, true);


--
-- Name: user_handbook_value_id_seq; Type: SEQUENCE SET; Schema: public; Owner: pma
--

SELECT pg_catalog.setval('public.user_handbook_value_id_seq', 253, true);


--
-- Name: user_integrations_id_seq; Type: SEQUENCE SET; Schema: public; Owner: pma
--

SELECT pg_catalog.setval('public.user_integrations_id_seq', 1, false);


--
-- Name: user_notes_id_seq; Type: SEQUENCE SET; Schema: public; Owner: pma
--

SELECT pg_catalog.setval('public.user_notes_id_seq', 1, false);


--
-- Name: user_notifications_id_seq; Type: SEQUENCE SET; Schema: public; Owner: pma
--

SELECT pg_catalog.setval('public.user_notifications_id_seq', 47, true);


--
-- Name: user_settings_id_seq; Type: SEQUENCE SET; Schema: public; Owner: pma
--

SELECT pg_catalog.setval('public.user_settings_id_seq', 13, true);


--
-- Name: user_workers_id_seq; Type: SEQUENCE SET; Schema: public; Owner: pma
--

SELECT pg_catalog.setval('public.user_workers_id_seq', 6, true);


--
-- Name: users_id_seq; Type: SEQUENCE SET; Schema: public; Owner: pma
--

SELECT pg_catalog.setval('public.users_id_seq', 33, true);


--
-- Name: user_settings PK_00f004f5922a0744d174530d639; Type: CONSTRAINT; Schema: public; Owner: pma
--

ALTER TABLE ONLY public.user_settings
    ADD CONSTRAINT "PK_00f004f5922a0744d174530d639" PRIMARY KEY (id);


--
-- Name: location_category_values PK_01ea9b5ecddaf9453f92897437a; Type: CONSTRAINT; Schema: public; Owner: pma
--

ALTER TABLE ONLY public.location_category_values
    ADD CONSTRAINT "PK_01ea9b5ecddaf9453f92897437a" PRIMARY KEY (id);


--
-- Name: location_execution_validator_link PK_02578a8d361603059b3650521a3; Type: CONSTRAINT; Schema: public; Owner: pma
--

ALTER TABLE ONLY public.location_execution_validator_link
    ADD CONSTRAINT "PK_02578a8d361603059b3650521a3" PRIMARY KEY (id);


--
-- Name: location_execution_access PK_06421e9620d318a16cf764ff268; Type: CONSTRAINT; Schema: public; Owner: pma
--

ALTER TABLE ONLY public.location_execution_access
    ADD CONSTRAINT "PK_06421e9620d318a16cf764ff268" PRIMARY KEY (id);


--
-- Name: location_category_relations PK_109a0d19770187f0c2b3f52ee3d; Type: CONSTRAINT; Schema: public; Owner: pma
--

ALTER TABLE ONLY public.location_category_relations
    ADD CONSTRAINT "PK_109a0d19770187f0c2b3f52ee3d" PRIMARY KEY (id);


--
-- Name: appeal_question_replies PK_11be2e810b2656f4c12028fdbf9; Type: CONSTRAINT; Schema: public; Owner: pma
--

ALTER TABLE ONLY public.appeal_question_replies
    ADD CONSTRAINT "PK_11be2e810b2656f4c12028fdbf9" PRIMARY KEY (id);


--
-- Name: location_execution_user_group_link PK_17a539acebc5e4e2e78ea51ab45; Type: CONSTRAINT; Schema: public; Owner: pma
--

ALTER TABLE ONLY public.location_execution_user_group_link
    ADD CONSTRAINT "PK_17a539acebc5e4e2e78ea51ab45" PRIMARY KEY (id);


--
-- Name: user_handbook_group PK_1c6f944f7b1dfe0b6d290917f69; Type: CONSTRAINT; Schema: public; Owner: pma
--

ALTER TABLE ONLY public.user_handbook_group
    ADD CONSTRAINT "PK_1c6f944f7b1dfe0b6d290917f69" PRIMARY KEY (id);


--
-- Name: file_manager_folders PK_229c742f236b237353ee3d9adc8; Type: CONSTRAINT; Schema: public; Owner: pma
--

ALTER TABLE ONLY public.file_manager_folders
    ADD CONSTRAINT "PK_229c742f236b237353ee3d9adc8" PRIMARY KEY (id);


--
-- Name: location_groups PK_28b724510af407838c620b6b9fc; Type: CONSTRAINT; Schema: public; Owner: pma
--

ALTER TABLE ONLY public.location_groups
    ADD CONSTRAINT "PK_28b724510af407838c620b6b9fc" PRIMARY KEY (id);


--
-- Name: communications PK_29ec793018d5d5ca19d40149e87; Type: CONSTRAINT; Schema: public; Owner: pma
--

ALTER TABLE ONLY public.communications
    ADD CONSTRAINT "PK_29ec793018d5d5ca19d40149e87" PRIMARY KEY (id);


--
-- Name: user_comments PK_2d1437dfa86fd64a7a784cd95a8; Type: CONSTRAINT; Schema: public; Owner: pma
--

ALTER TABLE ONLY public.user_comments
    ADD CONSTRAINT "PK_2d1437dfa86fd64a7a784cd95a8" PRIMARY KEY (id);


--
-- Name: questionnaire_answers PK_353fef8e031908634816fa91fd2; Type: CONSTRAINT; Schema: public; Owner: pma
--

ALTER TABLE ONLY public.questionnaire_answers
    ADD CONSTRAINT "PK_353fef8e031908634816fa91fd2" PRIMARY KEY (id);


--
-- Name: client_subdivisions PK_3ba25e44debfad2162263195716; Type: CONSTRAINT; Schema: public; Owner: pma
--

ALTER TABLE ONLY public.client_subdivisions
    ADD CONSTRAINT "PK_3ba25e44debfad2162263195716" PRIMARY KEY (id);


--
-- Name: questionnaire_sections PK_3be4de6403d5f62f5f011923cb7; Type: CONSTRAINT; Schema: public; Owner: pma
--

ALTER TABLE ONLY public.questionnaire_sections
    ADD CONSTRAINT "PK_3be4de6403d5f62f5f011923cb7" PRIMARY KEY (id);


--
-- Name: file_manager_provider PK_3efc546e67f55a37fbf9adc4faa; Type: CONSTRAINT; Schema: public; Owner: pma
--

ALTER TABLE ONLY public.file_manager_provider
    ADD CONSTRAINT "PK_3efc546e67f55a37fbf9adc4faa" PRIMARY KEY (id);


--
-- Name: appeal_questions PK_3ff9a6cda04dcac3cce68537f09; Type: CONSTRAINT; Schema: public; Owner: pma
--

ALTER TABLE ONLY public.appeal_questions
    ADD CONSTRAINT "PK_3ff9a6cda04dcac3cce68537f09" PRIMARY KEY (id);


--
-- Name: program_type_access PK_41ffbe61abd198237d0957dfe3d; Type: CONSTRAINT; Schema: public; Owner: pma
--

ALTER TABLE ONLY public.program_type_access
    ADD CONSTRAINT "PK_41ffbe61abd198237d0957dfe3d" PRIMARY KEY (id);


--
-- Name: location_execution_instructions PK_436ff69465af4fd9a55b3b4f5e4; Type: CONSTRAINT; Schema: public; Owner: pma
--

ALTER TABLE ONLY public.location_execution_instructions
    ADD CONSTRAINT "PK_436ff69465af4fd9a55b3b4f5e4" PRIMARY KEY (id);


--
-- Name: location_execution PK_442b50b56f3d06ce658e5ffe22d; Type: CONSTRAINT; Schema: public; Owner: pma
--

ALTER TABLE ONLY public.location_execution
    ADD CONSTRAINT "PK_442b50b56f3d06ce658e5ffe22d" PRIMARY KEY (id);


--
-- Name: program_type_questionnaire_links PK_467b4879b632e5cfbefb42c77ff; Type: CONSTRAINT; Schema: public; Owner: pma
--

ALTER TABLE ONLY public.program_type_questionnaire_links
    ADD CONSTRAINT "PK_467b4879b632e5cfbefb42c77ff" PRIMARY KEY (id);


--
-- Name: user_handbook_link PK_46b05c7f3a46203a08e0f97abf0; Type: CONSTRAINT; Schema: public; Owner: pma
--

ALTER TABLE ONLY public.user_handbook_link
    ADD CONSTRAINT "PK_46b05c7f3a46203a08e0f97abf0" PRIMARY KEY (id);


--
-- Name: role_rules PK_4a1d1980852b67db5b8dcbc8e6e; Type: CONSTRAINT; Schema: public; Owner: pma
--

ALTER TABLE ONLY public.role_rules
    ADD CONSTRAINT "PK_4a1d1980852b67db5b8dcbc8e6e" PRIMARY KEY (id);


--
-- Name: location_categories PK_4e48dc4790629f70bbc060c46be; Type: CONSTRAINT; Schema: public; Owner: pma
--

ALTER TABLE ONLY public.location_categories
    ADD CONSTRAINT "PK_4e48dc4790629f70bbc060c46be" PRIMARY KEY (id);


--
-- Name: questionnaire_questions PK_522868371a7e3e08cbd044d71b5; Type: CONSTRAINT; Schema: public; Owner: pma
--

ALTER TABLE ONLY public.questionnaire_questions
    ADD CONSTRAINT "PK_522868371a7e3e08cbd044d71b5" PRIMARY KEY (id);


--
-- Name: client_competitors PK_5553c4d1d6e2085d6c1a779b019; Type: CONSTRAINT; Schema: public; Owner: pma
--

ALTER TABLE ONLY public.client_competitors
    ADD CONSTRAINT "PK_5553c4d1d6e2085d6c1a779b019" PRIMARY KEY (id);


--
-- Name: user_notifications PK_569622b0fd6e6ab3661de985a2b; Type: CONSTRAINT; Schema: public; Owner: pma
--

ALTER TABLE ONLY public.user_notifications
    ADD CONSTRAINT "PK_569622b0fd6e6ab3661de985a2b" PRIMARY KEY (id);


--
-- Name: user_handbook_filling PK_5744e44b1c265c5cbbc95b7b2a5; Type: CONSTRAINT; Schema: public; Owner: pma
--

ALTER TABLE ONLY public.user_handbook_filling
    ADD CONSTRAINT "PK_5744e44b1c265c5cbbc95b7b2a5" PRIMARY KEY (id);


--
-- Name: role_user_link PK_5a40e2449b87daa0c25fe814672; Type: CONSTRAINT; Schema: public; Owner: pma
--

ALTER TABLE ONLY public.role_user_link
    ADD CONSTRAINT "PK_5a40e2449b87daa0c25fe814672" PRIMARY KEY (id);


--
-- Name: role_actions PK_5ee58f1e3c6236c691f190e0781; Type: CONSTRAINT; Schema: public; Owner: pma
--

ALTER TABLE ONLY public.role_actions
    ADD CONSTRAINT "PK_5ee58f1e3c6236c691f190e0781" PRIMARY KEY (id);


--
-- Name: questionnaire_answer_links PK_60e93cdb40c8336ed3b177aa56c; Type: CONSTRAINT; Schema: public; Owner: pma
--

ALTER TABLE ONLY public.questionnaire_answer_links
    ADD CONSTRAINT "PK_60e93cdb40c8336ed3b177aa56c" PRIMARY KEY (id);


--
-- Name: groups PK_659d1483316afb28afd3a90646e; Type: CONSTRAINT; Schema: public; Owner: pma
--

ALTER TABLE ONLY public.groups
    ADD CONSTRAINT "PK_659d1483316afb28afd3a90646e" PRIMARY KEY (id);


--
-- Name: communication_action_role PK_65c9dfb287d7dc82e83cc79756a; Type: CONSTRAINT; Schema: public; Owner: pma
--

ALTER TABLE ONLY public.communication_action_role
    ADD CONSTRAINT "PK_65c9dfb287d7dc82e83cc79756a" PRIMARY KEY (id);


--
-- Name: questionnaire_mistakes_links PK_67f38d8e2f5e6980418f39325ec; Type: CONSTRAINT; Schema: public; Owner: pma
--

ALTER TABLE ONLY public.questionnaire_mistakes_links
    ADD CONSTRAINT "PK_67f38d8e2f5e6980418f39325ec" PRIMARY KEY (id);


--
-- Name: communication_action_users PK_68781403ba22399bdb935fdc7f7; Type: CONSTRAINT; Schema: public; Owner: pma
--

ALTER TABLE ONLY public.communication_action_users
    ADD CONSTRAINT "PK_68781403ba22399bdb935fdc7f7" PRIMARY KEY (id);


--
-- Name: user_client_access PK_6ad0a954ee6226c50c14f089945; Type: CONSTRAINT; Schema: public; Owner: pma
--

ALTER TABLE ONLY public.user_client_access
    ADD CONSTRAINT "PK_6ad0a954ee6226c50c14f089945" PRIMARY KEY (id);


--
-- Name: file_manager_folder_links PK_6df630f7588a4a0bccc45470611; Type: CONSTRAINT; Schema: public; Owner: pma
--

ALTER TABLE ONLY public.file_manager_folder_links
    ADD CONSTRAINT "PK_6df630f7588a4a0bccc45470611" PRIMARY KEY (id);


--
-- Name: communication_action_group PK_7000e05b7f6c80db35eaaa1dd24; Type: CONSTRAINT; Schema: public; Owner: pma
--

ALTER TABLE ONLY public.communication_action_group
    ADD CONSTRAINT "PK_7000e05b7f6c80db35eaaa1dd24" PRIMARY KEY (id);


--
-- Name: scheduling_shops PK_7226202681563692024de8c7024; Type: CONSTRAINT; Schema: public; Owner: pma
--

ALTER TABLE ONLY public.scheduling_shops
    ADD CONSTRAINT "PK_7226202681563692024de8c7024" PRIMARY KEY (id);


--
-- Name: file_manager PK_737201044e826a80ade8f858d81; Type: CONSTRAINT; Schema: public; Owner: pma
--

ALTER TABLE ONLY public.file_manager
    ADD CONSTRAINT "PK_737201044e826a80ade8f858d81" PRIMARY KEY (id);


--
-- Name: location_category_filling PK_78c22dbe24fe94537dd1cb1d2c6; Type: CONSTRAINT; Schema: public; Owner: pma
--

ALTER TABLE ONLY public.location_category_filling
    ADD CONSTRAINT "PK_78c22dbe24fe94537dd1cb1d2c6" PRIMARY KEY (id);


--
-- Name: location_group_links PK_798e18d70fb56bfd81ca890024d; Type: CONSTRAINT; Schema: public; Owner: pma
--

ALTER TABLE ONLY public.location_group_links
    ADD CONSTRAINT "PK_798e18d70fb56bfd81ca890024d" PRIMARY KEY (id);


--
-- Name: group_user_link PK_7a64f6c4d4725362a2cc17dfa80; Type: CONSTRAINT; Schema: public; Owner: pma
--

ALTER TABLE ONLY public.group_user_link
    ADD CONSTRAINT "PK_7a64f6c4d4725362a2cc17dfa80" PRIMARY KEY (id);


--
-- Name: actions PK_7bfb822f56be449c0b8adbf83cf; Type: CONSTRAINT; Schema: public; Owner: pma
--

ALTER TABLE ONLY public.actions
    ADD CONSTRAINT "PK_7bfb822f56be449c0b8adbf83cf" PRIMARY KEY (id);


--
-- Name: locations PK_7cc1c9e3853b94816c094825e74; Type: CONSTRAINT; Schema: public; Owner: pma
--

ALTER TABLE ONLY public.locations
    ADD CONSTRAINT "PK_7cc1c9e3853b94816c094825e74" PRIMARY KEY (id);


--
-- Name: location_execution_location_link PK_8280508dd420a4d343bb68cf8d1; Type: CONSTRAINT; Schema: public; Owner: pma
--

ALTER TABLE ONLY public.location_execution_location_link
    ADD CONSTRAINT "PK_8280508dd420a4d343bb68cf8d1" PRIMARY KEY (id);


--
-- Name: user_workers PK_84da0f3ecea7da07b1700480d37; Type: CONSTRAINT; Schema: public; Owner: pma
--

ALTER TABLE ONLY public.user_workers
    ADD CONSTRAINT "PK_84da0f3ecea7da07b1700480d37" PRIMARY KEY (id);


--
-- Name: program_type PK_87763b5dc03ea0905b390bc5f9f; Type: CONSTRAINT; Schema: public; Owner: pma
--

ALTER TABLE ONLY public.program_type
    ADD CONSTRAINT "PK_87763b5dc03ea0905b390bc5f9f" PRIMARY KEY (id);


--
-- Name: location_status PK_8aaa0643a11576d67d6a29defc3; Type: CONSTRAINT; Schema: public; Owner: pma
--

ALTER TABLE ONLY public.location_status
    ADD CONSTRAINT "PK_8aaa0643a11576d67d6a29defc3" PRIMARY KEY (id);


--
-- Name: migrations PK_8c82d7f526340ab734260ea46be; Type: CONSTRAINT; Schema: public; Owner: pma
--

ALTER TABLE ONLY public.migrations
    ADD CONSTRAINT "PK_8c82d7f526340ab734260ea46be" PRIMARY KEY (id);


--
-- Name: location_group_parent_link PK_8d16e1360c527edecd5d2a39fc0; Type: CONSTRAINT; Schema: public; Owner: pma
--

ALTER TABLE ONLY public.location_group_parent_link
    ADD CONSTRAINT "PK_8d16e1360c527edecd5d2a39fc0" PRIMARY KEY (id);


--
-- Name: user_clients PK_93fa1b9251af32ddc852b9eb787; Type: CONSTRAINT; Schema: public; Owner: pma
--

ALTER TABLE ONLY public.user_clients
    ADD CONSTRAINT "PK_93fa1b9251af32ddc852b9eb787" PRIMARY KEY (id);


--
-- Name: location_execution_bonus_links PK_94a99afd7a2bce565924e6233dd; Type: CONSTRAINT; Schema: public; Owner: pma
--

ALTER TABLE ONLY public.location_execution_bonus_links
    ADD CONSTRAINT "PK_94a99afd7a2bce565924e6233dd" PRIMARY KEY (id);


--
-- Name: file_manager_user_provider PK_9ac44109307f6c44149bcc73c19; Type: CONSTRAINT; Schema: public; Owner: pma
--

ALTER TABLE ONLY public.file_manager_user_provider
    ADD CONSTRAINT "PK_9ac44109307f6c44149bcc73c19" PRIMARY KEY (id);


--
-- Name: location_group_user_link PK_9c7864b4d9eea42760f6222016e; Type: CONSTRAINT; Schema: public; Owner: pma
--

ALTER TABLE ONLY public.location_group_user_link
    ADD CONSTRAINT "PK_9c7864b4d9eea42760f6222016e" PRIMARY KEY (id);


--
-- Name: role_action_link PK_9d3c0e7b7f8543fdd45cd661b26; Type: CONSTRAINT; Schema: public; Owner: pma
--

ALTER TABLE ONLY public.role_action_link
    ADD CONSTRAINT "PK_9d3c0e7b7f8543fdd45cd661b26" PRIMARY KEY (id);


--
-- Name: mystery_shopper_visit PK_9dfc395172cbf3dd7032a547ac4; Type: CONSTRAINT; Schema: public; Owner: pma
--

ALTER TABLE ONLY public.mystery_shopper_visit
    ADD CONSTRAINT "PK_9dfc395172cbf3dd7032a547ac4" PRIMARY KEY (id);


--
-- Name: user_handbook_value PK_9fa969bd09add83f46b158ed019; Type: CONSTRAINT; Schema: public; Owner: pma
--

ALTER TABLE ONLY public.user_handbook_value
    ADD CONSTRAINT "PK_9fa969bd09add83f46b158ed019" PRIMARY KEY (id);


--
-- Name: questionnaires PK_a01d7cdea895ed9796b29233610; Type: CONSTRAINT; Schema: public; Owner: pma
--

ALTER TABLE ONLY public.questionnaires
    ADD CONSTRAINT "PK_a01d7cdea895ed9796b29233610" PRIMARY KEY (id);


--
-- Name: location_execution_scheduler_link PK_a1d2385a66c529571e763a6a32e; Type: CONSTRAINT; Schema: public; Owner: pma
--

ALTER TABLE ONLY public.location_execution_scheduler_link
    ADD CONSTRAINT "PK_a1d2385a66c529571e763a6a32e" PRIMARY KEY (id);


--
-- Name: file_manager_access PK_a2b1f887d9dacb5690b01b8cbba; Type: CONSTRAINT; Schema: public; Owner: pma
--

ALTER TABLE ONLY public.file_manager_access
    ADD CONSTRAINT "PK_a2b1f887d9dacb5690b01b8cbba" PRIMARY KEY (id);


--
-- Name: users PK_a3ffb1c0c8416b9fc6f907b7433; Type: CONSTRAINT; Schema: public; Owner: pma
--

ALTER TABLE ONLY public.users
    ADD CONSTRAINT "PK_a3ffb1c0c8416b9fc6f907b7433" PRIMARY KEY (id);


--
-- Name: location_execution_questionnaire_link PK_aec04266b9e952afd0970eb15be; Type: CONSTRAINT; Schema: public; Owner: pma
--

ALTER TABLE ONLY public.location_execution_questionnaire_link
    ADD CONSTRAINT "PK_aec04266b9e952afd0970eb15be" PRIMARY KEY (id);


--
-- Name: questionnaire_answer_statistics PK_af9b8472710414ede3d92ada96e; Type: CONSTRAINT; Schema: public; Owner: pma
--

ALTER TABLE ONLY public.questionnaire_answer_statistics
    ADD CONSTRAINT "PK_af9b8472710414ede3d92ada96e" PRIMARY KEY (id);


--
-- Name: status_changes PK_b09386c7bfe17fbe0b6d24e719e; Type: CONSTRAINT; Schema: public; Owner: pma
--

ALTER TABLE ONLY public.status_changes
    ADD CONSTRAINT "PK_b09386c7bfe17fbe0b6d24e719e" PRIMARY KEY (id);


--
-- Name: bonus_system_location_link PK_b3ec40b7ffd8d5d127b34b63aaf; Type: CONSTRAINT; Schema: public; Owner: pma
--

ALTER TABLE ONLY public.bonus_system_location_link
    ADD CONSTRAINT "PK_b3ec40b7ffd8d5d127b34b63aaf" PRIMARY KEY (id);


--
-- Name: user_handbook PK_b5f08c27bc4d6ee8743905433c4; Type: CONSTRAINT; Schema: public; Owner: pma
--

ALTER TABLE ONLY public.user_handbook
    ADD CONSTRAINT "PK_b5f08c27bc4d6ee8743905433c4" PRIMARY KEY (id);


--
-- Name: location_user PK_ba3b695bc9d4bd35cc12839507f; Type: CONSTRAINT; Schema: public; Owner: pma
--

ALTER TABLE ONLY public.location_user
    ADD CONSTRAINT "PK_ba3b695bc9d4bd35cc12839507f" PRIMARY KEY (id);


--
-- Name: communication_chanel_users PK_bea01a86781f912ba64569c43df; Type: CONSTRAINT; Schema: public; Owner: pma
--

ALTER TABLE ONLY public.communication_chanel_users
    ADD CONSTRAINT "PK_bea01a86781f912ba64569c43df" PRIMARY KEY (id);


--
-- Name: roles PK_c1433d71a4838793a49dcad46ab; Type: CONSTRAINT; Schema: public; Owner: pma
--

ALTER TABLE ONLY public.roles
    ADD CONSTRAINT "PK_c1433d71a4838793a49dcad46ab" PRIMARY KEY (id);


--
-- Name: user_integrations PK_c3de1a91ed82f698dbb15248eb0; Type: CONSTRAINT; Schema: public; Owner: pma
--

ALTER TABLE ONLY public.user_integrations
    ADD CONSTRAINT "PK_c3de1a91ed82f698dbb15248eb0" PRIMARY KEY (id);


--
-- Name: communication_templates PK_ca5cd6c5ee3127e345e9d30a719; Type: CONSTRAINT; Schema: public; Owner: pma
--

ALTER TABLE ONLY public.communication_templates
    ADD CONSTRAINT "PK_ca5cd6c5ee3127e345e9d30a719" PRIMARY KEY (id);


--
-- Name: location_questionnaire PK_dd79662de1c8daa137817723f98; Type: CONSTRAINT; Schema: public; Owner: pma
--

ALTER TABLE ONLY public.location_questionnaire
    ADD CONSTRAINT "PK_dd79662de1c8daa137817723f98" PRIMARY KEY (location_id, questionnaire_id);


--
-- Name: file_manager_public_link PK_dff253d2ff322eabba153031787; Type: CONSTRAINT; Schema: public; Owner: pma
--

ALTER TABLE ONLY public.file_manager_public_link
    ADD CONSTRAINT "PK_dff253d2ff322eabba153031787" PRIMARY KEY (id);


--
-- Name: user_notes PK_e6cd579b582af97475256da96fb; Type: CONSTRAINT; Schema: public; Owner: pma
--

ALTER TABLE ONLY public.user_notes
    ADD CONSTRAINT "PK_e6cd579b582af97475256da96fb" PRIMARY KEY (id);


--
-- Name: imports PK_ea10c62f5eb1d75e83d8b5225db; Type: CONSTRAINT; Schema: public; Owner: pma
--

ALTER TABLE ONLY public.imports
    ADD CONSTRAINT "PK_ea10c62f5eb1d75e83d8b5225db" PRIMARY KEY (id);


--
-- Name: appeals PK_ebd2050a02aa78081b5346152bc; Type: CONSTRAINT; Schema: public; Owner: pma
--

ALTER TABLE ONLY public.appeals
    ADD CONSTRAINT "PK_ebd2050a02aa78081b5346152bc" PRIMARY KEY (id);


--
-- Name: questionnaire_question_options PK_f1267de7b2b23d2d659b48a5abf; Type: CONSTRAINT; Schema: public; Owner: pma
--

ALTER TABLE ONLY public.questionnaire_question_options
    ADD CONSTRAINT "PK_f1267de7b2b23d2d659b48a5abf" PRIMARY KEY (id);


--
-- Name: questionnaire_mistakes PK_f4aee02975f2a35dcd6630995dc; Type: CONSTRAINT; Schema: public; Owner: pma
--

ALTER TABLE ONLY public.questionnaire_mistakes
    ADD CONSTRAINT "PK_f4aee02975f2a35dcd6630995dc" PRIMARY KEY (id);


--
-- Name: bonus_system PK_ff0dfde69a957452abfdc62a745; Type: CONSTRAINT; Schema: public; Owner: pma
--

ALTER TABLE ONLY public.bonus_system
    ADD CONSTRAINT "PK_ff0dfde69a957452abfdc62a745" PRIMARY KEY (id);


--
-- Name: cities cities_pkey; Type: CONSTRAINT; Schema: public; Owner: pma
--

ALTER TABLE ONLY public.cities
    ADD CONSTRAINT cities_pkey PRIMARY KEY (id);


--
-- Name: countries countries_pkey; Type: CONSTRAINT; Schema: public; Owner: pma
--

ALTER TABLE ONLY public.countries
    ADD CONSTRAINT countries_pkey PRIMARY KEY (id);


--
-- Name: regions regions_pkey; Type: CONSTRAINT; Schema: public; Owner: pma
--

ALTER TABLE ONLY public.regions
    ADD CONSTRAINT regions_pkey PRIMARY KEY (id);


--
-- Name: IDX_ANSWER_STATISTIC_LINK_ID; Type: INDEX; Schema: public; Owner: pma
--

CREATE INDEX "IDX_ANSWER_STATISTIC_LINK_ID" ON public.questionnaire_answer_statistics USING btree (answer_link_id);


--
-- Name: IDX_APPEAL_CLIENT_ID; Type: INDEX; Schema: public; Owner: pma
--

CREATE INDEX "IDX_APPEAL_CLIENT_ID" ON public.appeals USING btree (client_id);


--
-- Name: IDX_APPEAL_QUESTIONNAIRE_ID; Type: INDEX; Schema: public; Owner: pma
--

CREATE INDEX "IDX_APPEAL_QUESTIONNAIRE_ID" ON public.appeals USING btree (questionnaire_id);


--
-- Name: IDX_APPEAL_QUESTIONS_ANSWER_ID; Type: INDEX; Schema: public; Owner: pma
--

CREATE INDEX "IDX_APPEAL_QUESTIONS_ANSWER_ID" ON public.appeal_questions USING btree (answer_id);


--
-- Name: IDX_APPEAL_QUESTIONS_APPEAL_ID; Type: INDEX; Schema: public; Owner: pma
--

CREATE INDEX "IDX_APPEAL_QUESTIONS_APPEAL_ID" ON public.appeal_questions USING btree (appeal_id);


--
-- Name: IDX_APPEAL_QUESTIONS_QUESTION_ID; Type: INDEX; Schema: public; Owner: pma
--

CREATE INDEX "IDX_APPEAL_QUESTIONS_QUESTION_ID" ON public.appeal_questions USING btree (question_id);


--
-- Name: IDX_APPEAL_QUESTION_REPLIES_APPEAL_QUESTION_ID; Type: INDEX; Schema: public; Owner: pma
--

CREATE INDEX "IDX_APPEAL_QUESTION_REPLIES_APPEAL_QUESTION_ID" ON public.appeal_question_replies USING btree (appeal_question_id);


--
-- Name: IDX_APPEAL_QUESTION_REPLIES_USER_ID; Type: INDEX; Schema: public; Owner: pma
--

CREATE INDEX "IDX_APPEAL_QUESTION_REPLIES_USER_ID" ON public.appeal_question_replies USING btree (user_id);


--
-- Name: IDX_BONUS_SYSTEM_CLIENT_ID; Type: INDEX; Schema: public; Owner: pma
--

CREATE INDEX "IDX_BONUS_SYSTEM_CLIENT_ID" ON public.bonus_system USING btree (client_id);


--
-- Name: IDX_BONUS_SYSTEM_LOCATION_GROUP_BONUS_SYSTEM_ID; Type: INDEX; Schema: public; Owner: pma
--

CREATE INDEX "IDX_BONUS_SYSTEM_LOCATION_GROUP_BONUS_SYSTEM_ID" ON public.bonus_system_location_link USING btree (bonus_system_id);


--
-- Name: IDX_BONUS_SYSTEM_TYPE; Type: INDEX; Schema: public; Owner: pma
--

CREATE INDEX "IDX_BONUS_SYSTEM_TYPE" ON public.bonus_system USING btree (type);


--
-- Name: IDX_BONUS_SYSTEM_WHO_CREATE; Type: INDEX; Schema: public; Owner: pma
--

CREATE INDEX "IDX_BONUS_SYSTEM_WHO_CREATE" ON public.bonus_system USING btree (who_create);


--
-- Name: IDX_CLIENT_COMPETITORS_CLIENT_ID; Type: INDEX; Schema: public; Owner: pma
--

CREATE INDEX "IDX_CLIENT_COMPETITORS_CLIENT_ID" ON public.client_competitors USING btree (client_id);


--
-- Name: IDX_CLIENT_COMPETITORS_COMPETITOR_ID; Type: INDEX; Schema: public; Owner: pma
--

CREATE INDEX "IDX_CLIENT_COMPETITORS_COMPETITOR_ID" ON public.client_competitors USING btree (competitor_id);


--
-- Name: IDX_CLIENT_SUBDIVISIONS_CLIENT_ID; Type: INDEX; Schema: public; Owner: pma
--

CREATE INDEX "IDX_CLIENT_SUBDIVISIONS_CLIENT_ID" ON public.client_subdivisions USING btree (client_id);


--
-- Name: IDX_COMMUNICATION_ACTION_GROUP_ACTION_ID; Type: INDEX; Schema: public; Owner: pma
--

CREATE INDEX "IDX_COMMUNICATION_ACTION_GROUP_ACTION_ID" ON public.communication_action_group USING btree (action_id);


--
-- Name: IDX_COMMUNICATION_ACTION_ROLE_ACTION_ID; Type: INDEX; Schema: public; Owner: pma
--

CREATE INDEX "IDX_COMMUNICATION_ACTION_ROLE_ACTION_ID" ON public.communication_action_role USING btree (action_id);


--
-- Name: IDX_HANDBOOK_GROUP_ID; Type: INDEX; Schema: public; Owner: pma
--

CREATE INDEX "IDX_HANDBOOK_GROUP_ID" ON public.user_handbook USING btree (handbook_group_id);


--
-- Name: IDX_IS_REQUIRED; Type: INDEX; Schema: public; Owner: pma
--

CREATE INDEX "IDX_IS_REQUIRED" ON public.questionnaire_questions USING btree (is_required);


--
-- Name: IDX_LOCATION_CATEGORY_FILLING_CATEGORY_ID; Type: INDEX; Schema: public; Owner: pma
--

CREATE INDEX "IDX_LOCATION_CATEGORY_FILLING_CATEGORY_ID" ON public.location_category_filling USING btree (category_id);


--
-- Name: IDX_LOCATION_CATEGORY_FILLING_LOCATION_ID; Type: INDEX; Schema: public; Owner: pma
--

CREATE INDEX "IDX_LOCATION_CATEGORY_FILLING_LOCATION_ID" ON public.location_category_filling USING btree (location_id);


--
-- Name: IDX_LOCATION_CATEGORY_FILLING_VALUE_ID; Type: INDEX; Schema: public; Owner: pma
--

CREATE INDEX "IDX_LOCATION_CATEGORY_FILLING_VALUE_ID" ON public.location_category_filling USING btree (value_id);


--
-- Name: IDX_LOCATION_CITY_ID; Type: INDEX; Schema: public; Owner: pma
--

CREATE INDEX "IDX_LOCATION_CITY_ID" ON public.locations USING btree (city_id);


--
-- Name: IDX_LOCATION_COUNTRY_ID; Type: INDEX; Schema: public; Owner: pma
--

CREATE INDEX "IDX_LOCATION_COUNTRY_ID" ON public.locations USING btree (country_id);


--
-- Name: IDX_LOCATION_EXECUTION_ACCESS_CLIENT_ID; Type: INDEX; Schema: public; Owner: pma
--

CREATE INDEX "IDX_LOCATION_EXECUTION_ACCESS_CLIENT_ID" ON public.location_execution_access USING btree (user_id);


--
-- Name: IDX_LOCATION_EXECUTION_ACCESS_EXECUTION_ID; Type: INDEX; Schema: public; Owner: pma
--

CREATE INDEX "IDX_LOCATION_EXECUTION_ACCESS_EXECUTION_ID" ON public.location_execution_access USING btree (execution_id);


--
-- Name: IDX_LOCATION_EXECUTION_DATE_END; Type: INDEX; Schema: public; Owner: pma
--

CREATE INDEX "IDX_LOCATION_EXECUTION_DATE_END" ON public.location_execution USING btree (data_end);


--
-- Name: IDX_LOCATION_EXECUTION_DATE_START; Type: INDEX; Schema: public; Owner: pma
--

CREATE INDEX "IDX_LOCATION_EXECUTION_DATE_START" ON public.location_execution USING btree (data_start);


--
-- Name: IDX_LOCATION_EXECUTION_LOCATION_LOCATION_EXECUTION_ID; Type: INDEX; Schema: public; Owner: pma
--

CREATE INDEX "IDX_LOCATION_EXECUTION_LOCATION_LOCATION_EXECUTION_ID" ON public.location_execution_location_link USING btree (location_execution_id);


--
-- Name: IDX_LOCATION_EXECUTION_LOCATION_LOCATION_ID; Type: INDEX; Schema: public; Owner: pma
--

CREATE INDEX "IDX_LOCATION_EXECUTION_LOCATION_LOCATION_ID" ON public.location_execution_location_link USING btree (location_id);


--
-- Name: IDX_LOCATION_EXECUTION_PAYMENT_METHOD; Type: INDEX; Schema: public; Owner: pma
--

CREATE INDEX "IDX_LOCATION_EXECUTION_PAYMENT_METHOD" ON public.location_execution USING btree (payment_method);


--
-- Name: IDX_LOCATION_EXECUTION_QUESTIONNAIRE_ID; Type: INDEX; Schema: public; Owner: pma
--

CREATE INDEX "IDX_LOCATION_EXECUTION_QUESTIONNAIRE_ID" ON public.location_execution USING btree (questionnaire_id);


--
-- Name: IDX_LOCATION_EXECUTION_STATUS; Type: INDEX; Schema: public; Owner: pma
--

CREATE INDEX "IDX_LOCATION_EXECUTION_STATUS" ON public.location_execution USING btree (status);


--
-- Name: IDX_LOCATION_EXECUTION_USER_GROUP_LINK_GROUP_ID; Type: INDEX; Schema: public; Owner: pma
--

CREATE INDEX "IDX_LOCATION_EXECUTION_USER_GROUP_LINK_GROUP_ID" ON public.location_execution_user_group_link USING btree (group_id);


--
-- Name: IDX_LOCATION_EXECUTION_USER_GROUP_LINK_LOCATION_EXECUTION_ID; Type: INDEX; Schema: public; Owner: pma
--

CREATE INDEX "IDX_LOCATION_EXECUTION_USER_GROUP_LINK_LOCATION_EXECUTION_ID" ON public.location_execution_user_group_link USING btree (location_execution_id);


--
-- Name: IDX_LOCATION_EXECUTION_USER_GROUP_USER_ID; Type: INDEX; Schema: public; Owner: pma
--

CREATE INDEX "IDX_LOCATION_EXECUTION_USER_GROUP_USER_ID" ON public.location_execution_user_group_link USING btree (user_id);


--
-- Name: IDX_LOCATION_EXECUTION_WHO_CREATED; Type: INDEX; Schema: public; Owner: pma
--

CREATE INDEX "IDX_LOCATION_EXECUTION_WHO_CREATED" ON public.location_execution USING btree (who_created);


--
-- Name: IDX_LOCATION_GROUP_PARENT_LINK_GROUP_ID; Type: INDEX; Schema: public; Owner: pma
--

CREATE INDEX "IDX_LOCATION_GROUP_PARENT_LINK_GROUP_ID" ON public.location_group_parent_link USING btree (group_id);


--
-- Name: IDX_LOCATION_GROUP_PARENT_LINK_PARENT_ID; Type: INDEX; Schema: public; Owner: pma
--

CREATE INDEX "IDX_LOCATION_GROUP_PARENT_LINK_PARENT_ID" ON public.location_group_parent_link USING btree (parent_id);


--
-- Name: IDX_LOCATION_GROUP_USER_LINK; Type: INDEX; Schema: public; Owner: pma
--

CREATE INDEX "IDX_LOCATION_GROUP_USER_LINK" ON public.location_group_user_link USING btree (client_id, group_id);


--
-- Name: IDX_LOCATION_GROUP_UUID; Type: INDEX; Schema: public; Owner: pma
--

CREATE INDEX "IDX_LOCATION_GROUP_UUID" ON public.location_groups USING btree (uuid);


--
-- Name: IDX_LOCATION_REGION_ID; Type: INDEX; Schema: public; Owner: pma
--

CREATE INDEX "IDX_LOCATION_REGION_ID" ON public.locations USING btree (region_id);


--
-- Name: IDX_LOCATION_STATUS; Type: INDEX; Schema: public; Owner: pma
--

CREATE INDEX "IDX_LOCATION_STATUS" ON public.locations USING btree (status);


--
-- Name: IDX_LOCATION_UNIQUE_ID; Type: INDEX; Schema: public; Owner: pma
--

CREATE INDEX "IDX_LOCATION_UNIQUE_ID" ON public.locations USING btree (unique_id);


--
-- Name: IDX_LOCATION_WHO_CREATE; Type: INDEX; Schema: public; Owner: pma
--

CREATE INDEX "IDX_LOCATION_WHO_CREATE" ON public.locations USING btree (who_create);


--
-- Name: IDX_MYSTERY_SHOPPER_VISIT_LOCATION_EXECUTION_ID; Type: INDEX; Schema: public; Owner: pma
--

CREATE INDEX "IDX_MYSTERY_SHOPPER_VISIT_LOCATION_EXECUTION_ID" ON public.mystery_shopper_visit USING btree (location_execution_id);


--
-- Name: IDX_MYSTERY_SHOPPER_VISIT_LOCATION_ID; Type: INDEX; Schema: public; Owner: pma
--

CREATE INDEX "IDX_MYSTERY_SHOPPER_VISIT_LOCATION_ID" ON public.mystery_shopper_visit USING btree (location_id);


--
-- Name: IDX_MYSTERY_SHOPPER_VISIT_STATUS; Type: INDEX; Schema: public; Owner: pma
--

CREATE INDEX "IDX_MYSTERY_SHOPPER_VISIT_STATUS" ON public.mystery_shopper_visit USING btree (status);


--
-- Name: IDX_MYSTERY_SHOPPER_VISIT_USER_ID; Type: INDEX; Schema: public; Owner: pma
--

CREATE INDEX "IDX_MYSTERY_SHOPPER_VISIT_USER_ID" ON public.mystery_shopper_visit USING btree (user_id);


--
-- Name: IDX_PROGRAM_TYPE_ACCESS_PROGRAM_ID; Type: INDEX; Schema: public; Owner: pma
--

CREATE INDEX "IDX_PROGRAM_TYPE_ACCESS_PROGRAM_ID" ON public.program_type_access USING btree (program_id);


--
-- Name: IDX_PROGRAM_TYPE_ACCESS_USER_ID; Type: INDEX; Schema: public; Owner: pma
--

CREATE INDEX "IDX_PROGRAM_TYPE_ACCESS_USER_ID" ON public.program_type_access USING btree (user_id);


--
-- Name: IDX_PROGRAM_TYPE_CLIENT_ID; Type: INDEX; Schema: public; Owner: pma
--

CREATE INDEX "IDX_PROGRAM_TYPE_CLIENT_ID" ON public.program_type USING btree (client_id);


--
-- Name: IDX_PROGRAM_TYPE_PROGRAM_TYPE; Type: INDEX; Schema: public; Owner: pma
--

CREATE INDEX "IDX_PROGRAM_TYPE_PROGRAM_TYPE" ON public.program_type USING btree (program_type);


--
-- Name: IDX_PROGRAM_TYPE_QUESTIONNAIRE_LINKS; Type: INDEX; Schema: public; Owner: pma
--

CREATE INDEX "IDX_PROGRAM_TYPE_QUESTIONNAIRE_LINKS" ON public.program_type_questionnaire_links USING btree (questionnaire_id, program_type_id);


--
-- Name: IDX_PUBLIC_LINK_HASH; Type: INDEX; Schema: public; Owner: pma
--

CREATE UNIQUE INDEX "IDX_PUBLIC_LINK_HASH" ON public.file_manager_public_link USING btree (hash);


--
-- Name: IDX_QUESTIONNAIRE_ANSWER_ANSWER_LINK; Type: INDEX; Schema: public; Owner: pma
--

CREATE INDEX "IDX_QUESTIONNAIRE_ANSWER_ANSWER_LINK" ON public.questionnaire_answers USING btree (questionnaire_answer_link);


--
-- Name: IDX_QUESTIONNAIRE_ANSWER_LINKS_SHOP_ID; Type: INDEX; Schema: public; Owner: pma
--

CREATE INDEX "IDX_QUESTIONNAIRE_ANSWER_LINKS_SHOP_ID" ON public.questionnaire_answer_links USING btree (shop_id);


--
-- Name: IDX_QUESTIONNAIRE_ANSWER_LINK_CITY_ID; Type: INDEX; Schema: public; Owner: pma
--

CREATE INDEX "IDX_QUESTIONNAIRE_ANSWER_LINK_CITY_ID" ON public.questionnaire_answer_links USING btree (city_id);


--
-- Name: IDX_QUESTIONNAIRE_ANSWER_LINK_CUSTOM_NAME; Type: INDEX; Schema: public; Owner: pma
--

CREATE INDEX "IDX_QUESTIONNAIRE_ANSWER_LINK_CUSTOM_NAME" ON public.questionnaire_answer_links USING btree (custom_name);


--
-- Name: IDX_QUESTIONNAIRE_ANSWER_LINK_ID; Type: INDEX; Schema: public; Owner: pma
--

CREATE INDEX "IDX_QUESTIONNAIRE_ANSWER_LINK_ID" ON public.questionnaire_answers USING btree (link_id);


--
-- Name: IDX_QUESTIONNAIRE_ANSWER_LINK_LOCATION_ID; Type: INDEX; Schema: public; Owner: pma
--

CREATE INDEX "IDX_QUESTIONNAIRE_ANSWER_LINK_LOCATION_ID" ON public.questionnaire_answer_links USING btree (location_id);


--
-- Name: IDX_QUESTIONNAIRE_ANSWER_LINK_QUESTIONNAIRE_ID; Type: INDEX; Schema: public; Owner: pma
--

CREATE INDEX "IDX_QUESTIONNAIRE_ANSWER_LINK_QUESTIONNAIRE_ID" ON public.questionnaire_answer_links USING btree (questionnaire_id);


--
-- Name: IDX_QUESTIONNAIRE_ANSWER_LINK_STATUS; Type: INDEX; Schema: public; Owner: pma
--

CREATE INDEX "IDX_QUESTIONNAIRE_ANSWER_LINK_STATUS" ON public.questionnaire_answer_links USING btree (status);


--
-- Name: IDX_QUESTIONNAIRE_ANSWER_LINK_WHO_CREATED; Type: INDEX; Schema: public; Owner: pma
--

CREATE INDEX "IDX_QUESTIONNAIRE_ANSWER_LINK_WHO_CREATED" ON public.questionnaire_answer_links USING btree (who_created);


--
-- Name: IDX_QUESTIONNAIRE_ANSWER_QUESTIONNAIRE_ID; Type: INDEX; Schema: public; Owner: pma
--

CREATE INDEX "IDX_QUESTIONNAIRE_ANSWER_QUESTIONNAIRE_ID" ON public.questionnaire_answers USING btree (questionnaire_id);


--
-- Name: IDX_QUESTIONNAIRE_ANSWER_QUESTIONNAIRE_QUESTION_ID; Type: INDEX; Schema: public; Owner: pma
--

CREATE INDEX "IDX_QUESTIONNAIRE_ANSWER_QUESTIONNAIRE_QUESTION_ID" ON public.questionnaire_answers USING btree (questionnaire_question_id);


--
-- Name: IDX_QUESTIONNAIRE_ANSWER_QUESTIONNAIRE_SECTION_ID; Type: INDEX; Schema: public; Owner: pma
--

CREATE INDEX "IDX_QUESTIONNAIRE_ANSWER_QUESTIONNAIRE_SECTION_ID" ON public.questionnaire_questions USING btree (questionnaire_section_id);


--
-- Name: IDX_QUESTIONNAIRE_ANSWER_STATISTICS_IDENTIFICATION; Type: INDEX; Schema: public; Owner: pma
--

CREATE INDEX "IDX_QUESTIONNAIRE_ANSWER_STATISTICS_IDENTIFICATION" ON public.questionnaire_answer_statistics USING btree (identification);


--
-- Name: IDX_QUESTIONNAIRE_ANSWER_STATISTICS_QUESTIONNAIRE_ID; Type: INDEX; Schema: public; Owner: pma
--

CREATE INDEX "IDX_QUESTIONNAIRE_ANSWER_STATISTICS_QUESTIONNAIRE_ID" ON public.questionnaire_answer_statistics USING btree (questionnaire_id);


--
-- Name: IDX_QUESTIONNAIRE_ANSWER_STATISTICS_TYPE; Type: INDEX; Schema: public; Owner: pma
--

CREATE INDEX "IDX_QUESTIONNAIRE_ANSWER_STATISTICS_TYPE" ON public.questionnaire_answer_statistics USING btree (type);


--
-- Name: IDX_QUESTIONNAIRE_CLIENT_ID; Type: INDEX; Schema: public; Owner: pma
--

CREATE INDEX "IDX_QUESTIONNAIRE_CLIENT_ID" ON public.questionnaires USING btree (client_id);


--
-- Name: IDX_QUESTIONNAIRE_IDENTIFICATION; Type: INDEX; Schema: public; Owner: pma
--

CREATE INDEX "IDX_QUESTIONNAIRE_IDENTIFICATION" ON public.questionnaires USING btree (identification);


--
-- Name: IDX_QUESTIONNAIRE_QUESTIONS_IDENTIFICATION; Type: INDEX; Schema: public; Owner: pma
--

CREATE INDEX "IDX_QUESTIONNAIRE_QUESTIONS_IDENTIFICATION" ON public.questionnaire_questions USING btree (identification);


--
-- Name: IDX_QUESTIONNAIRE_QUESTION_QUESTIONNAIRE_ID; Type: INDEX; Schema: public; Owner: pma
--

CREATE INDEX "IDX_QUESTIONNAIRE_QUESTION_QUESTIONNAIRE_ID" ON public.questionnaire_questions USING btree (questionnaire_id);


--
-- Name: IDX_QUESTIONNAIRE_SECTIONS_IDENTIFICATION; Type: INDEX; Schema: public; Owner: pma
--

CREATE INDEX "IDX_QUESTIONNAIRE_SECTIONS_IDENTIFICATION" ON public.questionnaire_sections USING btree (identification);


--
-- Name: IDX_QUESTIONNAIRE_SECTION_QUESTIONNAIRE_ID; Type: INDEX; Schema: public; Owner: pma
--

CREATE INDEX "IDX_QUESTIONNAIRE_SECTION_QUESTIONNAIRE_ID" ON public.questionnaire_sections USING btree (questionnaire_id);


--
-- Name: IDX_QUESTIONNAIRE_USER_ID; Type: INDEX; Schema: public; Owner: pma
--

CREATE INDEX "IDX_QUESTIONNAIRE_USER_ID" ON public.questionnaires USING btree (user_id);


--
-- Name: IDX_QUESTION_TYPE; Type: INDEX; Schema: public; Owner: pma
--

CREATE INDEX "IDX_QUESTION_TYPE" ON public.questionnaire_questions USING btree (question_type);


--
-- Name: IDX_ROLES_NAME; Type: INDEX; Schema: public; Owner: pma
--

CREATE UNIQUE INDEX "IDX_ROLES_NAME" ON public.roles USING btree (name);


--
-- Name: IDX_ROLE_ACTIONS_ROLE_ID; Type: INDEX; Schema: public; Owner: pma
--

CREATE INDEX "IDX_ROLE_ACTIONS_ROLE_ID" ON public.role_actions USING btree (role_id);


--
-- Name: IDX_ROLE_RULES_ROLE_ID; Type: INDEX; Schema: public; Owner: pma
--

CREATE INDEX "IDX_ROLE_RULES_ROLE_ID" ON public.role_rules USING btree (role_id);


--
-- Name: IDX_SCHEDULING_SHOPS_LOCATION_ID; Type: INDEX; Schema: public; Owner: pma
--

CREATE INDEX "IDX_SCHEDULING_SHOPS_LOCATION_ID" ON public.scheduling_shops USING btree (location_id);


--
-- Name: IDX_SCHEDULING_SHOPS_PROJECT_ID; Type: INDEX; Schema: public; Owner: pma
--

CREATE INDEX "IDX_SCHEDULING_SHOPS_PROJECT_ID" ON public.scheduling_shops USING btree (project_id);


--
-- Name: IDX_SCHEDULING_SHOPS_RESPONDENT_ID; Type: INDEX; Schema: public; Owner: pma
--

CREATE INDEX "IDX_SCHEDULING_SHOPS_RESPONDENT_ID" ON public.scheduling_shops USING btree (respondent_id);


--
-- Name: IDX_SCHEDULING_SHOPS_SCHEDULER_ID; Type: INDEX; Schema: public; Owner: pma
--

CREATE INDEX "IDX_SCHEDULING_SHOPS_SCHEDULER_ID" ON public.scheduling_shops USING btree (scheduler_id);


--
-- Name: IDX_SHOP_ID; Type: INDEX; Schema: public; Owner: pma
--

CREATE INDEX "IDX_SHOP_ID" ON public.mystery_shopper_visit USING btree (shop_id);


--
-- Name: IDX_STATUS_CHANGES_CHANGED_AT; Type: INDEX; Schema: public; Owner: pma
--

CREATE INDEX "IDX_STATUS_CHANGES_CHANGED_AT" ON public.status_changes USING btree (changed_at);


--
-- Name: IDX_STATUS_CHANGES_ENTITY_ID; Type: INDEX; Schema: public; Owner: pma
--

CREATE INDEX "IDX_STATUS_CHANGES_ENTITY_ID" ON public.status_changes USING btree (entity_id);


--
-- Name: IDX_STATUS_CHANGES_ENTITY_TYPE; Type: INDEX; Schema: public; Owner: pma
--

CREATE INDEX "IDX_STATUS_CHANGES_ENTITY_TYPE" ON public.status_changes USING btree (entity_type);


--
-- Name: IDX_STATUS_CHANGES_USER_ID; Type: INDEX; Schema: public; Owner: pma
--

CREATE INDEX "IDX_STATUS_CHANGES_USER_ID" ON public.status_changes USING btree (user_id);


--
-- Name: IDX_USERS_EMAIL; Type: INDEX; Schema: public; Owner: pma
--

CREATE UNIQUE INDEX "IDX_USERS_EMAIL" ON public.users USING btree (email);


--
-- Name: IDX_USERS_PHONE; Type: INDEX; Schema: public; Owner: pma
--

CREATE UNIQUE INDEX "IDX_USERS_PHONE" ON public.users USING btree (phone);


--
-- Name: IDX_USER_CLIENTS_CREATED_AT; Type: INDEX; Schema: public; Owner: pma
--

CREATE INDEX "IDX_USER_CLIENTS_CREATED_AT" ON public.user_clients USING btree (created_at);


--
-- Name: IDX_USER_CLIENTS_UPDATED_AT; Type: INDEX; Schema: public; Owner: pma
--

CREATE INDEX "IDX_USER_CLIENTS_UPDATED_AT" ON public.user_clients USING btree (updated_at);


--
-- Name: IDX_USER_CLIENTS_USER_ID; Type: INDEX; Schema: public; Owner: pma
--

CREATE INDEX "IDX_USER_CLIENTS_USER_ID" ON public.user_clients USING btree (user_id);


--
-- Name: IDX_USER_CLIENT_ACCESS_CLIENT_ID; Type: INDEX; Schema: public; Owner: pma
--

CREATE INDEX "IDX_USER_CLIENT_ACCESS_CLIENT_ID" ON public.user_client_access USING btree (client_id);


--
-- Name: IDX_USER_CLIENT_ACCESS_USER_ID; Type: INDEX; Schema: public; Owner: pma
--

CREATE INDEX "IDX_USER_CLIENT_ACCESS_USER_ID" ON public.user_client_access USING btree (user_id);


--
-- Name: IDX_USER_COMMENTS_USER_ID; Type: INDEX; Schema: public; Owner: pma
--

CREATE INDEX "IDX_USER_COMMENTS_USER_ID" ON public.user_comments USING btree (user_id);


--
-- Name: IDX_USER_COMMENTS_WHO_CREATED; Type: INDEX; Schema: public; Owner: pma
--

CREATE INDEX "IDX_USER_COMMENTS_WHO_CREATED" ON public.user_comments USING btree (who_created);


--
-- Name: IDX_USER_HANDBOOK_CODE; Type: INDEX; Schema: public; Owner: pma
--

CREATE INDEX "IDX_USER_HANDBOOK_CODE" ON public.user_handbook USING btree (code);


--
-- Name: IDX_USER_HANDBOOK_LINK_HANDBOOK_ID; Type: INDEX; Schema: public; Owner: pma
--

CREATE INDEX "IDX_USER_HANDBOOK_LINK_HANDBOOK_ID" ON public.user_handbook_link USING btree (handbook_id);


--
-- Name: IDX_USER_HANDBOOK_LINK_ROLE_ID; Type: INDEX; Schema: public; Owner: pma
--

CREATE INDEX "IDX_USER_HANDBOOK_LINK_ROLE_ID" ON public.user_handbook_link USING btree (role_id);


--
-- Name: IDX_USER_HANDBOOK_NAME; Type: INDEX; Schema: public; Owner: pma
--

CREATE INDEX "IDX_USER_HANDBOOK_NAME" ON public.user_handbook USING btree (name);


--
-- Name: IDX_USER_INTEGRATIONS_SERVICE; Type: INDEX; Schema: public; Owner: pma
--

CREATE INDEX "IDX_USER_INTEGRATIONS_SERVICE" ON public.user_integrations USING btree (service);


--
-- Name: IDX_USER_INTEGRATIONS_USER_ID; Type: INDEX; Schema: public; Owner: pma
--

CREATE INDEX "IDX_USER_INTEGRATIONS_USER_ID" ON public.user_integrations USING btree (user_id);


--
-- Name: IDX_USER_NOTIFICATIONS_USER_ID; Type: INDEX; Schema: public; Owner: pma
--

CREATE INDEX "IDX_USER_NOTIFICATIONS_USER_ID" ON public.user_notifications USING btree (user_id);


--
-- Name: IDX_USER_SETTINGS_CODE; Type: INDEX; Schema: public; Owner: pma
--

CREATE INDEX "IDX_USER_SETTINGS_CODE" ON public.user_settings USING btree (code);


--
-- Name: IDX_USER_WORKERS_CLIENT_ID; Type: INDEX; Schema: public; Owner: pma
--

CREATE INDEX "IDX_USER_WORKERS_CLIENT_ID" ON public.user_workers USING btree (client_id);


--
-- Name: IDX_USER_WORKERS_USER_ID; Type: INDEX; Schema: public; Owner: pma
--

CREATE INDEX "IDX_USER_WORKERS_USER_ID" ON public.user_workers USING btree (user_id);


--
-- Name: IDX_U_NOTES_THEME; Type: INDEX; Schema: public; Owner: pma
--

CREATE INDEX "IDX_U_NOTES_THEME" ON public.user_notes USING btree (theme);


--
-- Name: SCHEDULING_SHOPS_HASH_INDEX; Type: INDEX; Schema: public; Owner: pma
--

CREATE INDEX "SCHEDULING_SHOPS_HASH_INDEX" ON public.scheduling_shops USING btree (hash);


--
-- Name: actions_code_index; Type: INDEX; Schema: public; Owner: pma
--

CREATE INDEX actions_code_index ON public.actions USING btree (code);


--
-- Name: communication_action_users_index; Type: INDEX; Schema: public; Owner: pma
--

CREATE INDEX communication_action_users_index ON public.communication_action_users USING btree (action_id);


--
-- Name: communication_action_users_user_index; Type: INDEX; Schema: public; Owner: pma
--

CREATE INDEX communication_action_users_user_index ON public.communication_action_users USING btree (user_id);


--
-- Name: communication_chanel_users_index; Type: INDEX; Schema: public; Owner: pma
--

CREATE INDEX communication_chanel_users_index ON public.communication_chanel_users USING btree (communication_id);


--
-- Name: communication_chanel_users_user_index; Type: INDEX; Schema: public; Owner: pma
--

CREATE INDEX communication_chanel_users_user_index ON public.communication_chanel_users USING btree (user_id);


--
-- Name: communication_index; Type: INDEX; Schema: public; Owner: pma
--

CREATE INDEX communication_index ON public.communications USING btree (provider);


--
-- Name: communication_templates_action_index; Type: INDEX; Schema: public; Owner: pma
--

CREATE INDEX communication_templates_action_index ON public.communication_templates USING btree (action_id);


--
-- Name: communication_templates_index; Type: INDEX; Schema: public; Owner: pma
--

CREATE INDEX communication_templates_index ON public.communication_templates USING btree (communication_id);


--
-- Name: group_user_link_group_id; Type: INDEX; Schema: public; Owner: pma
--

CREATE INDEX group_user_link_group_id ON public.group_user_link USING btree (group_id);


--
-- Name: group_user_link_user_id; Type: INDEX; Schema: public; Owner: pma
--

CREATE INDEX group_user_link_user_id ON public.group_user_link USING btree (user_id);


--
-- Name: role_action_link_index; Type: INDEX; Schema: public; Owner: pma
--

CREATE INDEX role_action_link_index ON public.role_action_link USING btree (role_id, action_id);


--
-- Name: role_user_link_role_id; Type: INDEX; Schema: public; Owner: pma
--

CREATE INDEX role_user_link_role_id ON public.role_user_link USING btree (role_id);


--
-- Name: role_user_link_role_user_id; Type: INDEX; Schema: public; Owner: pma
--

CREATE INDEX role_user_link_role_user_id ON public.role_user_link USING btree (user_id);


--
-- Name: user_handbook_filling_handbook_id; Type: INDEX; Schema: public; Owner: pma
--

CREATE INDEX user_handbook_filling_handbook_id ON public.user_handbook_filling USING btree (handbook_id);


--
-- Name: user_handbook_filling_user_id; Type: INDEX; Schema: public; Owner: pma
--

CREATE INDEX user_handbook_filling_user_id ON public.user_handbook_filling USING btree (user_id);


--
-- Name: user_handbook_value_handbook_id; Type: INDEX; Schema: public; Owner: pma
--

CREATE INDEX user_handbook_value_handbook_id ON public.user_handbook_value USING btree (handbook_id);


--
-- Name: file_manager_public_link FK_1e44e2588e21361fc7b9fe9385a; Type: FK CONSTRAINT; Schema: public; Owner: pma
--

ALTER TABLE ONLY public.file_manager_public_link
    ADD CONSTRAINT "FK_1e44e2588e21361fc7b9fe9385a" FOREIGN KEY (file_id) REFERENCES public.file_manager(id) ON DELETE CASCADE;


--
-- Name: file_manager_public_link FK_23b3e5b35974cbb18d46c8184a4; Type: FK CONSTRAINT; Schema: public; Owner: pma
--

ALTER TABLE ONLY public.file_manager_public_link
    ADD CONSTRAINT "FK_23b3e5b35974cbb18d46c8184a4" FOREIGN KEY (provider_id) REFERENCES public.file_manager_provider(id) ON DELETE CASCADE;


--
-- Name: file_manager_folder_links FK_23c4cf479bf726a73866c1b15c5; Type: FK CONSTRAINT; Schema: public; Owner: pma
--

ALTER TABLE ONLY public.file_manager_folder_links
    ADD CONSTRAINT "FK_23c4cf479bf726a73866c1b15c5" FOREIGN KEY ("fileId") REFERENCES public.file_manager(id);


--
-- Name: location_user FK_2a187ea153b876cca3b5d82190b; Type: FK CONSTRAINT; Schema: public; Owner: pma
--

ALTER TABLE ONLY public.location_user
    ADD CONSTRAINT "FK_2a187ea153b876cca3b5d82190b" FOREIGN KEY (user_id) REFERENCES public.users(id) ON DELETE CASCADE;


--
-- Name: role_actions FK_2ed4344d4ad234b70b11e3014ed; Type: FK CONSTRAINT; Schema: public; Owner: pma
--

ALTER TABLE ONLY public.role_actions
    ADD CONSTRAINT "FK_2ed4344d4ad234b70b11e3014ed" FOREIGN KEY (role_id) REFERENCES public.roles(id) ON DELETE CASCADE;


--
-- Name: location_category_relations FK_414f8740b1a1145f616560d203a; Type: FK CONSTRAINT; Schema: public; Owner: pma
--

ALTER TABLE ONLY public.location_category_relations
    ADD CONSTRAINT "FK_414f8740b1a1145f616560d203a" FOREIGN KEY (location_category_value_id) REFERENCES public.location_category_values(id) ON DELETE CASCADE;


--
-- Name: location_category_relations FK_56f7202b0920aa8d86c48e4073b; Type: FK CONSTRAINT; Schema: public; Owner: pma
--

ALTER TABLE ONLY public.location_category_relations
    ADD CONSTRAINT "FK_56f7202b0920aa8d86c48e4073b" FOREIGN KEY (location_category_id) REFERENCES public.location_categories(id) ON DELETE CASCADE;


--
-- Name: bonus_system_location_link FK_56fe776f8012e10da66ec66a5ea; Type: FK CONSTRAINT; Schema: public; Owner: pma
--

ALTER TABLE ONLY public.bonus_system_location_link
    ADD CONSTRAINT "FK_56fe776f8012e10da66ec66a5ea" FOREIGN KEY (bonus_system_id) REFERENCES public.bonus_system(id) ON DELETE CASCADE;


--
-- Name: file_manager_folder_links FK_5c76f9a5dda6fb1e54bf705743c; Type: FK CONSTRAINT; Schema: public; Owner: pma
--

ALTER TABLE ONLY public.file_manager_folder_links
    ADD CONSTRAINT "FK_5c76f9a5dda6fb1e54bf705743c" FOREIGN KEY ("folderId") REFERENCES public.file_manager_folders(id);


--
-- Name: file_manager_public_link FK_5cb50204074ba724d29efd3228c; Type: FK CONSTRAINT; Schema: public; Owner: pma
--

ALTER TABLE ONLY public.file_manager_public_link
    ADD CONSTRAINT "FK_5cb50204074ba724d29efd3228c" FOREIGN KEY (who_created) REFERENCES public.users(id) ON DELETE SET NULL;


--
-- Name: file_manager_folders FK_7c82e3daaf80678ef0a7880bd15; Type: FK CONSTRAINT; Schema: public; Owner: pma
--

ALTER TABLE ONLY public.file_manager_folders
    ADD CONSTRAINT "FK_7c82e3daaf80678ef0a7880bd15" FOREIGN KEY ("parentsId") REFERENCES public.file_manager_folders(id);


--
-- Name: questionnaire_question_options FK_b03cbbfbdd6c16281fefce7e27b; Type: FK CONSTRAINT; Schema: public; Owner: pma
--

ALTER TABLE ONLY public.questionnaire_question_options
    ADD CONSTRAINT "FK_b03cbbfbdd6c16281fefce7e27b" FOREIGN KEY (questionnaire_id) REFERENCES public.questionnaires(id) ON DELETE CASCADE;


--
-- Name: groups FK_b5ec4f59d8703473034ee7d89b2; Type: FK CONSTRAINT; Schema: public; Owner: pma
--

ALTER TABLE ONLY public.groups
    ADD CONSTRAINT "FK_b5ec4f59d8703473034ee7d89b2" FOREIGN KEY (role_id) REFERENCES public.roles(id) ON DELETE CASCADE;


--
-- Name: location_category_values FK_b98e7c028e855f230ace1f7588e; Type: FK CONSTRAINT; Schema: public; Owner: pma
--

ALTER TABLE ONLY public.location_category_values
    ADD CONSTRAINT "FK_b98e7c028e855f230ace1f7588e" FOREIGN KEY (location_category_id) REFERENCES public.location_categories(id) ON DELETE CASCADE;


--
-- Name: role_rules FK_e7d47723580483911e488ac65ba; Type: FK CONSTRAINT; Schema: public; Owner: pma
--

ALTER TABLE ONLY public.role_rules
    ADD CONSTRAINT "FK_e7d47723580483911e488ac65ba" FOREIGN KEY (role_id) REFERENCES public.roles(id) ON DELETE CASCADE;


--
-- Name: questionnaire_question_options FK_eddae6045305349006dc10f4fbe; Type: FK CONSTRAINT; Schema: public; Owner: pma
--

ALTER TABLE ONLY public.questionnaire_question_options
    ADD CONSTRAINT "FK_eddae6045305349006dc10f4fbe" FOREIGN KEY (question_id) REFERENCES public.questionnaire_questions(id) ON DELETE CASCADE;


--
-- Name: location_questionnaire FK_ef5722a445e5a9fdd1c01f0dc2f; Type: FK CONSTRAINT; Schema: public; Owner: pma
--

ALTER TABLE ONLY public.location_questionnaire
    ADD CONSTRAINT "FK_ef5722a445e5a9fdd1c01f0dc2f" FOREIGN KEY (location_id) REFERENCES public.locations(id);


--
-- Name: location_user FK_fe9d703fffbdc0d46e648e59ba3; Type: FK CONSTRAINT; Schema: public; Owner: pma
--

ALTER TABLE ONLY public.location_user
    ADD CONSTRAINT "FK_fe9d703fffbdc0d46e648e59ba3" FOREIGN KEY (location_id) REFERENCES public.locations(id) ON DELETE CASCADE;


--
--

